-- Table structure for table `bl_hook_alias`
--

CREATE TABLE `bl_hook_alias` (
  `id_hook_alias` int(10) unsigned NOT NULL AUTO_INCREMENT,
  `alias` varchar(191) NOT NULL,
  `name` varchar(191) NOT NULL,
  PRIMARY KEY (`id_hook_alias`),
  UNIQUE KEY `alias` (`alias`)
) ENGINE=InnoDB AUTO_INCREMENT=89 DEFAULT CHARSET=utf8mb4;

--
-- Dumping data for table `bl_hook_alias`
--

INSERT INTO `bl_hook_alias` VALUES (1,'newOrder','actionValidateOrder'),(2,'paymentConfirm','actionPaymentConfirmation'),(3,'paymentReturn','displayPaymentReturn'),(4,'updateQuantity','actionUpdateQuantity'),(5,'rightColumn','displayRightColumn'),(6,'leftColumn','displayLeftColumn'),(7,'home','displayHome'),(8,'Header','displayHeader'),(9,'cart','actionCartSave'),(10,'authentication','actionAuthentication'),(11,'addproduct','actionProductAdd'),(12,'updateproduct','actionProductUpdate'),(13,'top','displayTop'),(14,'extraRight','displayRightColumnProduct'),(15,'deleteproduct','actionProductDelete'),(16,'productfooter','displayFooterProduct'),(17,'invoice','displayInvoice'),(18,'updateOrderStatus','actionOrderStatusUpdate'),(19,'adminOrder','displayAdminOrder'),(20,'footer','displayFooter'),(21,'PDFInvoice','displayPDFInvoice'),(22,'adminCustomers','displayAdminCustomers'),(23,'orderConfirmation','displayOrderConfirmation'),(24,'createAccount','actionCustomerAccountAdd'),(25,'customerAccount','displayCustomerAccount'),(26,'orderSlip','actionOrderSlipAdd'),(27,'shoppingCart','displayShoppingCartFooter'),(28,'createAccountForm','displayCustomerAccountForm'),(29,'AdminStatsModules','displayAdminStatsModules'),(30,'GraphEngine','displayAdminStatsGraphEngine'),(31,'orderReturn','actionOrderReturn'),(32,'productActions','displayProductAdditionalInfo'),(33,'displayProductButtons','displayProductAdditionalInfo'),(34,'backOfficeHome','displayBackOfficeHome'),(35,'GridEngine','displayAdminStatsGridEngine'),(36,'watermark','actionWatermark'),(37,'cancelProduct','actionProductCancel'),(38,'extraLeft','displayLeftColumnProduct'),(39,'productOutOfStock','actionProductOutOfStock'),(40,'updateProductAttribute','actionProductAttributeUpdate'),(41,'extraCarrier','displayCarrierList'),(42,'shoppingCartExtra','displayShoppingCart'),(43,'updateCarrier','actionCarrierUpdate'),(44,'postUpdateOrderStatus','actionOrderStatusPostUpdate'),(45,'createAccountTop','displayCustomerAccountFormTop'),(46,'backOfficeHeader','displayBackOfficeHeader'),(47,'backOfficeTop','displayBackOfficeTop'),(48,'backOfficeFooter','displayBackOfficeFooter'),(49,'deleteProductAttribute','actionProductAttributeDelete'),(50,'processCarrier','actionCarrierProcess'),(51,'beforeCarrier','displayBeforeCarrier'),(52,'orderDetailDisplayed','displayOrderDetail'),(53,'paymentCCAdded','actionPaymentCCAdd'),(54,'categoryAddition','actionCategoryAdd'),(55,'categoryUpdate','actionCategoryUpdate'),(56,'categoryDeletion','actionCategoryDelete'),(57,'paymentTop','displayPaymentTop'),(58,'afterCreateHtaccess','actionHtaccessCreate'),(59,'afterSaveAdminMeta','actionAdminMetaSave'),(60,'attributeGroupForm','displayAttributeGroupForm'),(61,'afterSaveAttributeGroup','actionAttributeGroupSave'),(62,'afterDeleteAttributeGroup','actionAttributeGroupDelete'),(63,'featureForm','displayFeatureForm'),(64,'afterSaveFeature','actionFeatureSave'),(65,'afterDeleteFeature','actionFeatureDelete'),(66,'afterSaveProduct','actionProductSave'),(67,'postProcessAttributeGroup','displayAttributeGroupPostProcess'),(68,'postProcessFeature','displayFeaturePostProcess'),(69,'featureValueForm','displayFeatureValueForm'),(70,'postProcessFeatureValue','displayFeatureValuePostProcess'),(71,'afterDeleteFeatureValue','actionFeatureValueDelete'),(72,'afterSaveFeatureValue','actionFeatureValueSave'),(73,'attributeForm','displayAttributeForm'),(74,'postProcessAttribute','actionAttributePostProcess'),(75,'afterDeleteAttribute','actionAttributeDelete'),(76,'afterSaveAttribute','actionAttributeSave'),(77,'taxManager','actionTaxManager'),(78,'myAccountBlock','displayMyAccountBlock'),(79,'actionBeforeCartUpdateQty','actionCartUpdateQuantityBefore'),(80,'actionBeforeAjaxDie','actionAjaxDieBefore'),(81,'actionBeforeAuthentication','actionAuthenticationBefore'),(82,'actionBeforeSubmitAccount','actionSubmitAccountBefore'),(83,'actionAfterDeleteProductInCart','actionDeleteProductInCartAfter'),(84,'displayInvoice','displayAdminOrderTop'),(85,'displayBackOfficeOrderActions','displayAdminOrderSide'),(86,'actionFrontControllerAfterInit','actionFrontControllerInitAfter'),(87,'displayAdminListBefore','displayAdminGridTableBefore'),(88,'displayAdminListAfter','displayAdminGridTableAfter');

--
-- Table structure for table `bl_hook_module`
--

CREATE TABLE `bl_hook_module` (
  `id_module` int(10) unsigned NOT NULL,
  `id_shop` int(11) unsigned NOT NULL DEFAULT '1',
  `id_hook` int(10) unsigned NOT NULL,
  `position` tinyint(2) unsigned NOT NULL,
  PRIMARY KEY (`id_module`,`id_hook`,`id_shop`),
  KEY `id_hook` (`id_hook`),
  KEY `id_module` (`id_module`),
  KEY `position` (`id_shop`,`position`)
) ENGINE=InnoDB DEFAULT CHARSET=utf8mb4;

--
-- Dumping data for table `bl_hook_module`
--

INSERT INTO `bl_hook_module` VALUES (1,1,42,1),(1,1,143,1),(1,1,325,1),(2,1,841,1),(2,1,842,1),(3,1,29,1),(3,1,45,1),(3,1,50,1),(3,1,77,1),(3,1,104,1),(3,1,107,1),(3,1,209,1),(3,1,843,1),(3,1,844,1),(4,1,48,1),(4,1,124,1),(4,1,845,1),(5,1,850,1),(7,1,846,1),(7,1,851,1),(9,1,17,1),(9,1,918,1),(10,1,26,1),(10,1,84,1),(10,1,853,1),(10,1,854,1),(10,1,855,1),(10,1,856,1),(10,1,857,1),(10,1,858,1),(10,1,859,1),(10,1,860,1),(10,1,861,1),(10,1,862,1),(10,1,863,1),(10,1,864,1),(10,1,865,1),(10,1,866,1),(10,1,867,1),(10,1,868,1),(11,1,869,1),(13,1,16,1),(13,1,20,1),(13,1,21,1),(13,1,870,1),(13,1,871,1),(13,1,923,1),(14,1,872,1),(16,1,873,1),(16,1,874,1),(16,1,875,1),(18,1,71,1),(19,1,49,1),(19,1,876,1),(19,1,878,1),(19,1,879,1),(19,1,880,1),(19,1,926,1),(20,1,839,1),(21,1,881,1),(21,1,882,1),(22,1,32,1),(22,1,137,1),(22,1,883,1),(23,1,15,1),(25,1,849,1),(28,1,8,1),(28,1,887,1),(29,1,57,1),(30,1,888,1),(30,1,889,1),(33,1,10,1),(34,1,1,1),(34,1,9,1),(34,1,59,1),(34,1,67,1),(34,1,118,1),(34,1,891,1),(34,1,892,1),(40,1,893,1),(41,1,894,1),(42,1,699,1),(42,1,700,1),(42,1,703,1),(44,1,47,1),(53,1,895,1),(58,1,896,1),(59,1,73,1),(60,1,18,1),(60,1,25,1),(60,1,37,1),(60,1,64,1),(60,1,78,1),(64,1,19,1),(64,1,897,1),(67,1,83,1),(67,1,85,1),(67,1,90,1),(67,1,91,1),(67,1,93,1),(67,1,94,1),(67,1,95,1),(67,1,100,1),(67,1,101,1),(67,1,103,1),(67,1,105,1),(67,1,428,1),(67,1,436,1),(67,1,444,1),(67,1,660,1),(67,1,884,1),(67,1,885,1),(67,1,886,1),(68,1,134,1),(70,1,27,1),(70,1,898,1),(70,1,899,1),(70,1,900,1),(70,1,901,1),(71,1,903,1),(72,1,52,1),(72,1,916,1),(72,1,919,1),(72,1,921,1),(73,1,922,1),(74,1,905,1),(74,1,906,1),(74,1,909,1),(75,1,913,1),(75,1,914,1),(78,1,924,1),(79,1,60,1),(83,1,927,1),(84,1,210,1),(84,1,912,1),(85,1,917,1),(88,1,24,1),(88,1,80,1),(88,1,694,1),(88,1,928,1),(89,1,840,1),(89,1,929,1),(89,1,930,1),(90,1,34,1),(90,1,38,1),(90,1,40,1),(90,1,420,1),(90,1,421,1),(90,1,931,1),(90,1,932,1),(90,1,933,1),(3,1,842,2),(4,1,843,2),(5,1,839,2),(6,1,846,2),(8,1,916,2),(11,1,17,2),(11,1,27,2),(12,1,868,2),(13,1,29,2),(13,1,84,2),(16,1,20,2),(16,1,21,2),(19,1,48,2),(19,1,124,2),(21,1,42,2),(22,1,878,2),(22,1,879,2),(22,1,880,2),(27,1,32,2),(27,1,865,2),(27,1,866,2),(32,1,71,2),(33,1,862,2),(33,1,863,2),(33,1,864,2),(34,1,50,2),(34,1,77,2),(34,1,107,2),(35,1,57,2),(38,1,888,2),(38,1,889,2),(44,1,887,2),(51,1,8,2),(52,1,26,2),(54,1,10,2),(54,1,859,2),(54,1,860,2),(54,1,861,2),(60,1,47,2),(60,1,73,2),(64,1,25,2),(67,1,15,2),(70,1,83,2),(70,1,85,2),(73,1,60,2),(80,1,922,2),(81,1,871,2),(81,1,873,2),(81,1,874,2),(81,1,875,2),(84,1,16,2),(84,1,917,2),(86,1,872,2),(88,1,52,2),(88,1,905,2),(89,1,1,2),(12,1,17,3),(15,1,846,3),(15,1,868,3),(16,1,29,3),(17,1,20,3),(17,1,21,3),(19,1,842,3),(20,1,922,3),(25,1,878,3),(30,1,843,3),(32,1,32,3),(34,1,879,3),(34,1,880,3),(36,1,57,3),(39,1,124,3),(51,1,887,3),(55,1,888,3),(55,1,889,3),(60,1,71,3),(67,1,84,3),(69,1,42,3),(70,1,862,3),(70,1,863,3),(70,1,864,3),(71,1,73,3),(72,1,48,3),(72,1,50,3),(80,1,839,3),(81,1,16,3),(84,1,916,3),(88,1,60,3),(89,1,15,3),(89,1,26,3),(90,1,47,3),(90,1,905,3),(17,1,29,4),(18,1,20,4),(18,1,21,4),(20,1,842,4),(22,1,17,4),(37,1,57,4),(38,1,843,4),(57,1,32,4),(58,1,889,4),(70,1,84,4),(72,1,878,4),(72,1,879,4),(72,1,880,4),(77,1,73,4),(82,1,16,4),(84,1,42,4),(89,1,71,4),(89,1,887,4),(90,1,50,4),(18,1,29,5),(34,1,842,5),(40,1,57,5),(41,1,843,5),(57,1,20,5),(57,1,21,5),(60,1,17,5),(60,1,32,5),(74,1,16,5),(81,1,84,5),(86,1,73,5),(90,1,887,5),(34,1,29,6),(43,1,57,6),(58,1,843,6),(68,1,17,6),(69,1,73,6),(76,1,32,6),(81,1,20,6),(81,1,21,6),(89,1,16,6),(89,1,842,6),(45,1,57,7),(57,1,29,7),(69,1,17,7),(74,1,73,7),(89,1,843,7),(46,1,57,8),(70,1,17,8),(76,1,73,8),(81,1,29,8),(47,1,57,9),(71,1,17,9),(87,1,73,9),(48,1,57,10),(72,1,17,10),(90,1,73,10),(49,1,57,11),(73,1,17,11),(50,1,57,12),(75,1,17,12),(52,1,57,13),(76,1,17,13),(56,1,57,14),(77,1,17,14),(62,1,57,15),(79,1,17,15),(63,1,57,16),(80,1,17,16),(65,1,57,17),(81,1,17,17),(66,1,57,18),(82,1,17,18),(83,1,17,19),(84,1,17,20),(86,1,17,21),(90,1,17,22);

--
-- Table structure for table `bl_hook_module_exceptions`
--

CREATE TABLE `bl_hook_module_exceptions` (
  `id_hook_module_exceptions` int(10) unsigned NOT NULL AUTO_INCREMENT,
  `id_shop` int(11) unsigned NOT NULL DEFAULT '1',
  `id_module` int(10) unsigned NOT NULL,
  `id_hook` int(10) unsigned NOT NULL,
  `file_name` varchar(255) DEFAULT NULL,
  PRIMARY KEY (`id_hook_module_exceptions`),
  KEY `id_module` (`id_module`),
  KEY `id_hook` (`id_hook`)
) ENGINE=InnoDB DEFAULT CHARSET=utf8mb4;

--
-- Dumping data for table `bl_hook_module_exceptions`
--


--
-- Table structure for table `bl_image`
--

CREATE TABLE `bl_image` (
  `id_image` int(10) unsigned NOT NULL AUTO_INCREMENT,
  `id_product` int(10) unsigned NOT NULL,
  `position` smallint(2) unsigned NOT NULL DEFAULT '0',
  `cover` tinyint(1) unsigned DEFAULT NULL,
  PRIMARY KEY (`id_image`),
  UNIQUE KEY `id_product_cover` (`id_product`,`cover`),
  UNIQUE KEY `idx_product_image` (`id_image`,`id_product`,`cover`),
  KEY `image_product` (`id_product`)
) ENGINE=InnoDB AUTO_INCREMENT=635 DEFAULT CHARSET=utf8mb4;

--
-- Dumping data for table `bl_image`
--

INSERT INTO `bl_image` VALUES (22,19,1,1),(24,20,1,NULL),(26,20,2,NULL),(29,23,1,1),(30,23,2,NULL),(31,20,3,1),(34,25,1,1),(35,26,1,1),(36,27,1,1),(37,28,1,1),(38,29,1,1),(39,30,1,1),(41,31,1,1),(42,32,1,1),(43,33,1,1),(44,34,1,1),(47,37,1,1),(48,38,1,1),(50,41,1,1),(51,42,1,1),(52,45,1,1),(53,46,1,1),(55,39,1,1),(57,47,1,1),(58,48,1,1),(60,49,1,1),(61,36,1,1),(63,35,1,1),(64,50,1,1),(65,51,1,1),(66,52,1,1),(67,53,1,1),(68,54,1,1),(69,55,1,1),(70,56,1,1),(71,57,1,1),(72,58,1,1),(73,59,1,1),(74,60,1,1),(75,61,1,1),(76,62,1,1),(77,63,1,1),(78,64,1,1),(79,66,1,1),(80,67,1,1),(81,68,1,1),(82,69,1,1),(83,70,1,1),(87,73,1,1),(88,74,1,1),(89,75,1,1),(90,76,1,1),(91,77,1,1),(92,71,1,1),(93,78,1,1),(94,79,1,1),(95,79,2,NULL),(98,81,1,1),(99,82,1,1),(100,83,1,1),(101,84,1,1),(102,85,1,1),(103,86,1,1),(104,87,1,1),(106,89,1,1),(107,90,1,1),(108,90,2,NULL),(109,91,1,1),(110,91,2,NULL),(111,92,1,1),(112,92,2,NULL),(113,93,1,1),(115,95,1,1),(116,96,1,1),(117,97,1,1),(122,102,1,1),(123,103,1,1),(124,104,1,1),(125,105,1,1),(126,106,1,1),(127,107,1,1),(128,108,1,1),(131,111,1,1),(138,118,1,1),(139,119,1,1),(140,120,1,1),(141,121,1,1),(142,122,1,1),(143,123,1,1),(144,124,1,1),(145,125,1,1),(146,126,1,1),(147,127,1,1),(150,129,1,1),(151,130,1,1),(152,131,1,1),(153,132,1,1),(154,133,1,1),(155,134,1,1),(156,135,1,1),(157,136,1,NULL),(158,136,2,1),(159,136,3,NULL),(160,137,1,1),(161,138,1,1),(162,139,1,1),(163,140,1,NULL),(164,141,1,1),(166,143,1,1),(167,144,1,1),(168,145,1,1),(169,140,2,NULL),(170,147,1,1),(171,101,1,1),(172,100,1,1),(177,98,1,1),(179,99,1,1),(180,117,1,1),(181,116,1,NULL),(182,116,2,1),(183,115,1,NULL),(184,115,2,1),(185,114,1,NULL),(186,114,2,1),(188,113,1,NULL),(189,113,2,1),(191,148,1,NULL),(192,150,1,NULL),(193,150,2,1),(194,148,2,1),(195,148,3,NULL),(196,150,3,NULL),(197,151,1,NULL),(198,151,2,1),(199,152,1,NULL),(200,152,2,1),(201,153,1,NULL),(202,153,2,1),(203,154,1,NULL),(204,154,2,NULL),(205,154,3,1),(206,155,1,NULL),(207,155,2,1),(208,156,1,NULL),(209,156,2,1),(210,156,3,NULL),(211,157,1,NULL),(212,157,2,1),(213,158,1,1),(214,159,1,NULL),(215,159,2,1),(216,160,1,NULL),(217,160,2,1),(218,161,1,NULL),(219,161,2,1),(220,162,1,NULL),(221,162,2,1),(222,163,1,NULL),(223,163,2,1),(224,164,1,NULL),(225,164,2,1),(226,165,1,NULL),(227,165,2,1),(228,166,1,1),(229,166,2,NULL),(230,167,1,1),(231,167,2,NULL),(232,168,1,1),(233,168,2,NULL),(234,169,1,1),(235,169,2,NULL),(236,170,1,1),(237,170,2,NULL),(238,171,1,1),(239,171,2,NULL),(240,172,1,1),(241,172,2,NULL),(242,173,1,1),(243,174,1,1),(244,175,1,1),(245,176,1,1),(246,177,1,1),(247,178,1,1),(248,179,1,1),(249,180,1,1),(250,181,1,1),(251,182,1,1),(252,183,1,1),(253,184,1,1),(254,185,1,1),(255,186,1,1),(256,187,1,1),(257,188,1,1),(258,189,1,1),(259,190,1,1),(260,191,1,1),(261,192,1,1),(262,193,1,1),(263,194,1,1),(264,195,1,1),(265,196,1,1),(266,197,1,1),(267,198,1,1),(268,199,1,1),(269,200,1,1),(270,201,1,1),(271,202,1,1),(272,203,1,1),(273,204,1,1),(274,205,1,1),(275,207,1,1),(276,208,1,1),(277,209,1,1),(279,211,1,1),(280,212,1,1),(281,213,1,1),(282,215,1,1),(283,216,1,1),(284,217,1,1),(285,218,1,1),(286,219,1,1),(287,220,1,1),(288,221,1,1),(289,222,1,1),(290,223,1,1),(291,224,1,1),(292,225,1,1),(294,227,1,1),(295,228,1,1),(296,229,1,1),(297,230,1,1),(298,230,2,NULL),(299,231,1,1),(300,231,2,NULL),(301,232,1,1),(302,232,2,NULL),(303,233,1,1),(304,234,1,1),(305,235,1,1),(306,236,1,1),(307,237,1,1),(308,249,1,1),(310,251,1,1),(311,252,1,1),(318,238,1,1),(320,238,2,NULL),(321,239,1,1),(322,239,2,NULL),(323,239,3,NULL),(324,240,1,1),(325,245,1,1),(326,246,1,1),(327,242,1,1),(328,243,1,1),(329,243,2,NULL),(330,247,1,1),(331,244,1,1),(332,245,2,NULL),(333,238,3,NULL),(334,238,4,NULL),(335,239,4,NULL),(336,239,5,NULL),(337,239,6,NULL),(338,239,7,NULL),(339,239,8,NULL),(340,240,2,NULL),(341,240,3,NULL),(342,241,1,1),(343,241,2,NULL),(344,241,3,NULL),(345,241,4,NULL),(346,241,5,NULL),(347,241,6,NULL),(348,241,7,NULL),(349,241,8,NULL),(350,241,9,NULL),(351,242,2,NULL),(352,242,3,NULL),(353,242,4,NULL),(354,244,2,NULL),(355,244,3,NULL),(356,244,4,NULL),(357,244,5,NULL),(358,243,3,NULL),(359,243,4,NULL),(360,243,5,NULL),(361,243,6,NULL),(362,245,3,NULL),(363,245,4,NULL),(364,245,5,NULL),(365,245,6,NULL),(366,245,7,NULL),(368,246,2,NULL),(369,246,3,NULL),(370,246,4,NULL),(371,246,5,NULL),(372,246,6,NULL),(373,247,2,NULL),(374,247,3,NULL),(375,247,4,NULL),(376,247,5,NULL),(377,247,6,NULL),(378,259,1,NULL),(379,259,2,1),(380,260,1,NULL),(381,260,2,1),(383,261,1,NULL),(384,261,2,1),(385,262,1,NULL),(387,263,1,1),(388,264,1,NULL),(390,265,1,NULL),(391,265,2,1),(393,266,1,NULL),(394,266,2,1),(395,267,1,1),(396,268,1,NULL),(397,268,2,NULL),(398,268,3,1),(399,269,1,NULL),(400,269,2,1),(401,270,1,NULL),(402,270,2,1),(403,271,1,NULL),(404,272,1,1),(405,273,1,1),(406,274,1,1),(407,274,2,NULL),(409,275,1,1),(410,276,1,NULL),(411,276,2,1),(412,277,1,1),(413,278,1,1),(414,279,1,NULL),(415,281,1,NULL),(416,282,1,NULL),(417,283,1,NULL),(418,249,2,NULL),(419,251,2,NULL),(420,252,2,NULL),(421,254,1,1),(422,284,1,NULL),(423,285,1,NULL),(424,255,1,NULL),(425,286,1,NULL),(426,287,1,NULL),(427,288,1,NULL),(428,289,1,NULL),(429,290,1,NULL),(431,291,1,1),(432,292,1,1),(433,293,1,1),(434,294,1,1),(435,295,1,NULL),(436,296,1,NULL),(437,296,2,NULL),(438,296,3,1),(439,297,1,NULL),(440,297,2,1),(441,297,3,NULL),(442,298,1,NULL),(443,298,2,NULL),(444,298,3,1),(445,299,1,1),(446,299,2,NULL),(449,300,1,NULL),(450,300,2,1),(451,301,1,NULL),(452,301,2,1),(453,302,1,NULL),(454,302,2,1),(455,262,2,1),(456,255,2,1),(457,286,2,1),(458,287,2,1),(459,285,2,1),(460,295,2,1),(461,288,2,1),(462,281,2,1),(463,264,2,1),(464,271,2,1),(466,279,2,1),(468,289,2,1),(469,282,2,1),(470,283,2,1),(471,284,2,1),(472,290,2,1),(473,303,1,1),(474,304,1,1),(475,305,1,1),(476,306,1,1),(477,307,1,1),(478,308,1,1),(479,309,1,1),(480,310,1,1),(481,311,1,1),(482,312,1,1),(483,313,1,1),(484,314,1,1),(485,315,1,1),(486,316,1,1),(487,317,1,1),(488,319,1,1),(489,321,1,1),(490,324,1,1),(491,324,2,NULL),(492,325,1,NULL),(493,325,2,1),(494,325,3,NULL),(495,325,4,NULL),(496,326,1,NULL),(497,326,2,1),(498,327,1,1),(499,327,2,NULL),(500,328,1,NULL),(501,328,2,NULL),(502,328,3,1),(503,329,1,1),(504,330,1,NULL),(505,330,2,1),(506,331,1,1),(507,332,1,1),(508,333,1,1),(510,334,1,1),(511,335,1,1),(512,336,1,1),(513,337,1,1),(514,338,1,1),(515,339,1,1),(516,341,1,1),(517,342,1,1),(518,343,1,1),(519,343,2,NULL),(520,344,1,1),(521,345,1,1),(522,346,1,1),(523,347,1,1),(524,348,1,1),(525,349,1,1),(526,350,1,1),(527,351,1,1),(528,352,1,1),(529,353,1,1),(530,354,1,1),(531,355,1,1),(532,356,1,1),(533,357,1,1),(534,358,1,1),(535,359,1,1),(536,360,1,1),(537,361,1,1),(538,362,1,1),(539,363,1,1),(540,364,1,1),(541,365,1,1),(542,366,1,1),(543,367,1,1),(544,368,1,1),(545,369,1,1),(546,370,1,1),(547,371,1,1),(548,372,1,1),(549,373,1,1),(550,374,1,1),(551,375,1,1),(552,376,1,1),(553,377,1,1),(554,378,1,1),(555,379,1,1),(556,380,1,NULL),(557,380,2,1),(558,381,1,1),(559,381,2,NULL),(560,382,1,1),(561,382,2,NULL),(562,383,1,NULL),(563,383,2,1),(564,384,1,1),(565,384,2,NULL),(566,385,1,1),(567,385,2,NULL),(570,387,1,1),(571,387,2,NULL),(572,388,1,NULL),(573,388,2,1),(574,389,1,1),(575,389,2,NULL),(576,390,1,1),(577,390,2,NULL),(578,391,1,1),(579,391,2,NULL),(580,392,1,1),(581,392,2,NULL),(582,393,1,1),(583,393,2,NULL),(584,394,1,1),(585,394,2,NULL),(586,395,1,1),(587,395,2,NULL),(588,396,1,1),(589,396,2,NULL),(590,397,1,NULL),(591,397,2,1),(592,136,4,NULL),(601,140,3,1),(602,398,1,1),(603,399,1,1),(604,400,1,1),(605,401,1,1),(606,402,1,1),(607,403,1,1),(609,405,1,1),(610,406,1,1),(611,407,1,1),(612,408,1,1),(613,409,1,1),(614,410,1,1),(615,411,1,1),(616,412,1,1),(617,413,1,1),(619,415,1,1),(620,416,1,1),(621,417,1,1),(622,418,1,1),(623,419,1,1),(624,420,1,1),(625,421,1,1),(626,422,1,1),(627,423,1,1),(628,424,1,1),(629,425,1,1),(630,426,1,1),(631,427,1,1),(632,428,1,1),(633,429,1,1),(634,430,1,1);

--
-- Table structure for table `bl_image_lang`
--

CREATE TABLE `bl_image_lang` (
  `id_image` int(10) unsigned NOT NULL,
  `id_lang` int(10) unsigned NOT NULL,
  `legend` varchar(128) DEFAULT NULL,
  PRIMARY KEY (`id_image`,`id_lang`),
  KEY `id_image` (`id_image`)
) ENGINE=InnoDB DEFAULT CHARSET=utf8mb4;

--
-- Dumping data for table `bl_image_lang`
--

INSERT INTO `bl_image_lang` VALUES (22,1,'Customizable mug'),(22,2,'Customizable mug'),(22,3,'Customizable mug'),(24,1,''),(24,2,''),(24,3,''),(26,1,''),(26,2,''),(26,3,''),(29,1,''),(29,2,''),(29,3,''),(30,1,''),(30,2,''),(30,3,''),(31,1,''),(31,2,''),(31,3,''),(34,1,''),(34,2,''),(34,3,''),(35,1,''),(35,2,''),(35,3,''),(36,1,''),(36,2,''),(36,3,''),(37,1,''),(37,2,''),(37,3,''),(38,1,''),(38,2,''),(38,3,''),(39,1,''),(39,2,''),(39,3,''),(41,1,''),(41,2,''),(41,3,''),(42,1,''),(42,2,''),(42,3,''),(43,1,''),(43,2,''),(43,3,''),(44,1,''),(44,2,''),(44,3,''),(47,1,''),(47,2,''),(47,3,''),(48,1,''),(48,2,''),(48,3,''),(50,1,''),(50,2,''),(50,3,''),(51,1,''),(51,2,''),(51,3,''),(52,1,''),(52,2,''),(52,3,''),(53,1,''),(53,2,''),(53,3,''),(55,1,''),(55,2,''),(55,3,''),(57,1,''),(57,2,''),(57,3,''),(58,1,''),(58,2,''),(58,3,''),(60,1,''),(60,2,''),(60,3,''),(61,1,''),(61,2,''),(61,3,''),(63,1,''),(63,2,''),(63,3,''),(64,1,''),(64,2,''),(64,3,''),(65,1,''),(65,2,''),(65,3,''),(66,1,''),(66,2,''),(66,3,''),(67,1,''),(67,2,''),(67,3,''),(68,1,''),(68,2,''),(68,3,''),(69,1,''),(69,2,''),(69,3,''),(70,1,''),(70,2,''),(70,3,''),(71,1,''),(71,2,''),(71,3,''),(72,1,''),(72,2,''),(72,3,''),(73,1,''),(73,2,''),(73,3,''),(74,1,''),(74,2,''),(74,3,''),(75,1,''),(75,2,''),(75,3,''),(76,1,''),(76,2,''),(76,3,''),(77,1,''),(77,2,''),(77,3,''),(78,1,''),(78,2,''),(78,3,''),(79,1,''),(79,2,''),(79,3,''),(80,1,''),(80,2,''),(80,3,''),(81,1,''),(81,2,''),(81,3,''),(82,1,''),(82,2,''),(82,3,''),(83,1,''),(83,2,''),(83,3,''),(87,1,''),(87,2,''),(87,3,''),(88,1,''),(88,2,''),(88,3,''),(89,1,''),(89,2,''),(89,3,''),(90,1,''),(90,2,''),(90,3,''),(91,1,''),(91,2,''),(91,3,''),(92,1,''),(92,2,''),(92,3,''),(93,1,''),(93,2,''),(93,3,''),(94,1,''),(94,2,''),(94,3,''),(95,1,''),(95,2,''),(95,3,''),(98,1,''),(98,2,''),(98,3,''),(99,1,''),(99,2,''),(99,3,''),(100,1,''),(100,2,''),(100,3,''),(101,1,''),(101,2,''),(101,3,''),(102,1,''),(102,2,''),(102,3,''),(103,1,''),(103,2,''),(103,3,''),(104,1,''),(104,2,''),(104,3,''),(106,1,''),(106,2,''),(106,3,''),(107,1,''),(107,2,''),(107,3,''),(108,1,''),(108,2,''),(108,3,''),(109,1,''),(109,2,''),(109,3,''),(110,1,''),(110,2,''),(110,3,''),(111,1,''),(111,2,''),(111,3,''),(112,1,''),(112,2,''),(112,3,''),(113,1,''),(113,2,''),(113,3,''),(115,1,''),(115,2,''),(115,3,''),(116,1,''),(116,2,''),(116,3,''),(117,1,''),(117,2,''),(117,3,''),(122,1,''),(122,2,''),(122,3,''),(123,1,''),(123,2,''),(123,3,''),(124,1,''),(124,2,''),(124,3,''),(125,1,''),(125,2,''),(125,3,''),(126,1,''),(126,2,''),(126,3,''),(127,1,''),(127,2,''),(127,3,''),(128,1,''),(128,2,''),(128,3,''),(131,1,''),(131,2,''),(131,3,''),(138,1,''),(138,2,''),(138,3,''),(139,1,''),(139,2,''),(139,3,''),(140,1,''),(140,2,''),(140,3,''),(141,1,''),(141,2,''),(141,3,''),(142,1,''),(142,2,''),(142,3,''),(143,1,''),(143,2,''),(143,3,''),(144,1,''),(144,2,''),(144,3,''),(145,1,''),(145,2,''),(145,3,''),(146,1,''),(146,2,''),(146,3,''),(147,1,''),(147,2,''),(147,3,''),(150,1,''),(150,2,''),(150,3,''),(151,1,''),(151,2,''),(151,3,''),(152,1,''),(152,2,''),(152,3,''),(153,1,''),(153,2,''),(153,3,''),(154,1,''),(154,2,''),(154,3,''),(155,1,''),(155,2,''),(155,3,''),(156,1,''),(156,2,''),(156,3,''),(157,1,''),(157,2,''),(157,3,''),(158,1,''),(158,2,''),(158,3,''),(159,1,''),(159,2,''),(159,3,''),(160,1,''),(160,2,''),(160,3,''),(161,1,''),(161,2,''),(161,3,''),(162,1,''),(162,2,''),(162,3,''),(163,1,''),(163,2,''),(163,3,''),(164,1,''),(164,2,''),(164,3,''),(166,1,''),(166,2,''),(166,3,''),(167,1,''),(167,2,''),(167,3,''),(168,1,''),(168,2,''),(168,3,''),(169,1,''),(169,2,''),(169,3,''),(170,1,''),(170,2,''),(170,3,''),(171,1,''),(171,2,''),(171,3,''),(172,1,''),(172,2,''),(172,3,''),(177,1,''),(177,2,''),(177,3,''),(179,1,''),(179,2,''),(179,3,''),(180,1,''),(180,2,''),(180,3,''),(181,1,''),(181,2,''),(181,3,''),(182,1,''),(182,2,''),(182,3,''),(183,1,''),(183,2,''),(183,3,''),(184,1,''),(184,2,''),(184,3,''),(185,1,''),(185,2,''),(185,3,''),(186,1,''),(186,2,''),(186,3,''),(188,1,''),(188,2,''),(188,3,''),(189,1,''),(189,2,''),(189,3,''),(191,1,''),(191,2,''),(191,3,''),(192,1,''),(192,2,''),(192,3,''),(193,1,''),(193,2,''),(193,3,''),(194,1,''),(194,2,''),(194,3,''),(195,1,''),(195,2,''),(195,3,''),(196,1,''),(196,2,''),(196,3,''),(197,1,''),(197,2,''),(197,3,''),(198,1,''),(198,2,''),(198,3,''),(199,1,''),(199,2,''),(199,3,''),(200,1,''),(200,2,''),(200,3,''),(201,1,''),(201,2,''),(201,3,''),(202,1,''),(202,2,''),(202,3,''),(203,1,''),(203,2,''),(203,3,''),(204,1,''),(204,2,''),(204,3,''),(205,1,''),(205,2,''),(205,3,''),(206,1,''),(206,2,''),(206,3,''),(207,1,''),(207,2,''),(207,3,''),(208,1,''),(208,2,''),(208,3,''),(209,1,''),(209,2,''),(209,3,''),(210,1,''),(210,2,''),(210,3,''),(211,1,''),(211,2,''),(211,3,''),(212,1,''),(212,2,''),(212,3,''),(213,1,''),(213,2,''),(213,3,''),(214,1,''),(214,2,''),(214,3,''),(215,1,''),(215,2,''),(215,3,''),(216,1,''),(216,2,''),(216,3,''),(217,1,''),(217,2,''),(217,3,''),(218,1,''),(218,2,''),(218,3,''),(219,1,''),(219,2,''),(219,3,''),(220,1,''),(220,2,''),(220,3,''),(221,1,''),(221,2,''),(221,3,''),(222,1,''),(222,2,''),(222,3,''),(223,1,''),(223,2,''),(223,3,''),(224,1,''),(224,2,''),(224,3,''),(225,1,''),(225,2,''),(225,3,''),(226,1,''),(226,2,''),(226,3,''),(227,1,''),(227,2,''),(227,3,''),(228,1,''),(228,2,''),(228,3,''),(229,1,''),(229,2,''),(229,3,''),(230,1,''),(230,2,''),(230,3,''),(231,1,''),(231,2,''),(231,3,''),(232,1,''),(232,2,''),(232,3,''),(233,1,''),(233,2,''),(233,3,''),(234,1,''),(234,2,''),(234,3,''),(235,1,''),(235,2,''),(235,3,''),(236,1,''),(236,2,''),(236,3,''),(237,1,''),(237,2,''),(237,3,''),(238,1,''),(238,2,''),(238,3,''),(239,1,''),(239,2,''),(239,3,''),(240,1,''),(240,2,''),(240,3,''),(241,1,''),(241,2,''),(241,3,''),(242,1,''),(242,2,''),(242,3,''),(243,1,''),(243,2,''),(243,3,''),(244,1,''),(244,2,''),(244,3,''),(245,1,''),(245,2,''),(245,3,''),(246,1,''),(246,2,''),(246,3,''),(247,1,''),(247,2,''),(247,3,''),(248,1,''),(248,2,''),(248,3,''),(249,1,''),(249,2,''),(249,3,''),(250,1,''),(250,2,''),(250,3,''),(251,1,''),(251,2,''),(251,3,''),(252,1,''),(252,2,''),(252,3,''),(253,1,''),(253,2,''),(253,3,''),(254,1,''),(254,2,''),(254,3,''),(255,1,''),(255,2,''),(255,3,''),(256,1,''),(256,2,''),(256,3,''),(257,1,''),(257,2,''),(257,3,''),(258,1,''),(258,2,''),(258,3,''),(259,1,''),(259,2,''),(259,3,''),(260,1,''),(260,2,''),(260,3,''),(261,1,''),(261,2,''),(261,3,''),(262,1,''),(262,2,''),(262,3,''),(263,1,''),(263,2,''),(263,3,''),(264,1,''),(264,2,''),(264,3,''),(265,1,''),(265,2,''),(265,3,''),(266,1,''),(266,2,''),(266,3,''),(267,1,''),(267,2,''),(267,3,''),(268,1,''),(268,2,''),(268,3,''),(269,1,''),(269,2,''),(269,3,''),(270,1,''),(270,2,''),(270,3,''),(271,1,''),(271,2,''),(271,3,''),(272,1,''),(272,2,''),(272,3,''),(273,1,''),(273,2,''),(273,3,''),(274,1,''),(274,2,''),(274,3,''),(275,1,''),(275,2,''),(275,3,''),(276,1,''),(276,2,''),(276,3,''),(277,1,''),(277,2,''),(277,3,''),(279,1,''),(279,2,''),(279,3,''),(280,1,''),(280,2,''),(280,3,''),(281,1,''),(281,2,''),(281,3,''),(282,1,''),(282,2,''),(282,3,''),(283,1,''),(283,2,''),(283,3,''),(284,1,''),(284,2,''),(284,3,''),(285,1,''),(285,2,''),(285,3,''),(286,1,''),(286,2,''),(286,3,''),(287,1,''),(287,2,''),(287,3,''),(288,1,''),(288,2,''),(288,3,''),(289,1,''),(289,2,''),(289,3,''),(290,1,''),(290,2,''),(290,3,''),(291,1,''),(291,2,''),(291,3,''),(292,1,''),(292,2,''),(292,3,''),(294,1,''),(294,2,''),(294,3,''),(295,1,''),(295,2,''),(295,3,''),(296,1,''),(296,2,''),(296,3,''),(297,1,''),(297,2,''),(297,3,''),(298,1,''),(298,2,''),(298,3,''),(299,1,''),(299,2,''),(299,3,''),(300,1,''),(300,2,''),(300,3,''),(301,1,''),(301,2,''),(301,3,''),(302,1,''),(302,2,''),(302,3,''),(303,1,''),(303,2,''),(303,3,''),(304,1,''),(304,2,''),(304,3,''),(305,1,''),(305,2,''),(305,3,''),(306,1,''),(306,2,''),(306,3,''),(307,1,''),(307,2,''),(307,3,''),(308,1,''),(308,2,''),(308,3,''),(310,1,''),(310,2,''),(310,3,''),(311,1,''),(311,2,''),(311,3,''),(318,1,''),(318,2,''),(318,3,''),(320,1,''),(320,2,''),(320,3,''),(321,1,''),(321,2,''),(321,3,''),(322,1,''),(322,2,''),(322,3,''),(323,1,''),(323,2,''),(323,3,''),(324,1,''),(324,2,''),(324,3,''),(325,1,''),(325,2,''),(325,3,''),(326,1,''),(326,2,''),(326,3,''),(327,1,''),(327,2,''),(327,3,''),(328,1,''),(328,2,''),(328,3,''),(329,1,''),(329,2,''),(329,3,''),(330,1,''),(330,2,''),(330,3,''),(331,1,''),(331,2,''),(331,3,''),(332,1,''),(332,2,''),(332,3,''),(333,1,''),(333,2,''),(333,3,''),(334,1,''),(334,2,''),(334,3,''),(335,1,''),(335,2,''),(335,3,''),(336,1,''),(336,2,''),(336,3,''),(337,1,''),(337,2,''),(337,3,''),(338,1,''),(338,2,''),(338,3,''),(339,1,''),(339,2,''),(339,3,''),(340,1,''),(340,2,''),(340,3,''),(341,1,''),(341,2,''),(341,3,''),(342,1,''),(342,2,''),(342,3,''),(343,1,''),(343,2,''),(343,3,''),(344,1,''),(344,2,''),(344,3,''),(345,1,''),(345,2,''),(345,3,''),(346,1,''),(346,2,''),(346,3,''),(347,1,''),(347,2,''),(347,3,''),(348,1,''),(348,2,''),(348,3,''),(349,1,''),(349,2,''),(349,3,''),(350,1,''),(350,2,''),(350,3,''),(351,1,''),(351,2,''),(351,3,''),(352,1,''),(352,2,''),(352,3,''),(353,1,''),(353,2,''),(353,3,''),(354,1,''),(354,2,''),(354,3,''),(355,1,''),(355,2,''),(355,3,''),(356,1,''),(356,2,''),(356,3,''),(357,1,''),(357,2,''),(357,3,''),(358,1,''),(358,2,''),(358,3,''),(359,1,''),(359,2,''),(359,3,''),(360,1,''),(360,2,''),(360,3,''),(361,1,''),(361,2,''),(361,3,''),(362,1,''),(362,2,''),(362,3,''),(363,1,''),(363,2,''),(363,3,''),(364,1,''),(364,2,''),(364,3,''),(365,1,''),(365,2,''),(365,3,''),(366,1,''),(366,2,''),(366,3,''),(368,1,''),(368,2,''),(368,3,''),(369,1,''),(369,2,''),(369,3,''),(370,1,''),(370,2,''),(370,3,''),(371,1,''),(371,2,''),(371,3,''),(372,1,''),(372,2,''),(372,3,''),(373,1,''),(373,2,''),(373,3,''),(374,1,''),(374,2,''),(374,3,''),(375,1,''),(375,2,''),(375,3,''),(376,1,''),(376,2,''),(376,3,''),(377,1,''),(377,2,''),(377,3,''),(378,1,''),(378,2,''),(378,3,''),(379,1,''),(379,2,''),(379,3,''),(380,1,''),(380,2,''),(380,3,''),(381,1,''),(381,2,''),(381,3,''),(383,1,''),(383,2,''),(383,3,''),(384,1,''),(384,2,''),(384,3,''),(385,1,''),(385,2,''),(385,3,''),(387,1,''),(387,2,''),(387,3,''),(388,1,''),(388,2,''),(388,3,''),(390,1,''),(390,2,''),(390,3,''),(391,1,''),(391,2,''),(391,3,''),(393,1,''),(393,2,''),(393,3,''),(394,1,''),(394,2,''),(394,3,''),(395,1,''),(395,2,''),(395,3,''),(396,1,''),(396,2,''),(396,3,''),(397,1,''),(397,2,''),(397,3,''),(398,1,''),(398,2,''),(398,3,''),(399,1,''),(399,2,''),(399,3,''),(400,1,''),(400,2,''),(400,3,''),(401,1,''),(401,2,''),(401,3,''),(402,1,''),(402,2,''),(402,3,''),(403,1,''),(403,2,''),(403,3,''),(404,1,''),(404,2,''),(404,3,''),(405,1,''),(405,2,''),(405,3,''),(406,1,''),(406,2,''),(406,3,''),(407,1,''),(407,2,''),(407,3,''),(409,1,''),(409,2,''),(409,3,''),(410,1,''),(410,2,''),(410,3,''),(411,1,''),(411,2,''),(411,3,''),(412,1,''),(412,2,''),(412,3,''),(413,1,''),(413,2,''),(413,3,''),(414,1,''),(414,2,''),(414,3,''),(415,1,''),(415,2,''),(415,3,''),(416,1,''),(416,2,''),(416,3,''),(417,1,''),(417,2,''),(417,3,''),(418,1,''),(418,2,''),(418,3,''),(419,1,''),(419,2,''),(419,3,''),(420,1,''),(420,2,''),(420,3,''),(421,1,''),(421,2,''),(421,3,''),(422,1,''),(422,2,''),(422,3,''),(423,1,''),(423,2,''),(423,3,''),(424,1,''),(424,2,''),(424,3,''),(425,1,''),(425,2,''),(425,3,''),(426,1,''),(426,2,''),(426,3,''),(427,1,''),(427,2,''),(427,3,''),(428,1,''),(428,2,''),(428,3,''),(429,1,''),(429,2,''),(429,3,''),(431,1,''),(431,2,''),(431,3,''),(432,1,''),(432,2,''),(432,3,''),(433,1,''),(433,2,''),(433,3,''),(434,1,''),(434,2,''),(434,3,''),(435,1,''),(435,2,''),(435,3,''),(436,1,''),(436,2,''),(436,3,''),(437,1,''),(437,2,''),(437,3,''),(438,1,''),(438,2,''),(438,3,''),(439,1,''),(439,2,''),(439,3,''),(440,1,''),(440,2,''),(440,3,''),(441,1,''),(441,2,''),(441,3,''),(442,1,''),(442,2,''),(442,3,''),(443,1,''),(443,2,''),(443,3,''),(444,1,''),(444,2,''),(444,3,''),(445,1,''),(445,2,''),(445,3,''),(446,1,''),(446,2,''),(446,3,''),(449,1,''),(449,2,''),(449,3,''),(450,1,''),(450,2,''),(450,3,''),(451,1,''),(451,2,''),(451,3,''),(452,1,''),(452,2,''),(452,3,''),(453,1,''),(453,2,''),(453,3,''),(454,1,''),(454,2,''),(454,3,''),(455,1,''),(455,2,''),(455,3,''),(456,1,''),(456,2,''),(456,3,''),(457,1,''),(457,2,''),(457,3,''),(458,1,''),(458,2,''),(458,3,''),(459,1,''),(459,2,''),(459,3,''),(460,1,''),(460,2,''),(460,3,''),(461,1,''),(461,2,''),(461,3,''),(462,1,''),(462,2,''),(462,3,''),(463,1,''),(463,2,''),(463,3,''),(464,1,''),(464,2,''),(464,3,''),(466,1,''),(466,2,''),(466,3,''),(468,1,''),(468,2,''),(468,3,''),(469,1,''),(469,2,''),(469,3,''),(470,1,''),(470,2,''),(470,3,''),(471,1,''),(471,2,''),(471,3,''),(472,1,''),(472,2,''),(472,3,''),(473,1,''),(473,2,''),(473,3,''),(474,1,''),(474,2,''),(474,3,''),(475,1,''),(475,2,''),(475,3,''),(476,1,''),(476,2,''),(476,3,''),(477,1,''),(477,2,''),(477,3,''),(478,1,''),(478,2,''),(478,3,''),(479,1,''),(479,2,''),(479,3,''),(480,1,''),(480,2,''),(480,3,''),(481,1,''),(481,2,''),(481,3,''),(482,1,''),(482,2,''),(482,3,''),(483,1,''),(483,2,''),(483,3,''),(484,1,''),(484,2,''),(484,3,''),(485,1,''),(485,2,''),(485,3,''),(486,1,''),(486,2,''),(486,3,''),(487,1,''),(487,2,''),(487,3,''),(488,1,''),(488,2,''),(488,3,''),(489,1,''),(489,2,''),(489,3,''),(490,1,''),(490,2,''),(490,3,''),(491,1,''),(491,2,''),(491,3,''),(492,1,''),(492,2,''),(492,3,''),(493,1,''),(493,2,''),(493,3,''),(494,1,''),(494,2,''),(494,3,''),(495,1,''),(495,2,''),(495,3,''),(496,1,''),(496,2,''),(496,3,''),(497,1,''),(497,2,''),(497,3,''),(498,1,''),(498,2,''),(498,3,''),(499,1,''),(499,2,''),(499,3,''),(500,1,''),(500,2,''),(500,3,''),(501,1,''),(501,2,''),(501,3,''),(502,1,''),(502,2,''),(502,3,''),(503,1,''),(503,2,''),(503,3,''),(504,1,''),(504,2,''),(504,3,''),(505,1,''),(505,2,''),(505,3,''),(506,1,''),(506,2,''),(506,3,''),(507,1,''),(507,2,''),(507,3,''),(508,1,''),(508,2,''),(508,3,''),(510,1,''),(510,2,''),(510,3,''),(511,1,''),(511,2,''),(511,3,''),(512,1,''),(512,2,''),(512,3,''),(513,1,''),(513,2,''),(513,3,''),(514,1,''),(514,2,''),(514,3,''),(515,1,''),(515,2,''),(515,3,''),(516,1,''),(516,2,''),(516,3,''),(517,1,''),(517,2,''),(517,3,''),(518,1,''),(518,2,''),(518,3,''),(519,1,''),(519,2,''),(519,3,''),(520,1,''),(520,2,''),(520,3,''),(521,1,''),(521,2,''),(521,3,''),(522,1,''),(522,2,''),(522,3,''),(523,1,''),(523,2,''),(523,3,''),(524,1,''),(524,2,''),(524,3,''),(525,1,''),(525,2,''),(525,3,''),(526,1,''),(526,2,''),(526,3,''),(527,1,''),(527,2,''),(527,3,''),(528,1,''),(528,2,''),(528,3,''),(529,1,''),(529,2,''),(529,3,''),(530,1,''),(530,2,''),(530,3,''),(531,1,''),(531,2,''),(531,3,''),(532,1,''),(532,2,''),(532,3,''),(533,1,''),(533,2,''),(533,3,''),(534,1,''),(534,2,''),(534,3,''),(535,1,''),(535,2,''),(535,3,''),(536,1,''),(536,2,''),(536,3,''),(537,1,''),(537,2,''),(537,3,''),(538,1,''),(538,2,''),(538,3,''),(539,1,''),(539,2,''),(539,3,''),(540,1,''),(540,2,''),(540,3,''),(541,1,''),(541,2,''),(541,3,''),(542,1,''),(542,2,''),(542,3,''),(543,1,''),(543,2,''),(543,3,''),(544,1,''),(544,2,''),(544,3,''),(545,1,''),(545,2,''),(545,3,''),(546,1,''),(546,2,''),(546,3,''),(547,1,''),(547,2,''),(547,3,''),(548,1,''),(548,2,''),(548,3,''),(549,1,''),(549,2,''),(549,3,''),(550,1,''),(550,2,''),(550,3,''),(551,1,''),(551,2,''),(551,3,''),(552,1,''),(552,2,''),(552,3,''),(553,1,''),(553,2,''),(553,3,''),(554,1,''),(554,2,''),(554,3,''),(555,1,''),(555,2,''),(555,3,''),(556,1,''),(556,2,''),(556,3,''),(557,1,''),(557,2,''),(557,3,''),(558,1,''),(558,2,''),(558,3,''),(559,1,''),(559,2,''),(559,3,''),(560,1,''),(560,2,''),(560,3,''),(561,1,''),(561,2,''),(561,3,''),(562,1,''),(562,2,''),(562,3,''),(563,1,''),(563,2,''),(563,3,''),(564,1,''),(564,2,''),(564,3,''),(565,1,''),(565,2,''),(565,3,''),(566,1,''),(566,2,''),(566,3,''),(567,1,''),(567,2,''),(567,3,''),(570,1,''),(570,2,''),(570,3,''),(571,1,''),(571,2,''),(571,3,''),(572,1,''),(572,2,''),(572,3,''),(573,1,''),(573,2,''),(573,3,''),(574,1,''),(574,2,''),(574,3,''),(575,1,''),(575,2,''),(575,3,''),(576,1,''),(576,2,''),(576,3,''),(577,1,''),(577,2,''),(577,3,''),(578,1,''),(578,2,''),(578,3,''),(579,1,''),(579,2,''),(579,3,''),(580,1,''),(580,2,''),(580,3,''),(581,1,''),(581,2,''),(581,3,''),(582,1,''),(582,2,''),(582,3,''),(583,1,''),(583,2,''),(583,3,''),(584,1,''),(584,2,''),(584,3,''),(585,1,''),(585,2,''),(585,3,''),(586,1,''),(586,2,''),(586,3,''),(587,1,''),(587,2,''),(587,3,''),(588,1,''),(588,2,''),(588,3,''),(589,1,''),(589,2,''),(589,3,''),(590,1,''),(590,2,''),(590,3,''),(591,1,''),(591,2,''),(591,3,''),(592,1,''),(592,2,''),(592,3,''),(601,1,''),(601,2,''),(601,3,''),(602,1,''),(602,2,''),(602,3,''),(603,1,''),(603,2,''),(603,3,''),(604,1,''),(604,2,''),(604,3,''),(605,1,''),(605,2,''),(605,3,''),(606,1,''),(606,2,''),(606,3,''),(607,1,''),(607,2,''),(607,3,''),(609,1,''),(609,2,''),(609,3,''),(610,1,''),(610,2,''),(610,3,''),(611,1,''),(611,2,''),(611,3,''),(612,1,''),(612,2,''),(612,3,''),(613,1,''),(613,2,''),(613,3,''),(614,1,''),(614,2,''),(614,3,''),(615,1,''),(615,2,''),(615,3,''),(616,1,''),(616,2,''),(616,3,''),(617,1,''),(617,2,''),(617,3,''),(619,1,''),(619,2,''),(619,3,''),(620,1,''),(620,2,''),(620,3,''),(621,1,''),(621,2,''),(621,3,''),(622,1,''),(622,2,''),(622,3,''),(623,1,''),(623,2,''),(623,3,''),(624,1,''),(624,2,''),(624,3,''),(625,1,''),(625,2,''),(625,3,''),(626,1,''),(626,2,''),(626,3,''),(627,1,''),(627,2,''),(627,3,''),(628,1,''),(628,2,''),(628,3,''),(629,1,''),(629,2,''),(629,3,''),(630,1,''),(630,2,''),(630,3,''),(631,1,''),(631,2,''),(631,3,''),(632,1,''),(632,2,''),(632,3,''),(633,1,''),(633,2,''),(633,3,''),(634,1,''),(634,2,''),(634,3,'');

--
-- Table structure for table `bl_image_shop`
--

CREATE TABLE `bl_image_shop` (
  `id_product` int(10) unsigned NOT NULL,
  `id_image` int(11) unsigned NOT NULL,
  `id_shop` int(11) unsigned NOT NULL,
  `cover` tinyint(1) unsigned DEFAULT NULL,
  PRIMARY KEY (`id_image`,`id_shop`),
  UNIQUE KEY `id_product` (`id_product`,`id_shop`,`cover`),
  KEY `id_shop` (`id_shop`)
) ENGINE=InnoDB DEFAULT CHARSET=utf8mb4;

--
-- Dumping data for table `bl_image_shop`
--

INSERT INTO `bl_image_shop` VALUES (19,22,1,1),(20,24,1,NULL),(20,26,1,NULL),(20,31,1,1),(23,30,1,NULL),(23,29,1,1),(25,34,1,1),(26,35,1,1),(27,36,1,1),(28,37,1,1),(29,38,1,1),(30,39,1,1),(31,41,1,1),(32,42,1,1),(33,43,1,1),(34,44,1,1),(35,63,1,1),(36,61,1,1),(37,47,1,1),(38,48,1,1),(39,55,1,1),(41,50,1,1),(42,51,1,1),(45,52,1,1),(46,53,1,1),(47,57,1,1),(48,58,1,1),(49,60,1,1),(50,64,1,1),(51,65,1,1),(52,66,1,1),(53,67,1,1),(54,68,1,1),(55,69,1,1),(56,70,1,1),(57,71,1,1),(58,72,1,1),(59,73,1,1),(60,74,1,1),(61,75,1,1),(62,76,1,1),(63,77,1,1),(64,78,1,1),(66,79,1,1),(67,80,1,1),(68,81,1,1),(69,82,1,1),(70,83,1,1),(71,92,1,1),(73,87,1,1),(74,88,1,1),(75,89,1,1),(76,90,1,1),(77,91,1,1),(78,93,1,1),(79,95,1,NULL),(79,94,1,1),(81,98,1,1),(82,99,1,1),(83,100,1,1),(84,101,1,1),(85,102,1,1),(86,103,1,1),(87,104,1,1),(89,106,1,1),(90,108,1,NULL),(90,107,1,1),(91,110,1,NULL),(91,109,1,1),(92,112,1,NULL),(92,111,1,1),(93,113,1,1),(95,115,1,1),(96,116,1,1),(97,117,1,1),(98,177,1,1),(99,179,1,1),(100,172,1,1),(101,171,1,1),(102,122,1,1),(103,123,1,1),(104,124,1,1),(105,125,1,1),(106,126,1,1),(107,127,1,1),(108,128,1,1),(111,131,1,1),(113,188,1,NULL),(113,189,1,1),(114,185,1,NULL),(114,186,1,1),(115,183,1,NULL),(115,184,1,1),(116,181,1,NULL),(116,182,1,1),(117,180,1,1),(118,138,1,1),(119,139,1,1),(120,140,1,1),(121,141,1,1),(122,142,1,1),(123,143,1,1),(124,144,1,1),(125,145,1,1),(126,146,1,1),(127,147,1,1),(129,150,1,1),(130,151,1,1),(131,152,1,1),(132,153,1,1),(133,154,1,1),(134,155,1,1),(135,156,1,1),(136,157,1,NULL),(136,159,1,NULL),(136,592,1,NULL),(136,158,1,1),(137,160,1,1),(138,161,1,1),(139,162,1,1),(140,163,1,NULL),(140,169,1,NULL),(140,601,1,1),(141,164,1,1),(143,166,1,1),(144,167,1,1),(145,168,1,1),(147,170,1,1),(148,191,1,NULL),(148,195,1,NULL),(148,194,1,1),(150,192,1,NULL),(150,196,1,NULL),(150,193,1,1),(151,197,1,NULL),(151,198,1,1),(152,199,1,NULL),(152,200,1,1),(153,201,1,NULL),(153,202,1,1),(154,203,1,NULL),(154,204,1,NULL),(154,205,1,1),(155,206,1,NULL),(155,207,1,1),(156,208,1,NULL),(156,210,1,NULL),(156,209,1,1),(157,211,1,NULL),(157,212,1,1),(158,213,1,1),(159,214,1,NULL),(159,215,1,1),(160,216,1,NULL),(160,217,1,1),(161,218,1,NULL),(161,219,1,1),(162,220,1,NULL),(162,221,1,1),(163,222,1,NULL),(163,223,1,1),(164,224,1,NULL),(164,225,1,1),(165,226,1,NULL),(165,227,1,1),(166,229,1,NULL),(166,228,1,1),(167,231,1,NULL),(167,230,1,1),(168,233,1,NULL),(168,232,1,1),(169,235,1,NULL),(169,234,1,1),(170,237,1,NULL),(170,236,1,1),(171,239,1,NULL),(171,238,1,1),(172,241,1,NULL),(172,240,1,1),(173,242,1,1),(174,243,1,1),(175,244,1,1),(176,245,1,1),(177,246,1,1),(178,247,1,1),(179,248,1,1),(180,249,1,1),(181,250,1,1),(182,251,1,1),(183,252,1,1),(184,253,1,1),(185,254,1,1),(186,255,1,1),(187,256,1,1),(188,257,1,1),(189,258,1,1),(190,259,1,1),(191,260,1,1),(192,261,1,1),(193,262,1,1),(194,263,1,1),(195,264,1,1),(196,265,1,1),(197,266,1,1),(198,267,1,1),(199,268,1,1),(200,269,1,1),(201,270,1,1),(202,271,1,1),(203,272,1,1),(204,273,1,1),(205,274,1,1),(207,275,1,1),(208,276,1,1),(209,277,1,1),(211,279,1,1),(212,280,1,1),(213,281,1,1),(215,282,1,1),(216,283,1,1),(217,284,1,1),(218,285,1,1),(219,286,1,1),(220,287,1,1),(221,288,1,1),(222,289,1,1),(223,290,1,1),(224,291,1,1),(225,292,1,1),(227,294,1,1),(228,295,1,1),(229,296,1,1),(230,298,1,NULL),(230,297,1,1),(231,300,1,NULL),(231,299,1,1),(232,302,1,NULL),(232,301,1,1),(233,303,1,1),(234,304,1,1),(235,305,1,1),(236,306,1,1),(237,307,1,1),(238,320,1,NULL),(238,333,1,NULL),(238,334,1,NULL),(238,318,1,1),(239,322,1,NULL),(239,323,1,NULL),(239,335,1,NULL),(239,336,1,NULL),(239,337,1,NULL),(239,338,1,NULL),(239,339,1,NULL),(239,321,1,1),(240,340,1,NULL),(240,341,1,NULL),(240,324,1,1),(241,343,1,NULL),(241,344,1,NULL),(241,345,1,NULL),(241,346,1,NULL),(241,347,1,NULL),(241,348,1,NULL),(241,349,1,NULL),(241,350,1,NULL),(241,342,1,1),(242,351,1,NULL),(242,352,1,NULL),(242,353,1,NULL),(242,327,1,1),(243,329,1,NULL),(243,358,1,NULL),(243,359,1,NULL),(243,360,1,NULL),(243,361,1,NULL),(243,328,1,1),(244,354,1,NULL),(244,355,1,NULL),(244,356,1,NULL),(244,357,1,NULL),(244,331,1,1),(245,332,1,NULL),(245,362,1,NULL),(245,363,1,NULL),(245,364,1,NULL),(245,365,1,NULL),(245,366,1,NULL),(245,325,1,1),(246,368,1,NULL),(246,369,1,NULL),(246,370,1,NULL),(246,371,1,NULL),(246,372,1,NULL),(246,326,1,1),(247,373,1,NULL),(247,374,1,NULL),(247,375,1,NULL),(247,376,1,NULL),(247,377,1,NULL),(247,330,1,1),(249,418,1,NULL),(249,308,1,1),(251,419,1,NULL),(251,310,1,1),(252,420,1,NULL),(252,311,1,1),(254,421,1,1),(255,424,1,NULL),(255,456,1,1),(259,378,1,NULL),(259,379,1,1),(260,380,1,NULL),(260,381,1,1),(261,383,1,NULL),(261,384,1,1),(262,385,1,NULL),(262,455,1,1),(263,387,1,1),(264,388,1,NULL),(264,463,1,1),(265,390,1,NULL),(265,391,1,1),(266,393,1,NULL),(266,394,1,1),(267,395,1,1),(268,396,1,NULL),(268,397,1,NULL),(268,398,1,1),(269,399,1,NULL),(269,400,1,1),(270,401,1,NULL),(270,402,1,1),(271,403,1,NULL),(271,464,1,1),(272,404,1,1),(273,405,1,1),(274,407,1,NULL),(274,406,1,1),(275,409,1,1),(276,410,1,NULL),(276,411,1,1),(277,412,1,1),(278,413,1,1),(279,414,1,NULL),(279,466,1,1),(281,415,1,NULL),(281,462,1,1),(282,416,1,NULL),(282,469,1,1),(283,417,1,NULL),(283,470,1,1),(284,422,1,NULL),(284,471,1,1),(285,423,1,NULL),(285,459,1,1),(286,425,1,NULL),(286,457,1,1),(287,426,1,NULL),(287,458,1,1),(288,427,1,NULL),(288,461,1,1),(289,428,1,NULL),(289,468,1,1),(290,429,1,NULL),(290,472,1,1),(291,431,1,1),(292,432,1,1),(293,433,1,1),(294,434,1,1),(295,435,1,NULL),(295,460,1,1),(296,436,1,NULL),(296,437,1,NULL),(296,438,1,1),(297,439,1,NULL),(297,441,1,NULL),(297,440,1,1),(298,442,1,NULL),(298,443,1,NULL),(298,444,1,1),(299,446,1,NULL),(299,445,1,1),(300,449,1,NULL),(300,450,1,1),(301,451,1,NULL),(301,452,1,1),(302,453,1,NULL),(302,454,1,1),(303,473,1,1),(304,474,1,1),(305,475,1,1),(306,476,1,1),(307,477,1,1),(308,478,1,1),(309,479,1,1),(310,480,1,1),(311,481,1,1),(312,482,1,1),(313,483,1,1),(314,484,1,1),(315,485,1,1),(316,486,1,1),(317,487,1,1),(319,488,1,1),(321,489,1,1),(324,491,1,NULL),(324,490,1,1),(325,492,1,NULL),(325,494,1,NULL),(325,495,1,NULL),(325,493,1,1),(326,496,1,NULL),(326,497,1,1),(327,499,1,NULL),(327,498,1,1),(328,500,1,NULL),(328,501,1,NULL),(328,502,1,1),(329,503,1,1),(330,504,1,NULL),(330,505,1,1),(331,506,1,1),(332,507,1,1),(333,508,1,1),(334,510,1,1),(335,511,1,1),(336,512,1,1),(337,513,1,1),(338,514,1,1),(339,515,1,1),(341,516,1,1),(342,517,1,1),(343,519,1,NULL),(343,518,1,1),(344,520,1,1),(345,521,1,1),(346,522,1,1),(347,523,1,1),(348,524,1,1),(349,525,1,1),(350,526,1,1),(351,527,1,1),(352,528,1,1),(353,529,1,1),(354,530,1,1),(355,531,1,1),(356,532,1,1),(357,533,1,1),(358,534,1,1),(359,535,1,1),(360,536,1,1),(361,537,1,1),(362,538,1,1),(363,539,1,1),(364,540,1,1),(365,541,1,1),(366,542,1,1),(367,543,1,1),(368,544,1,1),(369,545,1,1),(370,546,1,1),(371,547,1,1),(372,548,1,1),(373,549,1,1),(374,550,1,1),(375,551,1,1),(376,552,1,1),(377,553,1,1),(378,554,1,1),(379,555,1,1),(380,556,1,NULL),(380,557,1,1),(381,559,1,NULL),(381,558,1,1),(382,561,1,NULL),(382,560,1,1),(383,562,1,NULL),(383,563,1,1),(384,565,1,NULL),(384,564,1,1),(385,567,1,NULL),(385,566,1,1),(387,571,1,NULL),(387,570,1,1),(388,572,1,NULL),(388,573,1,1),(389,575,1,NULL),(389,574,1,1),(390,577,1,NULL),(390,576,1,1),(391,579,1,NULL),(391,578,1,1),(392,581,1,NULL),(392,580,1,1),(393,583,1,NULL),(393,582,1,1),(394,585,1,NULL),(394,584,1,1),(395,587,1,NULL),(395,586,1,1),(396,589,1,NULL),(396,588,1,1),(397,590,1,NULL),(397,591,1,1),(398,602,1,1),(399,603,1,1),(400,604,1,1),(401,605,1,1),(402,606,1,1),(403,607,1,1),(405,609,1,1),(406,610,1,1),(407,611,1,1),(408,612,1,1),(409,613,1,1),(410,614,1,1),(411,615,1,1),(412,616,1,1),(413,617,1,1),(415,619,1,1),(416,620,1,1),(417,621,1,1),(418,622,1,1),(419,623,1,1),(420,624,1,1),(421,625,1,1),(422,626,1,1),(423,627,1,1),(424,628,1,1),(425,629,1,1),(426,630,1,1),(427,631,1,1),(428,632,1,1),(429,633,1,1),(430,634,1,1);

--
-- Table structure for table `bl_image_type`
--

CREATE TABLE `bl_image_type` (
  `id_image_type` int(10) unsigned NOT NULL AUTO_INCREMENT,
  `name` varchar(64) NOT NULL,
  `width` int(10) unsigned NOT NULL,
  `height` int(10) unsigned NOT NULL,
  `products` tinyint(1) NOT NULL DEFAULT '1',
  `categories` tinyint(1) NOT NULL DEFAULT '1',
  `manufacturers` tinyint(1) NOT NULL DEFAULT '1',
  `suppliers` tinyint(1) NOT NULL DEFAULT '1',
  `stores` tinyint(1) NOT NULL DEFAULT '1',
  PRIMARY KEY (`id_image_type`),
  KEY `image_type_name` (`name`)
) ENGINE=InnoDB AUTO_INCREMENT=21 DEFAULT CHARSET=utf8mb4;

--
-- Dumping data for table `bl_image_type`
--

INSERT INTO `bl_image_type` VALUES (1,'attributes_default',37,50,1,0,0,0,0),(2,'cart_default',105,140,1,0,0,0,0),(3,'small_default',90,120,1,1,1,1,0),(4,'medium_default',452,452,1,0,1,1,0),(5,'home_default',255,340,1,0,0,0,0),(6,'catalog_small',184,245,1,0,0,0,0),(7,'product_zoom',1200,1600,1,0,0,0,0),(8,'slider_photo',95,126,1,1,1,1,0),(9,'catalog_large',398,531,1,0,0,0,0),(10,'large_default',540,720,1,0,1,1,0),(11,'category_default',141,180,0,1,0,0,0),(12,'stores_default',170,115,0,0,0,0,1),(13,'menu_default',180,240,1,1,1,1,0),(14,'full_default',800,1074,1,0,0,0,0),(15,'brand_default',180,45,0,0,1,0,0),(16,'anblog_default',885,620,0,0,0,0,0),(17,'anblog_thumb',885,620,0,0,0,0,0),(18,'anblog_listing_leading_img',400,280,0,0,0,0,0),(19,'anblog_listing_secondary_img',885,620,0,0,0,0,0),(20,'category_cover',825,271,0,1,0,0,0);

--
-- Table structure for table `bl_import_match`
--

CREATE TABLE `bl_import_match` (
  `id_import_match` int(10) NOT NULL AUTO_INCREMENT,
  `name` varchar(32) NOT NULL,
  `match` text NOT NULL,
  `skip` int(2) NOT NULL,
  PRIMARY KEY (`id_import_match`)
) ENGINE=InnoDB DEFAULT CHARSET=utf8mb4;

--
-- Dumping data for table `bl_import_match`
--


--
-- Table structure for table `bl_info`
--

CREATE TABLE `bl_info` (
  `id_info` int(10) unsigned NOT NULL AUTO_INCREMENT,
  PRIMARY KEY (`id_info`)
) ENGINE=InnoDB AUTO_INCREMENT=2 DEFAULT CHARSET=utf8;

--
-- Dumping data for table `bl_info`
--

INSERT INTO `bl_info` VALUES (1);

--
-- Table structure for table `bl_info_lang`
--

CREATE TABLE `bl_info_lang` (
  `id_info` int(10) unsigned NOT NULL,
  `id_shop` int(10) unsigned NOT NULL,
  `id_lang` int(10) unsigned NOT NULL,
  `text` text NOT NULL,
  PRIMARY KEY (`id_info`,`id_lang`,`id_shop`)
) ENGINE=InnoDB DEFAULT CHARSET=utf8;

--
-- Dumping data for table `bl_info_lang`
--

INSERT INTO `bl_info_lang` VALUES (1,1,1,'<p><a href=\"/content/1-livraison\">Livraison GRATUITE pour commande de 100$ et plus* / Frais fixes de 14,95$ si moins de 100$*</a></p>\n<p class=\"camping\"><a href=\"https://www.campinglaccopping.com\" target=\"_blank\" rel=\"noreferrer noopener\">Camping Lac Copping</a></p>'),(1,1,2,'<h2>Custom Text Block</h2>\n<p><strong class=\"dark\">Lorem ipsum dolor sit amet conse ctetu</strong></p>\n<p>Sit amet conse ctetur adipisicing elit, sed do eiusmod tempor incididunt ut labore et dolore magna aliqua. Ut enim ad minim veniam, quis nostrud exercitation ullamco laboris nisi ut aliquip ex ea commodo consequat. Duis aute irure dolor in reprehenderit.</p>'),(1,1,3,'<h2>Custom Text Block</h2>\n<p><strong class=\"dark\">Lorem ipsum dolor sit amet conse ctetu</strong></p>\n<p>Sit amet conse ctetur adipisicing elit, sed do eiusmod tempor incididunt ut labore et dolore magna aliqua. Ut enim ad minim veniam, quis nostrud exercitation ullamco laboris nisi ut aliquip ex ea commodo consequat. Duis aute irure dolor in reprehenderit.</p>');

--
-- Table structure for table `bl_info_shop`
--

CREATE TABLE `bl_info_shop` (
  `id_info` int(10) unsigned NOT NULL,
  `id_shop` int(10) unsigned NOT NULL,
  PRIMARY KEY (`id_info`,`id_shop`)
) ENGINE=InnoDB DEFAULT CHARSET=utf8;

--
-- Dumping data for table `bl_info_shop`
--

INSERT INTO `bl_info_shop` VALUES (1,1);

--
-- Table structure for table `bl_lang`
--

CREATE TABLE `bl_lang` (
  `id_lang` int(11) NOT NULL AUTO_INCREMENT,
  `name` varchar(32) COLLATE utf8mb4_unicode_ci NOT NULL,
  `active` tinyint(1) NOT NULL,
  `iso_code` varchar(2) COLLATE utf8mb4_unicode_ci NOT NULL,
  `language_code` varchar(5) COLLATE utf8mb4_unicode_ci NOT NULL,
  `locale` varchar(5) COLLATE utf8mb4_unicode_ci NOT NULL,
  `date_format_lite` varchar(32) COLLATE utf8mb4_unicode_ci NOT NULL,
  `date_format_full` varchar(32) COLLATE utf8mb4_unicode_ci NOT NULL,
  `is_rtl` tinyint(1) NOT NULL,
  PRIMARY KEY (`id_lang`)
) ENGINE=InnoDB AUTO_INCREMENT=4 DEFAULT CHARSET=utf8mb4 COLLATE=utf8mb4_unicode_ci;

--
-- Dumping data for table `bl_lang`
--

INSERT INTO `bl_lang` VALUES (1,'Français (French)',1,'fr','fr','fr-FR','d/m/Y','d/m/Y H:i:s',0),(2,'English (English)',0,'en','en-us','en-US','m/d/Y','m/d/Y H:i:s',0),(3,'Français CA (French)',0,'qc','qc','fr-CA','d/m/Y','d/m/Y H:i:s',0);

--
-- Table structure for table `bl_lang_shop`
--

CREATE TABLE `bl_lang_shop` (
  `id_lang` int(11) NOT NULL,
  `id_shop` int(11) NOT NULL,
  PRIMARY KEY (`id_lang`,`id_shop`),
  KEY `IDX_F26EFCA9BA299860` (`id_lang`),
  KEY `IDX_F26EFCA9274A50A0` (`id_shop`)
) ENGINE=InnoDB DEFAULT CHARSET=utf8mb4 COLLATE=utf8mb4_unicode_ci;

--
-- Dumping data for table `bl_lang_shop`
--

INSERT INTO `bl_lang_shop` VALUES (1,1),(2,1),(3,1);

--
-- Table structure for table `bl_layered_category`
--

CREATE TABLE `bl_layered_category` (
  `id_layered_category` int(10) unsigned NOT NULL AUTO_INCREMENT,
  `id_shop` int(11) unsigned NOT NULL,
  `controller` varchar(64) NOT NULL,
  `id_category` int(10) unsigned NOT NULL,
  `id_value` int(10) unsigned DEFAULT '0',
  `type` enum('category','id_feature','id_attribute_group','availability','condition','manufacturer','weight','price') NOT NULL,
  `position` int(10) unsigned NOT NULL,
  `filter_type` int(10) unsigned NOT NULL DEFAULT '0',
  `filter_show_limit` int(10) unsigned NOT NULL DEFAULT '0',
  PRIMARY KEY (`id_layered_category`),
  KEY `id_category_shop` (`id_category`,`id_shop`,`type`,`id_value`,`position`),
  KEY `id_category` (`id_category`,`type`)
) ENGINE=InnoDB AUTO_INCREMENT=768 DEFAULT CHARSET=utf8;

--
-- Dumping data for table `bl_layered_category`
--

INSERT INTO `bl_layered_category` VALUES (1,1,'category',2,NULL,'category',1,0,0),(2,1,'category',2,1,'id_attribute_group',2,0,0),(3,1,'category',2,2,'id_attribute_group',3,0,0),(4,1,'category',2,1,'id_feature',4,0,0),(5,1,'category',2,2,'id_feature',5,0,0),(6,1,'category',2,NULL,'availability',6,0,0),(7,1,'category',2,NULL,'manufacturer',7,0,0),(8,1,'category',2,NULL,'condition',8,0,0),(9,1,'category',2,NULL,'weight',9,0,0),(10,1,'category',2,NULL,'price',10,0,0),(11,1,'category',2,5,'id_attribute_group',11,0,0),(12,1,'category',2,6,'id_attribute_group',12,0,0),(13,1,'category',2,7,'id_attribute_group',13,0,0),(14,1,'category',10,NULL,'category',1,0,0),(15,1,'category',10,1,'id_attribute_group',2,0,0),(16,1,'category',10,2,'id_attribute_group',3,0,0),(17,1,'category',10,1,'id_feature',4,0,0),(18,1,'category',10,2,'id_feature',5,0,0),(19,1,'category',10,NULL,'availability',6,0,0),(20,1,'category',10,NULL,'manufacturer',7,0,0),(21,1,'category',10,NULL,'condition',8,0,0),(22,1,'category',10,NULL,'weight',9,0,0),(23,1,'category',10,NULL,'price',10,0,0),(24,1,'category',10,5,'id_attribute_group',11,0,0),(25,1,'category',10,6,'id_attribute_group',12,0,0),(26,1,'category',10,7,'id_attribute_group',13,0,0),(27,1,'category',18,NULL,'category',1,0,0),(28,1,'category',18,1,'id_attribute_group',2,0,0),(29,1,'category',18,2,'id_attribute_group',3,0,0),(30,1,'category',18,1,'id_feature',4,0,0),(31,1,'category',18,2,'id_feature',5,0,0),(32,1,'category',18,NULL,'availability',6,0,0),(33,1,'category',18,NULL,'manufacturer',7,0,0),(34,1,'category',18,NULL,'condition',8,0,0),(35,1,'category',18,NULL,'weight',9,0,0),(36,1,'category',18,NULL,'price',10,0,0),(37,1,'category',18,5,'id_attribute_group',11,0,0),(38,1,'category',18,6,'id_attribute_group',12,0,0),(39,1,'category',18,7,'id_attribute_group',13,0,0),(40,1,'category',19,NULL,'category',1,0,0),(41,1,'category',19,1,'id_attribute_group',2,0,0),(42,1,'category',19,2,'id_attribute_group',3,0,0),(43,1,'category',19,1,'id_feature',4,0,0),(44,1,'category',19,2,'id_feature',5,0,0),(45,1,'category',19,NULL,'availability',6,0,0),(46,1,'category',19,NULL,'manufacturer',7,0,0),(47,1,'category',19,NULL,'condition',8,0,0),(48,1,'category',19,NULL,'weight',9,0,0),(49,1,'category',19,NULL,'price',10,0,0),(50,1,'category',19,5,'id_attribute_group',11,0,0),(51,1,'category',19,6,'id_attribute_group',12,0,0),(52,1,'category',19,7,'id_attribute_group',13,0,0),(53,1,'category',20,NULL,'category',1,0,0),(54,1,'category',20,1,'id_attribute_group',2,0,0),(55,1,'category',20,2,'id_attribute_group',3,0,0),(56,1,'category',20,1,'id_feature',4,0,0),(57,1,'category',20,2,'id_feature',5,0,0),(58,1,'category',20,NULL,'availability',6,0,0),(59,1,'category',20,NULL,'manufacturer',7,0,0),(60,1,'category',20,NULL,'condition',8,0,0),(61,1,'category',20,NULL,'weight',9,0,0),(62,1,'category',20,NULL,'price',10,0,0),(63,1,'category',20,5,'id_attribute_group',11,0,0),(64,1,'category',20,6,'id_attribute_group',12,0,0),(65,1,'category',20,7,'id_attribute_group',13,0,0),(66,1,'category',21,NULL,'category',1,0,0),(67,1,'category',21,1,'id_attribute_group',2,0,0),(68,1,'category',21,2,'id_attribute_group',3,0,0),(69,1,'category',21,1,'id_feature',4,0,0),(70,1,'category',21,2,'id_feature',5,0,0),(71,1,'category',21,NULL,'availability',6,0,0),(72,1,'category',21,NULL,'manufacturer',7,0,0),(73,1,'category',21,NULL,'condition',8,0,0),(74,1,'category',21,NULL,'weight',9,0,0),(75,1,'category',21,NULL,'price',10,0,0),(76,1,'category',21,5,'id_attribute_group',11,0,0),(77,1,'category',21,6,'id_attribute_group',12,0,0),(78,1,'category',21,7,'id_attribute_group',13,0,0),(79,1,'category',22,NULL,'category',1,0,0),(80,1,'category',22,1,'id_attribute_group',2,0,0),(81,1,'category',22,2,'id_attribute_group',3,0,0),(82,1,'category',22,1,'id_feature',4,0,0),(83,1,'category',22,2,'id_feature',5,0,0),(84,1,'category',22,NULL,'availability',6,0,0),(85,1,'category',22,NULL,'manufacturer',7,0,0),(86,1,'category',22,NULL,'condition',8,0,0),(87,1,'category',22,NULL,'weight',9,0,0),(88,1,'category',22,NULL,'price',10,0,0),(89,1,'category',22,5,'id_attribute_group',11,0,0),(90,1,'category',22,6,'id_attribute_group',12,0,0),(91,1,'category',22,7,'id_attribute_group',13,0,0),(92,1,'category',23,NULL,'category',1,0,0),(93,1,'category',23,1,'id_attribute_group',2,0,0),(94,1,'category',23,2,'id_attribute_group',3,0,0),(95,1,'category',23,1,'id_feature',4,0,0),(96,1,'category',23,2,'id_feature',5,0,0),(97,1,'category',23,NULL,'availability',6,0,0),(98,1,'category',23,NULL,'manufacturer',7,0,0),(99,1,'category',23,NULL,'condition',8,0,0),(100,1,'category',23,NULL,'weight',9,0,0),(101,1,'category',23,NULL,'price',10,0,0),(102,1,'category',23,5,'id_attribute_group',11,0,0),(103,1,'category',23,6,'id_attribute_group',12,0,0),(104,1,'category',23,7,'id_attribute_group',13,0,0),(105,1,'category',24,NULL,'category',1,0,0),(106,1,'category',24,1,'id_attribute_group',2,0,0),(107,1,'category',24,2,'id_attribute_group',3,0,0),(108,1,'category',24,1,'id_feature',4,0,0),(109,1,'category',24,2,'id_feature',5,0,0),(110,1,'category',24,NULL,'availability',6,0,0),(111,1,'category',24,NULL,'manufacturer',7,0,0),(112,1,'category',24,NULL,'condition',8,0,0),(113,1,'category',24,NULL,'weight',9,0,0),(114,1,'category',24,NULL,'price',10,0,0),(115,1,'category',24,5,'id_attribute_group',11,0,0),(116,1,'category',24,6,'id_attribute_group',12,0,0),(117,1,'category',24,7,'id_attribute_group',13,0,0),(118,1,'category',25,NULL,'category',1,0,0),(119,1,'category',25,1,'id_attribute_group',2,0,0),(120,1,'category',25,2,'id_attribute_group',3,0,0),(121,1,'category',25,1,'id_feature',4,0,0),(122,1,'category',25,2,'id_feature',5,0,0),(123,1,'category',25,NULL,'availability',6,0,0),(124,1,'category',25,NULL,'manufacturer',7,0,0),(125,1,'category',25,NULL,'condition',8,0,0),(126,1,'category',25,NULL,'weight',9,0,0),(127,1,'category',25,NULL,'price',10,0,0),(128,1,'category',25,5,'id_attribute_group',11,0,0),(129,1,'category',25,6,'id_attribute_group',12,0,0),(130,1,'category',25,7,'id_attribute_group',13,0,0),(131,1,'category',26,NULL,'category',1,0,0),(132,1,'category',26,1,'id_attribute_group',2,0,0),(133,1,'category',26,2,'id_attribute_group',3,0,0),(134,1,'category',26,1,'id_feature',4,0,0),(135,1,'category',26,2,'id_feature',5,0,0),(136,1,'category',26,NULL,'availability',6,0,0),(137,1,'category',26,NULL,'manufacturer',7,0,0),(138,1,'category',26,NULL,'condition',8,0,0),(139,1,'category',26,NULL,'weight',9,0,0),(140,1,'category',26,NULL,'price',10,0,0),(141,1,'category',26,5,'id_attribute_group',11,0,0),(142,1,'category',26,6,'id_attribute_group',12,0,0),(143,1,'category',26,7,'id_attribute_group',13,0,0),(144,1,'category',27,NULL,'category',1,0,0),(145,1,'category',27,1,'id_attribute_group',2,0,0),(146,1,'category',27,2,'id_attribute_group',3,0,0),(147,1,'category',27,1,'id_feature',4,0,0),(148,1,'category',27,2,'id_feature',5,0,0),(149,1,'category',27,NULL,'availability',6,0,0),(150,1,'category',27,NULL,'manufacturer',7,0,0),(151,1,'category',27,NULL,'condition',8,0,0),(152,1,'category',27,NULL,'weight',9,0,0),(153,1,'category',27,NULL,'price',10,0,0),(154,1,'category',27,5,'id_attribute_group',11,0,0),(155,1,'category',27,6,'id_attribute_group',12,0,0),(156,1,'category',27,7,'id_attribute_group',13,0,0),(157,1,'category',11,NULL,'category',1,0,0),(158,1,'category',11,1,'id_attribute_group',2,0,0),(159,1,'category',11,2,'id_attribute_group',3,0,0),(160,1,'category',11,1,'id_feature',4,0,0),(161,1,'category',11,2,'id_feature',5,0,0),(162,1,'category',11,NULL,'availability',6,0,0),(163,1,'category',11,NULL,'manufacturer',7,0,0),(164,1,'category',11,NULL,'condition',8,0,0),(165,1,'category',11,NULL,'weight',9,0,0),(166,1,'category',11,NULL,'price',10,0,0),(167,1,'category',11,5,'id_attribute_group',11,0,0),(168,1,'category',11,6,'id_attribute_group',12,0,0),(169,1,'category',11,7,'id_attribute_group',13,0,0),(170,1,'category',28,NULL,'category',1,0,0),(171,1,'category',28,1,'id_attribute_group',2,0,0),(172,1,'category',28,2,'id_attribute_group',3,0,0),(173,1,'category',28,1,'id_feature',4,0,0),(174,1,'category',28,2,'id_feature',5,0,0),(175,1,'category',28,NULL,'availability',6,0,0),(176,1,'category',28,NULL,'manufacturer',7,0,0),(177,1,'category',28,NULL,'condition',8,0,0),(178,1,'category',28,NULL,'weight',9,0,0),(179,1,'category',28,NULL,'price',10,0,0),(180,1,'category',28,5,'id_attribute_group',11,0,0),(181,1,'category',28,6,'id_attribute_group',12,0,0),(182,1,'category',28,7,'id_attribute_group',13,0,0),(183,1,'category',29,NULL,'category',1,0,0),(184,1,'category',29,1,'id_attribute_group',2,0,0),(185,1,'category',29,2,'id_attribute_group',3,0,0),(186,1,'category',29,1,'id_feature',4,0,0),(187,1,'category',29,2,'id_feature',5,0,0),(188,1,'category',29,NULL,'availability',6,0,0),(189,1,'category',29,NULL,'manufacturer',7,0,0),(190,1,'category',29,NULL,'condition',8,0,0),(191,1,'category',29,NULL,'weight',9,0,0),(192,1,'category',29,NULL,'price',10,0,0),(193,1,'category',29,5,'id_attribute_group',11,0,0),(194,1,'category',29,6,'id_attribute_group',12,0,0),(195,1,'category',29,7,'id_attribute_group',13,0,0),(196,1,'category',30,NULL,'category',1,0,0),(197,1,'category',30,1,'id_attribute_group',2,0,0),(198,1,'category',30,2,'id_attribute_group',3,0,0),(199,1,'category',30,1,'id_feature',4,0,0),(200,1,'category',30,2,'id_feature',5,0,0),(201,1,'category',30,NULL,'availability',6,0,0),(202,1,'category',30,NULL,'manufacturer',7,0,0),(203,1,'category',30,NULL,'condition',8,0,0),(204,1,'category',30,NULL,'weight',9,0,0),(205,1,'category',30,NULL,'price',10,0,0),(206,1,'category',30,5,'id_attribute_group',11,0,0),(207,1,'category',30,6,'id_attribute_group',12,0,0),(208,1,'category',30,7,'id_attribute_group',13,0,0),(209,1,'category',31,NULL,'category',1,0,0),(210,1,'category',31,1,'id_attribute_group',2,0,0),(211,1,'category',31,2,'id_attribute_group',3,0,0),(212,1,'category',31,1,'id_feature',4,0,0),(213,1,'category',31,2,'id_feature',5,0,0),(214,1,'category',31,NULL,'availability',6,0,0),(215,1,'category',31,NULL,'manufacturer',7,0,0),(216,1,'category',31,NULL,'condition',8,0,0),(217,1,'category',31,NULL,'weight',9,0,0),(218,1,'category',31,NULL,'price',10,0,0),(219,1,'category',31,5,'id_attribute_group',11,0,0),(220,1,'category',31,6,'id_attribute_group',12,0,0),(221,1,'category',31,7,'id_attribute_group',13,0,0),(222,1,'category',32,NULL,'category',1,0,0),(223,1,'category',32,1,'id_attribute_group',2,0,0),(224,1,'category',32,2,'id_attribute_group',3,0,0),(225,1,'category',32,1,'id_feature',4,0,0),(226,1,'category',32,2,'id_feature',5,0,0),(227,1,'category',32,NULL,'availability',6,0,0),(228,1,'category',32,NULL,'manufacturer',7,0,0),(229,1,'category',32,NULL,'condition',8,0,0),(230,1,'category',32,NULL,'weight',9,0,0),(231,1,'category',32,NULL,'price',10,0,0),(232,1,'category',32,5,'id_attribute_group',11,0,0),(233,1,'category',32,6,'id_attribute_group',12,0,0),(234,1,'category',32,7,'id_attribute_group',13,0,0),(235,1,'category',33,NULL,'category',1,0,0),(236,1,'category',33,1,'id_attribute_group',2,0,0),(237,1,'category',33,2,'id_attribute_group',3,0,0),(238,1,'category',33,1,'id_feature',4,0,0),(239,1,'category',33,2,'id_feature',5,0,0),(240,1,'category',33,NULL,'availability',6,0,0),(241,1,'category',33,NULL,'manufacturer',7,0,0),(242,1,'category',33,NULL,'condition',8,0,0),(243,1,'category',33,NULL,'weight',9,0,0),(244,1,'category',33,NULL,'price',10,0,0),(245,1,'category',33,5,'id_attribute_group',11,0,0),(246,1,'category',33,6,'id_attribute_group',12,0,0),(247,1,'category',33,7,'id_attribute_group',13,0,0),(248,1,'category',34,NULL,'category',1,0,0),(249,1,'category',34,1,'id_attribute_group',2,0,0),(250,1,'category',34,2,'id_attribute_group',3,0,0),(251,1,'category',34,1,'id_feature',4,0,0),(252,1,'category',34,2,'id_feature',5,0,0),(253,1,'category',34,NULL,'availability',6,0,0),(254,1,'category',34,NULL,'manufacturer',7,0,0),(255,1,'category',34,NULL,'condition',8,0,0),(256,1,'category',34,NULL,'weight',9,0,0),(257,1,'category',34,NULL,'price',10,0,0),(258,1,'category',34,5,'id_attribute_group',11,0,0),(259,1,'category',34,6,'id_attribute_group',12,0,0),(260,1,'category',34,7,'id_attribute_group',13,0,0),(261,1,'category',35,NULL,'category',1,0,0),(262,1,'category',35,1,'id_attribute_group',2,0,0),(263,1,'category',35,2,'id_attribute_group',3,0,0),(264,1,'category',35,1,'id_feature',4,0,0),(265,1,'category',35,2,'id_feature',5,0,0),(266,1,'category',35,NULL,'availability',6,0,0),(267,1,'category',35,NULL,'manufacturer',7,0,0),(268,1,'category',35,NULL,'condition',8,0,0),(269,1,'category',35,NULL,'weight',9,0,0),(270,1,'category',35,NULL,'price',10,0,0),(271,1,'category',35,5,'id_attribute_group',11,0,0),(272,1,'category',35,6,'id_attribute_group',12,0,0),(273,1,'category',35,7,'id_attribute_group',13,0,0),(274,1,'category',36,NULL,'category',1,0,0),(275,1,'category',36,1,'id_attribute_group',2,0,0),(276,1,'category',36,2,'id_attribute_group',3,0,0),(277,1,'category',36,1,'id_feature',4,0,0),(278,1,'category',36,2,'id_feature',5,0,0),(279,1,'category',36,NULL,'availability',6,0,0),(280,1,'category',36,NULL,'manufacturer',7,0,0),(281,1,'category',36,NULL,'condition',8,0,0),(282,1,'category',36,NULL,'weight',9,0,0),(283,1,'category',36,NULL,'price',10,0,0),(284,1,'category',36,5,'id_attribute_group',11,0,0),(285,1,'category',36,6,'id_attribute_group',12,0,0),(286,1,'category',36,7,'id_attribute_group',13,0,0),(287,1,'category',37,NULL,'category',1,0,0),(288,1,'category',37,1,'id_attribute_group',2,0,0),(289,1,'category',37,2,'id_attribute_group',3,0,0),(290,1,'category',37,1,'id_feature',4,0,0),(291,1,'category',37,2,'id_feature',5,0,0),(292,1,'category',37,NULL,'availability',6,0,0),(293,1,'category',37,NULL,'manufacturer',7,0,0),(294,1,'category',37,NULL,'condition',8,0,0),(295,1,'category',37,NULL,'weight',9,0,0),(296,1,'category',37,NULL,'price',10,0,0),(297,1,'category',37,5,'id_attribute_group',11,0,0),(298,1,'category',37,6,'id_attribute_group',12,0,0),(299,1,'category',37,7,'id_attribute_group',13,0,0),(300,1,'category',12,NULL,'category',1,0,0),(301,1,'category',12,1,'id_attribute_group',2,0,0),(302,1,'category',12,2,'id_attribute_group',3,0,0),(303,1,'category',12,1,'id_feature',4,0,0),(304,1,'category',12,2,'id_feature',5,0,0),(305,1,'category',12,NULL,'availability',6,0,0),(306,1,'category',12,NULL,'manufacturer',7,0,0),(307,1,'category',12,NULL,'condition',8,0,0),(308,1,'category',12,NULL,'weight',9,0,0),(309,1,'category',12,NULL,'price',10,0,0),(310,1,'category',12,5,'id_attribute_group',11,0,0),(311,1,'category',12,6,'id_attribute_group',12,0,0),(312,1,'category',12,7,'id_attribute_group',13,0,0),(313,1,'category',38,NULL,'category',1,0,0),(314,1,'category',38,1,'id_attribute_group',2,0,0),(315,1,'category',38,2,'id_attribute_group',3,0,0),(316,1,'category',38,1,'id_feature',4,0,0),(317,1,'category',38,2,'id_feature',5,0,0),(318,1,'category',38,NULL,'availability',6,0,0),(319,1,'category',38,NULL,'manufacturer',7,0,0),(320,1,'category',38,NULL,'condition',8,0,0),(321,1,'category',38,NULL,'weight',9,0,0),(322,1,'category',38,NULL,'price',10,0,0),(323,1,'category',38,5,'id_attribute_group',11,0,0),(324,1,'category',38,6,'id_attribute_group',12,0,0),(325,1,'category',38,7,'id_attribute_group',13,0,0),(326,1,'category',39,NULL,'category',1,0,0),(327,1,'category',39,1,'id_attribute_group',2,0,0),(328,1,'category',39,2,'id_attribute_group',3,0,0),(329,1,'category',39,1,'id_feature',4,0,0),(330,1,'category',39,2,'id_feature',5,0,0),(331,1,'category',39,NULL,'availability',6,0,0),(332,1,'category',39,NULL,'manufacturer',7,0,0),(333,1,'category',39,NULL,'condition',8,0,0),(334,1,'category',39,NULL,'weight',9,0,0),(335,1,'category',39,NULL,'price',10,0,0),(336,1,'category',39,5,'id_attribute_group',11,0,0),(337,1,'category',39,6,'id_attribute_group',12,0,0),(338,1,'category',39,7,'id_attribute_group',13,0,0),(339,1,'category',40,NULL,'category',1,0,0),(340,1,'category',40,1,'id_attribute_group',2,0,0),(341,1,'category',40,2,'id_attribute_group',3,0,0),(342,1,'category',40,1,'id_feature',4,0,0),(343,1,'category',40,2,'id_feature',5,0,0),(344,1,'category',40,NULL,'availability',6,0,0),(345,1,'category',40,NULL,'manufacturer',7,0,0),(346,1,'category',40,NULL,'condition',8,0,0),(347,1,'category',40,NULL,'weight',9,0,0),(348,1,'category',40,NULL,'price',10,0,0),(349,1,'category',40,5,'id_attribute_group',11,0,0),(350,1,'category',40,6,'id_attribute_group',12,0,0),(351,1,'category',40,7,'id_attribute_group',13,0,0),(352,1,'category',41,NULL,'category',1,0,0),(353,1,'category',41,1,'id_attribute_group',2,0,0),(354,1,'category',41,2,'id_attribute_group',3,0,0),(355,1,'category',41,1,'id_feature',4,0,0),(356,1,'category',41,2,'id_feature',5,0,0),(357,1,'category',41,NULL,'availability',6,0,0),(358,1,'category',41,NULL,'manufacturer',7,0,0),(359,1,'category',41,NULL,'condition',8,0,0),(360,1,'category',41,NULL,'weight',9,0,0),(361,1,'category',41,NULL,'price',10,0,0),(362,1,'category',41,5,'id_attribute_group',11,0,0),(363,1,'category',41,6,'id_attribute_group',12,0,0),(364,1,'category',41,7,'id_attribute_group',13,0,0),(365,1,'category',42,NULL,'category',1,0,0),(366,1,'category',42,1,'id_attribute_group',2,0,0),(367,1,'category',42,2,'id_attribute_group',3,0,0),(368,1,'category',42,1,'id_feature',4,0,0),(369,1,'category',42,2,'id_feature',5,0,0),(370,1,'category',42,NULL,'availability',6,0,0),(371,1,'category',42,NULL,'manufacturer',7,0,0),(372,1,'category',42,NULL,'condition',8,0,0),(373,1,'category',42,NULL,'weight',9,0,0),(374,1,'category',42,NULL,'price',10,0,0),(375,1,'category',42,5,'id_attribute_group',11,0,0),(376,1,'category',42,6,'id_attribute_group',12,0,0),(377,1,'category',42,7,'id_attribute_group',13,0,0),(378,1,'category',43,NULL,'category',1,0,0),(379,1,'category',43,1,'id_attribute_group',2,0,0),(380,1,'category',43,2,'id_attribute_group',3,0,0),(381,1,'category',43,1,'id_feature',4,0,0),(382,1,'category',43,2,'id_feature',5,0,0),(383,1,'category',43,NULL,'availability',6,0,0),(384,1,'category',43,NULL,'manufacturer',7,0,0),(385,1,'category',43,NULL,'condition',8,0,0),(386,1,'category',43,NULL,'weight',9,0,0),(387,1,'category',43,NULL,'price',10,0,0),(388,1,'category',43,5,'id_attribute_group',11,0,0),(389,1,'category',43,6,'id_attribute_group',12,0,0),(390,1,'category',43,7,'id_attribute_group',13,0,0),(391,1,'category',44,NULL,'category',1,0,0),(392,1,'category',44,1,'id_attribute_group',2,0,0),(393,1,'category',44,2,'id_attribute_group',3,0,0),(394,1,'category',44,1,'id_feature',4,0,0),(395,1,'category',44,2,'id_feature',5,0,0),(396,1,'category',44,NULL,'availability',6,0,0),(397,1,'category',44,NULL,'manufacturer',7,0,0),(398,1,'category',44,NULL,'condition',8,0,0),(399,1,'category',44,NULL,'weight',9,0,0),(400,1,'category',44,NULL,'price',10,0,0),(401,1,'category',44,5,'id_attribute_group',11,0,0),(402,1,'category',44,6,'id_attribute_group',12,0,0),(403,1,'category',44,7,'id_attribute_group',13,0,0),(404,1,'category',45,NULL,'category',1,0,0),(405,1,'category',45,1,'id_attribute_group',2,0,0),(406,1,'category',45,2,'id_attribute_group',3,0,0),(407,1,'category',45,1,'id_feature',4,0,0),(408,1,'category',45,2,'id_feature',5,0,0),(409,1,'category',45,NULL,'availability',6,0,0),(410,1,'category',45,NULL,'manufacturer',7,0,0),(411,1,'category',45,NULL,'condition',8,0,0),(412,1,'category',45,NULL,'weight',9,0,0),(413,1,'category',45,NULL,'price',10,0,0),(414,1,'category',45,5,'id_attribute_group',11,0,0),(415,1,'category',45,6,'id_attribute_group',12,0,0),(416,1,'category',45,7,'id_attribute_group',13,0,0),(417,1,'category',13,NULL,'category',1,0,0),(418,1,'category',13,1,'id_attribute_group',2,0,0),(419,1,'category',13,2,'id_attribute_group',3,0,0),(420,1,'category',13,1,'id_feature',4,0,0),(421,1,'category',13,2,'id_feature',5,0,0),(422,1,'category',13,NULL,'availability',6,0,0),(423,1,'category',13,NULL,'manufacturer',7,0,0),(424,1,'category',13,NULL,'condition',8,0,0),(425,1,'category',13,NULL,'weight',9,0,0),(426,1,'category',13,NULL,'price',10,0,0),(427,1,'category',13,5,'id_attribute_group',11,0,0),(428,1,'category',13,6,'id_attribute_group',12,0,0),(429,1,'category',13,7,'id_attribute_group',13,0,0),(430,1,'category',46,NULL,'category',1,0,0),(431,1,'category',46,1,'id_attribute_group',2,0,0),(432,1,'category',46,2,'id_attribute_group',3,0,0),(433,1,'category',46,1,'id_feature',4,0,0),(434,1,'category',46,2,'id_feature',5,0,0),(435,1,'category',46,NULL,'availability',6,0,0),(436,1,'category',46,NULL,'manufacturer',7,0,0),(437,1,'category',46,NULL,'condition',8,0,0),(438,1,'category',46,NULL,'weight',9,0,0),(439,1,'category',46,NULL,'price',10,0,0),(440,1,'category',46,5,'id_attribute_group',11,0,0),(441,1,'category',46,6,'id_attribute_group',12,0,0),(442,1,'category',46,7,'id_attribute_group',13,0,0),(443,1,'category',47,NULL,'category',1,0,0),(444,1,'category',47,1,'id_attribute_group',2,0,0),(445,1,'category',47,2,'id_attribute_group',3,0,0),(446,1,'category',47,1,'id_feature',4,0,0),(447,1,'category',47,2,'id_feature',5,0,0),(448,1,'category',47,NULL,'availability',6,0,0),(449,1,'category',47,NULL,'manufacturer',7,0,0),(450,1,'category',47,NULL,'condition',8,0,0),(451,1,'category',47,NULL,'weight',9,0,0),(452,1,'category',47,NULL,'price',10,0,0),(453,1,'category',47,5,'id_attribute_group',11,0,0),(454,1,'category',47,6,'id_attribute_group',12,0,0),(455,1,'category',47,7,'id_attribute_group',13,0,0),(456,1,'category',48,NULL,'category',1,0,0),(457,1,'category',48,1,'id_attribute_group',2,0,0),(458,1,'category',48,2,'id_attribute_group',3,0,0),(459,1,'category',48,1,'id_feature',4,0,0),(460,1,'category',48,2,'id_feature',5,0,0),(461,1,'category',48,NULL,'availability',6,0,0),(462,1,'category',48,NULL,'manufacturer',7,0,0),(463,1,'category',48,NULL,'condition',8,0,0),(464,1,'category',48,NULL,'weight',9,0,0),(465,1,'category',48,NULL,'price',10,0,0),(466,1,'category',48,5,'id_attribute_group',11,0,0),(467,1,'category',48,6,'id_attribute_group',12,0,0),(468,1,'category',48,7,'id_attribute_group',13,0,0),(469,1,'category',49,NULL,'category',1,0,0),(470,1,'category',49,1,'id_attribute_group',2,0,0),(471,1,'category',49,2,'id_attribute_group',3,0,0),(472,1,'category',49,1,'id_feature',4,0,0),(473,1,'category',49,2,'id_feature',5,0,0),(474,1,'category',49,NULL,'availability',6,0,0),(475,1,'category',49,NULL,'manufacturer',7,0,0),(476,1,'category',49,NULL,'condition',8,0,0),(477,1,'category',49,NULL,'weight',9,0,0),(478,1,'category',49,NULL,'price',10,0,0),(479,1,'category',49,5,'id_attribute_group',11,0,0),(480,1,'category',49,6,'id_attribute_group',12,0,0),(481,1,'category',49,7,'id_attribute_group',13,0,0),(482,1,'category',50,NULL,'category',1,0,0),(483,1,'category',50,1,'id_attribute_group',2,0,0),(484,1,'category',50,2,'id_attribute_group',3,0,0),(485,1,'category',50,1,'id_feature',4,0,0),(486,1,'category',50,2,'id_feature',5,0,0),(487,1,'category',50,NULL,'availability',6,0,0),(488,1,'category',50,NULL,'manufacturer',7,0,0),(489,1,'category',50,NULL,'condition',8,0,0),(490,1,'category',50,NULL,'weight',9,0,0),(491,1,'category',50,NULL,'price',10,0,0),(492,1,'category',50,5,'id_attribute_group',11,0,0),(493,1,'category',50,6,'id_attribute_group',12,0,0),(494,1,'category',50,7,'id_attribute_group',13,0,0),(495,1,'category',51,NULL,'category',1,0,0),(496,1,'category',51,1,'id_attribute_group',2,0,0),(497,1,'category',51,2,'id_attribute_group',3,0,0),(498,1,'category',51,1,'id_feature',4,0,0),(499,1,'category',51,2,'id_feature',5,0,0),(500,1,'category',51,NULL,'availability',6,0,0),(501,1,'category',51,NULL,'manufacturer',7,0,0),(502,1,'category',51,NULL,'condition',8,0,0),(503,1,'category',51,NULL,'weight',9,0,0),(504,1,'category',51,NULL,'price',10,0,0),(505,1,'category',51,5,'id_attribute_group',11,0,0),(506,1,'category',51,6,'id_attribute_group',12,0,0),(507,1,'category',51,7,'id_attribute_group',13,0,0),(508,1,'category',52,NULL,'category',1,0,0),(509,1,'category',52,1,'id_attribute_group',2,0,0),(510,1,'category',52,2,'id_attribute_group',3,0,0),(511,1,'category',52,1,'id_feature',4,0,0),(512,1,'category',52,2,'id_feature',5,0,0),(513,1,'category',52,NULL,'availability',6,0,0),(514,1,'category',52,NULL,'manufacturer',7,0,0),(515,1,'category',52,NULL,'condition',8,0,0),(516,1,'category',52,NULL,'weight',9,0,0),(517,1,'category',52,NULL,'price',10,0,0),(518,1,'category',52,5,'id_attribute_group',11,0,0),(519,1,'category',52,6,'id_attribute_group',12,0,0),(520,1,'category',52,7,'id_attribute_group',13,0,0),(521,1,'category',14,NULL,'category',1,0,0),(522,1,'category',14,1,'id_attribute_group',2,0,0),(523,1,'category',14,2,'id_attribute_group',3,0,0),(524,1,'category',14,1,'id_feature',4,0,0),(525,1,'category',14,2,'id_feature',5,0,0),(526,1,'category',14,NULL,'availability',6,0,0),(527,1,'category',14,NULL,'manufacturer',7,0,0),(528,1,'category',14,NULL,'condition',8,0,0),(529,1,'category',14,NULL,'weight',9,0,0),(530,1,'category',14,NULL,'price',10,0,0),(531,1,'category',14,5,'id_attribute_group',11,0,0),(532,1,'category',14,6,'id_attribute_group',12,0,0),(533,1,'category',14,7,'id_attribute_group',13,0,0),(534,1,'category',61,NULL,'category',1,0,0),(535,1,'category',61,1,'id_attribute_group',2,0,0),(536,1,'category',61,2,'id_attribute_group',3,0,0),(537,1,'category',61,1,'id_feature',4,0,0),(538,1,'category',61,2,'id_feature',5,0,0),(539,1,'category',61,NULL,'availability',6,0,0),(540,1,'category',61,NULL,'manufacturer',7,0,0),(541,1,'category',61,NULL,'condition',8,0,0),(542,1,'category',61,NULL,'weight',9,0,0),(543,1,'category',61,NULL,'price',10,0,0),(544,1,'category',61,5,'id_attribute_group',11,0,0),(545,1,'category',61,6,'id_attribute_group',12,0,0),(546,1,'category',61,7,'id_attribute_group',13,0,0),(547,1,'category',62,NULL,'category',1,0,0),(548,1,'category',62,1,'id_attribute_group',2,0,0),(549,1,'category',62,2,'id_attribute_group',3,0,0),(550,1,'category',62,1,'id_feature',4,0,0),(551,1,'category',62,2,'id_feature',5,0,0),(552,1,'category',62,NULL,'availability',6,0,0),(553,1,'category',62,NULL,'manufacturer',7,0,0),(554,1,'category',62,NULL,'condition',8,0,0),(555,1,'category',62,NULL,'weight',9,0,0),(556,1,'category',62,NULL,'price',10,0,0),(557,1,'category',62,5,'id_attribute_group',11,0,0),(558,1,'category',62,6,'id_attribute_group',12,0,0),(559,1,'category',62,7,'id_attribute_group',13,0,0),(560,1,'category',63,NULL,'category',1,0,0),(561,1,'category',63,1,'id_attribute_group',2,0,0),(562,1,'category',63,2,'id_attribute_group',3,0,0),(563,1,'category',63,1,'id_feature',4,0,0),(564,1,'category',63,2,'id_feature',5,0,0),(565,1,'category',63,NULL,'availability',6,0,0),(566,1,'category',63,NULL,'manufacturer',7,0,0),(567,1,'category',63,NULL,'condition',8,0,0),(568,1,'category',63,NULL,'weight',9,0,0),(569,1,'category',63,NULL,'price',10,0,0),(570,1,'category',63,5,'id_attribute_group',11,0,0),(571,1,'category',63,6,'id_attribute_group',12,0,0),(572,1,'category',63,7,'id_attribute_group',13,0,0),(573,1,'category',64,NULL,'category',1,0,0),(574,1,'category',64,1,'id_attribute_group',2,0,0),(575,1,'category',64,2,'id_attribute_group',3,0,0),(576,1,'category',64,1,'id_feature',4,0,0),(577,1,'category',64,2,'id_feature',5,0,0),(578,1,'category',64,NULL,'availability',6,0,0),(579,1,'category',64,NULL,'manufacturer',7,0,0),(580,1,'category',64,NULL,'condition',8,0,0),(581,1,'category',64,NULL,'weight',9,0,0),(582,1,'category',64,NULL,'price',10,0,0),(583,1,'category',64,5,'id_attribute_group',11,0,0),(584,1,'category',64,6,'id_attribute_group',12,0,0),(585,1,'category',64,7,'id_attribute_group',13,0,0),(586,1,'category',65,NULL,'category',1,0,0),(587,1,'category',65,1,'id_attribute_group',2,0,0),(588,1,'category',65,2,'id_attribute_group',3,0,0),(589,1,'category',65,1,'id_feature',4,0,0),(590,1,'category',65,2,'id_feature',5,0,0),(591,1,'category',65,NULL,'availability',6,0,0),(592,1,'category',65,NULL,'manufacturer',7,0,0),(593,1,'category',65,NULL,'condition',8,0,0),(594,1,'category',65,NULL,'weight',9,0,0),(595,1,'category',65,NULL,'price',10,0,0),(596,1,'category',65,5,'id_attribute_group',11,0,0),(597,1,'category',65,6,'id_attribute_group',12,0,0),(598,1,'category',65,7,'id_attribute_group',13,0,0),(599,1,'category',66,NULL,'category',1,0,0),(600,1,'category',66,1,'id_attribute_group',2,0,0),(601,1,'category',66,2,'id_attribute_group',3,0,0),(602,1,'category',66,1,'id_feature',4,0,0),(603,1,'category',66,2,'id_feature',5,0,0),(604,1,'category',66,NULL,'availability',6,0,0),(605,1,'category',66,NULL,'manufacturer',7,0,0),(606,1,'category',66,NULL,'condition',8,0,0),(607,1,'category',66,NULL,'weight',9,0,0),(608,1,'category',66,NULL,'price',10,0,0),(609,1,'category',66,5,'id_attribute_group',11,0,0),(610,1,'category',66,6,'id_attribute_group',12,0,0),(611,1,'category',66,7,'id_attribute_group',13,0,0),(612,1,'category',67,NULL,'category',1,0,0),(613,1,'category',67,1,'id_attribute_group',2,0,0),(614,1,'category',67,2,'id_attribute_group',3,0,0),(615,1,'category',67,1,'id_feature',4,0,0),(616,1,'category',67,2,'id_feature',5,0,0),(617,1,'category',67,NULL,'availability',6,0,0),(618,1,'category',67,NULL,'manufacturer',7,0,0),(619,1,'category',67,NULL,'condition',8,0,0),(620,1,'category',67,NULL,'weight',9,0,0),(621,1,'category',67,NULL,'price',10,0,0),(622,1,'category',67,5,'id_attribute_group',11,0,0),(623,1,'category',67,6,'id_attribute_group',12,0,0),(624,1,'category',67,7,'id_attribute_group',13,0,0),(625,1,'category',15,NULL,'category',1,0,0),(626,1,'category',15,1,'id_attribute_group',2,0,0),(627,1,'category',15,2,'id_attribute_group',3,0,0),(628,1,'category',15,1,'id_feature',4,0,0),(629,1,'category',15,2,'id_feature',5,0,0),(630,1,'category',15,NULL,'availability',6,0,0),(631,1,'category',15,NULL,'manufacturer',7,0,0),(632,1,'category',15,NULL,'condition',8,0,0),(633,1,'category',15,NULL,'weight',9,0,0),(634,1,'category',15,NULL,'price',10,0,0),(635,1,'category',15,5,'id_attribute_group',11,0,0),(636,1,'category',15,6,'id_attribute_group',12,0,0),(637,1,'category',15,7,'id_attribute_group',13,0,0),(638,1,'category',16,NULL,'category',1,0,0),(639,1,'category',16,1,'id_attribute_group',2,0,0),(640,1,'category',16,2,'id_attribute_group',3,0,0),(641,1,'category',16,1,'id_feature',4,0,0),(642,1,'category',16,2,'id_feature',5,0,0),(643,1,'category',16,NULL,'availability',6,0,0),(644,1,'category',16,NULL,'manufacturer',7,0,0),(645,1,'category',16,NULL,'condition',8,0,0),(646,1,'category',16,NULL,'weight',9,0,0),(647,1,'category',16,NULL,'price',10,0,0),(648,1,'category',16,5,'id_attribute_group',11,0,0),(649,1,'category',16,6,'id_attribute_group',12,0,0),(650,1,'category',16,7,'id_attribute_group',13,0,0),(651,1,'category',53,NULL,'category',1,0,0),(652,1,'category',53,1,'id_attribute_group',2,0,0),(653,1,'category',53,2,'id_attribute_group',3,0,0),(654,1,'category',53,1,'id_feature',4,0,0),(655,1,'category',53,2,'id_feature',5,0,0),(656,1,'category',53,NULL,'availability',6,0,0),(657,1,'category',53,NULL,'manufacturer',7,0,0),(658,1,'category',53,NULL,'condition',8,0,0),(659,1,'category',53,NULL,'weight',9,0,0),(660,1,'category',53,NULL,'price',10,0,0),(661,1,'category',53,5,'id_attribute_group',11,0,0),(662,1,'category',53,6,'id_attribute_group',12,0,0),(663,1,'category',53,7,'id_attribute_group',13,0,0),(664,1,'category',54,NULL,'category',1,0,0),(665,1,'category',54,1,'id_attribute_group',2,0,0),(666,1,'category',54,2,'id_attribute_group',3,0,0),(667,1,'category',54,1,'id_feature',4,0,0),(668,1,'category',54,2,'id_feature',5,0,0),(669,1,'category',54,NULL,'availability',6,0,0),(670,1,'category',54,NULL,'manufacturer',7,0,0),(671,1,'category',54,NULL,'condition',8,0,0),(672,1,'category',54,NULL,'weight',9,0,0),(673,1,'category',54,NULL,'price',10,0,0),(674,1,'category',54,5,'id_attribute_group',11,0,0),(675,1,'category',54,6,'id_attribute_group',12,0,0),(676,1,'category',54,7,'id_attribute_group',13,0,0),(677,1,'category',55,NULL,'category',1,0,0),(678,1,'category',55,1,'id_attribute_group',2,0,0),(679,1,'category',55,2,'id_attribute_group',3,0,0),(680,1,'category',55,1,'id_feature',4,0,0),(681,1,'category',55,2,'id_feature',5,0,0),(682,1,'category',55,NULL,'availability',6,0,0),(683,1,'category',55,NULL,'manufacturer',7,0,0),(684,1,'category',55,NULL,'condition',8,0,0),(685,1,'category',55,NULL,'weight',9,0,0),(686,1,'category',55,NULL,'price',10,0,0),(687,1,'category',55,5,'id_attribute_group',11,0,0),(688,1,'category',55,6,'id_attribute_group',12,0,0),(689,1,'category',55,7,'id_attribute_group',13,0,0),(690,1,'category',56,NULL,'category',1,0,0),(691,1,'category',56,1,'id_attribute_group',2,0,0),(692,1,'category',56,2,'id_attribute_group',3,0,0),(693,1,'category',56,1,'id_feature',4,0,0),(694,1,'category',56,2,'id_feature',5,0,0),(695,1,'category',56,NULL,'availability',6,0,0),(696,1,'category',56,NULL,'manufacturer',7,0,0),(697,1,'category',56,NULL,'condition',8,0,0),(698,1,'category',56,NULL,'weight',9,0,0),(699,1,'category',56,NULL,'price',10,0,0),(700,1,'category',56,5,'id_attribute_group',11,0,0),(701,1,'category',56,6,'id_attribute_group',12,0,0),(702,1,'category',56,7,'id_attribute_group',13,0,0),(703,1,'category',57,NULL,'category',1,0,0),(704,1,'category',57,1,'id_attribute_group',2,0,0),(705,1,'category',57,2,'id_attribute_group',3,0,0),(706,1,'category',57,1,'id_feature',4,0,0),(707,1,'category',57,2,'id_feature',5,0,0),(708,1,'category',57,NULL,'availability',6,0,0),(709,1,'category',57,NULL,'manufacturer',7,0,0),(710,1,'category',57,NULL,'condition',8,0,0),(711,1,'category',57,NULL,'weight',9,0,0),(712,1,'category',57,NULL,'price',10,0,0),(713,1,'category',57,5,'id_attribute_group',11,0,0),(714,1,'category',57,6,'id_attribute_group',12,0,0),(715,1,'category',57,7,'id_attribute_group',13,0,0),(716,1,'category',58,NULL,'category',1,0,0),(717,1,'category',58,1,'id_attribute_group',2,0,0),(718,1,'category',58,2,'id_attribute_group',3,0,0),(719,1,'category',58,1,'id_feature',4,0,0),(720,1,'category',58,2,'id_feature',5,0,0),(721,1,'category',58,NULL,'availability',6,0,0),(722,1,'category',58,NULL,'manufacturer',7,0,0),(723,1,'category',58,NULL,'condition',8,0,0),(724,1,'category',58,NULL,'weight',9,0,0),(725,1,'category',58,NULL,'price',10,0,0),(726,1,'category',58,5,'id_attribute_group',11,0,0),(727,1,'category',58,6,'id_attribute_group',12,0,0),(728,1,'category',58,7,'id_attribute_group',13,0,0),(729,1,'category',59,NULL,'category',1,0,0),(730,1,'category',59,1,'id_attribute_group',2,0,0),(731,1,'category',59,2,'id_attribute_group',3,0,0),(732,1,'category',59,1,'id_feature',4,0,0),(733,1,'category',59,2,'id_feature',5,0,0),(734,1,'category',59,NULL,'availability',6,0,0),(735,1,'category',59,NULL,'manufacturer',7,0,0),(736,1,'category',59,NULL,'condition',8,0,0),(737,1,'category',59,NULL,'weight',9,0,0),(738,1,'category',59,NULL,'price',10,0,0),(739,1,'category',59,5,'id_attribute_group',11,0,0),(740,1,'category',59,6,'id_attribute_group',12,0,0),(741,1,'category',59,7,'id_attribute_group',13,0,0),(742,1,'category',17,NULL,'category',1,0,0),(743,1,'category',17,1,'id_attribute_group',2,0,0),(744,1,'category',17,2,'id_attribute_group',3,0,0),(745,1,'category',17,1,'id_feature',4,0,0),(746,1,'category',17,2,'id_feature',5,0,0),(747,1,'category',17,NULL,'availability',6,0,0),(748,1,'category',17,NULL,'manufacturer',7,0,0),(749,1,'category',17,NULL,'condition',8,0,0),(750,1,'category',17,NULL,'weight',9,0,0),(751,1,'category',17,NULL,'price',10,0,0),(752,1,'category',17,5,'id_attribute_group',11,0,0),(753,1,'category',17,6,'id_attribute_group',12,0,0),(754,1,'category',17,7,'id_attribute_group',13,0,0),(755,1,'category',60,NULL,'category',1,0,0),(756,1,'category',60,1,'id_attribute_group',2,0,0),(757,1,'category',60,2,'id_attribute_group',3,0,0),(758,1,'category',60,1,'id_feature',4,0,0),(759,1,'category',60,2,'id_feature',5,0,0),(760,1,'category',60,NULL,'availability',6,0,0),(761,1,'category',60,NULL,'manufacturer',7,0,0),(762,1,'category',60,NULL,'condition',8,0,0),(763,1,'category',60,NULL,'weight',9,0,0),(764,1,'category',60,NULL,'price',10,0,0),(765,1,'category',60,5,'id_attribute_group',11,0,0),(766,1,'category',60,6,'id_attribute_group',12,0,0),(767,1,'category',60,7,'id_attribute_group',13,0,0);

--
-- Table structure for table `bl_layered_filter`
--

CREATE TABLE `bl_layered_filter` (
  `id_layered_filter` int(10) unsigned NOT NULL AUTO_INCREMENT,
  `name` varchar(64) NOT NULL,
  `filters` longtext,
  `n_categories` int(10) unsigned NOT NULL,
  `date_add` datetime NOT NULL,
  PRIMARY KEY (`id_layered_filter`)
) ENGINE=InnoDB AUTO_INCREMENT=2 DEFAULT CHARSET=utf8;

--
-- Dumping data for table `bl_layered_filter`
--

INSERT INTO `bl_layered_filter` VALUES (1,'Mon modèle 2023-04-06','a:16:{s:9:\"shop_list\";a:1:{i:0;i:1;}s:10:\"categories\";a:59:{i:0;i:2;i:1;i:10;i:2;i:18;i:3;i:19;i:4;i:20;i:5;i:21;i:6;i:22;i:7;i:23;i:8;i:24;i:9;i:25;i:10;i:26;i:11;i:27;i:12;i:11;i:13;i:28;i:14;i:29;i:15;i:30;i:16;i:31;i:17;i:32;i:18;i:33;i:19;i:34;i:20;i:35;i:21;i:36;i:22;i:37;i:23;i:12;i:24;i:38;i:25;i:39;i:26;i:40;i:27;i:41;i:28;i:42;i:29;i:43;i:30;i:44;i:31;i:45;i:32;i:13;i:33;i:46;i:34;i:47;i:35;i:48;i:36;i:49;i:37;i:50;i:38;i:51;i:39;i:52;i:40;i:14;i:41;i:61;i:42;i:62;i:43;i:63;i:44;i:64;i:45;i:65;i:46;i:66;i:47;i:67;i:48;i:15;i:49;i:16;i:50;i:53;i:51;i:54;i:52;i:55;i:53;i:56;i:54;i:57;i:55;i:58;i:56;i:59;i:57;i:17;i:58;i:60;}s:11:\"controllers\";a:1:{i:0;s:8:\"category\";}s:31:\"layered_selection_subcategories\";a:2:{s:11:\"filter_type\";i:0;s:17:\"filter_show_limit\";i:0;}s:22:\"layered_selection_ag_1\";a:2:{s:11:\"filter_type\";i:0;s:17:\"filter_show_limit\";i:0;}s:22:\"layered_selection_ag_2\";a:2:{s:11:\"filter_type\";i:0;s:17:\"filter_show_limit\";i:0;}s:24:\"layered_selection_feat_1\";a:2:{s:11:\"filter_type\";i:0;s:17:\"filter_show_limit\";i:0;}s:24:\"layered_selection_feat_2\";a:2:{s:11:\"filter_type\";i:0;s:17:\"filter_show_limit\";i:0;}s:23:\"layered_selection_stock\";a:2:{s:11:\"filter_type\";i:0;s:17:\"filter_show_limit\";i:0;}s:30:\"layered_selection_manufacturer\";a:2:{s:11:\"filter_type\";i:0;s:17:\"filter_show_limit\";i:0;}s:27:\"layered_selection_condition\";a:2:{s:11:\"filter_type\";i:0;s:17:\"filter_show_limit\";i:0;}s:31:\"layered_selection_weight_slider\";a:2:{s:11:\"filter_type\";i:0;s:17:\"filter_show_limit\";i:0;}s:30:\"layered_selection_price_slider\";a:2:{s:11:\"filter_type\";i:0;s:17:\"filter_show_limit\";i:0;}s:22:\"layered_selection_ag_5\";a:2:{s:11:\"filter_type\";i:0;s:17:\"filter_show_limit\";i:0;}s:22:\"layered_selection_ag_6\";a:2:{s:11:\"filter_type\";i:0;s:17:\"filter_show_limit\";i:0;}s:22:\"layered_selection_ag_7\";a:2:{s:11:\"filter_type\";i:0;s:17:\"filter_show_limit\";i:0;}}',59,'2023-04-06 11:26:35');

--
-- Table structure for table `bl_layered_filter_block`
--

CREATE TABLE `bl_layered_filter_block` (
  `hash` char(32) NOT NULL DEFAULT '',
  `data` text,
  PRIMARY KEY (`hash`)
) ENGINE=InnoDB DEFAULT CHARSET=utf8;

--
-- Dumping data for table `bl_layered_filter_block`
--

INSERT INTO `bl_layered_filter_block` VALUES ('398ebf8c17726f5e92202dc1e5f52464','a:1:{s:7:\"filters\";a:7:{i:0;a:7:{s:9:\"type_lite\";s:8:\"category\";s:4:\"type\";s:8:\"category\";s:6:\"id_key\";i:0;s:4:\"name\";s:11:\"Catégories\";s:6:\"values\";a:10:{i:18;a:2:{s:4:\"name\";s:11:\"Vinaigrette\";s:3:\"nbr\";s:1:\"7\";}i:19;a:2:{s:4:\"name\";s:12:\"Soupe/Pâtes\";s:3:\"nbr\";s:1:\"9\";}i:20;a:2:{s:4:\"name\";s:22:\"Douceurs et collations\";s:3:\"nbr\";s:2:\"36\";}i:21;a:2:{s:4:\"name\";s:9:\"Marinades\";s:3:\"nbr\";s:2:\"14\";}i:22;a:2:{s:4:\"name\";s:8:\"Chocolat\";s:3:\"nbr\";s:2:\"35\";}i:23;a:2:{s:4:\"name\";s:15:\"Sirop et coulis\";s:3:\"nbr\";s:1:\"1\";}i:24;a:2:{s:4:\"name\";s:4:\"Miel\";s:3:\"nbr\";s:2:\"14\";}i:25;a:2:{s:4:\"name\";s:7:\"Caramel\";s:3:\"nbr\";s:1:\"9\";}i:26;a:2:{s:4:\"name\";s:7:\"Érable\";s:3:\"nbr\";s:2:\"13\";}i:27;a:2:{s:4:\"name\";s:3:\"BBQ\";s:3:\"nbr\";s:1:\"4\";}}s:17:\"filter_show_limit\";i:0;s:11:\"filter_type\";s:1:\"0\";}i:1;a:7:{s:9:\"type_lite\";s:12:\"availability\";s:4:\"type\";s:12:\"availability\";s:6:\"id_key\";i:0;s:4:\"name\";s:14:\"Disponibilité\";s:6:\"values\";a:3:{i:0;a:2:{s:4:\"name\";s:14:\"Non disponible\";s:3:\"nbr\";i:14;}i:1;a:2:{s:4:\"name\";s:10:\"Disponible\";s:3:\"nbr\";i:89;}i:2;a:2:{s:4:\"name\";s:8:\"En stock\";s:3:\"nbr\";i:89;}}s:17:\"filter_show_limit\";i:0;s:11:\"filter_type\";s:1:\"0\";}i:2;a:7:{s:9:\"type_lite\";s:12:\"manufacturer\";s:4:\"type\";s:12:\"manufacturer\";s:6:\"id_key\";i:0;s:4:\"name\";s:6:\"Marque\";s:6:\"values\";a:0:{}s:17:\"filter_show_limit\";i:0;s:11:\"filter_type\";s:1:\"0\";}i:3;a:7:{s:9:\"type_lite\";s:9:\"condition\";s:4:\"type\";s:9:\"condition\";s:6:\"id_key\";i:0;s:4:\"name\";s:5:\"État\";s:6:\"values\";a:3:{s:3:\"new\";a:2:{s:4:\"name\";s:4:\"Neuf\";s:3:\"nbr\";s:3:\"103\";}s:4:\"used\";a:2:{s:4:\"name\";s:8:\"Utilisé\";s:3:\"nbr\";i:0;}s:11:\"refurbished\";a:2:{s:4:\"name\";s:14:\"Reconditionné\";s:3:\"nbr\";i:0;}}s:17:\"filter_show_limit\";i:0;s:11:\"filter_type\";s:1:\"0\";}i:4;a:0:{}i:5;a:12:{s:9:\"type_lite\";s:5:\"price\";s:4:\"type\";s:5:\"price\";s:6:\"id_key\";i:0;s:4:\"name\";s:4:\"Prix\";s:3:\"max\";d:10;s:3:\"min\";d:8;s:4:\"unit\";s:1:\"$\";s:14:\"specifications\";a:11:{s:6:\"symbol\";a:11:{i:0;s:1:\",\";i:1;s:3:\" \";i:2;s:1:\";\";i:3;s:1:\"%\";i:4;s:1:\"-\";i:5;s:1:\"+\";i:6;s:1:\"E\";i:7;s:2:\"×\";i:8;s:3:\"‰\";i:9;s:3:\"∞\";i:10;s:3:\"NaN\";}s:12:\"currencyCode\";s:3:\"CAD\";s:14:\"currencySymbol\";s:1:\"$\";s:13:\"numberSymbols\";a:11:{i:0;s:1:\",\";i:1;s:3:\" \";i:2;s:1:\";\";i:3;s:1:\"%\";i:4;s:1:\"-\";i:5;s:1:\"+\";i:6;s:1:\"E\";i:7;s:2:\"×\";i:8;s:3:\"‰\";i:9;s:3:\"∞\";i:10;s:3:\"NaN\";}s:15:\"positivePattern\";s:12:\"#,##0.00 ¤\";s:15:\"negativePattern\";s:13:\"-#,##0.00 ¤\";s:17:\"maxFractionDigits\";i:2;s:17:\"minFractionDigits\";i:2;s:12:\"groupingUsed\";b:1;s:16:\"primaryGroupSize\";i:3;s:18:\"secondaryGroupSize\";i:3;}s:17:\"filter_show_limit\";i:0;s:11:\"filter_type\";i:3;s:3:\"nbr\";i:103;s:5:\"value\";N;}i:6;a:10:{s:9:\"type_lite\";s:18:\"id_attribute_group\";s:4:\"type\";s:18:\"id_attribute_group\";s:6:\"id_key\";s:1:\"6\";s:4:\"name\";s:4:\"Poid\";s:14:\"is_color_group\";b:0;s:6:\"values\";a:2:{i:39;a:4:{s:4:\"name\";s:6:\"Unité\";s:3:\"nbr\";s:1:\"1\";s:8:\"url_name\";N;s:10:\"meta_title\";N;}i:40;a:4:{s:4:\"name\";s:6:\"Boîte\";s:3:\"nbr\";s:1:\"1\";s:8:\"url_name\";N;s:10:\"meta_title\";N;}}s:8:\"url_name\";N;s:10:\"meta_title\";N;s:17:\"filter_show_limit\";i:0;s:11:\"filter_type\";s:1:\"0\";}}}'),('90e0ce3b3fd5f0ada4975a1ffe69518f','a:1:{s:7:\"filters\";a:6:{i:0;a:7:{s:9:\"type_lite\";s:8:\"category\";s:4:\"type\";s:8:\"category\";s:6:\"id_key\";i:0;s:4:\"name\";s:11:\"Catégories\";s:6:\"values\";a:6:{i:46;a:2:{s:4:\"name\";s:13:\"Vin  Vignoble\";s:3:\"nbr\";s:1:\"9\";}i:48;a:2:{s:4:\"name\";s:7:\"Érable\";s:3:\"nbr\";s:1:\"4\";}i:49;a:2:{s:4:\"name\";s:6:\"Bière\";s:3:\"nbr\";s:2:\"24\";}i:50;a:2:{s:4:\"name\";s:10:\"Café/thé\";s:3:\"nbr\";s:2:\"10\";}i:51;a:2:{s:4:\"name\";s:14:\"Non alccolisé\";s:3:\"nbr\";s:1:\"1\";}i:52;a:2:{s:4:\"name\";s:6:\"Autres\";s:3:\"nbr\";s:1:\"9\";}}s:17:\"filter_show_limit\";i:0;s:11:\"filter_type\";s:1:\"0\";}i:1;a:7:{s:9:\"type_lite\";s:12:\"availability\";s:4:\"type\";s:12:\"availability\";s:6:\"id_key\";i:0;s:4:\"name\";s:14:\"Disponibilité\";s:6:\"values\";a:3:{i:0;a:2:{s:4:\"name\";s:14:\"Non disponible\";s:3:\"nbr\";i:27;}i:1;a:2:{s:4:\"name\";s:10:\"Disponible\";s:3:\"nbr\";i:19;}i:2;a:2:{s:4:\"name\";s:8:\"En stock\";s:3:\"nbr\";i:19;}}s:17:\"filter_show_limit\";i:0;s:11:\"filter_type\";s:1:\"0\";}i:2;a:7:{s:9:\"type_lite\";s:12:\"manufacturer\";s:4:\"type\";s:12:\"manufacturer\";s:6:\"id_key\";i:0;s:4:\"name\";s:6:\"Marque\";s:6:\"values\";a:0:{}s:17:\"filter_show_limit\";i:0;s:11:\"filter_type\";s:1:\"0\";}i:3;a:7:{s:9:\"type_lite\";s:9:\"condition\";s:4:\"type\";s:9:\"condition\";s:6:\"id_key\";i:0;s:4:\"name\";s:5:\"État\";s:6:\"values\";a:3:{s:3:\"new\";a:2:{s:4:\"name\";s:4:\"Neuf\";s:3:\"nbr\";s:2:\"46\";}s:4:\"used\";a:2:{s:4:\"name\";s:8:\"Utilisé\";s:3:\"nbr\";i:0;}s:11:\"refurbished\";a:2:{s:4:\"name\";s:14:\"Reconditionné\";s:3:\"nbr\";i:0;}}s:17:\"filter_show_limit\";i:0;s:11:\"filter_type\";s:1:\"0\";}i:4;a:0:{}i:5;a:12:{s:9:\"type_lite\";s:5:\"price\";s:4:\"type\";s:5:\"price\";s:6:\"id_key\";i:0;s:4:\"name\";s:4:\"Prix\";s:3:\"max\";d:30;s:3:\"min\";d:3;s:4:\"unit\";s:1:\"$\";s:14:\"specifications\";a:11:{s:6:\"symbol\";a:11:{i:0;s:1:\",\";i:1;s:3:\" \";i:2;s:1:\";\";i:3;s:1:\"%\";i:4;s:1:\"-\";i:5;s:1:\"+\";i:6;s:1:\"E\";i:7;s:2:\"×\";i:8;s:3:\"‰\";i:9;s:3:\"∞\";i:10;s:3:\"NaN\";}s:12:\"currencyCode\";s:3:\"CAD\";s:14:\"currencySymbol\";s:1:\"$\";s:13:\"numberSymbols\";a:11:{i:0;s:1:\",\";i:1;s:3:\" \";i:2;s:1:\";\";i:3;s:1:\"%\";i:4;s:1:\"-\";i:5;s:1:\"+\";i:6;s:1:\"E\";i:7;s:2:\"×\";i:8;s:3:\"‰\";i:9;s:3:\"∞\";i:10;s:3:\"NaN\";}s:15:\"positivePattern\";s:12:\"#,##0.00 ¤\";s:15:\"negativePattern\";s:13:\"-#,##0.00 ¤\";s:17:\"maxFractionDigits\";i:2;s:17:\"minFractionDigits\";i:2;s:12:\"groupingUsed\";b:1;s:16:\"primaryGroupSize\";i:3;s:18:\"secondaryGroupSize\";i:3;}s:17:\"filter_show_limit\";i:0;s:11:\"filter_type\";i:3;s:3:\"nbr\";i:46;s:5:\"value\";N;}}}');

--
-- Table structure for table `bl_layered_filter_shop`
--

CREATE TABLE `bl_layered_filter_shop` (
  `id_layered_filter` int(10) unsigned NOT NULL,
  `id_shop` int(11) unsigned NOT NULL,
  PRIMARY KEY (`id_layered_filter`,`id_shop`),
  KEY `id_shop` (`id_shop`)
) ENGINE=InnoDB DEFAULT CHARSET=utf8;

--
-- Dumping data for table `bl_layered_filter_shop`
--

INSERT INTO `bl_layered_filter_shop` VALUES (1,1);

--
-- Table structure for table `bl_layered_indexable_attribute_group`
--

CREATE TABLE `bl_layered_indexable_attribute_group` (
  `id_attribute_group` int(11) NOT NULL,
  `indexable` tinyint(1) NOT NULL DEFAULT '0',
  PRIMARY KEY (`id_attribute_group`)
) ENGINE=InnoDB DEFAULT CHARSET=utf8;

--
-- Dumping data for table `bl_layered_indexable_attribute_group`
--

INSERT INTO `bl_layered_indexable_attribute_group` VALUES (1,0),(2,0),(3,0),(4,0),(5,0),(6,0);

--
-- Table structure for table `bl_layered_indexable_attribute_group_lang_value`
--

CREATE TABLE `bl_layered_indexable_attribute_group_lang_value` (
  `id_attribute_group` int(11) NOT NULL,
  `id_lang` int(11) NOT NULL,
  `url_name` varchar(128) DEFAULT NULL,
  `meta_title` varchar(128) DEFAULT NULL,
  PRIMARY KEY (`id_attribute_group`,`id_lang`)
) ENGINE=InnoDB DEFAULT CHARSET=utf8;

--
-- Dumping data for table `bl_layered_indexable_attribute_group_lang_value`
--


--
-- Table structure for table `bl_layered_indexable_attribute_lang_value`
--

CREATE TABLE `bl_layered_indexable_attribute_lang_value` (
  `id_attribute` int(11) NOT NULL,
  `id_lang` int(11) NOT NULL,
  `url_name` varchar(128) DEFAULT NULL,
  `meta_title` varchar(128) DEFAULT NULL,
  PRIMARY KEY (`id_attribute`,`id_lang`)
) ENGINE=InnoDB DEFAULT CHARSET=utf8;

--
-- Dumping data for table `bl_layered_indexable_attribute_lang_value`
--


--
-- Table structure for table `bl_layered_indexable_feature`
--

CREATE TABLE `bl_layered_indexable_feature` (
  `id_feature` int(11) NOT NULL,
  `indexable` tinyint(1) NOT NULL DEFAULT '0',
  PRIMARY KEY (`id_feature`)
) ENGINE=InnoDB DEFAULT CHARSET=utf8;

--
-- Dumping data for table `bl_layered_indexable_feature`
--

INSERT INTO `bl_layered_indexable_feature` VALUES (1,0),(2,0);

--
-- Table structure for table `bl_layered_indexable_feature_lang_value`
--

CREATE TABLE `bl_layered_indexable_feature_lang_value` (
  `id_feature` int(11) NOT NULL,
  `id_lang` int(11) NOT NULL,
  `url_name` varchar(128) NOT NULL,
  `meta_title` varchar(128) DEFAULT NULL,
  PRIMARY KEY (`id_feature`,`id_lang`)
) ENGINE=InnoDB DEFAULT CHARSET=utf8;

--
-- Dumping data for table `bl_layered_indexable_feature_lang_value`
--


--
-- Table structure for table `bl_layered_indexable_feature_value_lang_value`
--

CREATE TABLE `bl_layered_indexable_feature_value_lang_value` (
  `id_feature_value` int(11) NOT NULL,
  `id_lang` int(11) NOT NULL,
  `url_name` varchar(128) DEFAULT NULL,
  `meta_title` varchar(128) DEFAULT NULL,
  PRIMARY KEY (`id_feature_value`,`id_lang`)
) ENGINE=InnoDB DEFAULT CHARSET=utf8;

--
-- Dumping data for table `bl_layered_indexable_feature_value_lang_value`
--


--
-- Table structure for table `bl_layered_price_index`
--

CREATE TABLE `bl_layered_price_index` (
  `id_product` int(11) NOT NULL,
  `id_currency` int(11) NOT NULL,
  `id_shop` int(11) NOT NULL,
  `price_min` decimal(20,6) NOT NULL,
  `price_max` decimal(20,6) NOT NULL,
  `id_country` int(11) NOT NULL,
  PRIMARY KEY (`id_product`,`id_currency`,`id_shop`,`id_country`),
  KEY `id_currency` (`id_currency`),
  KEY `price_min` (`price_min`),
  KEY `price_max` (`price_max`)
) ENGINE=InnoDB DEFAULT CHARSET=utf8;

--
-- Dumping data for table `bl_layered_price_index`
--

INSERT INTO `bl_layered_price_index` VALUES (1,1,1,20.076000,25.095000,4),(2,1,1,30.156000,37.695000,4),(3,1,1,30.450000,30.450000,4),(4,1,1,30.450000,30.450000,4),(5,1,1,30.450000,30.450000,4),(6,1,1,12.495000,12.495000,4),(7,1,1,12.495000,12.495000,4),(8,1,1,12.495000,12.495000,4),(9,1,1,19.845000,19.845000,4),(10,1,1,19.845000,19.845000,4),(11,1,1,19.845000,19.845000,4),(12,1,1,9.450000,9.450000,4),(13,1,1,9.450000,9.450000,4),(14,1,1,9.450000,9.450000,4),(15,1,1,36.750000,36.750000,4),(16,1,1,13.545000,13.545000,4),(17,1,1,13.545000,13.545000,4),(18,1,1,13.545000,13.545000,4),(19,1,1,14.595000,14.595000,4),(20,1,1,13.597500,13.597500,4),(50,1,1,23.990000,23.990000,4),(61,1,1,8.490000,8.490000,4),(152,1,1,8.000000,8.000000,4),(273,1,1,17.990000,17.990000,4),(273,1,1,17.990000,17.990000,8),(273,1,1,17.990000,17.990000,21),(281,1,1,6.750000,6.750000,4),(301,1,1,29.347500,29.347500,4),(302,1,1,18.847500,18.847500,4),(319,1,1,9.990000,9.990000,4),(338,1,1,18.990000,18.990000,4),(361,1,1,3.412500,3.412500,4),(391,1,1,10.950000,10.950000,4),(400,1,1,9.990000,9.990000,4),(402,1,1,5.250000,5.250000,4),(405,1,1,4.725000,4.725000,4),(409,1,1,4.725000,4.725000,4),(430,1,1,28.350000,28.350000,4);

--
-- Table structure for table `bl_layered_product_attribute`
--

CREATE TABLE `bl_layered_product_attribute` (
  `id_attribute` int(10) unsigned NOT NULL,
  `id_product` int(10) unsigned NOT NULL,
  `id_attribute_group` int(10) unsigned NOT NULL DEFAULT '0',
  `id_shop` int(10) unsigned NOT NULL DEFAULT '1',
  PRIMARY KEY (`id_attribute`,`id_product`,`id_shop`),
  UNIQUE KEY `id_attribute_group` (`id_attribute_group`,`id_attribute`,`id_product`,`id_shop`)
) ENGINE=InnoDB DEFAULT CHARSET=utf8;

--
-- Dumping data for table `bl_layered_product_attribute`
--

INSERT INTO `bl_layered_product_attribute` VALUES (1,1,1,1),(1,2,1,1),(2,1,1,1),(2,2,1,1),(3,1,1,1),(3,2,1,1),(4,1,1,1),(4,2,1,1),(8,1,2,1),(8,9,2,1),(8,10,2,1),(8,11,2,1),(11,1,2,1),(11,9,2,1),(11,10,2,1),(11,11,2,1),(19,3,3,1),(19,4,3,1),(19,5,3,1),(20,3,3,1),(20,4,3,1),(20,5,3,1),(21,3,3,1),(21,4,3,1),(21,5,3,1),(22,16,4,1),(22,17,4,1),(22,18,4,1),(23,16,4,1),(23,17,4,1),(23,18,4,1),(24,16,4,1),(24,17,4,1),(24,18,4,1),(25,16,4,1),(25,17,4,1),(25,18,4,1),(35,20,6,1),(36,20,6,1),(37,20,6,1),(39,273,6,1),(39,281,6,1),(39,409,6,1),(40,273,6,1),(40,281,6,1),(44,409,6,1);

--
-- Table structure for table `bl_link_block`
--

CREATE TABLE `bl_link_block` (
  `id_link_block` int(10) unsigned NOT NULL AUTO_INCREMENT,
  `id_hook` int(1) unsigned DEFAULT NULL,
  `position` int(10) unsigned NOT NULL DEFAULT '0',
  `content` text,
  PRIMARY KEY (`id_link_block`)
) ENGINE=InnoDB AUTO_INCREMENT=3 DEFAULT CHARSET=utf8;

--
-- Dumping data for table `bl_link_block`
--

INSERT INTO `bl_link_block` VALUES (1,42,0,'{\"cms\":[false],\"product\":[\"prices-drop\",\"new-products\",\"best-sales\"],\"static\":[false]}'),(2,42,1,'{\"cms\":{\"0\":\"1\",\"2\":\"3\",\"4\":\"6\"},\"static\":[\"contact\"],\"product\":[false],\"category\":[false]}');

--
-- Table structure for table `bl_link_block_lang`
--

CREATE TABLE `bl_link_block_lang` (
  `id_link_block` int(10) unsigned NOT NULL,
  `id_lang` int(10) unsigned NOT NULL,
  `name` varchar(40) NOT NULL DEFAULT '',
  `custom_content` text,
  PRIMARY KEY (`id_link_block`,`id_lang`)
) ENGINE=InnoDB DEFAULT CHARSET=utf8;

--
-- Dumping data for table `bl_link_block_lang`
--

INSERT INTO `bl_link_block_lang` VALUES (1,1,'Produits',NULL),(1,2,'Products',NULL),(1,3,'Products',NULL),(2,1,'Informations',NULL),(2,2,'Our company',NULL),(2,3,'Our company',NULL);

--
-- Table structure for table `bl_link_block_shop`
--

CREATE TABLE `bl_link_block_shop` (
  `id_link_block` int(10) unsigned NOT NULL AUTO_INCREMENT,
  `id_shop` int(10) unsigned NOT NULL,
  `position` int(10) unsigned NOT NULL DEFAULT '0',
  PRIMARY KEY (`id_link_block`,`id_shop`)
) ENGINE=InnoDB AUTO_INCREMENT=3 DEFAULT CHARSET=utf8;

--
-- Dumping data for table `bl_link_block_shop`
--

INSERT INTO `bl_link_block_shop` VALUES (1,1,0),(2,1,1);

--
-- Table structure for table `bl_linksmenutop`
--

CREATE TABLE `bl_linksmenutop` (
  `id_linksmenutop` int(10) unsigned NOT NULL AUTO_INCREMENT,
  `id_shop` int(11) unsigned NOT NULL,
  `new_window` tinyint(1) NOT NULL,
  PRIMARY KEY (`id_linksmenutop`),
  KEY `id_shop` (`id_shop`)
) ENGINE=InnoDB DEFAULT CHARSET=utf8mb4;

--
-- Dumping data for table `bl_linksmenutop`
--


--
-- Table structure for table `bl_linksmenutop_lang`
--

CREATE TABLE `bl_linksmenutop_lang` (
  `id_linksmenutop` int(11) unsigned NOT NULL,
  `id_lang` int(11) unsigned NOT NULL,
  `id_shop` int(11) unsigned NOT NULL,
  `label` varchar(128) NOT NULL,
  `link` varchar(128) NOT NULL,
  KEY `id_linksmenutop` (`id_linksmenutop`,`id_lang`,`id_shop`)
) ENGINE=InnoDB DEFAULT CHARSET=utf8mb4;

--
-- Dumping data for table `bl_linksmenutop_lang`
--


--
-- Table structure for table `bl_log`
--

CREATE TABLE `bl_log` (
  `id_log` int(10) unsigned NOT NULL AUTO_INCREMENT,
  `severity` tinyint(1) NOT NULL,
  `error_code` int(11) DEFAULT NULL,
  `message` text NOT NULL,
  `object_type` varchar(32) DEFAULT NULL,
  `object_id` int(10) unsigned DEFAULT NULL,
  `id_shop` int(10) unsigned DEFAULT NULL,
  `id_shop_group` int(10) unsigned DEFAULT NULL,
  `id_lang` int(10) unsigned DEFAULT NULL,
  `in_all_shops` tinyint(1) unsigned NOT NULL DEFAULT '0',
  `id_employee` int(10) unsigned DEFAULT NULL,
  `date_add` datetime NOT NULL,
  `date_upd` datetime NOT NULL,
  PRIMARY KEY (`id_log`)
) ENGINE=InnoDB AUTO_INCREMENT=2702 DEFAULT CHARSET=utf8mb4;

--
-- Dumping data for table `bl_log`
--

INSERT INTO `bl_log` VALUES (1,1,0,'Exporting mail with theme modern for language Français (French)','',0,NULL,NULL,0,0,0,'2023-04-06 11:25:44','2023-04-06 11:25:44'),(2,1,0,'Core output folder: /var/www/boutiquelaccopping.webtotal.ca/mails','',0,NULL,NULL,0,0,0,'2023-04-06 11:25:44','2023-04-06 11:25:44'),(3,1,0,'Modules output folder: /var/www/boutiquelaccopping.webtotal.ca/modules/','',0,NULL,NULL,0,0,0,'2023-04-06 11:25:44','2023-04-06 11:25:44'),(4,1,0,'Generate html template account at /var/www/boutiquelaccopping.webtotal.ca/mails/fr/account.html','',0,NULL,NULL,0,0,0,'2023-04-06 11:25:46','2023-04-06 11:25:46'),(5,1,0,'Generate txt template account at /var/www/boutiquelaccopping.webtotal.ca/mails/fr/account.txt','',0,NULL,NULL,0,0,0,'2023-04-06 11:25:46','2023-04-06 11:25:46'),(6,1,0,'Generate html template backoffice_order at /var/www/boutiquelaccopping.webtotal.ca/mails/fr/backoffice_order.html','',0,NULL,NULL,0,0,0,'2023-04-06 11:25:46','2023-04-06 11:25:46'),(7,1,0,'Generate txt template backoffice_order at /var/www/boutiquelaccopping.webtotal.ca/mails/fr/backoffice_order.txt','',0,NULL,NULL,0,0,0,'2023-04-06 11:25:46','2023-04-06 11:25:46'),(8,1,0,'Generate html template bankwire at /var/www/boutiquelaccopping.webtotal.ca/mails/fr/bankwire.html','',0,NULL,NULL,0,0,0,'2023-04-06 11:25:46','2023-04-06 11:25:46'),(9,1,0,'Generate txt template bankwire at /var/www/boutiquelaccopping.webtotal.ca/mails/fr/bankwire.txt','',0,NULL,NULL,0,0,0,'2023-04-06 11:25:46','2023-04-06 11:25:46'),(10,1,0,'Generate html template cheque at /var/www/boutiquelaccopping.webtotal.ca/mails/fr/cheque.html','',0,NULL,NULL,0,0,0,'2023-04-06 11:25:46','2023-04-06 11:25:46'),(11,1,0,'Generate txt template cheque at /var/www/boutiquelaccopping.webtotal.ca/mails/fr/cheque.txt','',0,NULL,NULL,0,0,0,'2023-04-06 11:25:46','2023-04-06 11:25:46'),(12,1,0,'Generate html template contact at /var/www/boutiquelaccopping.webtotal.ca/mails/fr/contact.html','',0,NULL,NULL,0,0,0,'2023-04-06 11:25:46','2023-04-06 11:25:46'),(13,1,0,'Generate txt template contact at /var/www/boutiquelaccopping.webtotal.ca/mails/fr/contact.txt','',0,NULL,NULL,0,0,0,'2023-04-06 11:25:46','2023-04-06 11:25:46'),(14,1,0,'Generate html template contact_form at /var/www/boutiquelaccopping.webtotal.ca/mails/fr/contact_form.html','',0,NULL,NULL,0,0,0,'2023-04-06 11:25:46','2023-04-06 11:25:46'),(15,1,0,'Generate txt template contact_form at /var/www/boutiquelaccopping.webtotal.ca/mails/fr/contact_form.txt','',0,NULL,NULL,0,0,0,'2023-04-06 11:25:46','2023-04-06 11:25:46'),(16,1,0,'Generate html template credit_slip at /var/www/boutiquelaccopping.webtotal.ca/mails/fr/credit_slip.html','',0,NULL,NULL,0,0,0,'2023-04-06 11:25:46','2023-04-06 11:25:46'),(17,1,0,'Generate txt template credit_slip at /var/www/boutiquelaccopping.webtotal.ca/mails/fr/credit_slip.txt','',0,NULL,NULL,0,0,0,'2023-04-06 11:25:46','2023-04-06 11:25:46'),(18,1,0,'Generate html template download_product at /var/www/boutiquelaccopping.webtotal.ca/mails/fr/download_product.html','',0,NULL,NULL,0,0,0,'2023-04-06 11:25:46','2023-04-06 11:25:46'),(19,1,0,'Generate txt template download_product at /var/www/boutiquelaccopping.webtotal.ca/mails/fr/download_product.txt','',0,NULL,NULL,0,0,0,'2023-04-06 11:25:46','2023-04-06 11:25:46'),(20,1,0,'Generate html template employee_password at /var/www/boutiquelaccopping.webtotal.ca/mails/fr/employee_password.html','',0,NULL,NULL,0,0,0,'2023-04-06 11:25:46','2023-04-06 11:25:46'),(21,1,0,'Generate txt template employee_password at /var/www/boutiquelaccopping.webtotal.ca/mails/fr/employee_password.txt','',0,NULL,NULL,0,0,0,'2023-04-06 11:25:46','2023-04-06 11:25:46'),(22,1,0,'Generate html template forward_msg at /var/www/boutiquelaccopping.webtotal.ca/mails/fr/forward_msg.html','',0,NULL,NULL,0,0,0,'2023-04-06 11:25:46','2023-04-06 11:25:46'),(23,1,0,'Generate txt template forward_msg at /var/www/boutiquelaccopping.webtotal.ca/mails/fr/forward_msg.txt','',0,NULL,NULL,0,0,0,'2023-04-06 11:25:46','2023-04-06 11:25:46'),(24,1,0,'Generate html template guest_to_customer at /var/www/boutiquelaccopping.webtotal.ca/mails/fr/guest_to_customer.html','',0,NULL,NULL,0,0,0,'2023-04-06 11:25:46','2023-04-06 11:25:46'),(25,1,0,'Generate txt template guest_to_customer at /var/www/boutiquelaccopping.webtotal.ca/mails/fr/guest_to_customer.txt','',0,NULL,NULL,0,0,0,'2023-04-06 11:25:46','2023-04-06 11:25:46'),(26,1,0,'Generate html template import at /var/www/boutiquelaccopping.webtotal.ca/mails/fr/import.html','',0,NULL,NULL,0,0,0,'2023-04-06 11:25:46','2023-04-06 11:25:46'),(27,1,0,'Generate txt template import at /var/www/boutiquelaccopping.webtotal.ca/mails/fr/import.txt','',0,NULL,NULL,0,0,0,'2023-04-06 11:25:46','2023-04-06 11:25:46'),(28,1,0,'Generate html template in_transit at /var/www/boutiquelaccopping.webtotal.ca/mails/fr/in_transit.html','',0,NULL,NULL,0,0,0,'2023-04-06 11:25:46','2023-04-06 11:25:46'),(29,1,0,'Generate txt template in_transit at /var/www/boutiquelaccopping.webtotal.ca/mails/fr/in_transit.txt','',0,NULL,NULL,0,0,0,'2023-04-06 11:25:46','2023-04-06 11:25:46'),(30,1,0,'Generate html template log_alert at /var/www/boutiquelaccopping.webtotal.ca/mails/fr/log_alert.html','',0,NULL,NULL,0,0,0,'2023-04-06 11:25:46','2023-04-06 11:25:46'),(31,1,0,'Generate txt template log_alert at /var/www/boutiquelaccopping.webtotal.ca/mails/fr/log_alert.txt','',0,NULL,NULL,0,0,0,'2023-04-06 11:25:46','2023-04-06 11:25:46'),(32,1,0,'Generate html template newsletter at /var/www/boutiquelaccopping.webtotal.ca/mails/fr/newsletter.html','',0,NULL,NULL,0,0,0,'2023-04-06 11:25:46','2023-04-06 11:25:46'),(33,1,0,'Generate txt template newsletter at /var/www/boutiquelaccopping.webtotal.ca/mails/fr/newsletter.txt','',0,NULL,NULL,0,0,0,'2023-04-06 11:25:46','2023-04-06 11:25:46'),(34,1,0,'Generate html template order_canceled at /var/www/boutiquelaccopping.webtotal.ca/mails/fr/order_canceled.html','',0,NULL,NULL,0,0,0,'2023-04-06 11:25:46','2023-04-06 11:25:46'),(35,1,0,'Generate txt template order_canceled at /var/www/boutiquelaccopping.webtotal.ca/mails/fr/order_canceled.txt','',0,NULL,NULL,0,0,0,'2023-04-06 11:25:46','2023-04-06 11:25:46'),(36,1,0,'Generate html template order_changed at /var/www/boutiquelaccopping.webtotal.ca/mails/fr/order_changed.html','',0,NULL,NULL,0,0,0,'2023-04-06 11:25:46','2023-04-06 11:25:46'),(37,1,0,'Generate txt template order_changed at /var/www/boutiquelaccopping.webtotal.ca/mails/fr/order_changed.txt','',0,NULL,NULL,0,0,0,'2023-04-06 11:25:46','2023-04-06 11:25:46'),(38,1,0,'Generate html template order_conf at /var/www/boutiquelaccopping.webtotal.ca/mails/fr/order_conf.html','',0,NULL,NULL,0,0,0,'2023-04-06 11:25:46','2023-04-06 11:25:46'),(39,1,0,'Generate txt template order_conf at /var/www/boutiquelaccopping.webtotal.ca/mails/fr/order_conf.txt','',0,NULL,NULL,0,0,0,'2023-04-06 11:25:46','2023-04-06 11:25:46'),(40,1,0,'Generate html template order_customer_comment at /var/www/boutiquelaccopping.webtotal.ca/mails/fr/order_customer_comment.html','',0,NULL,NULL,0,0,0,'2023-04-06 11:25:46','2023-04-06 11:25:46'),(41,1,0,'Generate txt template order_customer_comment at /var/www/boutiquelaccopping.webtotal.ca/mails/fr/order_customer_comment.txt','',0,NULL,NULL,0,0,0,'2023-04-06 11:25:46','2023-04-06 11:25:46'),(42,1,0,'Generate html template order_merchant_comment at /var/www/boutiquelaccopping.webtotal.ca/mails/fr/order_merchant_comment.html','',0,NULL,NULL,0,0,0,'2023-04-06 11:25:46','2023-04-06 11:25:46'),(43,1,0,'Generate txt template order_merchant_comment at /var/www/boutiquelaccopping.webtotal.ca/mails/fr/order_merchant_comment.txt','',0,NULL,NULL,0,0,0,'2023-04-06 11:25:46','2023-04-06 11:25:46'),(44,1,0,'Generate html template order_return_state at /var/www/boutiquelaccopping.webtotal.ca/mails/fr/order_return_state.html','',0,NULL,NULL,0,0,0,'2023-04-06 11:25:46','2023-04-06 11:25:46'),(45,1,0,'Generate txt template order_return_state at /var/www/boutiquelaccopping.webtotal.ca/mails/fr/order_return_state.txt','',0,NULL,NULL,0,0,0,'2023-04-06 11:25:46','2023-04-06 11:25:46'),(46,1,0,'Generate html template outofstock at /var/www/boutiquelaccopping.webtotal.ca/mails/fr/outofstock.html','',0,NULL,NULL,0,0,0,'2023-04-06 11:25:46','2023-04-06 11:25:46'),(47,1,0,'Generate txt template outofstock at /var/www/boutiquelaccopping.webtotal.ca/mails/fr/outofstock.txt','',0,NULL,NULL,0,0,0,'2023-04-06 11:25:46','2023-04-06 11:25:46'),(48,1,0,'Generate html template password at /var/www/boutiquelaccopping.webtotal.ca/mails/fr/password.html','',0,NULL,NULL,0,0,0,'2023-04-06 11:25:46','2023-04-06 11:25:46'),(49,1,0,'Generate txt template password at /var/www/boutiquelaccopping.webtotal.ca/mails/fr/password.txt','',0,NULL,NULL,0,0,0,'2023-04-06 11:25:46','2023-04-06 11:25:46'),(50,1,0,'Generate html template password_query at /var/www/boutiquelaccopping.webtotal.ca/mails/fr/password_query.html','',0,NULL,NULL,0,0,0,'2023-04-06 11:25:46','2023-04-06 11:25:46'),(51,1,0,'Generate txt template password_query at /var/www/boutiquelaccopping.webtotal.ca/mails/fr/password_query.txt','',0,NULL,NULL,0,0,0,'2023-04-06 11:25:46','2023-04-06 11:25:46'),(52,1,0,'Generate html template payment at /var/www/boutiquelaccopping.webtotal.ca/mails/fr/payment.html','',0,NULL,NULL,0,0,0,'2023-04-06 11:25:46','2023-04-06 11:25:46'),(53,1,0,'Generate txt template payment at /var/www/boutiquelaccopping.webtotal.ca/mails/fr/payment.txt','',0,NULL,NULL,0,0,0,'2023-04-06 11:25:46','2023-04-06 11:25:46'),(54,1,0,'Generate html template payment_error at /var/www/boutiquelaccopping.webtotal.ca/mails/fr/payment_error.html','',0,NULL,NULL,0,0,0,'2023-04-06 11:25:46','2023-04-06 11:25:46'),(55,1,0,'Generate txt template payment_error at /var/www/boutiquelaccopping.webtotal.ca/mails/fr/payment_error.txt','',0,NULL,NULL,0,0,0,'2023-04-06 11:25:46','2023-04-06 11:25:46'),(56,1,0,'Generate html template preparation at /var/www/boutiquelaccopping.webtotal.ca/mails/fr/preparation.html','',0,NULL,NULL,0,0,0,'2023-04-06 11:25:46','2023-04-06 11:25:46'),(57,1,0,'Generate txt template preparation at /var/www/boutiquelaccopping.webtotal.ca/mails/fr/preparation.txt','',0,NULL,NULL,0,0,0,'2023-04-06 11:25:46','2023-04-06 11:25:46'),(58,1,0,'Generate html template productoutofstock at /var/www/boutiquelaccopping.webtotal.ca/mails/fr/productoutofstock.html','',0,NULL,NULL,0,0,0,'2023-04-06 11:25:46','2023-04-06 11:25:46'),(59,1,0,'Generate txt template productoutofstock at /var/www/boutiquelaccopping.webtotal.ca/mails/fr/productoutofstock.txt','',0,NULL,NULL,0,0,0,'2023-04-06 11:25:46','2023-04-06 11:25:46'),(60,1,0,'Generate html template refund at /var/www/boutiquelaccopping.webtotal.ca/mails/fr/refund.html','',0,NULL,NULL,0,0,0,'2023-04-06 11:25:46','2023-04-06 11:25:46'),(61,1,0,'Generate txt template refund at /var/www/boutiquelaccopping.webtotal.ca/mails/fr/refund.txt','',0,NULL,NULL,0,0,0,'2023-04-06 11:25:46','2023-04-06 11:25:46'),(62,1,0,'Generate html template reply_msg at /var/www/boutiquelaccopping.webtotal.ca/mails/fr/reply_msg.html','',0,NULL,NULL,0,0,0,'2023-04-06 11:25:47','2023-04-06 11:25:47'),(63,1,0,'Generate txt template reply_msg at /var/www/boutiquelaccopping.webtotal.ca/mails/fr/reply_msg.txt','',0,NULL,NULL,0,0,0,'2023-04-06 11:25:47','2023-04-06 11:25:47'),(64,1,0,'Generate html template shipped at /var/www/boutiquelaccopping.webtotal.ca/mails/fr/shipped.html','',0,NULL,NULL,0,0,0,'2023-04-06 11:25:47','2023-04-06 11:25:47'),(65,1,0,'Generate txt template shipped at /var/www/boutiquelaccopping.webtotal.ca/mails/fr/shipped.txt','',0,NULL,NULL,0,0,0,'2023-04-06 11:25:47','2023-04-06 11:25:47'),(66,1,0,'Generate html template test at /var/www/boutiquelaccopping.webtotal.ca/mails/fr/test.html','',0,NULL,NULL,0,0,0,'2023-04-06 11:25:47','2023-04-06 11:25:47'),(67,1,0,'Generate txt template test at /var/www/boutiquelaccopping.webtotal.ca/mails/fr/test.txt','',0,NULL,NULL,0,0,0,'2023-04-06 11:25:47','2023-04-06 11:25:47'),(68,1,0,'Generate html template voucher at /var/www/boutiquelaccopping.webtotal.ca/mails/fr/voucher.html','',0,NULL,NULL,0,0,0,'2023-04-06 11:25:47','2023-04-06 11:25:47'),(69,1,0,'Generate txt template voucher at /var/www/boutiquelaccopping.webtotal.ca/mails/fr/voucher.txt','',0,NULL,NULL,0,0,0,'2023-04-06 11:25:47','2023-04-06 11:25:47'),(70,1,0,'Generate html template voucher_new at /var/www/boutiquelaccopping.webtotal.ca/mails/fr/voucher_new.html','',0,NULL,NULL,0,0,0,'2023-04-06 11:25:47','2023-04-06 11:25:47'),(71,1,0,'Generate txt template voucher_new at /var/www/boutiquelaccopping.webtotal.ca/mails/fr/voucher_new.txt','',0,NULL,NULL,0,0,0,'2023-04-06 11:25:47','2023-04-06 11:25:47'),(72,1,0,'Generate html template followup_1 at /var/www/boutiquelaccopping.webtotal.ca/modules//ps_reminder/mails/fr/followup_1.html','',0,NULL,NULL,0,0,0,'2023-04-06 11:25:47','2023-04-06 11:25:47'),(73,1,0,'Generate txt template followup_1 at /var/www/boutiquelaccopping.webtotal.ca/modules//ps_reminder/mails/fr/followup_1.txt','',0,NULL,NULL,0,0,0,'2023-04-06 11:25:47','2023-04-06 11:25:47'),(74,1,0,'Generate html template followup_2 at /var/www/boutiquelaccopping.webtotal.ca/modules//ps_reminder/mails/fr/followup_2.html','',0,NULL,NULL,0,0,0,'2023-04-06 11:25:47','2023-04-06 11:25:47'),(75,1,0,'Generate txt template followup_2 at /var/www/boutiquelaccopping.webtotal.ca/modules//ps_reminder/mails/fr/followup_2.txt','',0,NULL,NULL,0,0,0,'2023-04-06 11:25:47','2023-04-06 11:25:47'),(76,1,0,'Generate html template followup_3 at /var/www/boutiquelaccopping.webtotal.ca/modules//ps_reminder/mails/fr/followup_3.html','',0,NULL,NULL,0,0,0,'2023-04-06 11:25:47','2023-04-06 11:25:47'),(77,1,0,'Generate txt template followup_3 at /var/www/boutiquelaccopping.webtotal.ca/modules//ps_reminder/mails/fr/followup_3.txt','',0,NULL,NULL,0,0,0,'2023-04-06 11:25:47','2023-04-06 11:25:47'),(78,1,0,'Generate html template followup_4 at /var/www/boutiquelaccopping.webtotal.ca/modules//ps_reminder/mails/fr/followup_4.html','',0,NULL,NULL,0,0,0,'2023-04-06 11:25:47','2023-04-06 11:25:47'),(79,1,0,'Generate txt template followup_4 at /var/www/boutiquelaccopping.webtotal.ca/modules//ps_reminder/mails/fr/followup_4.txt','',0,NULL,NULL,0,0,0,'2023-04-06 11:25:47','2023-04-06 11:25:47'),(80,1,0,'Generate html template customer_qty at /var/www/boutiquelaccopping.webtotal.ca/modules//ps_emailalerts/mails/fr/customer_qty.html','',0,NULL,NULL,0,0,0,'2023-04-06 11:25:47','2023-04-06 11:25:47'),(81,1,0,'Generate txt template customer_qty at /var/www/boutiquelaccopping.webtotal.ca/modules//ps_emailalerts/mails/fr/customer_qty.txt','',0,NULL,NULL,0,0,0,'2023-04-06 11:25:47','2023-04-06 11:25:47'),(82,1,0,'Generate html template new_order at /var/www/boutiquelaccopping.webtotal.ca/modules//ps_emailalerts/mails/fr/new_order.html','',0,NULL,NULL,0,0,0,'2023-04-06 11:25:47','2023-04-06 11:25:47'),(83,1,0,'Generate txt template new_order at /var/www/boutiquelaccopping.webtotal.ca/modules//ps_emailalerts/mails/fr/new_order.txt','',0,NULL,NULL,0,0,0,'2023-04-06 11:25:47','2023-04-06 11:25:47'),(84,1,0,'Generate html template order_changed at /var/www/boutiquelaccopping.webtotal.ca/modules//ps_emailalerts/mails/fr/order_changed.html','',0,NULL,NULL,0,0,0,'2023-04-06 11:25:47','2023-04-06 11:25:47'),(85,1,0,'Generate txt template order_changed at /var/www/boutiquelaccopping.webtotal.ca/modules//ps_emailalerts/mails/fr/order_changed.txt','',0,NULL,NULL,0,0,0,'2023-04-06 11:25:47','2023-04-06 11:25:47'),(86,1,0,'Generate html template productcoverage at /var/www/boutiquelaccopping.webtotal.ca/modules//ps_emailalerts/mails/fr/productcoverage.html','',0,NULL,NULL,0,0,0,'2023-04-06 11:25:47','2023-04-06 11:25:47'),(87,1,0,'Generate txt template productcoverage at /var/www/boutiquelaccopping.webtotal.ca/modules//ps_emailalerts/mails/fr/productcoverage.txt','',0,NULL,NULL,0,0,0,'2023-04-06 11:25:47','2023-04-06 11:25:47'),(88,1,0,'Generate html template productoutofstock at /var/www/boutiquelaccopping.webtotal.ca/modules//ps_emailalerts/mails/fr/productoutofstock.html','',0,NULL,NULL,0,0,0,'2023-04-06 11:25:47','2023-04-06 11:25:47'),(89,1,0,'Generate txt template productoutofstock at /var/www/boutiquelaccopping.webtotal.ca/modules//ps_emailalerts/mails/fr/productoutofstock.txt','',0,NULL,NULL,0,0,0,'2023-04-06 11:25:47','2023-04-06 11:25:47'),(90,1,0,'Generate html template return_slip at /var/www/boutiquelaccopping.webtotal.ca/modules//ps_emailalerts/mails/fr/return_slip.html','',0,NULL,NULL,0,0,0,'2023-04-06 11:25:47','2023-04-06 11:25:47'),(91,1,0,'Generate txt template return_slip at /var/www/boutiquelaccopping.webtotal.ca/modules//ps_emailalerts/mails/fr/return_slip.txt','',0,NULL,NULL,0,0,0,'2023-04-06 11:25:47','2023-04-06 11:25:47'),(92,1,0,'Generate html template newsletter_conf at /var/www/boutiquelaccopping.webtotal.ca/modules//ps_emailsubscription/mails/fr/newsletter_conf.html','',0,NULL,NULL,0,0,0,'2023-04-06 11:25:47','2023-04-06 11:25:47'),(93,1,0,'Generate txt template newsletter_conf at /var/www/boutiquelaccopping.webtotal.ca/modules//ps_emailsubscription/mails/fr/newsletter_conf.txt','',0,NULL,NULL,0,0,0,'2023-04-06 11:25:47','2023-04-06 11:25:47'),(94,1,0,'Generate html template newsletter_verif at /var/www/boutiquelaccopping.webtotal.ca/modules//ps_emailsubscription/mails/fr/newsletter_verif.html','',0,NULL,NULL,0,0,0,'2023-04-06 11:25:47','2023-04-06 11:25:47'),(95,1,0,'Generate txt template newsletter_verif at /var/www/boutiquelaccopping.webtotal.ca/modules//ps_emailsubscription/mails/fr/newsletter_verif.txt','',0,NULL,NULL,0,0,0,'2023-04-06 11:25:47','2023-04-06 11:25:47'),(96,1,0,'Generate html template newsletter_voucher at /var/www/boutiquelaccopping.webtotal.ca/modules//ps_emailsubscription/mails/fr/newsletter_voucher.html','',0,NULL,NULL,0,0,0,'2023-04-06 11:25:47','2023-04-06 11:25:47'),(97,1,0,'Generate txt template newsletter_voucher at /var/www/boutiquelaccopping.webtotal.ca/modules//ps_emailsubscription/mails/fr/newsletter_voucher.txt','',0,NULL,NULL,0,0,0,'2023-04-06 11:25:47','2023-04-06 11:25:47'),(98,1,0,'Generate html template followup_1 at /var/www/boutiquelaccopping.webtotal.ca/modules//followup/mails/fr/followup_1.html','',0,NULL,NULL,0,0,0,'2023-04-06 11:25:47','2023-04-06 11:25:47'),(99,1,0,'Generate txt template followup_1 at /var/www/boutiquelaccopping.webtotal.ca/modules//followup/mails/fr/followup_1.txt','',0,NULL,NULL,0,0,0,'2023-04-06 11:25:47','2023-04-06 11:25:47'),(100,1,0,'Generate html template followup_2 at /var/www/boutiquelaccopping.webtotal.ca/modules//followup/mails/fr/followup_2.html','',0,NULL,NULL,0,0,0,'2023-04-06 11:25:47','2023-04-06 11:25:47'),(101,1,0,'Generate txt template followup_2 at /var/www/boutiquelaccopping.webtotal.ca/modules//followup/mails/fr/followup_2.txt','',0,NULL,NULL,0,0,0,'2023-04-06 11:25:47','2023-04-06 11:25:47'),(102,1,0,'Generate html template followup_3 at /var/www/boutiquelaccopping.webtotal.ca/modules//followup/mails/fr/followup_3.html','',0,NULL,NULL,0,0,0,'2023-04-06 11:25:47','2023-04-06 11:25:47'),(103,1,0,'Generate txt template followup_3 at /var/www/boutiquelaccopping.webtotal.ca/modules//followup/mails/fr/followup_3.txt','',0,NULL,NULL,0,0,0,'2023-04-06 11:25:47','2023-04-06 11:25:47'),(104,1,0,'Generate html template followup_4 at /var/www/boutiquelaccopping.webtotal.ca/modules//followup/mails/fr/followup_4.html','',0,NULL,NULL,0,0,0,'2023-04-06 11:25:47','2023-04-06 11:25:47'),(105,1,0,'Generate txt template followup_4 at /var/www/boutiquelaccopping.webtotal.ca/modules//followup/mails/fr/followup_4.txt','',0,NULL,NULL,0,0,0,'2023-04-06 11:25:47','2023-04-06 11:25:47'),(106,1,0,'Generate html template referralprogram-congratulations at /var/www/boutiquelaccopping.webtotal.ca/modules//referralprogram/mails/fr/referralprogram-congratulations.html','',0,NULL,NULL,0,0,0,'2023-04-06 11:25:47','2023-04-06 11:25:47'),(107,1,0,'Generate txt template referralprogram-congratulations at /var/www/boutiquelaccopping.webtotal.ca/modules//referralprogram/mails/fr/referralprogram-congratulations.txt','',0,NULL,NULL,0,0,0,'2023-04-06 11:25:47','2023-04-06 11:25:47'),(108,1,0,'Generate html template referralprogram-invitation at /var/www/boutiquelaccopping.webtotal.ca/modules//referralprogram/mails/fr/referralprogram-invitation.html','',0,NULL,NULL,0,0,0,'2023-04-06 11:25:47','2023-04-06 11:25:47'),(109,1,0,'Generate txt template referralprogram-invitation at /var/www/boutiquelaccopping.webtotal.ca/modules//referralprogram/mails/fr/referralprogram-invitation.txt','',0,NULL,NULL,0,0,0,'2023-04-06 11:25:47','2023-04-06 11:25:47'),(110,1,0,'Generate html template referralprogram-voucher at /var/www/boutiquelaccopping.webtotal.ca/modules//referralprogram/mails/fr/referralprogram-voucher.html','',0,NULL,NULL,0,0,0,'2023-04-06 11:25:47','2023-04-06 11:25:47'),(111,1,0,'Generate txt template referralprogram-voucher at /var/www/boutiquelaccopping.webtotal.ca/modules//referralprogram/mails/fr/referralprogram-voucher.txt','',0,NULL,NULL,0,0,0,'2023-04-06 11:25:47','2023-04-06 11:25:47'),(112,1,0,'Exporting mail with theme modern for language English (English)','',0,NULL,NULL,0,0,0,'2023-04-06 11:25:47','2023-04-06 11:25:47'),(113,1,0,'Core output folder: /var/www/boutiquelaccopping.webtotal.ca/mails','',0,NULL,NULL,0,0,0,'2023-04-06 11:25:47','2023-04-06 11:25:47'),(114,1,0,'Modules output folder: /var/www/boutiquelaccopping.webtotal.ca/modules/','',0,NULL,NULL,0,0,0,'2023-04-06 11:25:47','2023-04-06 11:25:47'),(115,1,0,'Generate html template account at /var/www/boutiquelaccopping.webtotal.ca/mails/en/account.html','',0,NULL,NULL,0,0,0,'2023-04-06 11:25:48','2023-04-06 11:25:48'),(116,1,0,'Generate txt template account at /var/www/boutiquelaccopping.webtotal.ca/mails/en/account.txt','',0,NULL,NULL,0,0,0,'2023-04-06 11:25:48','2023-04-06 11:25:48'),(117,1,0,'Generate html template backoffice_order at /var/www/boutiquelaccopping.webtotal.ca/mails/en/backoffice_order.html','',0,NULL,NULL,0,0,0,'2023-04-06 11:25:48','2023-04-06 11:25:48'),(118,1,0,'Generate txt template backoffice_order at /var/www/boutiquelaccopping.webtotal.ca/mails/en/backoffice_order.txt','',0,NULL,NULL,0,0,0,'2023-04-06 11:25:48','2023-04-06 11:25:48'),(119,1,0,'Generate html template bankwire at /var/www/boutiquelaccopping.webtotal.ca/mails/en/bankwire.html','',0,NULL,NULL,0,0,0,'2023-04-06 11:25:48','2023-04-06 11:25:48'),(120,1,0,'Generate txt template bankwire at /var/www/boutiquelaccopping.webtotal.ca/mails/en/bankwire.txt','',0,NULL,NULL,0,0,0,'2023-04-06 11:25:48','2023-04-06 11:25:48'),(121,1,0,'Generate html template cheque at /var/www/boutiquelaccopping.webtotal.ca/mails/en/cheque.html','',0,NULL,NULL,0,0,0,'2023-04-06 11:25:48','2023-04-06 11:25:48'),(122,1,0,'Generate txt template cheque at /var/www/boutiquelaccopping.webtotal.ca/mails/en/cheque.txt','',0,NULL,NULL,0,0,0,'2023-04-06 11:25:48','2023-04-06 11:25:48'),(123,1,0,'Generate html template contact at /var/www/boutiquelaccopping.webtotal.ca/mails/en/contact.html','',0,NULL,NULL,0,0,0,'2023-04-06 11:25:48','2023-04-06 11:25:48'),(124,1,0,'Generate txt template contact at /var/www/boutiquelaccopping.webtotal.ca/mails/en/contact.txt','',0,NULL,NULL,0,0,0,'2023-04-06 11:25:48','2023-04-06 11:25:48'),(125,1,0,'Generate html template contact_form at /var/www/boutiquelaccopping.webtotal.ca/mails/en/contact_form.html','',0,NULL,NULL,0,0,0,'2023-04-06 11:25:48','2023-04-06 11:25:48'),(126,1,0,'Generate txt template contact_form at /var/www/boutiquelaccopping.webtotal.ca/mails/en/contact_form.txt','',0,NULL,NULL,0,0,0,'2023-04-06 11:25:48','2023-04-06 11:25:48'),(127,1,0,'Generate html template credit_slip at /var/www/boutiquelaccopping.webtotal.ca/mails/en/credit_slip.html','',0,NULL,NULL,0,0,0,'2023-04-06 11:25:48','2023-04-06 11:25:48'),(128,1,0,'Generate txt template credit_slip at /var/www/boutiquelaccopping.webtotal.ca/mails/en/credit_slip.txt','',0,NULL,NULL,0,0,0,'2023-04-06 11:25:48','2023-04-06 11:25:48'),(129,1,0,'Generate html template download_product at /var/www/boutiquelaccopping.webtotal.ca/mails/en/download_product.html','',0,NULL,NULL,0,0,0,'2023-04-06 11:25:48','2023-04-06 11:25:48'),(130,1,0,'Generate txt template download_product at /var/www/boutiquelaccopping.webtotal.ca/mails/en/download_product.txt','',0,NULL,NULL,0,0,0,'2023-04-06 11:25:48','2023-04-06 11:25:48'),(131,1,0,'Generate html template employee_password at /var/www/boutiquelaccopping.webtotal.ca/mails/en/employee_password.html','',0,NULL,NULL,0,0,0,'2023-04-06 11:25:48','2023-04-06 11:25:48'),(132,1,0,'Generate txt template employee_password at /var/www/boutiquelaccopping.webtotal.ca/mails/en/employee_password.txt','',0,NULL,NULL,0,0,0,'2023-04-06 11:25:48','2023-04-06 11:25:48'),(133,1,0,'Generate html template forward_msg at /var/www/boutiquelaccopping.webtotal.ca/mails/en/forward_msg.html','',0,NULL,NULL,0,0,0,'2023-04-06 11:25:48','2023-04-06 11:25:48'),(134,1,0,'Generate txt template forward_msg at /var/www/boutiquelaccopping.webtotal.ca/mails/en/forward_msg.txt','',0,NULL,NULL,0,0,0,'2023-04-06 11:25:48','2023-04-06 11:25:48'),(135,1,0,'Generate html template guest_to_customer at /var/www/boutiquelaccopping.webtotal.ca/mails/en/guest_to_customer.html','',0,NULL,NULL,0,0,0,'2023-04-06 11:25:48','2023-04-06 11:25:48'),(136,1,0,'Generate txt template guest_to_customer at /var/www/boutiquelaccopping.webtotal.ca/mails/en/guest_to_customer.txt','',0,NULL,NULL,0,0,0,'2023-04-06 11:25:48','2023-04-06 11:25:48'),(137,1,0,'Generate html template import at /var/www/boutiquelaccopping.webtotal.ca/mails/en/import.html','',0,NULL,NULL,0,0,0,'2023-04-06 11:25:48','2023-04-06 11:25:48'),(138,1,0,'Generate txt template import at /var/www/boutiquelaccopping.webtotal.ca/mails/en/import.txt','',0,NULL,NULL,0,0,0,'2023-04-06 11:25:48','2023-04-06 11:25:48'),(139,1,0,'Generate html template in_transit at /var/www/boutiquelaccopping.webtotal.ca/mails/en/in_transit.html','',0,NULL,NULL,0,0,0,'2023-04-06 11:25:48','2023-04-06 11:25:48'),(140,1,0,'Generate txt template in_transit at /var/www/boutiquelaccopping.webtotal.ca/mails/en/in_transit.txt','',0,NULL,NULL,0,0,0,'2023-04-06 11:25:48','2023-04-06 11:25:48'),(141,1,0,'Generate html template log_alert at /var/www/boutiquelaccopping.webtotal.ca/mails/en/log_alert.html','',0,NULL,NULL,0,0,0,'2023-04-06 11:25:48','2023-04-06 11:25:48'),(142,1,0,'Generate txt template log_alert at /var/www/boutiquelaccopping.webtotal.ca/mails/en/log_alert.txt','',0,NULL,NULL,0,0,0,'2023-04-06 11:25:48','2023-04-06 11:25:48'),(143,1,0,'Generate html template newsletter at /var/www/boutiquelaccopping.webtotal.ca/mails/en/newsletter.html','',0,NULL,NULL,0,0,0,'2023-04-06 11:25:48','2023-04-06 11:25:48'),(144,1,0,'Generate txt template newsletter at /var/www/boutiquelaccopping.webtotal.ca/mails/en/newsletter.txt','',0,NULL,NULL,0,0,0,'2023-04-06 11:25:48','2023-04-06 11:25:48'),(145,1,0,'Generate html template order_canceled at /var/www/boutiquelaccopping.webtotal.ca/mails/en/order_canceled.html','',0,NULL,NULL,0,0,0,'2023-04-06 11:25:48','2023-04-06 11:25:48'),(146,1,0,'Generate txt template order_canceled at /var/www/boutiquelaccopping.webtotal.ca/mails/en/order_canceled.txt','',0,NULL,NULL,0,0,0,'2023-04-06 11:25:48','2023-04-06 11:25:48'),(147,1,0,'Generate html template order_changed at /var/www/boutiquelaccopping.webtotal.ca/mails/en/order_changed.html','',0,NULL,NULL,0,0,0,'2023-04-06 11:25:48','2023-04-06 11:25:48'),(148,1,0,'Generate txt template order_changed at /var/www/boutiquelaccopping.webtotal.ca/mails/en/order_changed.txt','',0,NULL,NULL,0,0,0,'2023-04-06 11:25:48','2023-04-06 11:25:48'),(149,1,0,'Generate html template order_conf at /var/www/boutiquelaccopping.webtotal.ca/mails/en/order_conf.html','',0,NULL,NULL,0,0,0,'2023-04-06 11:25:48','2023-04-06 11:25:48'),(150,1,0,'Generate txt template order_conf at /var/www/boutiquelaccopping.webtotal.ca/mails/en/order_conf.txt','',0,NULL,NULL,0,0,0,'2023-04-06 11:25:48','2023-04-06 11:25:48'),(151,1,0,'Generate html template order_customer_comment at /var/www/boutiquelaccopping.webtotal.ca/mails/en/order_customer_comment.html','',0,NULL,NULL,0,0,0,'2023-04-06 11:25:48','2023-04-06 11:25:48'),(152,1,0,'Generate txt template order_customer_comment at /var/www/boutiquelaccopping.webtotal.ca/mails/en/order_customer_comment.txt','',0,NULL,NULL,0,0,0,'2023-04-06 11:25:48','2023-04-06 11:25:48'),(153,1,0,'Generate html template order_merchant_comment at /var/www/boutiquelaccopping.webtotal.ca/mails/en/order_merchant_comment.html','',0,NULL,NULL,0,0,0,'2023-04-06 11:25:48','2023-04-06 11:25:48'),(154,1,0,'Generate txt template order_merchant_comment at /var/www/boutiquelaccopping.webtotal.ca/mails/en/order_merchant_comment.txt','',0,NULL,NULL,0,0,0,'2023-04-06 11:25:48','2023-04-06 11:25:48'),(155,1,0,'Generate html template order_return_state at /var/www/boutiquelaccopping.webtotal.ca/mails/en/order_return_state.html','',0,NULL,NULL,0,0,0,'2023-04-06 11:25:48','2023-04-06 11:25:48'),(156,1,0,'Generate txt template order_return_state at /var/www/boutiquelaccopping.webtotal.ca/mails/en/order_return_state.txt','',0,NULL,NULL,0,0,0,'2023-04-06 11:25:48','2023-04-06 11:25:48'),(157,1,0,'Generate html template outofstock at /var/www/boutiquelaccopping.webtotal.ca/mails/en/outofstock.html','',0,NULL,NULL,0,0,0,'2023-04-06 11:25:48','2023-04-06 11:25:48'),(158,1,0,'Generate txt template outofstock at /var/www/boutiquelaccopping.webtotal.ca/mails/en/outofstock.txt','',0,NULL,NULL,0,0,0,'2023-04-06 11:25:48','2023-04-06 11:25:48'),(159,1,0,'Generate html template password at /var/www/boutiquelaccopping.webtotal.ca/mails/en/password.html','',0,NULL,NULL,0,0,0,'2023-04-06 11:25:48','2023-04-06 11:25:48'),(160,1,0,'Generate txt template password at /var/www/boutiquelaccopping.webtotal.ca/mails/en/password.txt','',0,NULL,NULL,0,0,0,'2023-04-06 11:25:48','2023-04-06 11:25:48'),(161,1,0,'Generate html template password_query at /var/www/boutiquelaccopping.webtotal.ca/mails/en/password_query.html','',0,NULL,NULL,0,0,0,'2023-04-06 11:25:48','2023-04-06 11:25:48'),(162,1,0,'Generate txt template password_query at /var/www/boutiquelaccopping.webtotal.ca/mails/en/password_query.txt','',0,NULL,NULL,0,0,0,'2023-04-06 11:25:48','2023-04-06 11:25:48'),(163,1,0,'Generate html template payment at /var/www/boutiquelaccopping.webtotal.ca/mails/en/payment.html','',0,NULL,NULL,0,0,0,'2023-04-06 11:25:48','2023-04-06 11:25:48'),(164,1,0,'Generate txt template payment at /var/www/boutiquelaccopping.webtotal.ca/mails/en/payment.txt','',0,NULL,NULL,0,0,0,'2023-04-06 11:25:48','2023-04-06 11:25:48'),(165,1,0,'Generate html template payment_error at /var/www/boutiquelaccopping.webtotal.ca/mails/en/payment_error.html','',0,NULL,NULL,0,0,0,'2023-04-06 11:25:48','2023-04-06 11:25:48'),(166,1,0,'Generate txt template payment_error at /var/www/boutiquelaccopping.webtotal.ca/mails/en/payment_error.txt','',0,NULL,NULL,0,0,0,'2023-04-06 11:25:48','2023-04-06 11:25:48'),(167,1,0,'Generate html template preparation at /var/www/boutiquelaccopping.webtotal.ca/mails/en/preparation.html','',0,NULL,NULL,0,0,0,'2023-04-06 11:25:48','2023-04-06 11:25:48'),(168,1,0,'Generate txt template preparation at /var/www/boutiquelaccopping.webtotal.ca/mails/en/preparation.txt','',0,NULL,NULL,0,0,0,'2023-04-06 11:25:48','2023-04-06 11:25:48'),(169,1,0,'Generate html template productoutofstock at /var/www/boutiquelaccopping.webtotal.ca/mails/en/productoutofstock.html','',0,NULL,NULL,0,0,0,'2023-04-06 11:25:48','2023-04-06 11:25:48'),(170,1,0,'Generate txt template productoutofstock at /var/www/boutiquelaccopping.webtotal.ca/mails/en/productoutofstock.txt','',0,NULL,NULL,0,0,0,'2023-04-06 11:25:48','2023-04-06 11:25:48'),(171,1,0,'Generate html template refund at /var/www/boutiquelaccopping.webtotal.ca/mails/en/refund.html','',0,NULL,NULL,0,0,0,'2023-04-06 11:25:48','2023-04-06 11:25:48'),(172,1,0,'Generate txt template refund at /var/www/boutiquelaccopping.webtotal.ca/mails/en/refund.txt','',0,NULL,NULL,0,0,0,'2023-04-06 11:25:48','2023-04-06 11:25:48'),(173,1,0,'Generate html template reply_msg at /var/www/boutiquelaccopping.webtotal.ca/mails/en/reply_msg.html','',0,NULL,NULL,0,0,0,'2023-04-06 11:25:48','2023-04-06 11:25:48'),(174,1,0,'Generate txt template reply_msg at /var/www/boutiquelaccopping.webtotal.ca/mails/en/reply_msg.txt','',0,NULL,NULL,0,0,0,'2023-04-06 11:25:48','2023-04-06 11:25:48'),(175,1,0,'Generate html template shipped at /var/www/boutiquelaccopping.webtotal.ca/mails/en/shipped.html','',0,NULL,NULL,0,0,0,'2023-04-06 11:25:48','2023-04-06 11:25:48'),(176,1,0,'Generate txt template shipped at /var/www/boutiquelaccopping.webtotal.ca/mails/en/shipped.txt','',0,NULL,NULL,0,0,0,'2023-04-06 11:25:48','2023-04-06 11:25:48'),(177,1,0,'Generate html template test at /var/www/boutiquelaccopping.webtotal.ca/mails/en/test.html','',0,NULL,NULL,0,0,0,'2023-04-06 11:25:48','2023-04-06 11:25:48'),(178,1,0,'Generate txt template test at /var/www/boutiquelaccopping.webtotal.ca/mails/en/test.txt','',0,NULL,NULL,0,0,0,'2023-04-06 11:25:48','2023-04-06 11:25:48'),(179,1,0,'Generate html template voucher at /var/www/boutiquelaccopping.webtotal.ca/mails/en/voucher.html','',0,NULL,NULL,0,0,0,'2023-04-06 11:25:48','2023-04-06 11:25:48'),(180,1,0,'Generate txt template voucher at /var/www/boutiquelaccopping.webtotal.ca/mails/en/voucher.txt','',0,NULL,NULL,0,0,0,'2023-04-06 11:25:48','2023-04-06 11:25:48'),(181,1,0,'Generate html template voucher_new at /var/www/boutiquelaccopping.webtotal.ca/mails/en/voucher_new.html','',0,NULL,NULL,0,0,0,'2023-04-06 11:25:48','2023-04-06 11:25:48'),(182,1,0,'Generate txt template voucher_new at /var/www/boutiquelaccopping.webtotal.ca/mails/en/voucher_new.txt','',0,NULL,NULL,0,0,0,'2023-04-06 11:25:48','2023-04-06 11:25:48'),(183,1,0,'Generate html template followup_1 at /var/www/boutiquelaccopping.webtotal.ca/modules//ps_reminder/mails/en/followup_1.html','',0,NULL,NULL,0,0,0,'2023-04-06 11:25:48','2023-04-06 11:25:48'),(184,1,0,'Generate txt template followup_1 at /var/www/boutiquelaccopping.webtotal.ca/modules//ps_reminder/mails/en/followup_1.txt','',0,NULL,NULL,0,0,0,'2023-04-06 11:25:48','2023-04-06 11:25:48'),(185,1,0,'Generate html template followup_2 at /var/www/boutiquelaccopping.webtotal.ca/modules//ps_reminder/mails/en/followup_2.html','',0,NULL,NULL,0,0,0,'2023-04-06 11:25:48','2023-04-06 11:25:48'),(186,1,0,'Generate txt template followup_2 at /var/www/boutiquelaccopping.webtotal.ca/modules//ps_reminder/mails/en/followup_2.txt','',0,NULL,NULL,0,0,0,'2023-04-06 11:25:48','2023-04-06 11:25:48'),(187,1,0,'Generate html template followup_3 at /var/www/boutiquelaccopping.webtotal.ca/modules//ps_reminder/mails/en/followup_3.html','',0,NULL,NULL,0,0,0,'2023-04-06 11:25:48','2023-04-06 11:25:48'),(188,1,0,'Generate txt template followup_3 at /var/www/boutiquelaccopping.webtotal.ca/modules//ps_reminder/mails/en/followup_3.txt','',0,NULL,NULL,0,0,0,'2023-04-06 11:25:48','2023-04-06 11:25:48'),(189,1,0,'Generate html template followup_4 at /var/www/boutiquelaccopping.webtotal.ca/modules//ps_reminder/mails/en/followup_4.html','',0,NULL,NULL,0,0,0,'2023-04-06 11:25:48','2023-04-06 11:25:48'),(190,1,0,'Generate txt template followup_4 at /var/www/boutiquelaccopping.webtotal.ca/modules//ps_reminder/mails/en/followup_4.txt','',0,NULL,NULL,0,0,0,'2023-04-06 11:25:48','2023-04-06 11:25:48'),(191,1,0,'Generate html template customer_qty at /var/www/boutiquelaccopping.webtotal.ca/modules//ps_emailalerts/mails/en/customer_qty.html','',0,NULL,NULL,0,0,0,'2023-04-06 11:25:48','2023-04-06 11:25:48'),(192,1,0,'Generate txt template customer_qty at /var/www/boutiquelaccopping.webtotal.ca/modules//ps_emailalerts/mails/en/customer_qty.txt','',0,NULL,NULL,0,0,0,'2023-04-06 11:25:48','2023-04-06 11:25:48'),(193,1,0,'Generate html template new_order at /var/www/boutiquelaccopping.webtotal.ca/modules//ps_emailalerts/mails/en/new_order.html','',0,NULL,NULL,0,0,0,'2023-04-06 11:25:48','2023-04-06 11:25:48'),(194,1,0,'Generate txt template new_order at /var/www/boutiquelaccopping.webtotal.ca/modules//ps_emailalerts/mails/en/new_order.txt','',0,NULL,NULL,0,0,0,'2023-04-06 11:25:48','2023-04-06 11:25:48'),(195,1,0,'Generate html template order_changed at /var/www/boutiquelaccopping.webtotal.ca/modules//ps_emailalerts/mails/en/order_changed.html','',0,NULL,NULL,0,0,0,'2023-04-06 11:25:48','2023-04-06 11:25:48'),(196,1,0,'Generate txt template order_changed at /var/www/boutiquelaccopping.webtotal.ca/modules//ps_emailalerts/mails/en/order_changed.txt','',0,NULL,NULL,0,0,0,'2023-04-06 11:25:48','2023-04-06 11:25:48'),(197,1,0,'Generate html template productcoverage at /var/www/boutiquelaccopping.webtotal.ca/modules//ps_emailalerts/mails/en/productcoverage.html','',0,NULL,NULL,0,0,0,'2023-04-06 11:25:48','2023-04-06 11:25:48'),(198,1,0,'Generate txt template productcoverage at /var/www/boutiquelaccopping.webtotal.ca/modules//ps_emailalerts/mails/en/productcoverage.txt','',0,NULL,NULL,0,0,0,'2023-04-06 11:25:48','2023-04-06 11:25:48'),(199,1,0,'Generate html template productoutofstock at /var/www/boutiquelaccopping.webtotal.ca/modules//ps_emailalerts/mails/en/productoutofstock.html','',0,NULL,NULL,0,0,0,'2023-04-06 11:25:48','2023-04-06 11:25:48'),(200,1,0,'Generate txt template productoutofstock at /var/www/boutiquelaccopping.webtotal.ca/modules//ps_emailalerts/mails/en/productoutofstock.txt','',0,NULL,NULL,0,0,0,'2023-04-06 11:25:48','2023-04-06 11:25:48'),(201,1,0,'Generate html template return_slip at /var/www/boutiquelaccopping.webtotal.ca/modules//ps_emailalerts/mails/en/return_slip.html','',0,NULL,NULL,0,0,0,'2023-04-06 11:25:48','2023-04-06 11:25:48'),(202,1,0,'Generate txt template return_slip at /var/www/boutiquelaccopping.webtotal.ca/modules//ps_emailalerts/mails/en/return_slip.txt','',0,NULL,NULL,0,0,0,'2023-04-06 11:25:48','2023-04-06 11:25:48'),(203,1,0,'Generate html template newsletter_conf at /var/www/boutiquelaccopping.webtotal.ca/modules//ps_emailsubscription/mails/en/newsletter_conf.html','',0,NULL,NULL,0,0,0,'2023-04-06 11:25:48','2023-04-06 11:25:48'),(204,1,0,'Generate txt template newsletter_conf at /var/www/boutiquelaccopping.webtotal.ca/modules//ps_emailsubscription/mails/en/newsletter_conf.txt','',0,NULL,NULL,0,0,0,'2023-04-06 11:25:48','2023-04-06 11:25:48'),(205,1,0,'Generate html template newsletter_verif at /var/www/boutiquelaccopping.webtotal.ca/modules//ps_emailsubscription/mails/en/newsletter_verif.html','',0,NULL,NULL,0,0,0,'2023-04-06 11:25:48','2023-04-06 11:25:48'),(206,1,0,'Generate txt template newsletter_verif at /var/www/boutiquelaccopping.webtotal.ca/modules//ps_emailsubscription/mails/en/newsletter_verif.txt','',0,NULL,NULL,0,0,0,'2023-04-06 11:25:48','2023-04-06 11:25:48'),(207,1,0,'Generate html template newsletter_voucher at /var/www/boutiquelaccopping.webtotal.ca/modules//ps_emailsubscription/mails/en/newsletter_voucher.html','',0,NULL,NULL,0,0,0,'2023-04-06 11:25:48','2023-04-06 11:25:48'),(208,1,0,'Generate txt template newsletter_voucher at /var/www/boutiquelaccopping.webtotal.ca/modules//ps_emailsubscription/mails/en/newsletter_voucher.txt','',0,NULL,NULL,0,0,0,'2023-04-06 11:25:48','2023-04-06 11:25:48'),(209,1,0,'Generate html template followup_1 at /var/www/boutiquelaccopping.webtotal.ca/modules//followup/mails/en/followup_1.html','',0,NULL,NULL,0,0,0,'2023-04-06 11:25:48','2023-04-06 11:25:48'),(210,1,0,'Generate txt template followup_1 at /var/www/boutiquelaccopping.webtotal.ca/modules//followup/mails/en/followup_1.txt','',0,NULL,NULL,0,0,0,'2023-04-06 11:25:48','2023-04-06 11:25:48'),(211,1,0,'Generate html template followup_2 at /var/www/boutiquelaccopping.webtotal.ca/modules//followup/mails/en/followup_2.html','',0,NULL,NULL,0,0,0,'2023-04-06 11:25:48','2023-04-06 11:25:48'),(212,1,0,'Generate txt template followup_2 at /var/www/boutiquelaccopping.webtotal.ca/modules//followup/mails/en/followup_2.txt','',0,NULL,NULL,0,0,0,'2023-04-06 11:25:48','2023-04-06 11:25:48'),(213,1,0,'Generate html template followup_3 at /var/www/boutiquelaccopping.webtotal.ca/modules//followup/mails/en/followup_3.html','',0,NULL,NULL,0,0,0,'2023-04-06 11:25:48','2023-04-06 11:25:48'),(214,1,0,'Generate txt template followup_3 at /var/www/boutiquelaccopping.webtotal.ca/modules//followup/mails/en/followup_3.txt','',0,NULL,NULL,0,0,0,'2023-04-06 11:25:48','2023-04-06 11:25:48'),(215,1,0,'Generate html template followup_4 at /var/www/boutiquelaccopping.webtotal.ca/modules//followup/mails/en/followup_4.html','',0,NULL,NULL,0,0,0,'2023-04-06 11:25:49','2023-04-06 11:25:49'),(216,1,0,'Generate txt template followup_4 at /var/www/boutiquelaccopping.webtotal.ca/modules//followup/mails/en/followup_4.txt','',0,NULL,NULL,0,0,0,'2023-04-06 11:25:49','2023-04-06 11:25:49'),(217,1,0,'Generate html template referralprogram-congratulations at /var/www/boutiquelaccopping.webtotal.ca/modules//referralprogram/mails/en/referralprogram-congratulations.html','',0,NULL,NULL,0,0,0,'2023-04-06 11:25:49','2023-04-06 11:25:49'),(218,1,0,'Generate txt template referralprogram-congratulations at /var/www/boutiquelaccopping.webtotal.ca/modules//referralprogram/mails/en/referralprogram-congratulations.txt','',0,NULL,NULL,0,0,0,'2023-04-06 11:25:49','2023-04-06 11:25:49'),(219,1,0,'Generate html template referralprogram-invitation at /var/www/boutiquelaccopping.webtotal.ca/modules//referralprogram/mails/en/referralprogram-invitation.html','',0,NULL,NULL,0,0,0,'2023-04-06 11:25:49','2023-04-06 11:25:49'),(220,1,0,'Generate txt template referralprogram-invitation at /var/www/boutiquelaccopping.webtotal.ca/modules//referralprogram/mails/en/referralprogram-invitation.txt','',0,NULL,NULL,0,0,0,'2023-04-06 11:25:49','2023-04-06 11:25:49'),(221,1,0,'Generate html template referralprogram-voucher at /var/www/boutiquelaccopping.webtotal.ca/modules//referralprogram/mails/en/referralprogram-voucher.html','',0,NULL,NULL,0,0,0,'2023-04-06 11:25:49','2023-04-06 11:25:49'),(222,1,0,'Generate txt template referralprogram-voucher at /var/www/boutiquelaccopping.webtotal.ca/modules//referralprogram/mails/en/referralprogram-voucher.txt','',0,NULL,NULL,0,0,0,'2023-04-06 11:25:49','2023-04-06 11:25:49'),(223,1,0,'Exporting mail with theme modern for language Français CA (French)','',0,NULL,NULL,0,0,0,'2023-04-06 11:25:49','2023-04-06 11:25:49'),(224,1,0,'Core output folder: /var/www/boutiquelaccopping.webtotal.ca/mails','',0,NULL,NULL,0,0,0,'2023-04-06 11:25:49','2023-04-06 11:25:49'),(225,1,0,'Modules output folder: /var/www/boutiquelaccopping.webtotal.ca/modules/','',0,NULL,NULL,0,0,0,'2023-04-06 11:25:49','2023-04-06 11:25:49'),(226,1,0,'Generate html template account at /var/www/boutiquelaccopping.webtotal.ca/mails/qc/account.html','',0,NULL,NULL,0,0,0,'2023-04-06 11:25:49','2023-04-06 11:25:49'),(227,1,0,'Generate txt template account at /var/www/boutiquelaccopping.webtotal.ca/mails/qc/account.txt','',0,NULL,NULL,0,0,0,'2023-04-06 11:25:49','2023-04-06 11:25:49'),(228,1,0,'Generate html template backoffice_order at /var/www/boutiquelaccopping.webtotal.ca/mails/qc/backoffice_order.html','',0,NULL,NULL,0,0,0,'2023-04-06 11:25:49','2023-04-06 11:25:49'),(229,1,0,'Generate txt template backoffice_order at /var/www/boutiquelaccopping.webtotal.ca/mails/qc/backoffice_order.txt','',0,NULL,NULL,0,0,0,'2023-04-06 11:25:49','2023-04-06 11:25:49'),(230,1,0,'Generate html template bankwire at /var/www/boutiquelaccopping.webtotal.ca/mails/qc/bankwire.html','',0,NULL,NULL,0,0,0,'2023-04-06 11:25:49','2023-04-06 11:25:49'),(231,1,0,'Generate txt template bankwire at /var/www/boutiquelaccopping.webtotal.ca/mails/qc/bankwire.txt','',0,NULL,NULL,0,0,0,'2023-04-06 11:25:49','2023-04-06 11:25:49'),(232,1,0,'Generate html template cheque at /var/www/boutiquelaccopping.webtotal.ca/mails/qc/cheque.html','',0,NULL,NULL,0,0,0,'2023-04-06 11:25:49','2023-04-06 11:25:49'),(233,1,0,'Generate txt template cheque at /var/www/boutiquelaccopping.webtotal.ca/mails/qc/cheque.txt','',0,NULL,NULL,0,0,0,'2023-04-06 11:25:49','2023-04-06 11:25:49'),(234,1,0,'Generate html template contact at /var/www/boutiquelaccopping.webtotal.ca/mails/qc/contact.html','',0,NULL,NULL,0,0,0,'2023-04-06 11:25:49','2023-04-06 11:25:49'),(235,1,0,'Generate txt template contact at /var/www/boutiquelaccopping.webtotal.ca/mails/qc/contact.txt','',0,NULL,NULL,0,0,0,'2023-04-06 11:25:49','2023-04-06 11:25:49'),(236,1,0,'Generate html template contact_form at /var/www/boutiquelaccopping.webtotal.ca/mails/qc/contact_form.html','',0,NULL,NULL,0,0,0,'2023-04-06 11:25:49','2023-04-06 11:25:49'),(237,1,0,'Generate txt template contact_form at /var/www/boutiquelaccopping.webtotal.ca/mails/qc/contact_form.txt','',0,NULL,NULL,0,0,0,'2023-04-06 11:25:49','2023-04-06 11:25:49'),(238,1,0,'Generate html template credit_slip at /var/www/boutiquelaccopping.webtotal.ca/mails/qc/credit_slip.html','',0,NULL,NULL,0,0,0,'2023-04-06 11:25:49','2023-04-06 11:25:49'),(239,1,0,'Generate txt template credit_slip at /var/www/boutiquelaccopping.webtotal.ca/mails/qc/credit_slip.txt','',0,NULL,NULL,0,0,0,'2023-04-06 11:25:49','2023-04-06 11:25:49'),(240,1,0,'Generate html template download_product at /var/www/boutiquelaccopping.webtotal.ca/mails/qc/download_product.html','',0,NULL,NULL,0,0,0,'2023-04-06 11:25:49','2023-04-06 11:25:49'),(241,1,0,'Generate txt template download_product at /var/www/boutiquelaccopping.webtotal.ca/mails/qc/download_product.txt','',0,NULL,NULL,0,0,0,'2023-04-06 11:25:49','2023-04-06 11:25:49'),(242,1,0,'Generate html template employee_password at /var/www/boutiquelaccopping.webtotal.ca/mails/qc/employee_password.html','',0,NULL,NULL,0,0,0,'2023-04-06 11:25:49','2023-04-06 11:25:49'),(243,1,0,'Generate txt template employee_password at /var/www/boutiquelaccopping.webtotal.ca/mails/qc/employee_password.txt','',0,NULL,NULL,0,0,0,'2023-04-06 11:25:49','2023-04-06 11:25:49'),(244,1,0,'Generate html template forward_msg at /var/www/boutiquelaccopping.webtotal.ca/mails/qc/forward_msg.html','',0,NULL,NULL,0,0,0,'2023-04-06 11:25:49','2023-04-06 11:25:49'),(245,1,0,'Generate txt template forward_msg at /var/www/boutiquelaccopping.webtotal.ca/mails/qc/forward_msg.txt','',0,NULL,NULL,0,0,0,'2023-04-06 11:25:49','2023-04-06 11:25:49'),(246,1,0,'Generate html template guest_to_customer at /var/www/boutiquelaccopping.webtotal.ca/mails/qc/guest_to_customer.html','',0,NULL,NULL,0,0,0,'2023-04-06 11:25:49','2023-04-06 11:25:49'),(247,1,0,'Generate txt template guest_to_customer at /var/www/boutiquelaccopping.webtotal.ca/mails/qc/guest_to_customer.txt','',0,NULL,NULL,0,0,0,'2023-04-06 11:25:49','2023-04-06 11:25:49'),(248,1,0,'Generate html template import at /var/www/boutiquelaccopping.webtotal.ca/mails/qc/import.html','',0,NULL,NULL,0,0,0,'2023-04-06 11:25:49','2023-04-06 11:25:49'),(249,1,0,'Generate txt template import at /var/www/boutiquelaccopping.webtotal.ca/mails/qc/import.txt','',0,NULL,NULL,0,0,0,'2023-04-06 11:25:49','2023-04-06 11:25:49'),(250,1,0,'Generate html template in_transit at /var/www/boutiquelaccopping.webtotal.ca/mails/qc/in_transit.html','',0,NULL,NULL,0,0,0,'2023-04-06 11:25:49','2023-04-06 11:25:49'),(251,1,0,'Generate txt template in_transit at /var/www/boutiquelaccopping.webtotal.ca/mails/qc/in_transit.txt','',0,NULL,NULL,0,0,0,'2023-04-06 11:25:49','2023-04-06 11:25:49'),(252,1,0,'Generate html template log_alert at /var/www/boutiquelaccopping.webtotal.ca/mails/qc/log_alert.html','',0,NULL,NULL,0,0,0,'2023-04-06 11:25:49','2023-04-06 11:25:49'),(253,1,0,'Generate txt template log_alert at /var/www/boutiquelaccopping.webtotal.ca/mails/qc/log_alert.txt','',0,NULL,NULL,0,0,0,'2023-04-06 11:25:49','2023-04-06 11:25:49'),(254,1,0,'Generate html template newsletter at /var/www/boutiquelaccopping.webtotal.ca/mails/qc/newsletter.html','',0,NULL,NULL,0,0,0,'2023-04-06 11:25:49','2023-04-06 11:25:49'),(255,1,0,'Generate txt template newsletter at /var/www/boutiquelaccopping.webtotal.ca/mails/qc/newsletter.txt','',0,NULL,NULL,0,0,0,'2023-04-06 11:25:49','2023-04-06 11:25:49'),(256,1,0,'Generate html template order_canceled at /var/www/boutiquelaccopping.webtotal.ca/mails/qc/order_canceled.html','',0,NULL,NULL,0,0,0,'2023-04-06 11:25:49','2023-04-06 11:25:49'),(257,1,0,'Generate txt template order_canceled at /var/www/boutiquelaccopping.webtotal.ca/mails/qc/order_canceled.txt','',0,NULL,NULL,0,0,0,'2023-04-06 11:25:49','2023-04-06 11:25:49'),(258,1,0,'Generate html template order_changed at /var/www/boutiquelaccopping.webtotal.ca/mails/qc/order_changed.html','',0,NULL,NULL,0,0,0,'2023-04-06 11:25:50','2023-04-06 11:25:50'),(259,1,0,'Generate txt template order_changed at /var/www/boutiquelaccopping.webtotal.ca/mails/qc/order_changed.txt','',0,NULL,NULL,0,0,0,'2023-04-06 11:25:50','2023-04-06 11:25:50'),(260,1,0,'Generate html template order_conf at /var/www/boutiquelaccopping.webtotal.ca/mails/qc/order_conf.html','',0,NULL,NULL,0,0,0,'2023-04-06 11:25:50','2023-04-06 11:25:50'),(261,1,0,'Generate txt template order_conf at /var/www/boutiquelaccopping.webtotal.ca/mails/qc/order_conf.txt','',0,NULL,NULL,0,0,0,'2023-04-06 11:25:50','2023-04-06 11:25:50'),(262,1,0,'Generate html template order_customer_comment at /var/www/boutiquelaccopping.webtotal.ca/mails/qc/order_customer_comment.html','',0,NULL,NULL,0,0,0,'2023-04-06 11:25:50','2023-04-06 11:25:50'),(263,1,0,'Generate txt template order_customer_comment at /var/www/boutiquelaccopping.webtotal.ca/mails/qc/order_customer_comment.txt','',0,NULL,NULL,0,0,0,'2023-04-06 11:25:50','2023-04-06 11:25:50'),(264,1,0,'Generate html template order_merchant_comment at /var/www/boutiquelaccopping.webtotal.ca/mails/qc/order_merchant_comment.html','',0,NULL,NULL,0,0,0,'2023-04-06 11:25:50','2023-04-06 11:25:50'),(265,1,0,'Generate txt template order_merchant_comment at /var/www/boutiquelaccopping.webtotal.ca/mails/qc/order_merchant_comment.txt','',0,NULL,NULL,0,0,0,'2023-04-06 11:25:50','2023-04-06 11:25:50'),(266,1,0,'Generate html template order_return_state at /var/www/boutiquelaccopping.webtotal.ca/mails/qc/order_return_state.html','',0,NULL,NULL,0,0,0,'2023-04-06 11:25:50','2023-04-06 11:25:50'),(267,1,0,'Generate txt template order_return_state at /var/www/boutiquelaccopping.webtotal.ca/mails/qc/order_return_state.txt','',0,NULL,NULL,0,0,0,'2023-04-06 11:25:50','2023-04-06 11:25:50'),(268,1,0,'Generate html template outofstock at /var/www/boutiquelaccopping.webtotal.ca/mails/qc/outofstock.html','',0,NULL,NULL,0,0,0,'2023-04-06 11:25:50','2023-04-06 11:25:50'),(269,1,0,'Generate txt template outofstock at /var/www/boutiquelaccopping.webtotal.ca/mails/qc/outofstock.txt','',0,NULL,NULL,0,0,0,'2023-04-06 11:25:50','2023-04-06 11:25:50'),(270,1,0,'Generate html template password at /var/www/boutiquelaccopping.webtotal.ca/mails/qc/password.html','',0,NULL,NULL,0,0,0,'2023-04-06 11:25:50','2023-04-06 11:25:50'),(271,1,0,'Generate txt template password at /var/www/boutiquelaccopping.webtotal.ca/mails/qc/password.txt','',0,NULL,NULL,0,0,0,'2023-04-06 11:25:50','2023-04-06 11:25:50'),(272,1,0,'Generate html template password_query at /var/www/boutiquelaccopping.webtotal.ca/mails/qc/password_query.html','',0,NULL,NULL,0,0,0,'2023-04-06 11:25:50','2023-04-06 11:25:50'),(273,1,0,'Generate txt template password_query at /var/www/boutiquelaccopping.webtotal.ca/mails/qc/password_query.txt','',0,NULL,NULL,0,0,0,'2023-04-06 11:25:50','2023-04-06 11:25:50'),(274,1,0,'Generate html template payment at /var/www/boutiquelaccopping.webtotal.ca/mails/qc/payment.html','',0,NULL,NULL,0,0,0,'2023-04-06 11:25:50','2023-04-06 11:25:50'),(275,1,0,'Generate txt template payment at /var/www/boutiquelaccopping.webtotal.ca/mails/qc/payment.txt','',0,NULL,NULL,0,0,0,'2023-04-06 11:25:50','2023-04-06 11:25:50'),(276,1,0,'Generate html template payment_error at /var/www/boutiquelaccopping.webtotal.ca/mails/qc/payment_error.html','',0,NULL,NULL,0,0,0,'2023-04-06 11:25:50','2023-04-06 11:25:50'),(277,1,0,'Generate txt template payment_error at /var/www/boutiquelaccopping.webtotal.ca/mails/qc/payment_error.txt','',0,NULL,NULL,0,0,0,'2023-04-06 11:25:50','2023-04-06 11:25:50'),(278,1,0,'Generate html template preparation at /var/www/boutiquelaccopping.webtotal.ca/mails/qc/preparation.html','',0,NULL,NULL,0,0,0,'2023-04-06 11:25:50','2023-04-06 11:25:50'),(279,1,0,'Generate txt template preparation at /var/www/boutiquelaccopping.webtotal.ca/mails/qc/preparation.txt','',0,NULL,NULL,0,0,0,'2023-04-06 11:25:50','2023-04-06 11:25:50'),(280,1,0,'Generate html template productoutofstock at /var/www/boutiquelaccopping.webtotal.ca/mails/qc/productoutofstock.html','',0,NULL,NULL,0,0,0,'2023-04-06 11:25:50','2023-04-06 11:25:50'),(281,1,0,'Generate txt template productoutofstock at /var/www/boutiquelaccopping.webtotal.ca/mails/qc/productoutofstock.txt','',0,NULL,NULL,0,0,0,'2023-04-06 11:25:50','2023-04-06 11:25:50'),(282,1,0,'Generate html template refund at /var/www/boutiquelaccopping.webtotal.ca/mails/qc/refund.html','',0,NULL,NULL,0,0,0,'2023-04-06 11:25:50','2023-04-06 11:25:50'),(283,1,0,'Generate txt template refund at /var/www/boutiquelaccopping.webtotal.ca/mails/qc/refund.txt','',0,NULL,NULL,0,0,0,'2023-04-06 11:25:50','2023-04-06 11:25:50'),(284,1,0,'Generate html template reply_msg at /var/www/boutiquelaccopping.webtotal.ca/mails/qc/reply_msg.html','',0,NULL,NULL,0,0,0,'2023-04-06 11:25:50','2023-04-06 11:25:50'),(285,1,0,'Generate txt template reply_msg at /var/www/boutiquelaccopping.webtotal.ca/mails/qc/reply_msg.txt','',0,NULL,NULL,0,0,0,'2023-04-06 11:25:50','2023-04-06 11:25:50'),(286,1,0,'Generate html template shipped at /var/www/boutiquelaccopping.webtotal.ca/mails/qc/shipped.html','',0,NULL,NULL,0,0,0,'2023-04-06 11:25:50','2023-04-06 11:25:50'),(287,1,0,'Generate txt template shipped at /var/www/boutiquelaccopping.webtotal.ca/mails/qc/shipped.txt','',0,NULL,NULL,0,0,0,'2023-04-06 11:25:50','2023-04-06 11:25:50'),(288,1,0,'Generate html template test at /var/www/boutiquelaccopping.webtotal.ca/mails/qc/test.html','',0,NULL,NULL,0,0,0,'2023-04-06 11:25:50','2023-04-06 11:25:50'),(289,1,0,'Generate txt template test at /var/www/boutiquelaccopping.webtotal.ca/mails/qc/test.txt','',0,NULL,NULL,0,0,0,'2023-04-06 11:25:50','2023-04-06 11:25:50'),(290,1,0,'Generate html template voucher at /var/www/boutiquelaccopping.webtotal.ca/mails/qc/voucher.html','',0,NULL,NULL,0,0,0,'2023-04-06 11:25:50','2023-04-06 11:25:50'),(291,1,0,'Generate txt template voucher at /var/www/boutiquelaccopping.webtotal.ca/mails/qc/voucher.txt','',0,NULL,NULL,0,0,0,'2023-04-06 11:25:50','2023-04-06 11:25:50'),(292,1,0,'Generate html template voucher_new at /var/www/boutiquelaccopping.webtotal.ca/mails/qc/voucher_new.html','',0,NULL,NULL,0,0,0,'2023-04-06 11:25:50','2023-04-06 11:25:50'),(293,1,0,'Generate txt template voucher_new at /var/www/boutiquelaccopping.webtotal.ca/mails/qc/voucher_new.txt','',0,NULL,NULL,0,0,0,'2023-04-06 11:25:50','2023-04-06 11:25:50'),(294,1,0,'Generate html template followup_1 at /var/www/boutiquelaccopping.webtotal.ca/modules//ps_reminder/mails/qc/followup_1.html','',0,NULL,NULL,0,0,0,'2023-04-06 11:25:50','2023-04-06 11:25:50'),(295,1,0,'Generate txt template followup_1 at /var/www/boutiquelaccopping.webtotal.ca/modules//ps_reminder/mails/qc/followup_1.txt','',0,NULL,NULL,0,0,0,'2023-04-06 11:25:50','2023-04-06 11:25:50'),(296,1,0,'Generate html template followup_2 at /var/www/boutiquelaccopping.webtotal.ca/modules//ps_reminder/mails/qc/followup_2.html','',0,NULL,NULL,0,0,0,'2023-04-06 11:25:50','2023-04-06 11:25:50'),(297,1,0,'Generate txt template followup_2 at /var/www/boutiquelaccopping.webtotal.ca/modules//ps_reminder/mails/qc/followup_2.txt','',0,NULL,NULL,0,0,0,'2023-04-06 11:25:50','2023-04-06 11:25:50'),(298,1,0,'Generate html template followup_3 at /var/www/boutiquelaccopping.webtotal.ca/modules//ps_reminder/mails/qc/followup_3.html','',0,NULL,NULL,0,0,0,'2023-04-06 11:25:50','2023-04-06 11:25:50'),(299,1,0,'Generate txt template followup_3 at /var/www/boutiquelaccopping.webtotal.ca/modules//ps_reminder/mails/qc/followup_3.txt','',0,NULL,NULL,0,0,0,'2023-04-06 11:25:50','2023-04-06 11:25:50'),(300,1,0,'Generate html template followup_4 at /var/www/boutiquelaccopping.webtotal.ca/modules//ps_reminder/mails/qc/followup_4.html','',0,NULL,NULL,0,0,0,'2023-04-06 11:25:50','2023-04-06 11:25:50'),(301,1,0,'Generate txt template followup_4 at /var/www/boutiquelaccopping.webtotal.ca/modules//ps_reminder/mails/qc/followup_4.txt','',0,NULL,NULL,0,0,0,'2023-04-06 11:25:50','2023-04-06 11:25:50'),(302,1,0,'Generate html template customer_qty at /var/www/boutiquelaccopping.webtotal.ca/modules//ps_emailalerts/mails/qc/customer_qty.html','',0,NULL,NULL,0,0,0,'2023-04-06 11:25:50','2023-04-06 11:25:50'),(303,1,0,'Generate txt template customer_qty at /var/www/boutiquelaccopping.webtotal.ca/modules//ps_emailalerts/mails/qc/customer_qty.txt','',0,NULL,NULL,0,0,0,'2023-04-06 11:25:50','2023-04-06 11:25:50'),(304,1,0,'Generate html template new_order at /var/www/boutiquelaccopping.webtotal.ca/modules//ps_emailalerts/mails/qc/new_order.html','',0,NULL,NULL,0,0,0,'2023-04-06 11:25:50','2023-04-06 11:25:50'),(305,1,0,'Generate txt template new_order at /var/www/boutiquelaccopping.webtotal.ca/modules//ps_emailalerts/mails/qc/new_order.txt','',0,NULL,NULL,0,0,0,'2023-04-06 11:25:50','2023-04-06 11:25:50'),(306,1,0,'Generate html template order_changed at /var/www/boutiquelaccopping.webtotal.ca/modules//ps_emailalerts/mails/qc/order_changed.html','',0,NULL,NULL,0,0,0,'2023-04-06 11:25:50','2023-04-06 11:25:50'),(307,1,0,'Generate txt template order_changed at /var/www/boutiquelaccopping.webtotal.ca/modules//ps_emailalerts/mails/qc/order_changed.txt','',0,NULL,NULL,0,0,0,'2023-04-06 11:25:50','2023-04-06 11:25:50'),(308,1,0,'Generate html template productcoverage at /var/www/boutiquelaccopping.webtotal.ca/modules//ps_emailalerts/mails/qc/productcoverage.html','',0,NULL,NULL,0,0,0,'2023-04-06 11:25:50','2023-04-06 11:25:50'),(309,1,0,'Generate txt template productcoverage at /var/www/boutiquelaccopping.webtotal.ca/modules//ps_emailalerts/mails/qc/productcoverage.txt','',0,NULL,NULL,0,0,0,'2023-04-06 11:25:50','2023-04-06 11:25:50'),(310,1,0,'Generate html template productoutofstock at /var/www/boutiquelaccopping.webtotal.ca/modules//ps_emailalerts/mails/qc/productoutofstock.html','',0,NULL,NULL,0,0,0,'2023-04-06 11:25:50','2023-04-06 11:25:50'),(311,1,0,'Generate txt template productoutofstock at /var/www/boutiquelaccopping.webtotal.ca/modules//ps_emailalerts/mails/qc/productoutofstock.txt','',0,NULL,NULL,0,0,0,'2023-04-06 11:25:50','2023-04-06 11:25:50'),(312,1,0,'Generate html template return_slip at /var/www/boutiquelaccopping.webtotal.ca/modules//ps_emailalerts/mails/qc/return_slip.html','',0,NULL,NULL,0,0,0,'2023-04-06 11:25:50','2023-04-06 11:25:50'),(313,1,0,'Generate txt template return_slip at /var/www/boutiquelaccopping.webtotal.ca/modules//ps_emailalerts/mails/qc/return_slip.txt','',0,NULL,NULL,0,0,0,'2023-04-06 11:25:50','2023-04-06 11:25:50'),(314,1,0,'Generate html template newsletter_conf at /var/www/boutiquelaccopping.webtotal.ca/modules//ps_emailsubscription/mails/qc/newsletter_conf.html','',0,NULL,NULL,0,0,0,'2023-04-06 11:25:50','2023-04-06 11:25:50'),(315,1,0,'Generate txt template newsletter_conf at /var/www/boutiquelaccopping.webtotal.ca/modules//ps_emailsubscription/mails/qc/newsletter_conf.txt','',0,NULL,NULL,0,0,0,'2023-04-06 11:25:50','2023-04-06 11:25:50'),(316,1,0,'Generate html template newsletter_verif at /var/www/boutiquelaccopping.webtotal.ca/modules//ps_emailsubscription/mails/qc/newsletter_verif.html','',0,NULL,NULL,0,0,0,'2023-04-06 11:25:50','2023-04-06 11:25:50'),(317,1,0,'Generate txt template newsletter_verif at /var/www/boutiquelaccopping.webtotal.ca/modules//ps_emailsubscription/mails/qc/newsletter_verif.txt','',0,NULL,NULL,0,0,0,'2023-04-06 11:25:50','2023-04-06 11:25:50'),(318,1,0,'Generate html template newsletter_voucher at /var/www/boutiquelaccopping.webtotal.ca/modules//ps_emailsubscription/mails/qc/newsletter_voucher.html','',0,NULL,NULL,0,0,0,'2023-04-06 11:25:50','2023-04-06 11:25:50'),(319,1,0,'Generate txt template newsletter_voucher at /var/www/boutiquelaccopping.webtotal.ca/modules//ps_emailsubscription/mails/qc/newsletter_voucher.txt','',0,NULL,NULL,0,0,0,'2023-04-06 11:25:50','2023-04-06 11:25:50'),(320,1,0,'Generate html template followup_1 at /var/www/boutiquelaccopping.webtotal.ca/modules//followup/mails/qc/followup_1.html','',0,NULL,NULL,0,0,0,'2023-04-06 11:25:50','2023-04-06 11:25:50'),(321,1,0,'Generate txt template followup_1 at /var/www/boutiquelaccopping.webtotal.ca/modules//followup/mails/qc/followup_1.txt','',0,NULL,NULL,0,0,0,'2023-04-06 11:25:50','2023-04-06 11:25:50'),(322,1,0,'Generate html template followup_2 at /var/www/boutiquelaccopping.webtotal.ca/modules//followup/mails/qc/followup_2.html','',0,NULL,NULL,0,0,0,'2023-04-06 11:25:50','2023-04-06 11:25:50'),(323,1,0,'Generate txt template followup_2 at /var/www/boutiquelaccopping.webtotal.ca/modules//followup/mails/qc/followup_2.txt','',0,NULL,NULL,0,0,0,'2023-04-06 11:25:50','2023-04-06 11:25:50'),(324,1,0,'Generate html template followup_3 at /var/www/boutiquelaccopping.webtotal.ca/modules//followup/mails/qc/followup_3.html','',0,NULL,NULL,0,0,0,'2023-04-06 11:25:50','2023-04-06 11:25:50'),(325,1,0,'Generate txt template followup_3 at /var/www/boutiquelaccopping.webtotal.ca/modules//followup/mails/qc/followup_3.txt','',0,NULL,NULL,0,0,0,'2023-04-06 11:25:50','2023-04-06 11:25:50'),(326,1,0,'Generate html template followup_4 at /var/www/boutiquelaccopping.webtotal.ca/modules//followup/mails/qc/followup_4.html','',0,NULL,NULL,0,0,0,'2023-04-06 11:25:50','2023-04-06 11:25:50'),(327,1,0,'Generate txt template followup_4 at /var/www/boutiquelaccopping.webtotal.ca/modules//followup/mails/qc/followup_4.txt','',0,NULL,NULL,0,0,0,'2023-04-06 11:25:50','2023-04-06 11:25:50'),(328,1,0,'Generate html template referralprogram-congratulations at /var/www/boutiquelaccopping.webtotal.ca/modules//referralprogram/mails/qc/referralprogram-congratulations.html','',0,NULL,NULL,0,0,0,'2023-04-06 11:25:50','2023-04-06 11:25:50'),(329,1,0,'Generate txt template referralprogram-congratulations at /var/www/boutiquelaccopping.webtotal.ca/modules//referralprogram/mails/qc/referralprogram-congratulations.txt','',0,NULL,NULL,0,0,0,'2023-04-06 11:25:50','2023-04-06 11:25:50'),(330,1,0,'Generate html template referralprogram-invitation at /var/www/boutiquelaccopping.webtotal.ca/modules//referralprogram/mails/qc/referralprogram-invitation.html','',0,NULL,NULL,0,0,0,'2023-04-06 11:25:50','2023-04-06 11:25:50'),(331,1,0,'Generate txt template referralprogram-invitation at /var/www/boutiquelaccopping.webtotal.ca/modules//referralprogram/mails/qc/referralprogram-invitation.txt','',0,NULL,NULL,0,0,0,'2023-04-06 11:25:50','2023-04-06 11:25:50'),(332,1,0,'Generate html template referralprogram-voucher at /var/www/boutiquelaccopping.webtotal.ca/modules//referralprogram/mails/qc/referralprogram-voucher.html','',0,NULL,NULL,0,0,0,'2023-04-06 11:25:50','2023-04-06 11:25:50'),(333,1,0,'Generate txt template referralprogram-voucher at /var/www/boutiquelaccopping.webtotal.ca/modules//referralprogram/mails/qc/referralprogram-voucher.txt','',0,NULL,NULL,0,0,0,'2023-04-06 11:25:50','2023-04-06 11:25:50'),(334,1,0,'Protect vendor folder in module ps_linklist','',0,1,NULL,1,0,1,'2023-04-06 11:25:56','2023-04-06 11:25:56'),(335,1,0,'Module ps_linklist has no vendor folder','',0,1,NULL,1,0,1,'2023-04-06 11:25:56','2023-04-06 11:25:56'),(336,1,0,'Protect vendor folder in module blockreassurance','',0,1,NULL,1,0,1,'2023-04-06 11:25:56','2023-04-06 11:25:56'),(337,1,0,'Module blockreassurance has no vendor folder','',0,1,NULL,1,0,1,'2023-04-06 11:25:56','2023-04-06 11:25:56'),(338,1,0,'Protect vendor folder in module blockwishlist','',0,1,NULL,1,0,1,'2023-04-06 11:25:56','2023-04-06 11:25:56'),(339,1,0,'Module blockwishlist has no vendor folder','',0,1,NULL,1,0,1,'2023-04-06 11:25:56','2023-04-06 11:25:56'),(340,1,0,'Protect vendor folder in module psgdpr','',0,1,NULL,1,0,1,'2023-04-06 11:25:56','2023-04-06 11:25:56'),(341,1,0,'Module psgdpr has no vendor folder','',0,1,NULL,1,0,1,'2023-04-06 11:25:56','2023-04-06 11:25:56'),(342,1,0,'Protect vendor folder in module ps_contactinfo','',0,1,NULL,1,0,1,'2023-04-06 11:25:56','2023-04-06 11:25:56'),(343,1,0,'Module ps_contactinfo has no vendor folder','',0,1,NULL,1,0,1,'2023-04-06 11:25:56','2023-04-06 11:25:56'),(344,1,0,'Protect vendor folder in module ps_languageselector','',0,1,NULL,1,0,1,'2023-04-06 11:25:56','2023-04-06 11:25:56'),(345,1,0,'Module ps_languageselector has no vendor folder','',0,1,NULL,1,0,1,'2023-04-06 11:25:56','2023-04-06 11:25:56'),(346,1,0,'Protect vendor folder in module ps_currencyselector','',0,1,NULL,1,0,1,'2023-04-06 11:25:56','2023-04-06 11:25:56'),(347,1,0,'Module ps_currencyselector has no vendor folder','',0,1,NULL,1,0,1,'2023-04-06 11:25:56','2023-04-06 11:25:56'),(348,1,0,'Protect vendor folder in module ps_customersignin','',0,1,NULL,1,0,1,'2023-04-06 11:25:56','2023-04-06 11:25:56'),(349,1,0,'Module ps_customersignin has no vendor folder','',0,1,NULL,1,0,1,'2023-04-06 11:25:56','2023-04-06 11:25:56'),(350,1,0,'Protect vendor folder in module ps_shoppingcart','',0,1,NULL,1,0,1,'2023-04-06 11:25:56','2023-04-06 11:25:56'),(351,1,0,'Module ps_shoppingcart has no vendor folder','',0,1,NULL,1,0,1,'2023-04-06 11:25:56','2023-04-06 11:25:56'),(352,1,0,'Protect vendor folder in module ps_mainmenu','',0,1,NULL,1,0,1,'2023-04-06 11:25:57','2023-04-06 11:25:57'),(353,1,0,'Module ps_mainmenu has no vendor folder','',0,1,NULL,1,0,1,'2023-04-06 11:25:57','2023-04-06 11:25:57'),(354,1,0,'Protect vendor folder in module ps_searchbar','',0,1,NULL,1,0,1,'2023-04-06 11:25:57','2023-04-06 11:25:57'),(355,1,0,'Module ps_searchbar has no vendor folder','',0,1,NULL,1,0,1,'2023-04-06 11:25:57','2023-04-06 11:25:57'),(356,1,0,'Protect vendor folder in module ps_imageslider','',0,1,NULL,1,0,1,'2023-04-06 11:25:57','2023-04-06 11:25:57'),(357,1,0,'Module ps_imageslider has no vendor folder','',0,1,NULL,1,0,1,'2023-04-06 11:25:57','2023-04-06 11:25:57'),(358,1,0,'Protect vendor folder in module ps_featuredproducts','',0,1,NULL,1,0,1,'2023-04-06 11:25:57','2023-04-06 11:25:57'),(359,1,0,'Module ps_featuredproducts has no vendor folder','',0,1,NULL,1,0,1,'2023-04-06 11:25:57','2023-04-06 11:25:57'),(360,1,0,'Protect vendor folder in module ps_banner','',0,1,NULL,1,0,1,'2023-04-06 11:25:57','2023-04-06 11:25:57'),(361,1,0,'Module ps_banner has no vendor folder','',0,1,NULL,1,0,1,'2023-04-06 11:25:57','2023-04-06 11:25:57'),(362,1,0,'Protect vendor folder in module ps_customtext','',0,1,NULL,1,0,1,'2023-04-06 11:25:57','2023-04-06 11:25:57'),(363,1,0,'Module ps_customtext has no vendor folder','',0,1,NULL,1,0,1,'2023-04-06 11:25:57','2023-04-06 11:25:57'),(364,1,0,'Protect vendor folder in module ps_specials','',0,1,NULL,1,0,1,'2023-04-06 11:25:57','2023-04-06 11:25:57'),(365,1,0,'Module ps_specials has no vendor folder','',0,1,NULL,1,0,1,'2023-04-06 11:25:57','2023-04-06 11:25:57'),(366,1,0,'Protect vendor folder in module ps_newproducts','',0,1,NULL,1,0,1,'2023-04-06 11:25:57','2023-04-06 11:25:57'),(367,1,0,'Module ps_newproducts has no vendor folder','',0,1,NULL,1,0,1,'2023-04-06 11:25:57','2023-04-06 11:25:57'),(368,1,0,'Protect vendor folder in module ps_bestsellers','',0,1,NULL,1,0,1,'2023-04-06 11:25:57','2023-04-06 11:25:57'),(369,1,0,'Module ps_bestsellers has no vendor folder','',0,1,NULL,1,0,1,'2023-04-06 11:25:57','2023-04-06 11:25:57'),(370,1,0,'Protect vendor folder in module ps_emailsubscription','',0,1,NULL,1,0,1,'2023-04-06 11:25:57','2023-04-06 11:25:57'),(371,1,0,'Module ps_emailsubscription has no vendor folder','',0,1,NULL,1,0,1,'2023-04-06 11:25:57','2023-04-06 11:25:57'),(372,1,0,'Protect vendor folder in module ps_socialfollow','',0,1,NULL,1,0,1,'2023-04-06 11:25:57','2023-04-06 11:25:57'),(373,1,0,'Module ps_socialfollow has no vendor folder','',0,1,NULL,1,0,1,'2023-04-06 11:25:57','2023-04-06 11:25:57'),(374,1,0,'Protect vendor folder in module ps_customeraccountlinks','',0,1,NULL,1,0,1,'2023-04-06 11:25:57','2023-04-06 11:25:57'),(375,1,0,'Module ps_customeraccountlinks has no vendor folder','',0,1,NULL,1,0,1,'2023-04-06 11:25:57','2023-04-06 11:25:57'),(376,1,0,'Protect vendor folder in module productcomments','',0,1,NULL,1,0,1,'2023-04-06 11:25:57','2023-04-06 11:25:57'),(377,1,0,'Module productcomments has no vendor folder','',0,1,NULL,1,0,1,'2023-04-06 11:25:57','2023-04-06 11:25:57'),(378,1,0,'Protect vendor folder in module ps_categorytree','',0,1,NULL,1,0,1,'2023-04-06 11:25:57','2023-04-06 11:25:57'),(379,1,0,'Module ps_categorytree has no vendor folder','',0,1,NULL,1,0,1,'2023-04-06 11:25:57','2023-04-06 11:25:57'),(380,1,0,'Protect vendor folder in module ps_facetedsearch','',0,1,NULL,1,0,1,'2023-04-06 11:25:57','2023-04-06 11:25:57'),(381,1,0,'Module ps_facetedsearch has no vendor folder','',0,1,NULL,1,0,1,'2023-04-06 11:25:57','2023-04-06 11:25:57'),(382,1,0,'Protect vendor folder in module contactform','',0,1,NULL,1,0,1,'2023-04-06 11:25:57','2023-04-06 11:25:57'),(383,1,0,'Module contactform has no vendor folder','',0,1,NULL,1,0,1,'2023-04-06 11:25:57','2023-04-06 11:25:57'),(384,1,0,'Protect vendor folder in module ps_sharebuttons','',0,1,NULL,1,0,1,'2023-04-06 11:25:57','2023-04-06 11:25:57'),(385,1,0,'Module ps_sharebuttons has no vendor folder','',0,1,NULL,1,0,1,'2023-04-06 11:25:57','2023-04-06 11:25:57'),(386,1,0,'Protect vendor folder in module ps_viewedproduct','',0,1,NULL,1,0,1,'2023-04-06 11:26:19','2023-04-06 11:26:19'),(387,1,0,'Module ps_viewedproduct has no vendor folder','',0,1,NULL,1,0,1,'2023-04-06 11:26:19','2023-04-06 11:26:19'),(388,1,0,'Protect vendor folder in module ps_checkpayment','',0,1,NULL,1,0,1,'2023-04-06 11:26:19','2023-04-06 11:26:19'),(389,1,0,'Module ps_checkpayment has no vendor folder','',0,1,NULL,1,0,1,'2023-04-06 11:26:19','2023-04-06 11:26:19'),(390,1,0,'Protect vendor folder in module statscatalog','',0,1,NULL,1,0,1,'2023-04-06 11:26:19','2023-04-06 11:26:19'),(391,1,0,'Module statscatalog has no vendor folder','',0,1,NULL,1,0,1,'2023-04-06 11:26:19','2023-04-06 11:26:19'),(392,1,0,'Protect vendor folder in module dashtrends','',0,1,NULL,1,0,1,'2023-04-06 11:26:19','2023-04-06 11:26:19'),(393,1,0,'Module dashtrends has no vendor folder','',0,1,NULL,1,0,1,'2023-04-06 11:26:19','2023-04-06 11:26:19'),(394,1,0,'Protect vendor folder in module gsitemap','',0,1,NULL,1,0,1,'2023-04-06 11:26:19','2023-04-06 11:26:19'),(395,1,0,'Module gsitemap has no vendor folder','',0,1,NULL,1,0,1,'2023-04-06 11:26:19','2023-04-06 11:26:19'),(396,1,0,'Protect vendor folder in module ps_crossselling','',0,1,NULL,1,0,1,'2023-04-06 11:26:19','2023-04-06 11:26:19'),(397,1,0,'Module ps_crossselling has no vendor folder','',0,1,NULL,1,0,1,'2023-04-06 11:26:19','2023-04-06 11:26:19'),(398,1,0,'Protect vendor folder in module ps_brandlist','',0,1,NULL,1,0,1,'2023-04-06 11:26:19','2023-04-06 11:26:19'),(399,1,0,'Module ps_brandlist has no vendor folder','',0,1,NULL,1,0,1,'2023-04-06 11:26:19','2023-04-06 11:26:19'),(400,1,0,'Protect vendor folder in module ps_emailalerts','',0,1,NULL,1,0,1,'2023-04-06 11:26:19','2023-04-06 11:26:19'),(401,1,0,'Module ps_emailalerts has no vendor folder','',0,1,NULL,1,0,1,'2023-04-06 11:26:19','2023-04-06 11:26:19'),(402,1,0,'Protect vendor folder in module statsbestproducts','',0,1,NULL,1,0,1,'2023-04-06 11:26:19','2023-04-06 11:26:19'),(403,1,0,'Module statsbestproducts has no vendor folder','',0,1,NULL,1,0,1,'2023-04-06 11:26:19','2023-04-06 11:26:19'),(404,1,0,'Protect vendor folder in module statsbestvouchers','',0,1,NULL,1,0,1,'2023-04-06 11:26:19','2023-04-06 11:26:19'),(405,1,0,'Module statsbestvouchers has no vendor folder','',0,1,NULL,1,0,1,'2023-04-06 11:26:19','2023-04-06 11:26:19'),(406,1,0,'Protect vendor folder in module statssales','',0,1,NULL,1,0,1,'2023-04-06 11:26:19','2023-04-06 11:26:19'),(407,1,0,'Module statssales has no vendor folder','',0,1,NULL,1,0,1,'2023-04-06 11:26:19','2023-04-06 11:26:19'),(408,1,0,'Protect vendor folder in module dashgoals','',0,1,NULL,1,0,1,'2023-04-06 11:26:19','2023-04-06 11:26:19'),(409,1,0,'Module dashgoals has no vendor folder','',0,1,NULL,1,0,1,'2023-04-06 11:26:19','2023-04-06 11:26:19'),(410,1,0,'Protect vendor folder in module ps_dataprivacy','',0,1,NULL,1,0,1,'2023-04-06 11:26:19','2023-04-06 11:26:19'),(411,1,0,'Module ps_dataprivacy has no vendor folder','',0,1,NULL,1,0,1,'2023-04-06 11:26:19','2023-04-06 11:26:19'),(412,1,0,'Protect vendor folder in module statssearch','',0,1,NULL,1,0,1,'2023-04-06 11:26:19','2023-04-06 11:26:19'),(413,1,0,'Module statssearch has no vendor folder','',0,1,NULL,1,0,1,'2023-04-06 11:26:19','2023-04-06 11:26:19'),(414,1,0,'Protect vendor folder in module graphnvd3','',0,1,NULL,1,0,1,'2023-04-06 11:26:19','2023-04-06 11:26:19'),(415,1,0,'Module graphnvd3 has no vendor folder','',0,1,NULL,1,0,1,'2023-04-06 11:26:19','2023-04-06 11:26:19'),(416,1,0,'Protect vendor folder in module ps_distributionapiclient','',0,1,NULL,1,0,1,'2023-04-06 11:26:19','2023-04-06 11:26:19'),(417,1,0,'Module ps_distributionapiclient has no vendor folder','',0,1,NULL,1,0,1,'2023-04-06 11:26:19','2023-04-06 11:26:19'),(418,1,0,'Protect vendor folder in module statsnewsletter','',0,1,NULL,1,0,1,'2023-04-06 11:26:20','2023-04-06 11:26:20'),(419,1,0,'Module statsnewsletter has no vendor folder','',0,1,NULL,1,0,1,'2023-04-06 11:26:20','2023-04-06 11:26:20'),(420,1,0,'Protect vendor folder in module ps_cashondelivery','',0,1,NULL,1,0,1,'2023-04-06 11:26:20','2023-04-06 11:26:20'),(421,1,0,'Module ps_cashondelivery has no vendor folder','',0,1,NULL,1,0,1,'2023-04-06 11:26:20','2023-04-06 11:26:20'),(422,1,0,'Protect vendor folder in module statsproduct','',0,1,NULL,1,0,1,'2023-04-06 11:26:20','2023-04-06 11:26:20'),(423,1,0,'Module statsproduct has no vendor folder','',0,1,NULL,1,0,1,'2023-04-06 11:26:20','2023-04-06 11:26:20'),(424,1,0,'Protect vendor folder in module statscheckup','',0,1,NULL,1,0,1,'2023-04-06 11:26:20','2023-04-06 11:26:20'),(425,1,0,'Module statscheckup has no vendor folder','',0,1,NULL,1,0,1,'2023-04-06 11:26:20','2023-04-06 11:26:20'),(426,1,0,'Protect vendor folder in module statsbestcategories','',0,1,NULL,1,0,1,'2023-04-06 11:26:20','2023-04-06 11:26:20'),(427,1,0,'Module statsbestcategories has no vendor folder','',0,1,NULL,1,0,1,'2023-04-06 11:26:20','2023-04-06 11:26:20'),(428,1,0,'Protect vendor folder in module statsbestmanufacturers','',0,1,NULL,1,0,1,'2023-04-06 11:26:20','2023-04-06 11:26:20'),(429,1,0,'Module statsbestmanufacturers has no vendor folder','',0,1,NULL,1,0,1,'2023-04-06 11:26:20','2023-04-06 11:26:20'),(430,1,0,'Protect vendor folder in module statscarrier','',0,1,NULL,1,0,1,'2023-04-06 11:26:20','2023-04-06 11:26:20'),(431,1,0,'Module statscarrier has no vendor folder','',0,1,NULL,1,0,1,'2023-04-06 11:26:20','2023-04-06 11:26:20'),(432,1,0,'Protect vendor folder in module statsbestcustomers','',0,1,NULL,1,0,1,'2023-04-06 11:26:20','2023-04-06 11:26:20'),(433,1,0,'Module statsbestcustomers has no vendor folder','',0,1,NULL,1,0,1,'2023-04-06 11:26:20','2023-04-06 11:26:20'),(434,1,0,'Protect vendor folder in module ps_wirepayment','',0,1,NULL,1,0,1,'2023-04-06 11:26:20','2023-04-06 11:26:20'),(435,1,0,'Module ps_wirepayment has no vendor folder','',0,1,NULL,1,0,1,'2023-04-06 11:26:20','2023-04-06 11:26:20'),(436,1,0,'Protect vendor folder in module pagesnotfound','',0,1,NULL,1,0,1,'2023-04-06 11:26:20','2023-04-06 11:26:20'),(437,1,0,'Module pagesnotfound has no vendor folder','',0,1,NULL,1,0,1,'2023-04-06 11:26:20','2023-04-06 11:26:20'),(438,1,0,'Protect vendor folder in module gridhtml','',0,1,NULL,1,0,1,'2023-04-06 11:26:20','2023-04-06 11:26:20'),(439,1,0,'Module gridhtml has no vendor folder','',0,1,NULL,1,0,1,'2023-04-06 11:26:20','2023-04-06 11:26:20'),(440,1,0,'Protect vendor folder in module ps_supplierlist','',0,1,NULL,1,0,1,'2023-04-06 11:26:20','2023-04-06 11:26:20'),(441,1,0,'Module ps_supplierlist has no vendor folder','',0,1,NULL,1,0,1,'2023-04-06 11:26:20','2023-04-06 11:26:20'),(442,1,0,'Protect vendor folder in module dashproducts','',0,1,NULL,1,0,1,'2023-04-06 11:26:20','2023-04-06 11:26:20'),(443,1,0,'Module dashproducts has no vendor folder','',0,1,NULL,1,0,1,'2023-04-06 11:26:20','2023-04-06 11:26:20'),(444,1,0,'Protect vendor folder in module statsstock','',0,1,NULL,1,0,1,'2023-04-06 11:26:20','2023-04-06 11:26:20'),(445,1,0,'Module statsstock has no vendor folder','',0,1,NULL,1,0,1,'2023-04-06 11:26:20','2023-04-06 11:26:20'),(446,1,0,'Protect vendor folder in module ps_categoryproducts','',0,1,NULL,1,0,1,'2023-04-06 11:26:20','2023-04-06 11:26:20'),(447,1,0,'Module ps_categoryproducts has no vendor folder','',0,1,NULL,1,0,1,'2023-04-06 11:26:20','2023-04-06 11:26:20'),(448,1,0,'Protect vendor folder in module dashactivity','',0,1,NULL,1,0,1,'2023-04-06 11:26:20','2023-04-06 11:26:20'),(449,1,0,'Module dashactivity has no vendor folder','',0,1,NULL,1,0,1,'2023-04-06 11:26:20','2023-04-06 11:26:20'),(450,1,0,'Protect vendor folder in module ps_faviconnotificationbo','',0,1,NULL,1,0,1,'2023-04-06 11:26:20','2023-04-06 11:26:20'),(451,1,0,'Module ps_faviconnotificationbo has no vendor folder','',0,1,NULL,1,0,1,'2023-04-06 11:26:20','2023-04-06 11:26:20'),(452,1,0,'Protect vendor folder in module ps_googleanalytics','',0,1,NULL,1,0,1,'2023-04-06 11:26:20','2023-04-06 11:26:20'),(453,1,0,'Module ps_googleanalytics has no vendor folder','',0,1,NULL,1,0,1,'2023-04-06 11:26:20','2023-04-06 11:26:20'),(454,1,0,'Protect vendor folder in module ps_themecusto','',0,1,NULL,1,0,1,'2023-04-06 11:26:21','2023-04-06 11:26:21'),(455,1,0,'Module ps_themecusto has no vendor folder','',0,1,NULL,1,0,1,'2023-04-06 11:26:21','2023-04-06 11:26:21'),(456,1,0,'Protect vendor folder in module statsregistrations','',0,1,NULL,1,0,1,'2023-04-06 11:26:21','2023-04-06 11:26:21'),(457,1,0,'Module statsregistrations has no vendor folder','',0,1,NULL,1,0,1,'2023-04-06 11:26:21','2023-04-06 11:26:21'),(458,1,0,'Protect vendor folder in module statsforecast','',0,1,NULL,1,0,1,'2023-04-06 11:26:21','2023-04-06 11:26:21'),(459,1,0,'Module statsforecast has no vendor folder','',0,1,NULL,1,0,1,'2023-04-06 11:26:21','2023-04-06 11:26:21'),(460,1,0,'Protect vendor folder in module statsdata','',0,1,NULL,1,0,1,'2023-04-06 11:26:21','2023-04-06 11:26:21'),(461,1,0,'Module statsdata has no vendor folder','',0,1,NULL,1,0,1,'2023-04-06 11:26:21','2023-04-06 11:26:21'),(462,1,0,'Protect vendor folder in module statspersonalinfos','',0,1,NULL,1,0,1,'2023-04-06 11:26:21','2023-04-06 11:26:21'),(463,1,0,'Module statspersonalinfos has no vendor folder','',0,1,NULL,1,0,1,'2023-04-06 11:26:21','2023-04-06 11:26:21'),(464,1,0,'Protect vendor folder in module statsbestsuppliers','',0,1,NULL,1,0,1,'2023-04-06 11:26:21','2023-04-06 11:26:21'),(465,1,0,'Module statsbestsuppliers has no vendor folder','',0,1,NULL,1,0,1,'2023-04-06 11:26:21','2023-04-06 11:26:21'),(466,1,0,'Protect vendor folder in module ps_facetedsearch','',0,1,NULL,1,0,1,'2023-04-06 11:26:35','2023-04-06 11:26:35'),(467,1,0,'Module ps_facetedsearch has no vendor folder','',0,1,NULL,1,0,1,'2023-04-06 11:26:35','2023-04-06 11:26:35'),(468,1,0,'Connexion au back-office depuis 66.110.171.165','',0,NULL,NULL,1,1,1,'2023-04-06 11:28:04','2023-04-06 11:28:04'),(469,1,0,'Connexion au back-office depuis 98.97.179.67','',0,NULL,NULL,1,1,2,'2023-04-10 04:25:05','2023-04-10 04:25:05'),(470,1,0,'Création : AttributeGroup','AttributeGroup',5,1,NULL,1,0,2,'2023-04-10 04:53:34','2023-04-10 04:53:34'),(471,1,0,'Création : AttributeGroup','AttributeGroup',6,1,NULL,1,0,2,'2023-04-10 04:53:52','2023-04-10 04:53:52'),(472,1,0,'Création : ProductAttribute','ProductAttribute',26,1,NULL,1,0,2,'2023-04-10 04:54:28','2023-04-10 04:54:28'),(473,1,0,'Création : ProductAttribute','ProductAttribute',27,1,NULL,1,0,2,'2023-04-10 04:54:38','2023-04-10 04:54:38'),(474,1,0,'Création : ProductAttribute','ProductAttribute',28,1,NULL,1,0,2,'2023-04-10 04:54:53','2023-04-10 04:54:53'),(475,1,0,'Création : ProductAttribute','ProductAttribute',29,1,NULL,1,0,2,'2023-04-10 04:55:02','2023-04-10 04:55:02'),(476,1,0,'modification ProductAttribute','ProductAttribute',26,1,NULL,1,0,2,'2023-04-10 04:55:52','2023-04-10 04:55:52'),(477,1,0,'modification AttributeGroup','AttributeGroup',5,1,NULL,1,0,2,'2023-04-10 04:56:16','2023-04-10 04:56:16'),(478,1,0,'modification AttributeGroup','AttributeGroup',6,1,NULL,1,0,2,'2023-04-10 04:56:34','2023-04-10 04:56:34'),(479,1,0,'modification ProductAttribute','ProductAttribute',27,1,NULL,1,0,2,'2023-04-10 04:56:56','2023-04-10 04:56:56'),(480,1,0,'Création : ProductAttribute','ProductAttribute',30,1,NULL,1,0,2,'2023-04-10 04:57:34','2023-04-10 04:57:34'),(481,1,0,'Création : ProductAttribute','ProductAttribute',31,1,NULL,1,0,2,'2023-04-10 04:57:48','2023-04-10 04:57:48'),(482,1,0,'Création : ProductAttribute','ProductAttribute',32,1,NULL,1,0,2,'2023-04-10 04:57:55','2023-04-10 04:57:55'),(483,1,0,'Création : ProductAttribute','ProductAttribute',33,1,NULL,1,0,2,'2023-04-10 04:58:03','2023-04-10 04:58:03'),(484,1,0,'Création : ProductAttribute','ProductAttribute',34,1,NULL,1,0,2,'2023-04-10 04:58:12','2023-04-10 04:58:12'),(485,1,0,'Products deleted: (18).','Product',0,1,NULL,1,0,2,'2023-04-10 05:03:00','2023-04-10 05:03:00'),(486,1,0,'Products deleted: (17).','Product',0,1,NULL,1,0,2,'2023-04-10 05:03:00','2023-04-10 05:03:00'),(487,1,0,'Products deleted: (16).','Product',0,1,NULL,1,0,2,'2023-04-10 05:03:01','2023-04-10 05:03:01'),(488,1,0,'Products deleted: (15).','Product',0,1,NULL,1,0,2,'2023-04-10 05:03:02','2023-04-10 05:03:02'),(489,1,0,'Products deleted: (14).','Product',0,1,NULL,1,0,2,'2023-04-10 05:03:02','2023-04-10 05:03:02'),(490,1,0,'Products deleted: (13).','Product',0,1,NULL,1,0,2,'2023-04-10 05:03:03','2023-04-10 05:03:03'),(491,1,0,'Products deleted: (12).','Product',0,1,NULL,1,0,2,'2023-04-10 05:03:04','2023-04-10 05:03:04'),(492,1,0,'Products deleted: (11).','Product',0,1,NULL,1,0,2,'2023-04-10 05:03:04','2023-04-10 05:03:04'),(493,1,0,'Products deleted: (10).','Product',0,1,NULL,1,0,2,'2023-04-10 05:03:05','2023-04-10 05:03:05'),(494,1,0,'Products deleted: (9).','Product',0,1,NULL,1,0,2,'2023-04-10 05:03:06','2023-04-10 05:03:06'),(495,1,0,'Products deleted: (8).','Product',0,1,NULL,1,0,2,'2023-04-10 05:03:06','2023-04-10 05:03:06'),(496,1,0,'Products deleted: (7).','Product',0,1,NULL,1,0,2,'2023-04-10 05:03:07','2023-04-10 05:03:07'),(497,1,0,'Products deleted: (6).','Product',0,1,NULL,1,0,2,'2023-04-10 05:03:08','2023-04-10 05:03:08'),(498,1,0,'Products deleted: (5).','Product',0,1,NULL,1,0,2,'2023-04-10 05:03:08','2023-04-10 05:03:08'),(499,1,0,'Products deleted: (4).','Product',0,1,NULL,1,0,2,'2023-04-10 05:03:09','2023-04-10 05:03:09'),(500,1,0,'Products deleted: (3).','Product',0,1,NULL,1,0,2,'2023-04-10 05:03:10','2023-04-10 05:03:10'),(501,1,0,'Products deleted: (2).','Product',0,1,NULL,1,0,2,'2023-04-10 05:03:11','2023-04-10 05:03:11'),(502,1,0,'Products deleted: (1).','Product',0,1,NULL,1,0,2,'2023-04-10 05:03:11','2023-04-10 05:03:11'),(503,1,0,'Product deactivated: 19','Product',19,1,NULL,1,0,2,'2023-04-10 05:03:15','2023-04-10 05:03:15'),(504,1,0,'Product modification','Product',20,1,NULL,1,0,2,'2023-04-10 05:06:14','2023-04-10 05:06:14'),(505,1,0,'Product modification','Product',20,1,NULL,1,0,2,'2023-04-10 05:07:22','2023-04-10 05:07:22'),(506,1,0,'Product modification','Product',20,1,NULL,1,0,2,'2023-04-10 05:08:46','2023-04-10 05:08:46'),(507,1,0,'Création : ProductAttribute','ProductAttribute',35,1,NULL,1,0,2,'2023-04-10 05:09:41','2023-04-10 05:09:41'),(508,1,0,'Création : ProductAttribute','ProductAttribute',36,1,NULL,1,0,2,'2023-04-10 05:10:03','2023-04-10 05:10:03'),(509,1,0,'modification ProductAttribute','ProductAttribute',35,1,NULL,1,0,2,'2023-04-10 05:10:20','2023-04-10 05:10:20'),(510,1,0,'Création : ProductAttribute','ProductAttribute',37,1,NULL,1,0,2,'2023-04-10 05:10:30','2023-04-10 05:10:30'),(511,1,0,'Product activated: 20','Product',20,1,NULL,1,0,2,'2023-04-10 05:11:00','2023-04-10 05:11:00'),(512,1,0,'Product modification','Product',20,1,NULL,1,0,2,'2023-04-10 05:11:23','2023-04-10 05:11:23'),(513,1,0,'Product modification','Product',20,1,NULL,1,0,2,'2023-04-10 05:11:25','2023-04-10 05:11:25'),(514,1,0,'Product modification','Product',20,1,NULL,1,0,2,'2023-04-10 05:11:44','2023-04-10 05:11:44'),(515,1,0,'Product modification','Product',20,1,NULL,1,0,2,'2023-04-10 05:12:15','2023-04-10 05:12:15'),(516,1,0,'Product modification','Product',20,1,NULL,1,0,2,'2023-04-10 05:12:58','2023-04-10 05:12:58'),(517,1,0,'Product modification','Product',20,1,NULL,1,0,2,'2023-04-10 05:13:53','2023-04-10 05:13:53'),(518,1,0,'Product modification','Product',20,1,NULL,1,0,2,'2023-04-10 05:14:25','2023-04-10 05:14:25'),(519,1,0,'Product modification','Product',20,1,NULL,1,0,2,'2023-04-10 05:14:56','2023-04-10 05:14:56'),(520,1,0,'Product modification','Product',20,1,NULL,1,0,2,'2023-04-10 05:15:28','2023-04-10 05:15:28'),(521,1,0,'Product modification','Product',20,1,NULL,1,0,2,'2023-04-10 05:15:50','2023-04-10 05:15:50'),(522,1,0,'Product modification','Product',20,1,NULL,1,0,2,'2023-04-10 05:15:53','2023-04-10 05:15:53'),(523,1,0,'Product modification','Product',20,1,NULL,1,0,2,'2023-04-10 05:16:29','2023-04-10 05:16:29'),(524,1,0,'Product modification','Product',20,1,NULL,1,0,2,'2023-04-10 05:18:41','2023-04-10 05:18:41'),(525,1,0,'Product modification','Product',20,1,NULL,1,0,2,'2023-04-10 05:19:31','2023-04-10 05:19:31'),(526,1,0,'Product modification','Product',20,1,NULL,1,0,2,'2023-04-10 05:19:42','2023-04-10 05:19:42'),(527,1,0,'Product modification','Product',20,1,NULL,1,0,2,'2023-04-10 05:19:58','2023-04-10 05:19:58'),(528,1,0,'Connexion au back-office depuis 98.97.179.67','',0,NULL,NULL,1,1,2,'2023-04-10 08:56:00','2023-04-10 08:56:00'),(529,1,0,'Connexion au back-office depuis 98.97.179.67','',0,NULL,NULL,1,1,2,'2023-04-10 09:00:09','2023-04-10 09:00:09'),(530,1,0,'Connexion au back-office depuis 98.97.179.67','',0,NULL,NULL,1,1,2,'2023-04-10 09:06:19','2023-04-10 09:06:19'),(531,1,0,'Connexion au back-office depuis 98.97.179.67','',0,NULL,NULL,1,1,2,'2023-04-10 09:12:14','2023-04-10 09:12:14'),(532,1,0,'Connexion au back-office depuis 163.116.142.118','',0,NULL,NULL,1,1,5,'2023-04-10 09:15:35','2023-04-10 09:15:35'),(533,1,0,'Product modification','Product',20,1,NULL,1,0,5,'2023-04-10 09:24:19','2023-04-10 09:24:19'),(534,1,0,'Product modification','Product',20,1,NULL,1,0,2,'2023-04-10 09:24:20','2023-04-10 09:24:20'),(535,1,0,'Product modification','Product',20,1,NULL,1,0,2,'2023-04-10 09:27:02','2023-04-10 09:27:02'),(536,1,0,'Product modification','Product',20,1,NULL,1,0,5,'2023-04-10 09:27:02','2023-04-10 09:27:02'),(537,1,0,'Product modification','Product',20,1,NULL,1,0,5,'2023-04-10 09:27:28','2023-04-10 09:27:28'),(538,1,0,'Product modification','Product',20,1,NULL,1,0,5,'2023-04-10 09:29:56','2023-04-10 09:29:56'),(539,1,0,'Product modification','Product',20,1,NULL,1,0,5,'2023-04-10 09:30:10','2023-04-10 09:30:10'),(540,1,0,'Création : ProductAttribute','ProductAttribute',38,1,NULL,1,0,5,'2023-04-10 09:42:29','2023-04-10 09:42:29'),(541,1,0,'Product modification','Product',20,1,NULL,1,0,5,'2023-04-10 09:42:59','2023-04-10 09:42:59'),(542,1,0,'Product modification','Product',23,1,NULL,1,0,5,'2023-04-10 10:28:24','2023-04-10 10:28:24'),(543,1,0,'Product modification','Product',23,1,NULL,1,0,5,'2023-04-10 10:35:09','2023-04-10 10:35:09'),(544,1,0,'Product modification','Product',23,1,NULL,1,0,5,'2023-04-10 10:37:53','2023-04-10 10:37:53'),(545,1,0,'Product modification','Product',23,1,NULL,1,0,5,'2023-04-10 10:37:56','2023-04-10 10:37:56'),(546,1,0,'Product modification','Product',23,1,NULL,1,0,5,'2023-04-10 10:38:42','2023-04-10 10:38:42'),(547,1,0,'Product modification','Product',20,1,NULL,1,0,5,'2023-04-10 10:41:13','2023-04-10 10:41:13'),(548,1,0,'Product modification','Product',20,1,NULL,1,0,5,'2023-04-10 10:41:16','2023-04-10 10:41:16'),(549,1,0,'Product modification','Product',23,1,NULL,1,0,5,'2023-04-10 10:52:51','2023-04-10 10:52:51'),(550,1,0,'Product modification','Product',20,1,NULL,1,0,5,'2023-04-10 10:54:29','2023-04-10 10:54:29'),(551,1,0,'Product modification','Product',23,1,NULL,1,0,5,'2023-04-10 10:58:30','2023-04-10 10:58:30'),(552,1,0,'Product modification','Product',23,1,NULL,1,0,5,'2023-04-10 10:59:08','2023-04-10 10:59:08'),(553,1,0,'Product modification','Product',23,1,NULL,1,0,5,'2023-04-10 11:00:29','2023-04-10 11:00:29'),(554,1,0,'Product modification','Product',20,1,NULL,1,0,5,'2023-04-10 11:01:08','2023-04-10 11:01:08'),(555,1,0,'Product modification','Product',20,1,NULL,1,0,5,'2023-04-10 11:02:28','2023-04-10 11:02:28'),(556,1,0,'Product modification','Product',25,1,NULL,1,0,5,'2023-04-10 11:11:08','2023-04-10 11:11:08'),(557,1,0,'Product modification','Product',25,1,NULL,1,0,5,'2023-04-10 11:11:15','2023-04-10 11:11:15'),(558,1,0,'Product modification','Product',25,1,NULL,1,0,5,'2023-04-10 11:13:25','2023-04-10 11:13:25'),(559,1,0,'Product modification','Product',26,1,NULL,1,0,5,'2023-04-10 11:24:22','2023-04-10 11:24:22'),(560,1,0,'Product modification','Product',26,1,NULL,1,0,5,'2023-04-10 11:24:28','2023-04-10 11:24:28'),(561,1,0,'Product modification','Product',27,1,NULL,1,0,5,'2023-04-10 11:29:55','2023-04-10 11:29:55'),(562,1,0,'Product modification','Product',27,1,NULL,1,0,5,'2023-04-10 11:29:58','2023-04-10 11:29:58'),(563,1,0,'Product modification','Product',27,1,NULL,1,0,5,'2023-04-10 11:32:37','2023-04-10 11:32:37'),(564,1,0,'Product modification','Product',28,1,NULL,1,0,5,'2023-04-10 11:37:27','2023-04-10 11:37:27'),(565,1,0,'Product modification','Product',28,1,NULL,1,0,5,'2023-04-10 11:37:30','2023-04-10 11:37:30'),(566,1,0,'Product modification','Product',29,1,NULL,1,0,5,'2023-04-10 11:44:55','2023-04-10 11:44:55'),(567,1,0,'Product modification','Product',29,1,NULL,1,0,5,'2023-04-10 11:44:59','2023-04-10 11:44:59'),(568,1,0,'Product modification','Product',30,1,NULL,1,0,5,'2023-04-10 11:49:59','2023-04-10 11:49:59'),(569,1,0,'Product modification','Product',30,1,NULL,1,0,5,'2023-04-10 11:50:03','2023-04-10 11:50:03'),(570,1,0,'Product modification','Product',31,1,NULL,1,0,5,'2023-04-10 11:54:50','2023-04-10 11:54:50'),(571,1,0,'Product modification','Product',31,1,NULL,1,0,5,'2023-04-10 11:54:55','2023-04-10 11:54:55'),(572,1,0,'Product modification','Product',31,1,NULL,1,0,5,'2023-04-10 11:56:19','2023-04-10 11:56:19'),(573,1,0,'Product modification','Product',31,1,NULL,1,0,5,'2023-04-10 11:56:21','2023-04-10 11:56:21'),(574,1,0,'Product modification','Product',32,1,NULL,1,0,5,'2023-04-10 12:06:21','2023-04-10 12:06:21'),(575,1,0,'Product modification','Product',32,1,NULL,1,0,5,'2023-04-10 12:07:40','2023-04-10 12:07:40'),(576,1,0,'Product modification','Product',25,1,NULL,1,0,5,'2023-04-10 12:08:34','2023-04-10 12:08:34'),(577,1,0,'Product modification','Product',25,1,NULL,1,0,5,'2023-04-10 12:08:44','2023-04-10 12:08:44'),(578,1,0,'Product modification','Product',26,1,NULL,1,0,5,'2023-04-10 12:09:16','2023-04-10 12:09:16'),(579,1,0,'Product modification','Product',27,1,NULL,1,0,5,'2023-04-10 12:09:47','2023-04-10 12:09:47'),(580,1,0,'Product modification','Product',28,1,NULL,1,0,5,'2023-04-10 12:10:18','2023-04-10 12:10:18'),(581,1,0,'Product modification','Product',29,1,NULL,1,0,5,'2023-04-10 12:10:43','2023-04-10 12:10:43'),(582,1,0,'Product modification','Product',30,1,NULL,1,0,5,'2023-04-10 12:11:03','2023-04-10 12:11:03'),(583,1,0,'Product modification','Product',31,1,NULL,1,0,5,'2023-04-10 12:11:28','2023-04-10 12:11:28'),(584,1,0,'Product modification','Product',33,1,NULL,1,0,5,'2023-04-10 12:17:17','2023-04-10 12:17:17'),(585,1,0,'Connexion au back-office depuis 67.71.112.87','',0,NULL,NULL,1,1,5,'2023-04-10 15:54:18','2023-04-10 15:54:18'),(586,1,0,'Product activated: 23','Product',23,1,NULL,1,0,5,'2023-04-10 15:54:47','2023-04-10 15:54:47'),(587,1,0,'Product activated: 25','Product',25,1,NULL,1,0,5,'2023-04-10 15:54:47','2023-04-10 15:54:47'),(588,1,0,'Product activated: 26','Product',26,1,NULL,1,0,5,'2023-04-10 15:54:48','2023-04-10 15:54:48'),(589,1,0,'Product activated: 27','Product',27,1,NULL,1,0,5,'2023-04-10 15:54:49','2023-04-10 15:54:49'),(590,1,0,'Product activated: 28','Product',28,1,NULL,1,0,5,'2023-04-10 15:54:50','2023-04-10 15:54:50'),(591,1,0,'Product activated: 29','Product',29,1,NULL,1,0,5,'2023-04-10 15:54:50','2023-04-10 15:54:50'),(592,1,0,'Product activated: 30','Product',30,1,NULL,1,0,5,'2023-04-10 15:54:50','2023-04-10 15:54:50'),(593,1,0,'Product activated: 31','Product',31,1,NULL,1,0,5,'2023-04-10 15:54:55','2023-04-10 15:54:55'),(594,1,0,'Product activated: 33','Product',33,1,NULL,1,0,5,'2023-04-10 15:54:56','2023-04-10 15:54:56'),(595,1,0,'Product activated: 32','Product',32,1,NULL,1,0,5,'2023-04-10 15:54:57','2023-04-10 15:54:57'),(596,1,0,'Product modification','Product',32,1,NULL,1,0,5,'2023-04-10 15:58:49','2023-04-10 15:58:49'),(597,1,0,'Product modification','Product',34,1,NULL,1,0,5,'2023-04-10 16:06:43','2023-04-10 16:06:43'),(598,1,0,'Product activated: 34','Product',34,1,NULL,1,0,5,'2023-04-10 16:06:53','2023-04-10 16:06:53'),(599,1,0,'Product modification','Product',34,1,NULL,1,0,5,'2023-04-10 16:08:29','2023-04-10 16:08:29'),(600,1,0,'Product modification','Product',33,1,NULL,1,0,5,'2023-04-10 16:09:05','2023-04-10 16:09:05'),(601,1,0,'Product modification','Product',33,1,NULL,1,0,5,'2023-04-10 16:09:11','2023-04-10 16:09:11'),(602,1,0,'Product modification','Product',30,1,NULL,1,0,5,'2023-04-10 16:10:42','2023-04-10 16:10:42'),(603,1,0,'Product modification','Product',35,1,NULL,1,0,5,'2023-04-10 16:20:06','2023-04-10 16:20:06'),(604,1,0,'Product modification','Product',35,1,NULL,1,0,5,'2023-04-10 16:20:12','2023-04-10 16:20:12'),(605,1,0,'Product activated: 35','Product',35,1,NULL,1,0,5,'2023-04-10 16:20:17','2023-04-10 16:20:17'),(606,1,0,'Product modification','Product',36,1,NULL,1,0,5,'2023-04-10 16:30:27','2023-04-10 16:30:27'),(607,1,0,'Product modification','Product',37,1,NULL,1,0,5,'2023-04-10 16:40:50','2023-04-10 16:40:50'),(608,1,0,'Product modification','Product',37,1,NULL,1,0,5,'2023-04-10 16:41:37','2023-04-10 16:41:37'),(609,1,0,'Product modification','Product',38,1,NULL,1,0,5,'2023-04-10 16:49:21','2023-04-10 16:49:21'),(610,1,0,'Product modification','Product',39,1,NULL,1,0,5,'2023-04-10 16:54:31','2023-04-10 16:54:31'),(611,1,0,'Product modification','Product',41,1,NULL,1,0,5,'2023-04-10 16:57:25','2023-04-10 16:57:25'),(612,1,0,'Product modification','Product',41,1,NULL,1,0,5,'2023-04-10 16:59:31','2023-04-10 16:59:31'),(613,1,0,'Product modification','Product',42,1,NULL,1,0,5,'2023-04-10 17:03:09','2023-04-10 17:03:09'),(614,1,0,'Product modification','Product',42,1,NULL,1,0,5,'2023-04-10 17:03:14','2023-04-10 17:03:14'),(615,1,0,'Product modification','Product',42,1,NULL,1,0,5,'2023-04-10 17:08:41','2023-04-10 17:08:41'),(616,1,0,'Product activated: 42','Product',42,1,NULL,1,0,5,'2023-04-10 17:08:46','2023-04-10 17:08:46'),(617,1,0,'Product modification','Product',41,1,NULL,1,0,5,'2023-04-10 17:10:06','2023-04-10 17:10:06'),(618,1,0,'Product deactivated: 35','Product',35,1,NULL,1,0,5,'2023-04-10 17:10:27','2023-04-10 17:10:27'),(619,1,0,'Product activated: 41','Product',41,1,NULL,1,0,5,'2023-04-10 17:11:01','2023-04-10 17:11:01'),(620,1,0,'Product modification','Product',39,1,NULL,1,0,5,'2023-04-10 17:11:26','2023-04-10 17:11:26'),(621,1,0,'Product modification','Product',42,1,NULL,1,0,5,'2023-04-10 17:12:05','2023-04-10 17:12:05'),(622,1,0,'Product modification','Product',41,1,NULL,1,0,5,'2023-04-10 17:12:18','2023-04-10 17:12:18'),(623,1,0,'Product modification','Product',39,1,NULL,1,0,5,'2023-04-10 17:12:31','2023-04-10 17:12:31'),(624,1,0,'Product activated: 39','Product',39,1,NULL,1,0,5,'2023-04-10 17:12:40','2023-04-10 17:12:40'),(625,1,0,'Product modification','Product',38,1,NULL,1,0,5,'2023-04-10 17:12:59','2023-04-10 17:12:59'),(626,1,0,'Product activated: 38','Product',38,1,NULL,1,0,5,'2023-04-10 17:13:04','2023-04-10 17:13:04'),(627,1,0,'Product modification','Product',37,1,NULL,1,0,5,'2023-04-10 17:13:19','2023-04-10 17:13:19'),(628,1,0,'Connexion au back-office depuis 163.116.142.118','',0,NULL,NULL,1,1,5,'2023-04-10 17:13:24','2023-04-10 17:13:24'),(629,1,0,'Product activated: 37','Product',37,1,NULL,1,0,5,'2023-04-10 17:13:27','2023-04-10 17:13:27'),(630,1,0,'Product modification','Product',36,1,NULL,1,0,5,'2023-04-10 17:13:37','2023-04-10 17:13:37'),(631,1,0,'Product modification','Product',36,1,NULL,1,0,5,'2023-04-10 17:13:47','2023-04-10 17:13:47'),(632,1,0,'Product deactivated: 39','Product',39,1,NULL,1,0,5,'2023-04-10 17:14:00','2023-04-10 17:14:00'),(633,1,0,'Product modification','Product',45,1,NULL,1,0,5,'2023-04-10 17:33:44','2023-04-10 17:33:44'),(634,1,0,'Product modification','Product',45,1,NULL,1,0,5,'2023-04-10 17:33:46','2023-04-10 17:33:46'),(635,1,0,'Product modification','Product',45,1,NULL,1,0,5,'2023-04-10 17:34:15','2023-04-10 17:34:15'),(636,1,0,'Product modification','Product',46,1,NULL,1,0,5,'2023-04-10 17:36:36','2023-04-10 17:36:36'),(637,1,0,'Product modification','Product',46,1,NULL,1,0,5,'2023-04-10 17:36:57','2023-04-10 17:36:57'),(638,1,0,'Product modification','Product',46,1,NULL,1,0,5,'2023-04-10 17:36:59','2023-04-10 17:36:59'),(639,1,0,'Product activated: 46','Product',46,1,NULL,1,0,5,'2023-04-10 17:37:55','2023-04-10 17:37:55'),(640,1,0,'Product modification','Product',45,1,NULL,1,0,5,'2023-04-10 17:38:10','2023-04-10 17:38:10'),(641,1,0,'Product modification','Product',39,1,NULL,1,0,5,'2023-04-10 17:38:34','2023-04-10 17:38:34'),(642,1,0,'Product modification','Product',39,1,NULL,1,0,5,'2023-04-10 17:39:35','2023-04-10 17:39:35'),(643,1,0,'Product modification','Product',39,1,NULL,1,0,5,'2023-04-10 17:41:41','2023-04-10 17:41:41'),(644,1,0,'Product modification','Product',39,1,NULL,1,0,5,'2023-04-10 17:42:02','2023-04-10 17:42:02'),(645,1,0,'Product activated: 39','Product',39,1,NULL,1,0,5,'2023-04-10 17:42:37','2023-04-10 17:42:37'),(646,1,0,'Product modification','Product',42,1,NULL,1,0,5,'2023-04-10 17:42:48','2023-04-10 17:42:48'),(647,1,0,'Product modification','Product',47,1,NULL,1,0,5,'2023-04-10 17:47:39','2023-04-10 17:47:39'),(648,1,0,'Product modification','Product',47,1,NULL,1,0,5,'2023-04-10 17:47:41','2023-04-10 17:47:41'),(649,1,0,'Product modification','Product',48,1,NULL,1,0,5,'2023-04-10 17:49:44','2023-04-10 17:49:44'),(650,1,0,'Product modification','Product',48,1,NULL,1,0,5,'2023-04-10 17:49:46','2023-04-10 17:49:46'),(651,1,0,'Product modification','Product',49,1,NULL,1,0,5,'2023-04-10 17:52:19','2023-04-10 17:52:19'),(652,1,0,'Product modification','Product',49,1,NULL,1,0,5,'2023-04-10 17:52:20','2023-04-10 17:52:20'),(653,1,0,'Product modification','Product',49,1,NULL,1,0,5,'2023-04-10 17:53:17','2023-04-10 17:53:17'),(654,1,0,'Product modification','Product',49,1,NULL,1,0,5,'2023-04-10 17:53:19','2023-04-10 17:53:19'),(655,1,0,'Product modification','Product',48,1,NULL,1,0,5,'2023-04-10 17:53:52','2023-04-10 17:53:52'),(656,1,0,'Product modification','Product',48,1,NULL,1,0,5,'2023-04-10 17:53:54','2023-04-10 17:53:54'),(657,1,0,'Product modification','Product',48,1,NULL,1,0,5,'2023-04-10 17:54:03','2023-04-10 17:54:03'),(658,1,0,'Product modification','Product',36,1,NULL,1,0,5,'2023-04-10 17:55:34','2023-04-10 17:55:34'),(659,1,0,'Product activated: 36','Product',36,1,NULL,1,0,5,'2023-04-10 17:55:44','2023-04-10 17:55:44'),(660,1,0,'Product modification','Product',35,1,NULL,1,0,5,'2023-04-10 17:56:16','2023-04-10 17:56:16'),(661,1,0,'Product modification','Product',35,1,NULL,1,0,5,'2023-04-10 17:56:19','2023-04-10 17:56:19'),(662,1,0,'Product modification','Product',35,1,NULL,1,0,5,'2023-04-10 17:57:26','2023-04-10 17:57:26'),(663,1,0,'Product modification','Product',35,1,NULL,1,0,5,'2023-04-10 17:57:27','2023-04-10 17:57:27'),(664,1,0,'Product activated: 45','Product',45,1,NULL,1,0,5,'2023-04-10 17:58:09','2023-04-10 17:58:09'),(665,1,0,'Product activated: 49','Product',49,1,NULL,1,0,5,'2023-04-10 17:58:14','2023-04-10 17:58:14'),(666,1,0,'Product activated: 48','Product',48,1,NULL,1,0,5,'2023-04-10 17:58:15','2023-04-10 17:58:15'),(667,1,0,'Product activated: 47','Product',47,1,NULL,1,0,5,'2023-04-10 17:58:16','2023-04-10 17:58:16'),(668,1,0,'Product activated: 35','Product',35,1,NULL,1,0,5,'2023-04-10 17:58:21','2023-04-10 17:58:21'),(669,1,0,'Connexion au back-office depuis 163.116.142.119','',0,NULL,NULL,1,1,5,'2023-04-10 20:20:56','2023-04-10 20:20:56'),(670,1,0,'Product modification','Product',50,1,NULL,1,0,5,'2023-04-10 20:26:31','2023-04-10 20:26:31'),(671,1,0,'Product modification','Product',50,1,NULL,1,0,5,'2023-04-10 20:26:33','2023-04-10 20:26:33'),(672,1,0,'Product modification','Product',49,1,NULL,1,0,5,'2023-04-10 20:27:56','2023-04-10 20:27:56'),(673,1,0,'Product modification','Product',49,1,NULL,1,0,5,'2023-04-10 20:28:03','2023-04-10 20:28:03'),(674,1,0,'Product modification','Product',48,1,NULL,1,0,5,'2023-04-10 20:28:26','2023-04-10 20:28:26'),(675,1,0,'Product modification','Product',51,1,NULL,1,0,5,'2023-04-10 20:35:59','2023-04-10 20:35:59'),(676,1,0,'Product modification','Product',51,1,NULL,1,0,5,'2023-04-10 20:36:02','2023-04-10 20:36:02'),(677,1,0,'Connexion au back-office depuis 163.116.142.119','',0,NULL,NULL,1,1,5,'2023-04-10 21:36:16','2023-04-10 21:36:16'),(678,1,0,'Product modification','Product',52,1,NULL,1,0,5,'2023-04-10 21:50:05','2023-04-10 21:50:05'),(679,1,0,'Product modification','Product',52,1,NULL,1,0,5,'2023-04-10 21:50:11','2023-04-10 21:50:11'),(680,1,0,'Product modification','Product',53,1,NULL,1,0,5,'2023-04-10 21:55:34','2023-04-10 21:55:34'),(681,1,0,'Product modification','Product',54,1,NULL,1,0,5,'2023-04-10 22:00:22','2023-04-10 22:00:22'),(682,1,0,'Product modification','Product',55,1,NULL,1,0,5,'2023-04-10 22:04:26','2023-04-10 22:04:26'),(683,1,0,'Product modification','Product',56,1,NULL,1,0,5,'2023-04-10 22:07:07','2023-04-10 22:07:07'),(684,1,0,'Product modification','Product',57,1,NULL,1,0,5,'2023-04-10 22:09:57','2023-04-10 22:09:57'),(685,1,0,'Product modification','Product',58,1,NULL,1,0,5,'2023-04-10 22:12:33','2023-04-10 22:12:33'),(686,1,0,'Product modification','Product',59,1,NULL,1,0,5,'2023-04-10 22:15:50','2023-04-10 22:15:50'),(687,1,0,'Product modification','Product',60,1,NULL,1,0,5,'2023-04-10 22:19:52','2023-04-10 22:19:52'),(688,1,0,'Product modification','Product',61,1,NULL,1,0,5,'2023-04-10 22:22:38','2023-04-10 22:22:38'),(689,1,0,'Product modification','Product',62,1,NULL,1,0,5,'2023-04-10 22:25:15','2023-04-10 22:25:15'),(690,1,0,'Product modification','Product',63,1,NULL,1,0,5,'2023-04-10 22:28:56','2023-04-10 22:28:56'),(691,1,0,'Product modification','Product',64,1,NULL,1,0,5,'2023-04-10 22:30:57','2023-04-10 22:30:57'),(692,1,0,'Product modification','Product',64,1,NULL,1,0,5,'2023-04-10 22:32:35','2023-04-10 22:32:35'),(693,1,0,'Product modification','Product',63,1,NULL,1,0,5,'2023-04-10 22:32:58','2023-04-10 22:32:58'),(694,1,0,'Product modification','Product',62,1,NULL,1,0,5,'2023-04-10 22:33:34','2023-04-10 22:33:34'),(695,1,0,'Product modification','Product',61,1,NULL,1,0,5,'2023-04-10 22:33:57','2023-04-10 22:33:57'),(696,1,0,'Product modification','Product',59,1,NULL,1,0,5,'2023-04-10 22:34:37','2023-04-10 22:34:37'),(697,1,0,'Product modification','Product',58,1,NULL,1,0,5,'2023-04-10 22:35:21','2023-04-10 22:35:21'),(698,1,0,'Product modification','Product',57,1,NULL,1,0,5,'2023-04-10 22:35:54','2023-04-10 22:35:54'),(699,1,0,'Product modification','Product',56,1,NULL,1,0,5,'2023-04-10 22:36:25','2023-04-10 22:36:25'),(700,1,0,'Product modification','Product',54,1,NULL,1,0,5,'2023-04-10 22:37:05','2023-04-10 22:37:05'),(701,1,0,'Product modification','Product',53,1,NULL,1,0,5,'2023-04-10 22:37:29','2023-04-10 22:37:29'),(702,1,0,'Product modification','Product',52,1,NULL,1,0,5,'2023-04-10 22:37:59','2023-04-10 22:37:59'),(703,1,0,'Product modification','Product',50,1,NULL,1,0,5,'2023-04-10 22:38:37','2023-04-10 22:38:37'),(704,1,0,'Product modification','Product',51,1,NULL,1,0,5,'2023-04-10 22:39:25','2023-04-10 22:39:25'),(705,1,0,'Product modification','Product',51,1,NULL,1,0,5,'2023-04-10 22:39:33','2023-04-10 22:39:33'),(706,1,0,'Product modification','Product',66,1,NULL,1,0,5,'2023-04-10 22:55:12','2023-04-10 22:55:12'),(707,1,0,'Product modification','Product',66,1,NULL,1,0,5,'2023-04-10 22:55:21','2023-04-10 22:55:21'),(708,1,0,'Product modification','Product',67,1,NULL,1,0,5,'2023-04-10 22:56:16','2023-04-10 22:56:16'),(709,1,0,'Product modification','Product',68,1,NULL,1,0,5,'2023-04-10 22:56:56','2023-04-10 22:56:56'),(710,1,0,'Product modification','Product',69,1,NULL,1,0,5,'2023-04-10 22:58:05','2023-04-10 22:58:05'),(711,1,0,'Product modification','Product',69,1,NULL,1,0,5,'2023-04-10 22:58:17','2023-04-10 22:58:17'),(712,1,0,'Product modification','Product',70,1,NULL,1,0,5,'2023-04-10 22:59:11','2023-04-10 22:59:11'),(713,1,0,'Product modification','Product',71,1,NULL,1,0,5,'2023-04-10 22:59:49','2023-04-10 22:59:49'),(714,1,0,'Connexion au back-office depuis 129.222.204.91','',0,NULL,NULL,1,1,2,'2023-04-11 06:16:22','2023-04-11 06:16:22'),(715,1,0,'Connexion au back-office depuis 163.116.142.114','',0,NULL,NULL,1,1,5,'2023-04-11 06:39:35','2023-04-11 06:39:35'),(716,1,0,'Product modification','Product',50,1,NULL,1,0,5,'2023-04-11 06:40:02','2023-04-11 06:40:02'),(717,1,0,'Product activated: 50','Product',50,1,NULL,1,0,5,'2023-04-11 06:40:12','2023-04-11 06:40:12'),(718,1,0,'Product modification','Product',51,1,NULL,1,0,5,'2023-04-11 06:48:56','2023-04-11 06:48:56'),(719,1,0,'Product activated: 51','Product',51,1,NULL,1,0,5,'2023-04-11 06:49:08','2023-04-11 06:49:08'),(720,1,0,'Product modification','Product',52,1,NULL,1,0,5,'2023-04-11 06:50:06','2023-04-11 06:50:06'),(721,1,0,'Product activated: 52','Product',52,1,NULL,1,0,5,'2023-04-11 06:50:17','2023-04-11 06:50:17'),(722,1,0,'Product modification','Product',50,1,NULL,1,0,5,'2023-04-11 06:50:29','2023-04-11 06:50:29'),(723,1,0,'Product modification','Product',53,1,NULL,1,0,5,'2023-04-11 06:50:52','2023-04-11 06:50:52'),(724,1,0,'Product activated: 53','Product',53,1,NULL,1,0,5,'2023-04-11 06:51:01','2023-04-11 06:51:01'),(725,1,0,'Product modification','Product',54,1,NULL,1,0,5,'2023-04-11 06:51:22','2023-04-11 06:51:22'),(726,1,0,'Product activated: 54','Product',54,1,NULL,1,0,5,'2023-04-11 06:51:30','2023-04-11 06:51:30'),(727,1,0,'Product modification','Product',55,1,NULL,1,0,5,'2023-04-11 06:51:42','2023-04-11 06:51:42'),(728,1,0,'Product activated: 55','Product',55,1,NULL,1,0,5,'2023-04-11 06:51:50','2023-04-11 06:51:50'),(729,1,0,'Product modification','Product',56,1,NULL,1,0,5,'2023-04-11 06:52:06','2023-04-11 06:52:06'),(730,1,0,'Product activated: 56','Product',56,1,NULL,1,0,5,'2023-04-11 06:52:14','2023-04-11 06:52:14'),(731,1,0,'Product modification','Product',57,1,NULL,1,0,5,'2023-04-11 06:52:30','2023-04-11 06:52:30'),(732,1,0,'Product activated: 57','Product',57,1,NULL,1,0,5,'2023-04-11 06:52:55','2023-04-11 06:52:55'),(733,1,0,'Product modification','Product',58,1,NULL,1,0,5,'2023-04-11 06:53:11','2023-04-11 06:53:11'),(734,1,0,'Product activated: 58','Product',58,1,NULL,1,0,5,'2023-04-11 06:53:22','2023-04-11 06:53:22'),(735,1,0,'Product modification','Product',59,1,NULL,1,0,5,'2023-04-11 06:53:40','2023-04-11 06:53:40'),(736,1,0,'Product activated: 59','Product',59,1,NULL,1,0,5,'2023-04-11 06:54:02','2023-04-11 06:54:02'),(737,1,0,'Product modification','Product',60,1,NULL,1,0,5,'2023-04-11 06:54:12','2023-04-11 06:54:12'),(738,1,0,'Product modification','Product',60,1,NULL,1,0,5,'2023-04-11 06:55:15','2023-04-11 06:55:15'),(739,1,0,'Product activated: 60','Product',60,1,NULL,1,0,5,'2023-04-11 06:55:22','2023-04-11 06:55:22'),(740,1,0,'Product modification','Product',61,1,NULL,1,0,5,'2023-04-11 06:55:44','2023-04-11 06:55:44'),(741,1,0,'Product activated: 61','Product',61,1,NULL,1,0,5,'2023-04-11 06:55:52','2023-04-11 06:55:52'),(742,1,0,'Product modification','Product',62,1,NULL,1,0,5,'2023-04-11 06:56:24','2023-04-11 06:56:24'),(743,1,0,'Product activated: 62','Product',62,1,NULL,1,0,5,'2023-04-11 06:56:37','2023-04-11 06:56:37'),(744,1,0,'Product modification','Product',63,1,NULL,1,0,5,'2023-04-11 06:56:53','2023-04-11 06:56:53'),(745,1,0,'Product activated: 63','Product',63,1,NULL,1,0,5,'2023-04-11 06:56:58','2023-04-11 06:56:58'),(746,1,0,'Product modification','Product',64,1,NULL,1,0,5,'2023-04-11 06:57:13','2023-04-11 06:57:13'),(747,1,0,'Product activated: 64','Product',64,1,NULL,1,0,5,'2023-04-11 06:57:22','2023-04-11 06:57:22'),(748,1,0,'Product modification','Product',63,1,NULL,1,0,5,'2023-04-11 06:57:42','2023-04-11 06:57:42'),(749,1,0,'Product modification','Product',73,1,NULL,1,0,5,'2023-04-11 07:09:09','2023-04-11 07:09:09'),(750,1,0,'Product modification','Product',74,1,NULL,1,0,5,'2023-04-11 07:11:07','2023-04-11 07:11:07'),(751,1,0,'Product activated: 73','Product',73,1,NULL,1,0,5,'2023-04-11 07:11:31','2023-04-11 07:11:31'),(752,1,0,'Product activated: 74','Product',74,1,NULL,1,0,5,'2023-04-11 07:11:32','2023-04-11 07:11:32'),(753,1,0,'Product modification','Product',70,1,NULL,1,0,5,'2023-04-11 07:14:23','2023-04-11 07:14:23'),(754,1,0,'Product modification','Product',67,1,NULL,1,0,5,'2023-04-11 07:17:06','2023-04-11 07:17:06'),(755,1,0,'Product modification','Product',75,1,NULL,1,0,5,'2023-04-11 07:19:23','2023-04-11 07:19:23'),(756,1,0,'Product activated: 75','Product',75,1,NULL,1,0,5,'2023-04-11 07:19:28','2023-04-11 07:19:28'),(757,1,0,'Product modification','Product',76,1,NULL,1,0,5,'2023-04-11 07:20:53','2023-04-11 07:20:53'),(758,1,0,'Product activated: 76','Product',76,1,NULL,1,0,5,'2023-04-11 07:20:57','2023-04-11 07:20:57'),(759,1,0,'Product modification','Product',68,1,NULL,1,0,5,'2023-04-11 07:22:51','2023-04-11 07:22:51'),(760,1,0,'Product modification','Product',68,1,NULL,1,0,5,'2023-04-11 07:23:03','2023-04-11 07:23:03'),(761,1,0,'Product modification','Product',77,1,NULL,1,0,5,'2023-04-11 07:24:31','2023-04-11 07:24:31'),(762,1,0,'Product modification','Product',77,1,NULL,1,0,5,'2023-04-11 07:24:41','2023-04-11 07:24:41'),(763,1,0,'Product modification','Product',71,1,NULL,1,0,5,'2023-04-11 07:26:38','2023-04-11 07:26:38'),(764,1,0,'Product activated: 71','Product',71,1,NULL,1,0,5,'2023-04-11 07:26:49','2023-04-11 07:26:49'),(765,1,0,'Product modification','Product',77,1,NULL,1,0,5,'2023-04-11 07:27:03','2023-04-11 07:27:03'),(766,1,0,'Product activated: 77','Product',77,1,NULL,1,0,5,'2023-04-11 07:27:11','2023-04-11 07:27:11'),(767,1,0,'Product modification','Product',76,1,NULL,1,0,5,'2023-04-11 07:27:26','2023-04-11 07:27:26'),(768,1,0,'Product modification','Product',75,1,NULL,1,0,5,'2023-04-11 07:28:00','2023-04-11 07:28:00'),(769,1,0,'Product modification','Product',73,1,NULL,1,0,5,'2023-04-11 07:28:29','2023-04-11 07:28:29'),(770,1,0,'Product modification','Product',74,1,NULL,1,0,5,'2023-04-11 07:28:46','2023-04-11 07:28:46'),(771,1,0,'Product modification','Product',71,1,NULL,1,0,5,'2023-04-11 07:28:59','2023-04-11 07:28:59'),(772,1,0,'Product modification','Product',78,1,NULL,1,0,5,'2023-04-11 07:34:24','2023-04-11 07:34:24'),(773,1,0,'Product modification','Product',78,1,NULL,1,0,5,'2023-04-11 07:34:49','2023-04-11 07:34:49'),(774,1,0,'Product modification','Product',78,1,NULL,1,0,5,'2023-04-11 07:35:40','2023-04-11 07:35:40'),(775,1,0,'Product activated: 78','Product',78,1,NULL,1,0,5,'2023-04-11 07:35:44','2023-04-11 07:35:44'),(776,1,0,'Product activated: 70','Product',70,1,NULL,1,0,5,'2023-04-11 07:36:08','2023-04-11 07:36:08'),(777,1,0,'Product activated: 68','Product',68,1,NULL,1,0,5,'2023-04-11 07:36:15','2023-04-11 07:36:15'),(778,1,0,'Product modification','Product',69,1,NULL,1,0,5,'2023-04-11 07:41:29','2023-04-11 07:41:29'),(779,1,0,'Product modification','Product',69,1,NULL,1,0,5,'2023-04-11 07:41:59','2023-04-11 07:41:59'),(780,1,0,'Product modification','Product',69,1,NULL,1,0,5,'2023-04-11 07:42:18','2023-04-11 07:42:18'),(781,1,0,'Product modification','Product',69,1,NULL,1,0,5,'2023-04-11 07:42:32','2023-04-11 07:42:32'),(782,1,0,'Product activated: 69','Product',69,1,NULL,1,0,5,'2023-04-11 07:42:38','2023-04-11 07:42:38'),(783,1,0,'Product modification','Product',67,1,NULL,1,0,5,'2023-04-11 07:43:25','2023-04-11 07:43:25'),(784,1,0,'Product activated: 67','Product',67,1,NULL,1,0,5,'2023-04-11 07:43:47','2023-04-11 07:43:47'),(785,1,0,'Product modification','Product',68,1,NULL,1,0,5,'2023-04-11 07:45:03','2023-04-11 07:45:03'),(786,1,0,'Product modification','Product',68,1,NULL,1,0,5,'2023-04-11 07:45:07','2023-04-11 07:45:07'),(787,1,0,'Product modification','Product',66,1,NULL,1,0,5,'2023-04-11 07:48:36','2023-04-11 07:48:36'),(788,1,0,'Product activated: 66','Product',66,1,NULL,1,0,5,'2023-04-11 07:48:48','2023-04-11 07:48:48'),(789,1,0,'Product modification','Product',66,1,NULL,1,0,5,'2023-04-11 07:49:06','2023-04-11 07:49:06'),(790,1,0,'Connexion au back-office depuis 66.110.171.165','',0,NULL,NULL,1,1,1,'2023-04-11 07:59:26','2023-04-11 07:59:26'),(791,1,0,'Connexion au back-office depuis 65.95.45.169','',0,NULL,NULL,1,1,5,'2023-04-11 08:09:53','2023-04-11 08:09:53'),(792,1,0,'Connexion au back-office depuis 129.222.204.91','',0,NULL,NULL,1,1,2,'2023-04-11 09:55:49','2023-04-11 09:55:49'),(793,1,0,'Product modification','Product',45,1,NULL,1,0,5,'2023-04-11 10:02:26','2023-04-11 10:02:26'),(794,1,0,'Product modification','Product',46,1,NULL,1,0,5,'2023-04-11 10:03:01','2023-04-11 10:03:01'),(795,1,0,'Product modification','Product',46,1,NULL,1,0,5,'2023-04-11 10:03:05','2023-04-11 10:03:05'),(796,1,0,'Product modification','Product',48,1,NULL,1,0,5,'2023-04-11 10:07:11','2023-04-11 10:07:11'),(797,1,0,'Product modification','Product',48,1,NULL,1,0,5,'2023-04-11 10:08:19','2023-04-11 10:08:19'),(798,1,0,'Product modification','Product',79,1,NULL,1,0,5,'2023-04-11 10:20:26','2023-04-11 10:20:26'),(799,1,0,'Product modification','Product',79,1,NULL,1,0,5,'2023-04-11 10:20:35','2023-04-11 10:20:35'),(800,1,0,'Product modification','Product',79,1,NULL,1,0,5,'2023-04-11 10:21:34','2023-04-11 10:21:34'),(801,1,0,'Product activated: 79','Product',79,1,NULL,1,0,5,'2023-04-11 10:21:40','2023-04-11 10:21:40'),(802,1,0,'Product modification','Product',81,1,NULL,1,0,5,'2023-04-11 10:33:38','2023-04-11 10:33:38'),(803,1,0,'Product modification','Product',82,1,NULL,1,0,5,'2023-04-11 10:36:52','2023-04-11 10:36:52'),(804,1,0,'Product modification','Product',83,1,NULL,1,0,5,'2023-04-11 10:40:37','2023-04-11 10:40:37'),(805,1,0,'Product modification','Product',84,1,NULL,1,0,5,'2023-04-11 10:45:05','2023-04-11 10:45:05'),(806,1,0,'Product activated: 84','Product',84,1,NULL,1,0,5,'2023-04-11 10:45:11','2023-04-11 10:45:11'),(807,1,0,'Product activated: 83','Product',83,1,NULL,1,0,5,'2023-04-11 10:45:12','2023-04-11 10:45:12'),(808,1,0,'Product activated: 82','Product',82,1,NULL,1,0,5,'2023-04-11 10:45:12','2023-04-11 10:45:12'),(809,1,0,'Product activated: 81','Product',81,1,NULL,1,0,5,'2023-04-11 10:45:13','2023-04-11 10:45:13'),(810,1,0,'Product modification','Product',85,1,NULL,1,0,5,'2023-04-11 10:48:19','2023-04-11 10:48:19'),(811,1,0,'Product modification','Product',85,1,NULL,1,0,5,'2023-04-11 10:48:27','2023-04-11 10:48:27'),(812,1,0,'Product modification','Product',86,1,NULL,1,0,5,'2023-04-11 10:51:37','2023-04-11 10:51:37'),(813,1,0,'Product modification','Product',86,1,NULL,1,0,5,'2023-04-11 10:52:10','2023-04-11 10:52:10'),(814,1,0,'Product modification','Product',85,1,NULL,1,0,5,'2023-04-11 10:52:34','2023-04-11 10:52:34'),(815,1,0,'Product modification','Product',84,1,NULL,1,0,5,'2023-04-11 10:52:48','2023-04-11 10:52:48'),(816,1,0,'Product modification','Product',83,1,NULL,1,0,5,'2023-04-11 10:53:03','2023-04-11 10:53:03'),(817,1,0,'Product modification','Product',87,1,NULL,1,0,5,'2023-04-11 10:57:08','2023-04-11 10:57:08'),(818,1,0,'Product modification','Product',86,1,NULL,1,0,5,'2023-04-11 10:58:46','2023-04-11 10:58:46'),(819,1,0,'Product activated: 87','Product',87,1,NULL,1,0,5,'2023-04-11 10:58:52','2023-04-11 10:58:52'),(820,1,0,'Product activated: 86','Product',86,1,NULL,1,0,5,'2023-04-11 10:58:52','2023-04-11 10:58:52'),(821,1,0,'Product modification','Product',85,1,NULL,1,0,5,'2023-04-11 11:01:13','2023-04-11 11:01:13'),(822,1,0,'Product deactivated: 84','Product',84,1,NULL,1,0,5,'2023-04-11 11:01:24','2023-04-11 11:01:24'),(823,1,0,'Product deactivated: 83','Product',83,1,NULL,1,0,5,'2023-04-11 11:01:30','2023-04-11 11:01:30'),(824,1,0,'Product deactivated: 82','Product',82,1,NULL,1,0,5,'2023-04-11 11:01:31','2023-04-11 11:01:31'),(825,1,0,'Product deactivated: 81','Product',81,1,NULL,1,0,5,'2023-04-11 11:01:33','2023-04-11 11:01:33'),(826,1,0,'Product deactivated: 79','Product',79,1,NULL,1,0,5,'2023-04-11 11:01:35','2023-04-11 11:01:35'),(827,1,0,'Product activated: 85','Product',85,1,NULL,1,0,5,'2023-04-11 11:01:41','2023-04-11 11:01:41'),(828,1,0,'Product modification','Product',84,1,NULL,1,0,5,'2023-04-11 11:05:33','2023-04-11 11:05:33'),(829,1,0,'Product activated: 84','Product',84,1,NULL,1,0,5,'2023-04-11 11:05:41','2023-04-11 11:05:41'),(830,1,0,'Product modification','Product',83,1,NULL,1,0,5,'2023-04-11 11:06:34','2023-04-11 11:06:34'),(831,1,0,'Product activated: 83','Product',83,1,NULL,1,0,5,'2023-04-11 11:06:41','2023-04-11 11:06:41'),(832,1,0,'Product modification','Product',82,1,NULL,1,0,5,'2023-04-11 11:07:28','2023-04-11 11:07:28'),(833,1,0,'Product modification','Product',82,1,NULL,1,0,5,'2023-04-11 11:07:31','2023-04-11 11:07:31'),(834,1,0,'Product activated: 82','Product',82,1,NULL,1,0,5,'2023-04-11 11:07:40','2023-04-11 11:07:40'),(835,1,0,'Product modification','Product',81,1,NULL,1,0,5,'2023-04-11 11:08:16','2023-04-11 11:08:16'),(836,1,0,'Product activated: 81','Product',81,1,NULL,1,0,5,'2023-04-11 11:08:24','2023-04-11 11:08:24'),(837,1,0,'Product modification','Product',79,1,NULL,1,0,5,'2023-04-11 11:10:21','2023-04-11 11:10:21'),(838,1,0,'Product activated: 79','Product',79,1,NULL,1,0,5,'2023-04-11 11:10:29','2023-04-11 11:10:29'),(839,1,0,'Product modification','Product',89,1,NULL,1,0,5,'2023-04-11 11:14:45','2023-04-11 11:14:45'),(840,1,0,'Product activated: 89','Product',89,1,NULL,1,0,5,'2023-04-11 11:14:53','2023-04-11 11:14:53'),(841,1,0,'Product modification','Product',90,1,NULL,1,0,5,'2023-04-11 11:17:30','2023-04-11 11:17:30'),(842,1,0,'Product activated: 90','Product',90,1,NULL,1,0,5,'2023-04-11 11:17:34','2023-04-11 11:17:34'),(843,1,0,'Product modification','Product',91,1,NULL,1,0,5,'2023-04-11 11:20:21','2023-04-11 11:20:21'),(844,1,0,'Product modification','Product',91,1,NULL,1,0,5,'2023-04-11 11:20:37','2023-04-11 11:20:37'),(845,1,0,'Product activated: 91','Product',91,1,NULL,1,0,5,'2023-04-11 11:20:45','2023-04-11 11:20:45'),(846,1,0,'Product modification','Product',92,1,NULL,1,0,5,'2023-04-11 11:24:00','2023-04-11 11:24:00'),(847,1,0,'Product activated: 92','Product',92,1,NULL,1,0,5,'2023-04-11 11:24:09','2023-04-11 11:24:09'),(848,1,0,'Product modification','Product',91,1,NULL,1,0,5,'2023-04-11 11:24:22','2023-04-11 11:24:22'),(849,1,0,'Product modification','Product',93,1,NULL,1,0,5,'2023-04-11 11:30:49','2023-04-11 11:30:49'),(850,1,0,'Product modification','Product',95,1,NULL,1,0,5,'2023-04-11 11:42:09','2023-04-11 11:42:09'),(851,1,0,'Product activated: 93','Product',93,1,NULL,1,0,5,'2023-04-11 11:42:20','2023-04-11 11:42:20'),(852,1,0,'Product activated: 95','Product',95,1,NULL,1,0,5,'2023-04-11 11:42:21','2023-04-11 11:42:21'),(853,1,0,'Product modification','Product',96,1,NULL,1,0,5,'2023-04-11 11:47:57','2023-04-11 11:47:57'),(854,1,0,'Product activated: 96','Product',96,1,NULL,1,0,5,'2023-04-11 11:48:02','2023-04-11 11:48:02'),(855,1,0,'Product modification','Product',97,1,NULL,1,0,5,'2023-04-11 11:52:02','2023-04-11 11:52:02'),(856,1,0,'Product activated: 97','Product',97,1,NULL,1,0,5,'2023-04-11 11:52:22','2023-04-11 11:52:22'),(857,1,0,'Product modification','Product',98,1,NULL,1,0,5,'2023-04-11 11:55:23','2023-04-11 11:55:23'),(858,1,0,'Product modification','Product',98,1,NULL,1,0,5,'2023-04-11 11:55:29','2023-04-11 11:55:29'),(859,1,0,'Product modification','Product',98,1,NULL,1,0,5,'2023-04-11 11:56:15','2023-04-11 11:56:15'),(860,1,0,'Product activated: 98','Product',98,1,NULL,1,0,5,'2023-04-11 11:56:25','2023-04-11 11:56:25'),(861,1,0,'Product modification','Product',99,1,NULL,1,0,5,'2023-04-11 11:58:34','2023-04-11 11:58:34'),(862,1,0,'Product modification','Product',100,1,NULL,1,0,5,'2023-04-11 12:00:27','2023-04-11 12:00:27'),(863,1,0,'Product modification','Product',101,1,NULL,1,0,5,'2023-04-11 12:02:29','2023-04-11 12:02:29'),(864,1,0,'Product activated: 99','Product',99,1,NULL,1,0,5,'2023-04-11 12:02:37','2023-04-11 12:02:37'),(865,1,0,'Product activated: 100','Product',100,1,NULL,1,0,5,'2023-04-11 12:02:38','2023-04-11 12:02:38'),(866,1,0,'Product activated: 101','Product',101,1,NULL,1,0,5,'2023-04-11 12:02:39','2023-04-11 12:02:39'),(867,1,0,'Product modification','Product',102,1,NULL,1,0,5,'2023-04-11 12:11:23','2023-04-11 12:11:23'),(868,1,0,'Product modification','Product',102,1,NULL,1,0,5,'2023-04-11 12:12:03','2023-04-11 12:12:03'),(869,1,0,'Product activated: 102','Product',102,1,NULL,1,0,5,'2023-04-11 12:12:17','2023-04-11 12:12:17'),(870,1,0,'Product modification','Product',103,1,NULL,1,0,5,'2023-04-11 12:16:09','2023-04-11 12:16:09'),(871,1,0,'Product modification','Product',104,1,NULL,1,0,5,'2023-04-11 12:20:29','2023-04-11 12:20:29'),(872,1,0,'Product activated: 103','Product',103,1,NULL,1,0,5,'2023-04-11 12:20:41','2023-04-11 12:20:41'),(873,1,0,'Product activated: 104','Product',104,1,NULL,1,0,5,'2023-04-11 12:20:42','2023-04-11 12:20:42'),(874,1,0,'Product modification','Product',105,1,NULL,1,0,5,'2023-04-11 12:25:16','2023-04-11 12:25:16'),(875,1,0,'Product activated: 105','Product',105,1,NULL,1,0,5,'2023-04-11 12:25:26','2023-04-11 12:25:26'),(876,1,0,'Product modification','Product',104,1,NULL,1,0,5,'2023-04-11 12:25:36','2023-04-11 12:25:36'),(877,1,0,'Product modification','Product',103,1,NULL,1,0,5,'2023-04-11 12:25:48','2023-04-11 12:25:48'),(878,1,0,'Product modification','Product',102,1,NULL,1,0,5,'2023-04-11 12:26:00','2023-04-11 12:26:00'),(879,1,0,'Product modification','Product',106,1,NULL,1,0,5,'2023-04-11 12:30:16','2023-04-11 12:30:16'),(880,1,0,'Product modification','Product',107,1,NULL,1,0,5,'2023-04-11 12:33:31','2023-04-11 12:33:31'),(881,1,0,'Product modification','Product',107,1,NULL,1,0,5,'2023-04-11 12:33:42','2023-04-11 12:33:42'),(882,1,0,'Product modification','Product',106,1,NULL,1,0,5,'2023-04-11 12:34:03','2023-04-11 12:34:03'),(883,1,0,'Product activated: 106','Product',106,1,NULL,1,0,5,'2023-04-11 12:34:09','2023-04-11 12:34:09'),(884,1,0,'Product activated: 107','Product',107,1,NULL,1,0,5,'2023-04-11 12:34:10','2023-04-11 12:34:10'),(885,1,0,'Product modification','Product',108,1,NULL,1,0,5,'2023-04-11 12:37:33','2023-04-11 12:37:33'),(886,1,0,'Product modification','Product',111,1,NULL,1,0,5,'2023-04-11 12:54:14','2023-04-11 12:54:14'),(887,1,0,'Product activated: 111','Product',111,1,NULL,1,0,5,'2023-04-11 12:54:22','2023-04-11 12:54:22'),(888,1,0,'Product modification','Product',113,1,NULL,1,0,5,'2023-04-11 15:08:45','2023-04-11 15:08:45'),(889,1,0,'Product modification','Product',114,1,NULL,1,0,5,'2023-04-11 15:11:13','2023-04-11 15:11:13'),(890,1,0,'Product modification','Product',115,1,NULL,1,0,5,'2023-04-11 15:13:33','2023-04-11 15:13:33'),(891,1,0,'Product modification','Product',116,1,NULL,1,0,5,'2023-04-11 15:16:31','2023-04-11 15:16:31'),(892,1,0,'Product modification','Product',117,1,NULL,1,0,5,'2023-04-11 15:20:16','2023-04-11 15:20:16'),(893,1,0,'Product modification','Product',118,1,NULL,1,0,5,'2023-04-11 15:26:20','2023-04-11 15:26:20'),(894,1,0,'Product modification','Product',119,1,NULL,1,0,5,'2023-04-11 15:28:38','2023-04-11 15:28:38'),(895,1,0,'Product activated: 119','Product',119,1,NULL,1,0,5,'2023-04-11 15:28:48','2023-04-11 15:28:48'),(896,1,0,'Product activated: 118','Product',118,1,NULL,1,0,5,'2023-04-11 15:28:48','2023-04-11 15:28:48'),(897,1,0,'Product modification','Product',120,1,NULL,1,0,5,'2023-04-11 15:31:10','2023-04-11 15:31:10'),(898,1,0,'Product modification','Product',120,1,NULL,1,0,5,'2023-04-11 15:32:05','2023-04-11 15:32:05'),(899,1,0,'Product modification','Product',119,1,NULL,1,0,5,'2023-04-11 15:32:47','2023-04-11 15:32:47'),(900,1,0,'Product modification','Product',119,1,NULL,1,0,5,'2023-04-11 15:32:52','2023-04-11 15:32:52'),(901,1,0,'Product activated: 120','Product',120,1,NULL,1,0,5,'2023-04-11 15:32:57','2023-04-11 15:32:57'),(902,1,0,'Product modification','Product',118,1,NULL,1,0,5,'2023-04-11 15:33:22','2023-04-11 15:33:22'),(903,1,0,'Product modification','Product',111,1,NULL,1,0,5,'2023-04-11 15:34:05','2023-04-11 15:34:05'),(904,1,0,'Product modification','Product',121,1,NULL,1,0,5,'2023-04-11 15:38:18','2023-04-11 15:38:18'),(905,1,0,'Product modification','Product',121,1,NULL,1,0,5,'2023-04-11 15:38:22','2023-04-11 15:38:22'),(906,1,0,'Product modification','Product',122,1,NULL,1,0,5,'2023-04-11 15:41:15','2023-04-11 15:41:15'),(907,1,0,'Product modification','Product',123,1,NULL,1,0,5,'2023-04-11 15:43:48','2023-04-11 15:43:48'),(908,1,0,'Product modification','Product',123,1,NULL,1,0,5,'2023-04-11 15:44:05','2023-04-11 15:44:05'),(909,1,0,'Product modification','Product',124,1,NULL,1,0,5,'2023-04-11 15:47:22','2023-04-11 15:47:22'),(910,1,0,'Product activated: 124','Product',124,1,NULL,1,0,5,'2023-04-11 15:47:30','2023-04-11 15:47:30'),(911,1,0,'Product deactivated: 124','Product',124,1,NULL,1,0,5,'2023-04-11 15:47:37','2023-04-11 15:47:37'),(912,1,0,'Product activated: 121','Product',121,1,NULL,1,0,5,'2023-04-11 15:47:42','2023-04-11 15:47:42'),(913,1,0,'Product activated: 122','Product',122,1,NULL,1,0,5,'2023-04-11 15:47:44','2023-04-11 15:47:44'),(914,1,0,'Product activated: 123','Product',123,1,NULL,1,0,5,'2023-04-11 15:47:45','2023-04-11 15:47:45'),(915,1,0,'Product activated: 124','Product',124,1,NULL,1,0,5,'2023-04-11 15:47:46','2023-04-11 15:47:46'),(916,1,0,'Product modification','Product',125,1,NULL,1,0,5,'2023-04-11 15:50:52','2023-04-11 15:50:52'),(917,1,0,'Product activated: 125','Product',125,1,NULL,1,0,5,'2023-04-11 15:50:59','2023-04-11 15:50:59'),(918,1,0,'Product activated: 117','Product',117,1,NULL,1,0,5,'2023-04-11 15:51:08','2023-04-11 15:51:08'),(919,1,0,'Product activated: 116','Product',116,1,NULL,1,0,5,'2023-04-11 15:51:09','2023-04-11 15:51:09'),(920,1,0,'Product activated: 115','Product',115,1,NULL,1,0,5,'2023-04-11 15:51:11','2023-04-11 15:51:11'),(921,1,0,'Product activated: 114','Product',114,1,NULL,1,0,5,'2023-04-11 15:51:12','2023-04-11 15:51:12'),(922,1,0,'Product activated: 113','Product',113,1,NULL,1,0,5,'2023-04-11 15:51:12','2023-04-11 15:51:12'),(923,1,0,'Product modification','Product',126,1,NULL,1,0,5,'2023-04-11 15:53:22','2023-04-11 15:53:22'),(924,1,0,'Product activated: 126','Product',126,1,NULL,1,0,5,'2023-04-11 15:53:31','2023-04-11 15:53:31'),(925,1,0,'Product modification','Product',127,1,NULL,1,0,5,'2023-04-11 15:56:43','2023-04-11 15:56:43'),(926,1,0,'Product activated: 127','Product',127,1,NULL,1,0,5,'2023-04-11 15:56:53','2023-04-11 15:56:53'),(927,1,0,'Product modification','Product',128,1,NULL,1,0,5,'2023-04-11 15:59:23','2023-04-11 15:59:23'),(928,1,0,'Product modification','Product',128,1,NULL,1,0,5,'2023-04-11 15:59:38','2023-04-11 15:59:38'),(929,1,0,'Product modification','Product',128,1,NULL,1,0,5,'2023-04-11 16:01:59','2023-04-11 16:01:59'),(930,1,0,'Product modification','Product',128,1,NULL,1,0,5,'2023-04-11 16:02:19','2023-04-11 16:02:19'),(931,1,0,'Product modification','Product',128,1,NULL,1,0,5,'2023-04-11 16:02:59','2023-04-11 16:02:59'),(932,1,0,'Product modification','Product',128,1,NULL,1,0,5,'2023-04-11 16:04:36','2023-04-11 16:04:36'),(933,1,0,'Product modification','Product',128,1,NULL,1,0,5,'2023-04-11 16:05:01','2023-04-11 16:05:01'),(934,1,0,'Product modification','Product',128,1,NULL,1,0,5,'2023-04-11 16:05:03','2023-04-11 16:05:03'),(935,1,0,'Product deleted: (128).','Product',128,1,NULL,1,0,5,'2023-04-11 16:05:22','2023-04-11 16:05:22'),(936,1,0,'Product modification','Product',129,1,NULL,1,0,5,'2023-04-11 16:08:19','2023-04-11 16:08:19'),(937,1,0,'Product modification','Product',130,1,NULL,1,0,5,'2023-04-11 16:10:24','2023-04-11 16:10:24'),(938,1,0,'Product activated: 130','Product',130,1,NULL,1,0,5,'2023-04-11 16:10:36','2023-04-11 16:10:36'),(939,1,0,'Product activated: 129','Product',129,1,NULL,1,0,5,'2023-04-11 16:10:37','2023-04-11 16:10:37'),(940,1,0,'Product modification','Product',131,1,NULL,1,0,5,'2023-04-11 16:12:29','2023-04-11 16:12:29'),(941,1,0,'Product modification','Product',132,1,NULL,1,0,5,'2023-04-11 16:17:36','2023-04-11 16:17:36'),(942,1,0,'Product modification','Product',132,1,NULL,1,0,5,'2023-04-11 16:18:22','2023-04-11 16:18:22'),(943,1,0,'Product activated: 131','Product',131,1,NULL,1,0,5,'2023-04-11 16:18:27','2023-04-11 16:18:27'),(944,1,0,'Product activated: 132','Product',132,1,NULL,1,0,5,'2023-04-11 16:18:28','2023-04-11 16:18:28'),(945,1,0,'Product modification','Product',133,1,NULL,1,0,5,'2023-04-11 16:21:24','2023-04-11 16:21:24'),(946,1,0,'Product activated: 133','Product',133,1,NULL,1,0,5,'2023-04-11 16:21:35','2023-04-11 16:21:35'),(947,1,0,'Product modification','Product',134,1,NULL,1,0,5,'2023-04-11 16:24:31','2023-04-11 16:24:31'),(948,1,0,'Product activated: 134','Product',134,1,NULL,1,0,5,'2023-04-11 16:25:10','2023-04-11 16:25:10'),(949,1,0,'Product modification','Product',134,1,NULL,1,0,5,'2023-04-11 16:25:26','2023-04-11 16:25:26'),(950,1,0,'Connexion au back-office depuis 163.116.142.114','',0,1,NULL,1,0,5,'2023-04-11 16:27:36','2023-04-11 16:27:36'),(951,1,0,'Product modification','Product',135,1,NULL,1,0,5,'2023-04-11 16:27:58','2023-04-11 16:27:58'),(952,1,0,'Product modification','Product',135,1,NULL,1,0,5,'2023-04-11 16:28:20','2023-04-11 16:28:20'),(953,1,0,'Product activated: 135','Product',135,1,NULL,1,0,5,'2023-04-11 16:28:24','2023-04-11 16:28:24'),(954,1,0,'Product modification','Product',137,1,NULL,1,0,5,'2023-04-11 16:30:35','2023-04-11 16:30:35'),(955,1,0,'Product activated: 137','Product',137,1,NULL,1,0,5,'2023-04-11 16:30:42','2023-04-11 16:30:42'),(956,1,0,'Product modification','Product',136,1,NULL,1,0,5,'2023-04-11 16:32:18','2023-04-11 16:32:18'),(957,1,0,'Product modification','Product',136,1,NULL,1,0,5,'2023-04-11 16:32:25','2023-04-11 16:32:25'),(958,1,0,'Product modification','Product',138,1,NULL,1,0,5,'2023-04-11 16:34:08','2023-04-11 16:34:08'),(959,1,0,'Product activated: 138','Product',138,1,NULL,1,0,5,'2023-04-11 16:35:05','2023-04-11 16:35:05'),(960,1,0,'Product modification','Product',136,1,NULL,1,0,5,'2023-04-11 16:35:22','2023-04-11 16:35:22'),(961,1,0,'Product modification','Product',139,1,NULL,1,0,5,'2023-04-11 16:36:18','2023-04-11 16:36:18'),(962,1,0,'Product modification','Product',139,1,NULL,1,0,5,'2023-04-11 16:38:57','2023-04-11 16:38:57'),(963,1,0,'Product activated: 139','Product',139,1,NULL,1,0,5,'2023-04-11 16:39:02','2023-04-11 16:39:02'),(964,1,0,'Product modification','Product',141,1,NULL,1,0,5,'2023-04-11 16:40:43','2023-04-11 16:40:43'),(965,1,0,'Product modification','Product',141,1,NULL,1,0,5,'2023-04-11 16:40:47','2023-04-11 16:40:47'),(966,1,0,'Product activated: 141','Product',141,1,NULL,1,0,5,'2023-04-11 16:40:54','2023-04-11 16:40:54'),(967,1,0,'Product modification','Product',143,1,NULL,1,0,5,'2023-04-11 16:44:21','2023-04-11 16:44:21'),(968,1,0,'Product activated: 143','Product',143,1,NULL,1,0,5,'2023-04-11 16:44:31','2023-04-11 16:44:31'),(969,1,0,'Product modification','Product',144,1,NULL,1,0,5,'2023-04-11 16:46:57','2023-04-11 16:46:57'),(970,1,0,'Product modification','Product',144,1,NULL,1,0,5,'2023-04-11 16:47:37','2023-04-11 16:47:37'),(971,1,0,'Product modification','Product',145,1,NULL,1,0,5,'2023-04-11 16:49:23','2023-04-11 16:49:23'),(972,1,0,'Product modification','Product',145,1,NULL,1,0,5,'2023-04-11 16:49:28','2023-04-11 16:49:28'),(973,1,0,'Product activated: 145','Product',145,1,NULL,1,0,5,'2023-04-11 16:49:34','2023-04-11 16:49:34'),(974,1,0,'Product activated: 144','Product',144,1,NULL,1,0,5,'2023-04-11 16:49:35','2023-04-11 16:49:35'),(975,1,0,'Product modification','Product',140,1,NULL,1,0,5,'2023-04-11 16:58:07','2023-04-11 16:58:07'),(976,1,0,'Product activated: 136','Product',136,1,NULL,1,0,5,'2023-04-11 16:59:03','2023-04-11 16:59:03'),(977,1,0,'Product activated: 140','Product',140,1,NULL,1,0,5,'2023-04-11 16:59:04','2023-04-11 16:59:04'),(978,1,0,'Connexion au back-office depuis 163.116.142.117','',0,NULL,NULL,1,1,5,'2023-04-12 05:24:29','2023-04-12 05:24:29'),(979,1,0,'Connexion au back-office depuis 163.116.142.117','',0,NULL,NULL,1,1,5,'2023-04-12 05:24:36','2023-04-12 05:24:36'),(980,1,0,'Connexion au back-office depuis 163.116.142.117','',0,NULL,NULL,1,1,5,'2023-04-12 05:24:46','2023-04-12 05:24:46'),(981,1,0,'Connexion au back-office depuis 163.116.142.117','',0,NULL,NULL,1,1,5,'2023-04-12 05:24:46','2023-04-12 05:24:46'),(982,1,0,'Product modification','Product',147,1,NULL,1,0,5,'2023-04-12 05:33:08','2023-04-12 05:33:08'),(983,1,0,'Product modification','Product',147,1,NULL,1,0,5,'2023-04-12 05:33:19','2023-04-12 05:33:19'),(984,1,0,'Product modification','Product',147,1,NULL,1,0,5,'2023-04-12 05:33:45','2023-04-12 05:33:45'),(985,1,0,'Product modification','Product',147,1,NULL,1,0,5,'2023-04-12 05:36:04','2023-04-12 05:36:04'),(986,1,0,'Product modification','Product',147,1,NULL,1,0,5,'2023-04-12 05:36:05','2023-04-12 05:36:05'),(987,1,0,'Connexion au back-office depuis 163.116.142.114','',0,NULL,NULL,1,1,5,'2023-04-12 05:38:15','2023-04-12 05:38:15'),(988,1,0,'Product modification','Product',101,1,NULL,1,0,5,'2023-04-12 07:29:14','2023-04-12 07:29:14'),(989,1,0,'Product modification','Product',101,1,NULL,1,0,5,'2023-04-12 07:29:15','2023-04-12 07:29:15'),(990,1,0,'Product modification','Product',101,1,NULL,1,0,5,'2023-04-12 07:30:29','2023-04-12 07:30:29'),(991,1,0,'Product modification','Product',100,1,NULL,1,0,5,'2023-04-12 07:32:33','2023-04-12 07:32:33'),(992,1,0,'Product modification','Product',100,1,NULL,1,0,5,'2023-04-12 07:32:44','2023-04-12 07:32:44'),(993,1,0,'Product modification','Product',99,1,NULL,1,0,5,'2023-04-12 07:34:09','2023-04-12 07:34:09'),(994,1,0,'Product modification','Product',101,1,NULL,1,0,5,'2023-04-12 07:35:49','2023-04-12 07:35:49'),(995,1,0,'Product modification','Product',100,1,NULL,1,0,5,'2023-04-12 07:44:42','2023-04-12 07:44:42'),(996,1,0,'Connexion au back-office depuis 163.116.142.114','',0,1,NULL,1,0,5,'2023-04-12 08:04:36','2023-04-12 08:04:36'),(997,1,0,'Product modification','Product',98,1,NULL,1,0,5,'2023-04-12 08:06:45','2023-04-12 08:06:45'),(998,1,0,'Product modification','Product',99,1,NULL,1,0,5,'2023-04-12 08:09:32','2023-04-12 08:09:32'),(999,1,0,'Product modification','Product',117,1,NULL,1,0,5,'2023-04-12 08:09:53','2023-04-12 08:09:53'),(1000,1,0,'Product modification','Product',117,1,NULL,1,0,5,'2023-04-12 08:17:10','2023-04-12 08:17:10'),(1001,1,0,'Product modification','Product',117,1,NULL,1,0,5,'2023-04-12 08:19:38','2023-04-12 08:19:38'),(1002,1,0,'Product modification','Product',117,1,NULL,1,0,5,'2023-04-12 08:20:02','2023-04-12 08:20:02'),(1003,1,0,'Product modification','Product',117,1,NULL,1,0,5,'2023-04-12 08:20:13','2023-04-12 08:20:13'),(1004,1,0,'Product modification','Product',116,1,NULL,1,0,5,'2023-04-12 08:21:56','2023-04-12 08:21:56'),(1005,1,0,'Product modification','Product',116,1,NULL,1,0,5,'2023-04-12 08:23:24','2023-04-12 08:23:24'),(1006,1,0,'Product modification','Product',115,1,NULL,1,0,5,'2023-04-12 08:24:49','2023-04-12 08:24:49'),(1007,1,0,'Product modification','Product',114,1,NULL,1,0,5,'2023-04-12 08:27:10','2023-04-12 08:27:10'),(1008,1,0,'Product modification','Product',113,1,NULL,1,0,5,'2023-04-12 08:28:55','2023-04-12 08:28:55'),(1009,1,0,'Product modification','Product',113,1,NULL,1,0,5,'2023-04-12 08:28:59','2023-04-12 08:28:59'),(1010,1,0,'Product modification','Product',114,1,NULL,1,0,5,'2023-04-12 08:29:26','2023-04-12 08:29:26'),(1011,1,0,'Product modification','Product',115,1,NULL,1,0,5,'2023-04-12 08:29:47','2023-04-12 08:29:47'),(1012,1,0,'Product modification','Product',116,1,NULL,1,0,5,'2023-04-12 08:30:04','2023-04-12 08:30:04'),(1013,1,0,'Product modification','Product',116,1,NULL,1,0,5,'2023-04-12 09:55:23','2023-04-12 09:55:23'),(1014,1,0,'Connexion au back-office depuis 65.95.44.88','',0,NULL,NULL,1,1,5,'2023-04-12 10:53:31','2023-04-12 10:53:31'),(1015,1,0,'Product modification','Product',148,1,NULL,1,0,5,'2023-04-12 11:03:58','2023-04-12 11:03:58'),(1016,1,0,'Product modification','Product',150,1,NULL,1,0,5,'2023-04-12 11:10:58','2023-04-12 11:10:58'),(1017,1,0,'Product modification','Product',150,1,NULL,1,0,5,'2023-04-12 11:11:03','2023-04-12 11:11:03'),(1018,1,0,'Product modification','Product',148,1,NULL,1,0,5,'2023-04-12 11:12:52','2023-04-12 11:12:52'),(1019,1,0,'Product modification','Product',150,1,NULL,1,0,5,'2023-04-12 11:14:09','2023-04-12 11:14:09'),(1020,1,0,'Product modification','Product',150,1,NULL,1,0,5,'2023-04-12 11:14:11','2023-04-12 11:14:11'),(1021,1,0,'Product modification','Product',151,1,NULL,1,0,5,'2023-04-12 11:20:19','2023-04-12 11:20:19'),(1022,1,0,'Product modification','Product',152,1,NULL,1,0,5,'2023-04-12 11:23:43','2023-04-12 11:23:43'),(1023,1,0,'Product modification','Product',152,1,NULL,1,0,5,'2023-04-12 11:23:48','2023-04-12 11:23:48'),(1024,1,0,'Product modification','Product',153,1,NULL,1,0,5,'2023-04-12 11:26:38','2023-04-12 11:26:38'),(1025,1,0,'Connexion au back-office depuis 163.116.142.114','',0,NULL,NULL,1,1,5,'2023-04-12 11:27:17','2023-04-12 11:27:17'),(1026,1,0,'Product modification','Product',154,1,NULL,1,0,5,'2023-04-12 11:32:21','2023-04-12 11:32:21'),(1027,1,0,'Product modification','Product',155,1,NULL,1,0,5,'2023-04-12 11:35:17','2023-04-12 11:35:17'),(1028,1,0,'Product modification','Product',156,1,NULL,1,0,5,'2023-04-12 11:38:56','2023-04-12 11:38:56'),(1029,1,0,'Product modification','Product',156,1,NULL,1,0,5,'2023-04-12 11:39:00','2023-04-12 11:39:00'),(1030,1,0,'Product modification','Product',157,1,NULL,1,0,5,'2023-04-12 11:42:38','2023-04-12 11:42:38'),(1031,1,0,'Product modification','Product',158,1,NULL,1,0,5,'2023-04-12 11:45:53','2023-04-12 11:45:53'),(1032,1,0,'Product modification','Product',158,1,NULL,1,0,5,'2023-04-12 11:47:07','2023-04-12 11:47:07'),(1033,1,0,'Product modification','Product',159,1,NULL,1,0,5,'2023-04-12 11:53:18','2023-04-12 11:53:18'),(1034,1,0,'Product modification','Product',159,1,NULL,1,0,5,'2023-04-12 11:53:31','2023-04-12 11:53:31'),(1035,1,0,'Product modification','Product',160,1,NULL,1,0,5,'2023-04-12 11:57:06','2023-04-12 11:57:06'),(1036,1,0,'Product modification','Product',161,1,NULL,1,0,5,'2023-04-12 12:00:04','2023-04-12 12:00:04'),(1037,1,0,'Product modification','Product',162,1,NULL,1,0,5,'2023-04-12 12:03:16','2023-04-12 12:03:16'),(1038,1,0,'Product modification','Product',163,1,NULL,1,0,5,'2023-04-12 12:06:19','2023-04-12 12:06:19'),(1039,1,0,'Product modification','Product',163,1,NULL,1,0,5,'2023-04-12 12:07:10','2023-04-12 12:07:10'),(1040,1,0,'Product modification','Product',164,1,NULL,1,0,5,'2023-04-12 12:10:04','2023-04-12 12:10:04'),(1041,1,0,'Product modification','Product',165,1,NULL,1,0,5,'2023-04-12 12:12:14','2023-04-12 12:12:14'),(1042,1,0,'Product modification','Product',165,1,NULL,1,0,5,'2023-04-12 12:12:23','2023-04-12 12:12:23'),(1043,1,0,'Connexion au back-office depuis 129.222.204.89','',0,NULL,NULL,1,1,5,'2023-04-12 12:15:39','2023-04-12 12:15:39'),(1044,1,0,'Product modification','Product',166,1,NULL,1,0,5,'2023-04-12 12:21:03','2023-04-12 12:21:03'),(1045,1,0,'Product modification','Product',167,1,NULL,1,0,5,'2023-04-12 12:23:58','2023-04-12 12:23:58'),(1046,1,0,'Product modification','Product',168,1,NULL,1,0,5,'2023-04-12 12:26:50','2023-04-12 12:26:50'),(1047,1,0,'Product modification','Product',168,1,NULL,1,0,5,'2023-04-12 12:26:54','2023-04-12 12:26:54'),(1048,1,0,'Product modification','Product',169,1,NULL,1,0,5,'2023-04-12 13:33:31','2023-04-12 13:33:31'),(1049,1,0,'Product modification','Product',170,1,NULL,1,0,5,'2023-04-12 13:36:17','2023-04-12 13:36:17'),(1050,1,0,'Product modification','Product',170,1,NULL,1,0,5,'2023-04-12 13:36:33','2023-04-12 13:36:33'),(1051,1,0,'Product modification','Product',171,1,NULL,1,0,5,'2023-04-12 13:39:03','2023-04-12 13:39:03'),(1052,1,0,'Product modification','Product',172,1,NULL,1,0,5,'2023-04-12 13:50:04','2023-04-12 13:50:04'),(1053,1,0,'Product modification','Product',173,1,NULL,1,0,5,'2023-04-12 13:53:01','2023-04-12 13:53:01'),(1054,1,0,'Product modification','Product',172,1,NULL,1,0,5,'2023-04-12 13:53:18','2023-04-12 13:53:18'),(1055,1,0,'Product modification','Product',172,1,NULL,1,0,5,'2023-04-12 13:53:21','2023-04-12 13:53:21'),(1056,1,0,'Product modification','Product',172,1,NULL,1,0,5,'2023-04-12 13:54:28','2023-04-12 13:54:28'),(1057,1,0,'Product modification','Product',173,1,NULL,1,0,5,'2023-04-12 13:54:40','2023-04-12 13:54:40'),(1058,1,0,'Product modification','Product',174,1,NULL,1,0,5,'2023-04-12 13:58:32','2023-04-12 13:58:32'),(1059,1,0,'Product modification','Product',174,1,NULL,1,0,5,'2023-04-12 13:59:28','2023-04-12 13:59:28'),(1060,1,0,'Product modification','Product',175,1,NULL,1,0,5,'2023-04-12 14:03:39','2023-04-12 14:03:39'),(1061,1,0,'Product modification','Product',176,1,NULL,1,0,5,'2023-04-12 14:09:50','2023-04-12 14:09:50'),(1062,1,0,'Product modification','Product',177,1,NULL,1,0,5,'2023-04-12 14:13:10','2023-04-12 14:13:10'),(1063,1,0,'Product modification','Product',178,1,NULL,1,0,5,'2023-04-12 14:15:59','2023-04-12 14:15:59'),(1064,1,0,'Product modification','Product',178,1,NULL,1,0,5,'2023-04-12 14:16:04','2023-04-12 14:16:04'),(1065,1,0,'Product modification','Product',179,1,NULL,1,0,5,'2023-04-12 14:19:01','2023-04-12 14:19:01'),(1066,1,0,'Product modification','Product',180,1,NULL,1,0,5,'2023-04-12 14:22:23','2023-04-12 14:22:23'),(1067,1,0,'Product modification','Product',181,1,NULL,1,0,5,'2023-04-12 14:29:21','2023-04-12 14:29:21'),(1068,1,0,'Product modification','Product',182,1,NULL,1,0,5,'2023-04-12 14:31:43','2023-04-12 14:31:43'),(1069,1,0,'Product modification','Product',183,1,NULL,1,0,5,'2023-04-12 14:34:43','2023-04-12 14:34:43'),(1070,1,0,'Product modification','Product',183,1,NULL,1,0,5,'2023-04-12 14:34:59','2023-04-12 14:34:59'),(1071,1,0,'Product modification','Product',184,1,NULL,1,0,5,'2023-04-12 14:38:03','2023-04-12 14:38:03'),(1072,1,0,'Product modification','Product',183,1,NULL,1,0,5,'2023-04-12 14:38:21','2023-04-12 14:38:21'),(1073,1,0,'Product modification','Product',182,1,NULL,1,0,5,'2023-04-12 14:38:33','2023-04-12 14:38:33'),(1074,1,0,'Product modification','Product',185,1,NULL,1,0,5,'2023-04-12 14:41:05','2023-04-12 14:41:05'),(1075,1,0,'Product modification','Product',184,1,NULL,1,0,5,'2023-04-12 14:41:23','2023-04-12 14:41:23'),(1076,1,0,'Product modification','Product',186,1,NULL,1,0,5,'2023-04-12 14:44:02','2023-04-12 14:44:02'),(1077,1,0,'Product modification','Product',187,1,NULL,1,0,5,'2023-04-12 14:46:21','2023-04-12 14:46:21'),(1078,1,0,'Product modification','Product',188,1,NULL,1,0,5,'2023-04-12 14:49:14','2023-04-12 14:49:14'),(1079,1,0,'Product modification','Product',189,1,NULL,1,0,5,'2023-04-12 14:57:31','2023-04-12 14:57:31'),(1080,1,0,'Product modification','Product',190,1,NULL,1,0,5,'2023-04-12 15:01:20','2023-04-12 15:01:20'),(1081,1,0,'Product modification','Product',191,1,NULL,1,0,5,'2023-04-12 15:04:28','2023-04-12 15:04:28'),(1082,1,0,'Product modification','Product',191,1,NULL,1,0,5,'2023-04-12 15:04:32','2023-04-12 15:04:32'),(1083,1,0,'Product modification','Product',192,1,NULL,1,0,5,'2023-04-12 15:07:49','2023-04-12 15:07:49'),(1084,1,0,'Product modification','Product',192,1,NULL,1,0,5,'2023-04-12 15:07:59','2023-04-12 15:07:59'),(1085,1,0,'Product modification','Product',193,1,NULL,1,0,5,'2023-04-12 15:10:53','2023-04-12 15:10:53'),(1086,1,0,'Product modification','Product',194,1,NULL,1,0,5,'2023-04-12 15:14:56','2023-04-12 15:14:56'),(1087,1,0,'Product modification','Product',194,1,NULL,1,0,5,'2023-04-12 15:15:24','2023-04-12 15:15:24'),(1088,1,0,'Product modification','Product',195,1,NULL,1,0,5,'2023-04-12 15:18:42','2023-04-12 15:18:42'),(1089,1,0,'Product modification','Product',196,1,NULL,1,0,5,'2023-04-12 15:25:02','2023-04-12 15:25:02'),(1090,1,0,'Product modification','Product',196,1,NULL,1,0,5,'2023-04-12 15:25:18','2023-04-12 15:25:18'),(1091,1,0,'Product modification','Product',197,1,NULL,1,0,5,'2023-04-12 15:31:46','2023-04-12 15:31:46'),(1092,1,0,'Product modification','Product',197,1,NULL,1,0,5,'2023-04-12 15:32:00','2023-04-12 15:32:00'),(1093,1,0,'Product modification','Product',198,1,NULL,1,0,5,'2023-04-12 15:35:24','2023-04-12 15:35:24'),(1094,1,0,'Product modification','Product',199,1,NULL,1,0,5,'2023-04-12 15:38:42','2023-04-12 15:38:42'),(1095,1,0,'Product modification','Product',199,1,NULL,1,0,5,'2023-04-12 15:38:47','2023-04-12 15:38:47'),(1096,1,0,'Product modification','Product',200,1,NULL,1,0,5,'2023-04-12 15:45:24','2023-04-12 15:45:24'),(1097,1,0,'Product modification','Product',200,1,NULL,1,0,5,'2023-04-12 15:45:26','2023-04-12 15:45:26'),(1098,1,0,'Product modification','Product',201,1,NULL,1,0,5,'2023-04-12 15:47:10','2023-04-12 15:47:10'),(1099,1,0,'Product modification','Product',200,1,NULL,1,0,5,'2023-04-12 15:47:28','2023-04-12 15:47:28'),(1100,1,0,'Product modification','Product',202,1,NULL,1,0,5,'2023-04-12 15:50:07','2023-04-12 15:50:07'),(1101,1,0,'Product modification','Product',202,1,NULL,1,0,5,'2023-04-12 15:56:42','2023-04-12 15:56:42'),(1102,1,0,'Product modification','Product',203,1,NULL,1,0,5,'2023-04-12 15:59:56','2023-04-12 15:59:56'),(1103,1,0,'Product modification','Product',204,1,NULL,1,0,5,'2023-04-12 16:05:57','2023-04-12 16:05:57'),(1104,1,0,'Product modification','Product',205,1,NULL,1,0,5,'2023-04-12 16:09:08','2023-04-12 16:09:08'),(1105,1,0,'Product modification','Product',205,1,NULL,1,0,5,'2023-04-12 16:09:15','2023-04-12 16:09:15'),(1106,1,0,'Product modification','Product',200,1,NULL,1,0,5,'2023-04-12 16:13:52','2023-04-12 16:13:52'),(1107,1,0,'Product modification','Product',200,1,NULL,1,0,5,'2023-04-12 16:13:59','2023-04-12 16:13:59'),(1108,1,0,'Product modification','Product',200,1,NULL,1,0,5,'2023-04-12 16:15:50','2023-04-12 16:15:50'),(1109,1,0,'Product modification','Product',200,1,NULL,1,0,5,'2023-04-12 16:17:12','2023-04-12 16:17:12'),(1110,1,0,'Product modification','Product',201,1,NULL,1,0,5,'2023-04-12 16:17:23','2023-04-12 16:17:23'),(1111,1,0,'Product modification','Product',201,1,NULL,1,0,5,'2023-04-12 16:18:29','2023-04-12 16:18:29'),(1112,1,0,'Product modification','Product',207,1,NULL,1,0,5,'2023-04-12 16:27:46','2023-04-12 16:27:46'),(1113,1,0,'Product modification','Product',208,1,NULL,1,0,5,'2023-04-12 16:31:37','2023-04-12 16:31:37'),(1114,1,0,'Product modification','Product',209,1,NULL,1,0,5,'2023-04-12 16:37:46','2023-04-12 16:37:46'),(1115,1,0,'Product modification','Product',208,1,NULL,1,0,5,'2023-04-12 16:38:09','2023-04-12 16:38:09'),(1116,1,0,'Product modification','Product',207,1,NULL,1,0,5,'2023-04-12 16:38:29','2023-04-12 16:38:29'),(1117,1,0,'Product modification','Product',207,1,NULL,1,0,5,'2023-04-12 16:38:29','2023-04-12 16:38:29'),(1118,1,0,'Product modification','Product',211,1,NULL,1,0,5,'2023-04-12 16:45:55','2023-04-12 16:45:55'),(1119,1,0,'Product modification','Product',211,1,NULL,1,0,5,'2023-04-12 16:46:04','2023-04-12 16:46:04'),(1120,1,0,'Product modification','Product',212,1,NULL,1,0,5,'2023-04-12 16:51:01','2023-04-12 16:51:01'),(1121,1,0,'Product modification','Product',213,1,NULL,1,0,5,'2023-04-12 16:54:44','2023-04-12 16:54:44'),(1122,1,0,'Product modification','Product',212,1,NULL,1,0,5,'2023-04-12 16:54:58','2023-04-12 16:54:58'),(1123,1,0,'Connexion au back-office depuis 66.110.171.165','',0,NULL,NULL,1,1,1,'2023-04-13 09:36:00','2023-04-13 09:36:00'),(1124,1,0,'Connexion au back-office depuis 129.222.204.89','',0,NULL,NULL,1,1,5,'2023-04-15 11:23:36','2023-04-15 11:23:36'),(1125,1,0,'Product modification','Product',215,1,NULL,1,0,5,'2023-04-15 11:28:15','2023-04-15 11:28:15'),(1126,1,0,'Product modification','Product',216,1,NULL,1,0,5,'2023-04-15 11:32:35','2023-04-15 11:32:35'),(1127,1,0,'Product modification','Product',216,1,NULL,1,0,5,'2023-04-15 11:32:41','2023-04-15 11:32:41'),(1128,1,0,'Product modification','Product',217,1,NULL,1,0,5,'2023-04-15 11:35:21','2023-04-15 11:35:21'),(1129,1,0,'Product modification','Product',218,1,NULL,1,0,5,'2023-04-15 11:38:19','2023-04-15 11:38:19'),(1130,1,0,'Product modification','Product',219,1,NULL,1,0,5,'2023-04-15 11:42:05','2023-04-15 11:42:05'),(1131,1,0,'Product modification','Product',220,1,NULL,1,0,5,'2023-04-15 11:44:49','2023-04-15 11:44:49'),(1132,1,0,'Product modification','Product',220,1,NULL,1,0,5,'2023-04-15 12:29:48','2023-04-15 12:29:48'),(1133,1,0,'Product modification','Product',221,1,NULL,1,0,5,'2023-04-15 12:40:02','2023-04-15 12:40:02'),(1134,1,0,'Product modification','Product',222,1,NULL,1,0,5,'2023-04-15 12:42:36','2023-04-15 12:42:36'),(1135,1,0,'Product modification','Product',223,1,NULL,1,0,5,'2023-04-15 12:47:11','2023-04-15 12:47:11'),(1136,1,0,'Product modification','Product',224,1,NULL,1,0,5,'2023-04-15 12:50:30','2023-04-15 12:50:30'),(1137,1,0,'Product modification','Product',224,1,NULL,1,0,5,'2023-04-15 12:50:36','2023-04-15 12:50:36'),(1138,1,0,'Product modification','Product',224,1,NULL,1,0,5,'2023-04-15 12:50:42','2023-04-15 12:50:42'),(1139,1,0,'Product modification','Product',225,1,NULL,1,0,5,'2023-04-15 12:53:42','2023-04-15 12:53:42'),(1140,1,0,'Product modification','Product',225,1,NULL,1,0,5,'2023-04-15 12:53:43','2023-04-15 12:53:43'),(1141,1,0,'Product modification','Product',227,1,NULL,1,0,5,'2023-04-15 12:58:54','2023-04-15 12:58:54'),(1142,1,0,'Product modification','Product',228,1,NULL,1,0,5,'2023-04-15 13:01:21','2023-04-15 13:01:21'),(1143,1,0,'Product modification','Product',229,1,NULL,1,0,5,'2023-04-15 13:07:34','2023-04-15 13:07:34'),(1144,1,0,'Product modification','Product',230,1,NULL,1,0,5,'2023-04-15 13:12:45','2023-04-15 13:12:45'),(1145,1,0,'Product modification','Product',230,1,NULL,1,0,5,'2023-04-15 13:13:07','2023-04-15 13:13:07'),(1146,1,0,'Product modification','Product',231,1,NULL,1,0,5,'2023-04-15 13:15:56','2023-04-15 13:15:56'),(1147,1,0,'Product modification','Product',232,1,NULL,1,0,5,'2023-04-15 13:19:36','2023-04-15 13:19:36'),(1148,1,0,'Product modification','Product',233,1,NULL,1,0,5,'2023-04-15 13:23:03','2023-04-15 13:23:03'),(1149,1,0,'Product modification','Product',234,1,NULL,1,0,5,'2023-04-15 13:25:38','2023-04-15 13:25:38'),(1150,1,0,'Product modification','Product',235,1,NULL,1,0,5,'2023-04-15 13:27:59','2023-04-15 13:27:59'),(1151,1,0,'Product modification','Product',236,1,NULL,1,0,5,'2023-04-15 13:30:51','2023-04-15 13:30:51'),(1152,1,0,'Product modification','Product',237,1,NULL,1,0,5,'2023-04-15 13:33:28','2023-04-15 13:33:28'),(1153,1,0,'Product modification','Product',238,1,NULL,1,0,5,'2023-04-15 13:46:54','2023-04-15 13:46:54'),(1154,1,0,'Product modification','Product',238,1,NULL,1,0,5,'2023-04-15 13:47:24','2023-04-15 13:47:24'),(1155,1,0,'Product modification','Product',239,1,NULL,1,0,5,'2023-04-15 13:48:49','2023-04-15 13:48:49'),(1156,1,0,'Product modification','Product',240,1,NULL,1,0,5,'2023-04-15 13:51:29','2023-04-15 13:51:29'),(1157,1,0,'Product modification','Product',241,1,NULL,1,0,5,'2023-04-15 13:53:18','2023-04-15 13:53:18'),(1158,1,0,'Product modification','Product',242,1,NULL,1,0,5,'2023-04-15 13:56:09','2023-04-15 13:56:09'),(1159,1,0,'Product modification','Product',243,1,NULL,1,0,5,'2023-04-15 13:58:05','2023-04-15 13:58:05'),(1160,1,0,'Product modification','Product',244,1,NULL,1,0,5,'2023-04-15 14:00:07','2023-04-15 14:00:07'),(1161,1,0,'Product modification','Product',243,1,NULL,1,0,5,'2023-04-15 14:00:38','2023-04-15 14:00:38'),(1162,1,0,'Product modification','Product',242,1,NULL,1,0,5,'2023-04-15 14:00:54','2023-04-15 14:00:54'),(1163,1,0,'Product modification','Product',241,1,NULL,1,0,5,'2023-04-15 14:01:30','2023-04-15 14:01:30'),(1164,1,0,'Product modification','Product',242,1,NULL,1,0,5,'2023-04-15 14:01:43','2023-04-15 14:01:43'),(1165,1,0,'Product modification','Product',240,1,NULL,1,0,5,'2023-04-15 14:02:00','2023-04-15 14:02:00'),(1166,1,0,'Product modification','Product',239,1,NULL,1,0,5,'2023-04-15 14:02:16','2023-04-15 14:02:16'),(1167,1,0,'Product modification','Product',238,1,NULL,1,0,5,'2023-04-15 14:02:30','2023-04-15 14:02:30'),(1168,1,0,'Product modification','Product',238,1,NULL,1,0,5,'2023-04-15 14:03:08','2023-04-15 14:03:08'),(1169,1,0,'Product modification','Product',245,1,NULL,1,0,5,'2023-04-15 14:05:27','2023-04-15 14:05:27'),(1170,1,0,'Product modification','Product',246,1,NULL,1,0,5,'2023-04-15 14:07:27','2023-04-15 14:07:27'),(1171,1,0,'Product modification','Product',247,1,NULL,1,0,5,'2023-04-15 14:09:59','2023-04-15 14:09:59'),(1172,1,0,'Création : ProductAttribute','ProductAttribute',39,1,NULL,1,0,5,'2023-04-15 14:22:09','2023-04-15 14:22:09'),(1173,1,0,'Création : ProductAttribute','ProductAttribute',40,1,NULL,1,0,5,'2023-04-15 14:22:25','2023-04-15 14:22:25'),(1174,1,0,'Product modification','Product',249,1,NULL,1,0,5,'2023-04-15 14:24:33','2023-04-15 14:24:33'),(1175,1,0,'Product modification','Product',249,1,NULL,1,0,5,'2023-04-15 14:33:49','2023-04-15 14:33:49'),(1176,1,0,'Product modification','Product',249,1,NULL,1,0,5,'2023-04-15 14:39:20','2023-04-15 14:39:20'),(1177,1,0,'Product modification','Product',250,1,NULL,1,0,5,'2023-04-15 14:48:15','2023-04-15 14:48:15'),(1178,1,0,'Product modification','Product',250,1,NULL,1,0,5,'2023-04-15 14:48:34','2023-04-15 14:48:34'),(1179,1,0,'Product modification','Product',251,1,NULL,1,0,5,'2023-04-15 14:59:48','2023-04-15 14:59:48'),(1180,1,0,'Product modification','Product',251,1,NULL,1,0,5,'2023-04-15 15:00:41','2023-04-15 15:00:41'),(1181,1,0,'Product modification','Product',252,1,NULL,1,0,5,'2023-04-15 15:02:34','2023-04-15 15:02:34'),(1182,1,0,'Product modification','Product',252,1,NULL,1,0,5,'2023-04-15 15:04:39','2023-04-15 15:04:39'),(1183,1,0,'Product modification','Product',252,1,NULL,1,0,5,'2023-04-15 15:04:52','2023-04-15 15:04:52'),(1184,1,0,'Product modification','Product',252,1,NULL,1,0,5,'2023-04-15 15:08:32','2023-04-15 15:08:32'),(1185,1,0,'Product modification','Product',249,1,NULL,1,0,5,'2023-04-15 15:17:20','2023-04-15 15:17:20'),(1186,1,0,'Product modification','Product',250,1,NULL,1,0,5,'2023-04-15 15:17:59','2023-04-15 15:17:59'),(1187,1,0,'Product modification','Product',251,1,NULL,1,0,5,'2023-04-15 15:18:26','2023-04-15 15:18:26'),(1188,1,0,'Product modification','Product',252,1,NULL,1,0,5,'2023-04-15 15:19:07','2023-04-15 15:19:07'),(1189,1,0,'Product modification','Product',254,1,NULL,1,0,5,'2023-04-15 15:21:21','2023-04-15 15:21:21'),(1190,1,0,'Product modification','Product',254,1,NULL,1,0,5,'2023-04-15 15:22:15','2023-04-15 15:22:15'),(1191,1,0,'Product modification','Product',254,1,NULL,1,0,5,'2023-04-15 15:22:56','2023-04-15 15:22:56'),(1192,1,0,'Product modification','Product',255,1,NULL,1,0,5,'2023-04-15 15:39:11','2023-04-15 15:39:11'),(1193,1,0,'Product modification','Product',255,1,NULL,1,0,5,'2023-04-15 15:40:05','2023-04-15 15:40:05'),(1194,1,0,'Product modification','Product',255,1,NULL,1,0,5,'2023-04-15 15:40:25','2023-04-15 15:40:25'),(1195,1,0,'Product modification','Product',256,1,NULL,1,0,5,'2023-04-15 15:44:41','2023-04-15 15:44:41'),(1196,1,0,'Product modification','Product',256,1,NULL,1,0,5,'2023-04-15 15:45:42','2023-04-15 15:45:42'),(1197,1,0,'Product modification','Product',257,1,NULL,1,0,5,'2023-04-15 15:54:54','2023-04-15 15:54:54'),(1198,1,0,'Product modification','Product',258,1,NULL,1,0,5,'2023-04-15 15:57:56','2023-04-15 15:57:56'),(1199,1,0,'Product modification','Product',258,1,NULL,1,0,5,'2023-04-15 15:57:58','2023-04-15 15:57:58'),(1200,1,0,'Product modification','Product',257,1,NULL,1,0,5,'2023-04-15 15:58:22','2023-04-15 15:58:22'),(1201,1,0,'Product modification','Product',257,1,NULL,1,0,5,'2023-04-15 15:58:23','2023-04-15 15:58:23'),(1202,1,0,'Connexion au back-office depuis 129.222.204.91','',0,NULL,NULL,1,1,2,'2023-04-19 11:09:28','2023-04-19 11:09:28'),(1203,1,0,'Connexion au back-office depuis 129.222.204.40','',0,NULL,NULL,1,1,3,'2023-04-19 11:37:44','2023-04-19 11:37:44'),(1204,1,0,'Connexion au back-office depuis 129.222.204.40','',0,NULL,NULL,1,1,3,'2023-04-20 13:31:46','2023-04-20 13:31:46'),(1205,3,0,'No result was found for query although at least one row was expected.','Translation',0,1,NULL,1,0,3,'2023-04-20 13:39:26','2023-04-20 13:39:26'),(1206,3,0,'No result was found for query although at least one row was expected.','Translation',0,1,NULL,1,0,3,'2023-04-20 13:39:26','2023-04-20 13:39:26'),(1207,3,0,'No result was found for query although at least one row was expected.','Translation',0,1,NULL,1,0,3,'2023-04-20 13:39:26','2023-04-20 13:39:26'),(1208,3,0,'No result was found for query although at least one row was expected.','Translation',0,1,NULL,1,0,3,'2023-04-20 13:39:26','2023-04-20 13:39:26'),(1209,3,0,'You must specify as many arguments (%d, %s ...) as the original string.','Translation',0,1,NULL,1,0,3,'2023-04-20 13:39:26','2023-04-20 13:39:26'),(1210,3,0,'No result was found for query although at least one row was expected.','Translation',0,1,NULL,1,0,3,'2023-04-20 13:39:26','2023-04-20 13:39:26'),(1211,3,0,'No result was found for query although at least one row was expected.','Translation',0,1,NULL,1,0,3,'2023-04-20 13:39:26','2023-04-20 13:39:26'),(1212,3,0,'No result was found for query although at least one row was expected.','Translation',0,1,NULL,1,0,3,'2023-04-20 13:39:26','2023-04-20 13:39:26'),(1213,3,0,'No result was found for query although at least one row was expected.','Translation',0,1,NULL,1,0,3,'2023-04-20 13:39:26','2023-04-20 13:39:26'),(1214,3,0,'No result was found for query although at least one row was expected.','Translation',0,1,NULL,1,0,3,'2023-04-20 13:39:26','2023-04-20 13:39:26'),(1215,3,0,'No result was found for query although at least one row was expected.','Translation',0,1,NULL,1,0,3,'2023-04-20 13:39:26','2023-04-20 13:39:26'),(1216,3,0,'No result was found for query although at least one row was expected.','Translation',0,1,NULL,1,0,3,'2023-04-20 13:39:26','2023-04-20 13:39:26'),(1217,3,0,'No result was found for query although at least one row was expected.','Translation',0,1,NULL,1,0,3,'2023-04-20 13:39:26','2023-04-20 13:39:26'),(1218,3,0,'No result was found for query although at least one row was expected.','Translation',0,1,NULL,1,0,3,'2023-04-20 13:39:26','2023-04-20 13:39:26'),(1219,3,0,'No result was found for query although at least one row was expected.','Translation',0,1,NULL,1,0,3,'2023-04-20 13:39:26','2023-04-20 13:39:26'),(1220,3,0,'No result was found for query although at least one row was expected.','Translation',0,1,NULL,1,0,3,'2023-04-20 13:39:26','2023-04-20 13:39:26'),(1221,3,0,'No result was found for query although at least one row was expected.','Translation',0,1,NULL,1,0,3,'2023-04-20 13:39:26','2023-04-20 13:39:26'),(1222,3,0,'No result was found for query although at least one row was expected.','Translation',0,1,NULL,1,0,3,'2023-04-20 13:39:26','2023-04-20 13:39:26'),(1223,3,0,'No result was found for query although at least one row was expected.','Translation',0,1,NULL,1,0,3,'2023-04-20 13:39:26','2023-04-20 13:39:26'),(1224,3,0,'No result was found for query although at least one row was expected.','Translation',0,1,NULL,1,0,3,'2023-04-20 13:39:26','2023-04-20 13:39:26'),(1225,3,0,'No result was found for query although at least one row was expected.','Translation',0,1,NULL,1,0,3,'2023-04-20 13:39:26','2023-04-20 13:39:26'),(1226,3,0,'No result was found for query although at least one row was expected.','Translation',0,1,NULL,1,0,3,'2023-04-20 13:39:26','2023-04-20 13:39:26'),(1227,3,0,'No result was found for query although at least one row was expected.','Translation',0,1,NULL,1,0,3,'2023-04-20 13:39:26','2023-04-20 13:39:26'),(1228,3,0,'No result was found for query although at least one row was expected.','Translation',0,1,NULL,1,0,3,'2023-04-20 13:39:26','2023-04-20 13:39:26'),(1229,3,0,'No result was found for query although at least one row was expected.','Translation',0,1,NULL,1,0,3,'2023-04-20 13:39:26','2023-04-20 13:39:26'),(1230,3,0,'No result was found for query although at least one row was expected.','Translation',0,1,NULL,1,0,3,'2023-04-20 13:39:26','2023-04-20 13:39:26'),(1231,3,0,'No result was found for query although at least one row was expected.','Translation',0,1,NULL,1,0,3,'2023-04-20 13:39:26','2023-04-20 13:39:26'),(1232,3,0,'No result was found for query although at least one row was expected.','Translation',0,1,NULL,1,0,3,'2023-04-20 13:39:26','2023-04-20 13:39:26'),(1233,3,0,'No result was found for query although at least one row was expected.','Translation',0,1,NULL,1,0,3,'2023-04-20 13:39:26','2023-04-20 13:39:26'),(1234,3,0,'No result was found for query although at least one row was expected.','Translation',0,1,NULL,1,0,3,'2023-04-20 13:39:26','2023-04-20 13:39:26'),(1235,3,0,'No result was found for query although at least one row was expected.','Translation',0,1,NULL,1,0,3,'2023-04-20 13:39:26','2023-04-20 13:39:26'),(1236,3,0,'No result was found for query although at least one row was expected.','Translation',0,1,NULL,1,0,3,'2023-04-20 13:39:26','2023-04-20 13:39:26'),(1237,3,0,'No result was found for query although at least one row was expected.','Translation',0,1,NULL,1,0,3,'2023-04-20 13:39:26','2023-04-20 13:39:26'),(1238,3,0,'No result was found for query although at least one row was expected.','Translation',0,1,NULL,1,0,3,'2023-04-20 13:39:26','2023-04-20 13:39:26'),(1239,3,0,'No result was found for query although at least one row was expected.','Translation',0,1,NULL,1,0,3,'2023-04-20 13:39:26','2023-04-20 13:39:26'),(1240,3,0,'No result was found for query although at least one row was expected.','Translation',0,1,NULL,1,0,3,'2023-04-20 13:39:26','2023-04-20 13:39:26'),(1241,3,0,'No result was found for query although at least one row was expected.','Translation',0,1,NULL,1,0,3,'2023-04-20 13:39:26','2023-04-20 13:39:26'),(1242,3,0,'No result was found for query although at least one row was expected.','Translation',0,1,NULL,1,0,3,'2023-04-20 13:39:26','2023-04-20 13:39:26'),(1243,3,0,'No result was found for query although at least one row was expected.','Translation',0,1,NULL,1,0,3,'2023-04-20 13:39:26','2023-04-20 13:39:26'),(1244,3,0,'No result was found for query although at least one row was expected.','Translation',0,1,NULL,1,0,3,'2023-04-20 13:39:26','2023-04-20 13:39:26'),(1245,3,0,'No result was found for query although at least one row was expected.','Translation',0,1,NULL,1,0,3,'2023-04-20 13:39:26','2023-04-20 13:39:26'),(1246,3,0,'You must specify as many arguments (%d, %s ...) as the original string.','Translation',0,1,NULL,1,0,3,'2023-04-20 13:39:26','2023-04-20 13:39:26'),(1247,3,0,'No result was found for query although at least one row was expected.','Translation',0,1,NULL,1,0,3,'2023-04-20 13:39:26','2023-04-20 13:39:26'),(1248,3,0,'No result was found for query although at least one row was expected.','Translation',0,1,NULL,1,0,3,'2023-04-20 13:39:26','2023-04-20 13:39:26'),(1249,3,0,'No result was found for query although at least one row was expected.','Translation',0,1,NULL,1,0,3,'2023-04-20 13:39:26','2023-04-20 13:39:26'),(1250,3,0,'No result was found for query although at least one row was expected.','Translation',0,1,NULL,1,0,3,'2023-04-20 13:39:26','2023-04-20 13:39:26'),(1251,3,0,'No result was found for query although at least one row was expected.','Translation',0,1,NULL,1,0,3,'2023-04-20 13:39:26','2023-04-20 13:39:26'),(1252,3,0,'No result was found for query although at least one row was expected.','Translation',0,1,NULL,1,0,3,'2023-04-20 13:39:26','2023-04-20 13:39:26'),(1253,3,0,'No result was found for query although at least one row was expected.','Translation',0,1,NULL,1,0,3,'2023-04-20 13:39:26','2023-04-20 13:39:26'),(1254,3,0,'No result was found for query although at least one row was expected.','Translation',0,1,NULL,1,0,3,'2023-04-20 13:39:26','2023-04-20 13:39:26'),(1255,3,0,'No result was found for query although at least one row was expected.','Translation',0,1,NULL,1,0,3,'2023-04-20 13:39:26','2023-04-20 13:39:26'),(1256,3,0,'No result was found for query although at least one row was expected.','Translation',0,1,NULL,1,0,3,'2023-04-20 13:39:26','2023-04-20 13:39:26'),(1257,3,0,'No result was found for query although at least one row was expected.','Translation',0,1,NULL,1,0,3,'2023-04-20 13:39:26','2023-04-20 13:39:26'),(1258,3,0,'No result was found for query although at least one row was expected.','Translation',0,1,NULL,1,0,3,'2023-04-20 13:39:26','2023-04-20 13:39:26'),(1259,3,0,'You must specify as many arguments (%d, %s ...) as the original string.','Translation',0,1,NULL,1,0,3,'2023-04-20 13:39:26','2023-04-20 13:39:26'),(1260,3,0,'No result was found for query although at least one row was expected.','Translation',0,1,NULL,1,0,3,'2023-04-20 13:39:26','2023-04-20 13:39:26'),(1261,3,0,'No result was found for query although at least one row was expected.','Translation',0,1,NULL,1,0,3,'2023-04-20 13:39:26','2023-04-20 13:39:26'),(1262,3,0,'You must specify as many arguments (%d, %s ...) as the original string.','Translation',0,1,NULL,1,0,3,'2023-04-20 13:39:26','2023-04-20 13:39:26'),(1263,3,0,'No result was found for query although at least one row was expected.','Translation',0,1,NULL,1,0,3,'2023-04-20 13:39:26','2023-04-20 13:39:26'),(1264,3,0,'You must specify as many arguments (%d, %s ...) as the original string.','Translation',0,1,NULL,1,0,3,'2023-04-20 13:39:26','2023-04-20 13:39:26'),(1265,3,0,'No result was found for query although at least one row was expected.','Translation',0,1,NULL,1,0,3,'2023-04-20 13:39:26','2023-04-20 13:39:26'),(1266,3,0,'No result was found for query although at least one row was expected.','Translation',0,1,NULL,1,0,3,'2023-04-20 13:39:26','2023-04-20 13:39:26'),(1267,3,0,'No result was found for query although at least one row was expected.','Translation',0,1,NULL,1,0,3,'2023-04-20 13:39:26','2023-04-20 13:39:26'),(1268,3,0,'No result was found for query although at least one row was expected.','Translation',0,1,NULL,1,0,3,'2023-04-20 13:39:26','2023-04-20 13:39:26'),(1269,3,0,'No result was found for query although at least one row was expected.','Translation',0,1,NULL,1,0,3,'2023-04-20 13:39:26','2023-04-20 13:39:26'),(1270,3,0,'No result was found for query although at least one row was expected.','Translation',0,1,NULL,1,0,3,'2023-04-20 13:39:26','2023-04-20 13:39:26'),(1271,3,0,'No result was found for query although at least one row was expected.','Translation',0,1,NULL,1,0,3,'2023-04-20 13:39:26','2023-04-20 13:39:26'),(1272,3,0,'No result was found for query although at least one row was expected.','Translation',0,1,NULL,1,0,3,'2023-04-20 13:39:26','2023-04-20 13:39:26'),(1273,3,0,'No result was found for query although at least one row was expected.','Translation',0,1,NULL,1,0,3,'2023-04-20 13:39:26','2023-04-20 13:39:26'),(1274,3,0,'No result was found for query although at least one row was expected.','Translation',0,1,NULL,1,0,3,'2023-04-20 13:39:26','2023-04-20 13:39:26'),(1275,3,0,'No result was found for query although at least one row was expected.','Translation',0,1,NULL,1,0,3,'2023-04-20 13:39:26','2023-04-20 13:39:26'),(1276,3,0,'No result was found for query although at least one row was expected.','Translation',0,1,NULL,1,0,3,'2023-04-20 13:39:26','2023-04-20 13:39:26'),(1277,3,0,'No result was found for query although at least one row was expected.','Translation',0,1,NULL,1,0,3,'2023-04-20 13:39:26','2023-04-20 13:39:26'),(1278,3,0,'No result was found for query although at least one row was expected.','Translation',0,1,NULL,1,0,3,'2023-04-20 13:39:26','2023-04-20 13:39:26'),(1279,3,0,'No result was found for query although at least one row was expected.','Translation',0,1,NULL,1,0,3,'2023-04-20 13:39:26','2023-04-20 13:39:26'),(1280,3,0,'No result was found for query although at least one row was expected.','Translation',0,1,NULL,1,0,3,'2023-04-20 13:39:26','2023-04-20 13:39:26'),(1281,3,0,'No result was found for query although at least one row was expected.','Translation',0,1,NULL,1,0,3,'2023-04-20 13:39:26','2023-04-20 13:39:26'),(1282,3,0,'You must specify as many arguments (%d, %s ...) as the original string.','Translation',0,1,NULL,1,0,3,'2023-04-20 13:39:26','2023-04-20 13:39:26'),(1283,3,0,'No result was found for query although at least one row was expected.','Translation',0,1,NULL,1,0,3,'2023-04-20 13:39:26','2023-04-20 13:39:26'),(1284,3,0,'No result was found for query although at least one row was expected.','Translation',0,1,NULL,1,0,3,'2023-04-20 13:39:26','2023-04-20 13:39:26'),(1285,3,0,'No result was found for query although at least one row was expected.','Translation',0,1,NULL,1,0,3,'2023-04-20 13:39:26','2023-04-20 13:39:26'),(1286,3,0,'No result was found for query although at least one row was expected.','Translation',0,1,NULL,1,0,3,'2023-04-20 13:39:28','2023-04-20 13:39:28'),(1287,1,0,'Protect vendor folder in module an_productextratabs','',0,1,NULL,1,0,3,'2023-04-20 13:39:38','2023-04-20 13:39:38'),(1288,1,0,'Module an_productextratabs has no vendor folder','',0,1,NULL,1,0,3,'2023-04-20 13:39:38','2023-04-20 13:39:38'),(1289,1,0,'Protect vendor folder in module anscrolltop','',0,1,NULL,1,0,3,'2023-04-20 13:39:38','2023-04-20 13:39:38'),(1290,1,0,'Module anscrolltop has no vendor folder','',0,1,NULL,1,0,3,'2023-04-20 13:39:38','2023-04-20 13:39:38'),(1291,1,0,'Protect vendor folder in module an_megamenu','',0,1,NULL,1,0,3,'2023-04-20 13:39:38','2023-04-20 13:39:38'),(1292,1,0,'Module an_megamenu has no vendor folder','',0,1,NULL,1,0,3,'2023-04-20 13:39:38','2023-04-20 13:39:38'),(1293,1,0,'Protect vendor folder in module an_productattributes','',0,1,NULL,1,0,3,'2023-04-20 13:39:38','2023-04-20 13:39:38'),(1294,1,0,'Module an_productattributes has no vendor folder','',0,1,NULL,1,0,3,'2023-04-20 13:39:38','2023-04-20 13:39:38'),(1295,1,0,'Protect vendor folder in module an_wishlist','',0,1,NULL,1,0,3,'2023-04-20 13:39:38','2023-04-20 13:39:38'),(1296,1,0,'Module an_wishlist has no vendor folder','',0,1,NULL,1,0,3,'2023-04-20 13:39:38','2023-04-20 13:39:38'),(1297,1,0,'Protect vendor folder in module an_hurry_up','',0,1,NULL,1,0,3,'2023-04-20 13:39:38','2023-04-20 13:39:38'),(1298,1,0,'Module an_hurry_up has no vendor folder','',0,1,NULL,1,0,3,'2023-04-20 13:39:38','2023-04-20 13:39:38'),(1299,1,0,'Protect vendor folder in module anblog','',0,1,NULL,1,0,3,'2023-04-20 13:39:39','2023-04-20 13:39:39'),(1300,1,0,'Module anblog has no vendor folder','',0,1,NULL,1,0,3,'2023-04-20 13:39:39','2023-04-20 13:39:39'),(1301,1,0,'Protect vendor folder in module an_logo','',0,1,NULL,1,0,3,'2023-04-20 13:39:40','2023-04-20 13:39:40'),(1302,1,0,'Module an_logo has no vendor folder','',0,1,NULL,1,0,3,'2023-04-20 13:39:40','2023-04-20 13:39:40'),(1303,1,0,'Protect vendor folder in module an_stickyaddtocart','',0,1,NULL,1,0,3,'2023-04-20 13:39:40','2023-04-20 13:39:40'),(1304,1,0,'Module an_stickyaddtocart has no vendor folder','',0,1,NULL,1,0,3,'2023-04-20 13:39:40','2023-04-20 13:39:40'),(1305,1,0,'Protect vendor folder in module an_cookie_popup','',0,1,NULL,1,0,3,'2023-04-20 13:39:40','2023-04-20 13:39:40'),(1306,1,0,'Module an_cookie_popup has no vendor folder','',0,1,NULL,1,0,3,'2023-04-20 13:39:40','2023-04-20 13:39:40'),(1307,1,0,'Protect vendor folder in module an_copyright','',0,1,NULL,1,0,3,'2023-04-20 13:39:40','2023-04-20 13:39:40'),(1308,1,0,'Module an_copyright has no vendor folder','',0,1,NULL,1,0,3,'2023-04-20 13:39:40','2023-04-20 13:39:40'),(1309,1,0,'Protect vendor folder in module an_sizeguide','',0,1,NULL,1,0,3,'2023-04-20 13:39:40','2023-04-20 13:39:40'),(1310,1,0,'Module an_sizeguide has no vendor folder','',0,1,NULL,1,0,3,'2023-04-20 13:39:40','2023-04-20 13:39:40'),(1311,1,0,'Protect vendor folder in module an_trust_badges','',0,1,NULL,1,0,3,'2023-04-20 13:39:40','2023-04-20 13:39:40'),(1312,1,0,'Module an_trust_badges has no vendor folder','',0,1,NULL,1,0,3,'2023-04-20 13:39:40','2023-04-20 13:39:40'),(1313,1,0,'Protect vendor folder in module an_homeproducts','',0,1,NULL,1,0,3,'2023-04-20 13:39:40','2023-04-20 13:39:40'),(1314,1,0,'Module an_homeproducts has no vendor folder','',0,1,NULL,1,0,3,'2023-04-20 13:39:40','2023-04-20 13:39:40'),(1315,1,0,'Protect vendor folder in module an_advantages','',0,1,NULL,1,0,3,'2023-04-20 13:39:40','2023-04-20 13:39:40'),(1316,1,0,'Module an_advantages has no vendor folder','',0,1,NULL,1,0,3,'2023-04-20 13:39:40','2023-04-20 13:39:40'),(1317,1,0,'Protect vendor folder in module an_homeslider','',0,1,NULL,1,0,3,'2023-04-20 13:39:41','2023-04-20 13:39:41'),(1318,1,0,'Module an_homeslider has no vendor folder','',0,1,NULL,1,0,3,'2023-04-20 13:39:41','2023-04-20 13:39:41'),(1319,1,0,'Protect vendor folder in module an_banners','',0,1,NULL,1,0,3,'2023-04-20 13:39:41','2023-04-20 13:39:41'),(1320,1,0,'Module an_banners has no vendor folder','',0,1,NULL,1,0,3,'2023-04-20 13:39:41','2023-04-20 13:39:41'),(1321,1,0,'Protect vendor folder in module an_simple_contact','',0,1,NULL,1,0,3,'2023-04-20 13:39:41','2023-04-20 13:39:41'),(1322,1,0,'Module an_simple_contact has no vendor folder','',0,1,NULL,1,0,3,'2023-04-20 13:39:41','2023-04-20 13:39:41'),(1323,1,0,'Protect vendor folder in module an_theme','',0,1,NULL,1,0,3,'2023-04-20 13:39:41','2023-04-20 13:39:41'),(1324,1,0,'Module an_theme has no vendor folder','',0,1,NULL,1,0,3,'2023-04-20 13:39:41','2023-04-20 13:39:41'),(1325,1,0,'Protect vendor folder in module an_theme_dashboard','',0,1,NULL,1,0,3,'2023-04-20 13:39:41','2023-04-20 13:39:41'),(1326,1,0,'Module an_theme_dashboard has no vendor folder','',0,1,NULL,1,0,3,'2023-04-20 13:39:41','2023-04-20 13:39:41'),(1327,1,0,'Suppression : anHomeSlides','anHomeSlides',3,1,NULL,1,0,3,'2023-04-20 13:57:46','2023-04-20 13:57:46'),(1328,1,0,'modification anHomeSlides','anHomeSlides',1,1,NULL,1,0,3,'2023-04-20 13:57:58','2023-04-20 13:57:58'),(1329,1,0,'modification anHomeSlides','anHomeSlides',2,1,NULL,1,0,3,'2023-04-20 13:58:08','2023-04-20 13:58:08'),(1330,1,0,'Connexion au back-office depuis 129.222.204.40','',0,NULL,NULL,1,1,3,'2023-04-20 15:45:21','2023-04-20 15:45:21'),(1331,1,0,'Connexion au back-office depuis 163.116.142.120','',0,NULL,NULL,1,1,5,'2023-04-20 22:20:36','2023-04-20 22:20:36'),(1332,1,0,'Product modification','Product',145,1,NULL,1,0,5,'2023-04-20 22:24:54','2023-04-20 22:24:54'),(1333,1,0,'Product activated: 147','Product',147,1,NULL,1,0,5,'2023-04-20 22:25:18','2023-04-20 22:25:18'),(1334,1,0,'Product modification','Product',148,1,NULL,1,0,5,'2023-04-20 22:26:55','2023-04-20 22:26:55'),(1335,1,0,'Product modification','Product',148,1,NULL,1,0,5,'2023-04-20 22:27:43','2023-04-20 22:27:43'),(1336,1,0,'Product activated: 148','Product',148,1,NULL,1,0,5,'2023-04-20 22:27:49','2023-04-20 22:27:49'),(1337,1,0,'Product modification','Product',150,1,NULL,1,0,5,'2023-04-20 22:28:12','2023-04-20 22:28:12'),(1338,1,0,'Product activated: 150','Product',150,1,NULL,1,0,5,'2023-04-20 22:28:27','2023-04-20 22:28:27'),(1339,1,0,'Product modification','Product',151,1,NULL,1,0,5,'2023-04-20 22:28:56','2023-04-20 22:28:56'),(1340,1,0,'Product activated: 151','Product',151,1,NULL,1,0,5,'2023-04-20 22:29:15','2023-04-20 22:29:15'),(1341,1,0,'Product modification','Product',152,1,NULL,1,0,5,'2023-04-20 22:29:32','2023-04-20 22:29:32'),(1342,1,0,'Product activated: 152','Product',152,1,NULL,1,0,5,'2023-04-20 22:29:43','2023-04-20 22:29:43'),(1343,1,0,'Product modification','Product',153,1,NULL,1,0,5,'2023-04-20 22:30:10','2023-04-20 22:30:10'),(1344,1,0,'Product activated: 153','Product',153,1,NULL,1,0,5,'2023-04-20 22:30:19','2023-04-20 22:30:19'),(1345,1,0,'Product modification','Product',154,1,NULL,1,0,5,'2023-04-20 22:30:41','2023-04-20 22:30:41'),(1346,1,0,'Product modification','Product',154,1,NULL,1,0,5,'2023-04-20 22:30:49','2023-04-20 22:30:49'),(1347,1,0,'Product activated: 154','Product',154,1,NULL,1,0,5,'2023-04-20 22:31:02','2023-04-20 22:31:02'),(1348,1,0,'Product modification','Product',155,1,NULL,1,0,5,'2023-04-20 22:31:31','2023-04-20 22:31:31'),(1349,1,0,'Product activated: 155','Product',155,1,NULL,1,0,5,'2023-04-20 22:31:40','2023-04-20 22:31:40'),(1350,1,0,'Product modification','Product',156,1,NULL,1,0,5,'2023-04-20 22:31:56','2023-04-20 22:31:56'),(1351,1,0,'Product activated: 156','Product',156,1,NULL,1,0,5,'2023-04-20 22:32:07','2023-04-20 22:32:07'),(1352,1,0,'Product modification','Product',157,1,NULL,1,0,5,'2023-04-20 22:32:29','2023-04-20 22:32:29'),(1353,1,0,'Product activated: 157','Product',157,1,NULL,1,0,5,'2023-04-20 22:32:48','2023-04-20 22:32:48'),(1354,1,0,'Product modification','Product',158,1,NULL,1,0,5,'2023-04-20 22:37:23','2023-04-20 22:37:23'),(1355,1,0,'Product activated: 158','Product',158,1,NULL,1,0,5,'2023-04-20 22:37:38','2023-04-20 22:37:38'),(1356,1,0,'Product modification','Product',159,1,NULL,1,0,5,'2023-04-20 22:38:00','2023-04-20 22:38:00'),(1357,1,0,'Product activated: 159','Product',159,1,NULL,1,0,5,'2023-04-20 22:38:07','2023-04-20 22:38:07'),(1358,1,0,'Product modification','Product',160,1,NULL,1,0,5,'2023-04-20 22:38:39','2023-04-20 22:38:39'),(1359,1,0,'Product activated: 160','Product',160,1,NULL,1,0,5,'2023-04-20 22:38:45','2023-04-20 22:38:45'),(1360,1,0,'Product modification','Product',161,1,NULL,1,0,5,'2023-04-20 22:38:59','2023-04-20 22:38:59'),(1361,1,0,'Product activated: 161','Product',161,1,NULL,1,0,5,'2023-04-20 22:39:20','2023-04-20 22:39:20'),(1362,1,0,'Product modification','Product',162,1,NULL,1,0,5,'2023-04-20 22:39:52','2023-04-20 22:39:52'),(1363,1,0,'Product activated: 162','Product',162,1,NULL,1,0,5,'2023-04-20 22:40:02','2023-04-20 22:40:02'),(1364,1,0,'Product activated: 163','Product',163,1,NULL,1,0,5,'2023-04-20 22:40:17','2023-04-20 22:40:17'),(1365,1,0,'Product modification','Product',163,1,NULL,1,0,5,'2023-04-20 22:40:45','2023-04-20 22:40:45'),(1366,1,0,'Product modification','Product',164,1,NULL,1,0,5,'2023-04-20 22:41:03','2023-04-20 22:41:03'),(1367,1,0,'Product activated: 164','Product',164,1,NULL,1,0,5,'2023-04-20 22:41:09','2023-04-20 22:41:09'),(1368,1,0,'Product modification','Product',165,1,NULL,1,0,5,'2023-04-20 22:41:30','2023-04-20 22:41:30'),(1369,1,0,'Product modification','Product',165,1,NULL,1,0,5,'2023-04-20 22:42:49','2023-04-20 22:42:49'),(1370,1,0,'Product activated: 165','Product',165,1,NULL,1,0,5,'2023-04-20 22:42:59','2023-04-20 22:42:59'),(1371,1,0,'Product modification','Product',166,1,NULL,1,0,5,'2023-04-20 22:45:45','2023-04-20 22:45:45'),(1372,1,0,'Product activated: 166','Product',166,1,NULL,1,0,5,'2023-04-20 22:45:51','2023-04-20 22:45:51'),(1373,1,0,'Product activated: 168','Product',168,1,NULL,1,0,5,'2023-04-20 22:46:24','2023-04-20 22:46:24'),(1374,1,0,'Product activated: 167','Product',167,1,NULL,1,0,5,'2023-04-20 22:46:25','2023-04-20 22:46:25'),(1375,1,0,'Product modification','Product',170,1,NULL,1,0,5,'2023-04-20 22:49:23','2023-04-20 22:49:23'),(1376,1,0,'Product modification','Product',171,1,NULL,1,0,5,'2023-04-20 22:49:38','2023-04-20 22:49:38'),(1377,1,0,'Product modification','Product',169,1,NULL,1,0,5,'2023-04-20 22:49:49','2023-04-20 22:49:49'),(1378,1,0,'Product activated: 171','Product',171,1,NULL,1,0,5,'2023-04-20 22:49:56','2023-04-20 22:49:56'),(1379,1,0,'Product activated: 169','Product',169,1,NULL,1,0,5,'2023-04-20 22:49:58','2023-04-20 22:49:58'),(1380,1,0,'Product activated: 170','Product',170,1,NULL,1,0,5,'2023-04-20 22:49:58','2023-04-20 22:49:58'),(1381,1,0,'Product modification','Product',172,1,NULL,1,0,5,'2023-04-20 22:50:30','2023-04-20 22:50:30'),(1382,1,0,'Product modification','Product',173,1,NULL,1,0,5,'2023-04-20 22:50:55','2023-04-20 22:50:55'),(1383,1,0,'Product modification','Product',174,1,NULL,1,0,5,'2023-04-20 22:51:12','2023-04-20 22:51:12'),(1384,1,0,'Product modification','Product',175,1,NULL,1,0,5,'2023-04-20 22:51:40','2023-04-20 22:51:40'),(1385,1,0,'Product activated: 172','Product',172,1,NULL,1,0,5,'2023-04-20 22:51:45','2023-04-20 22:51:45'),(1386,1,0,'Product activated: 173','Product',173,1,NULL,1,0,5,'2023-04-20 22:51:47','2023-04-20 22:51:47'),(1387,1,0,'Product activated: 174','Product',174,1,NULL,1,0,5,'2023-04-20 22:51:47','2023-04-20 22:51:47'),(1388,1,0,'Product activated: 175','Product',175,1,NULL,1,0,5,'2023-04-20 22:51:47','2023-04-20 22:51:47'),(1389,1,0,'Product modification','Product',176,1,NULL,1,0,5,'2023-04-20 22:54:27','2023-04-20 22:54:27'),(1390,1,0,'Product activated: 176','Product',176,1,NULL,1,0,5,'2023-04-20 22:54:50','2023-04-20 22:54:50'),(1391,1,0,'Product activated: 177','Product',177,1,NULL,1,0,5,'2023-04-20 22:54:52','2023-04-20 22:54:52'),(1392,1,0,'Product activated: 179','Product',179,1,NULL,1,0,5,'2023-04-20 22:55:20','2023-04-20 22:55:20'),(1393,1,0,'Product activated: 178','Product',178,1,NULL,1,0,5,'2023-04-20 22:55:21','2023-04-20 22:55:21'),(1394,1,0,'Product activated: 180','Product',180,1,NULL,1,0,5,'2023-04-20 22:55:30','2023-04-20 22:55:30'),(1395,1,0,'Product modification','Product',181,1,NULL,1,0,5,'2023-04-20 22:56:34','2023-04-20 22:56:34'),(1396,1,0,'Product modification','Product',182,1,NULL,1,0,5,'2023-04-20 22:59:43','2023-04-20 22:59:43'),(1397,1,0,'Product modification','Product',183,1,NULL,1,0,5,'2023-04-20 22:59:59','2023-04-20 22:59:59'),(1398,1,0,'Product modification','Product',184,1,NULL,1,0,5,'2023-04-20 23:00:19','2023-04-20 23:00:19'),(1399,1,0,'Product activated: 181','Product',181,1,NULL,1,0,5,'2023-04-20 23:00:31','2023-04-20 23:00:31'),(1400,1,0,'Product activated: 182','Product',182,1,NULL,1,0,5,'2023-04-20 23:00:32','2023-04-20 23:00:32'),(1401,1,0,'Product activated: 184','Product',184,1,NULL,1,0,5,'2023-04-20 23:00:33','2023-04-20 23:00:33'),(1402,1,0,'Product activated: 183','Product',183,1,NULL,1,0,5,'2023-04-20 23:00:34','2023-04-20 23:00:34'),(1403,1,0,'Product modification','Product',185,1,NULL,1,0,5,'2023-04-20 23:00:51','2023-04-20 23:00:51'),(1404,1,0,'Product modification','Product',186,1,NULL,1,0,5,'2023-04-20 23:01:11','2023-04-20 23:01:11'),(1405,1,0,'Product activated: 185','Product',185,1,NULL,1,0,5,'2023-04-20 23:01:20','2023-04-20 23:01:20'),(1406,1,0,'Product activated: 186','Product',186,1,NULL,1,0,5,'2023-04-20 23:01:33','2023-04-20 23:01:33'),(1407,1,0,'Product modification','Product',187,1,NULL,1,0,5,'2023-04-20 23:01:51','2023-04-20 23:01:51'),(1408,1,0,'Product modification','Product',188,1,NULL,1,0,5,'2023-04-20 23:02:05','2023-04-20 23:02:05'),(1409,1,0,'Product activated: 187','Product',187,1,NULL,1,0,5,'2023-04-20 23:02:40','2023-04-20 23:02:40'),(1410,1,0,'Product activated: 188','Product',188,1,NULL,1,0,5,'2023-04-20 23:02:41','2023-04-20 23:02:41'),(1411,1,0,'Product activated: 189','Product',189,1,NULL,1,0,5,'2023-04-20 23:02:41','2023-04-20 23:02:41'),(1412,1,0,'Product activated: 190','Product',190,1,NULL,1,0,5,'2023-04-20 23:02:51','2023-04-20 23:02:51'),(1413,1,0,'Product activated: 191','Product',191,1,NULL,1,0,5,'2023-04-20 23:03:13','2023-04-20 23:03:13'),(1414,1,0,'Product activated: 193','Product',193,1,NULL,1,0,5,'2023-04-20 23:03:14','2023-04-20 23:03:14'),(1415,1,0,'Product activated: 192','Product',192,1,NULL,1,0,5,'2023-04-20 23:03:16','2023-04-20 23:03:16'),(1416,1,0,'Product activated: 194','Product',194,1,NULL,1,0,5,'2023-04-20 23:03:17','2023-04-20 23:03:17'),(1417,1,0,'Product activated: 195','Product',195,1,NULL,1,0,5,'2023-04-20 23:03:46','2023-04-20 23:03:46'),(1418,1,0,'Product modification','Product',196,1,NULL,1,0,5,'2023-04-20 23:04:12','2023-04-20 23:04:12'),(1419,1,0,'Product modification','Product',197,1,NULL,1,0,5,'2023-04-20 23:07:04','2023-04-20 23:07:04'),(1420,1,0,'Product modification','Product',196,1,NULL,1,0,5,'2023-04-20 23:07:24','2023-04-20 23:07:24'),(1421,1,0,'Product modification','Product',198,1,NULL,1,0,5,'2023-04-20 23:07:53','2023-04-20 23:07:53'),(1422,1,0,'Product activated: 196','Product',196,1,NULL,1,0,5,'2023-04-20 23:08:11','2023-04-20 23:08:11'),(1423,1,0,'Product activated: 197','Product',197,1,NULL,1,0,5,'2023-04-20 23:08:12','2023-04-20 23:08:12'),(1424,1,0,'Product activated: 198','Product',198,1,NULL,1,0,5,'2023-04-20 23:08:12','2023-04-20 23:08:12'),(1425,1,0,'Product modification','Product',199,1,NULL,1,0,5,'2023-04-20 23:08:47','2023-04-20 23:08:47'),(1426,1,0,'Product activated: 199','Product',199,1,NULL,1,0,5,'2023-04-20 23:08:58','2023-04-20 23:08:58'),(1427,1,0,'Product modification','Product',200,1,NULL,1,0,5,'2023-04-20 23:11:58','2023-04-20 23:11:58'),(1428,1,0,'Product modification','Product',201,1,NULL,1,0,5,'2023-04-20 23:13:07','2023-04-20 23:13:07'),(1429,1,0,'Product modification','Product',202,1,NULL,1,0,5,'2023-04-20 23:13:29','2023-04-20 23:13:29'),(1430,1,0,'Product modification','Product',203,1,NULL,1,0,5,'2023-04-20 23:13:52','2023-04-20 23:13:52'),(1431,1,0,'Product modification','Product',204,1,NULL,1,0,5,'2023-04-20 23:14:32','2023-04-20 23:14:32'),(1432,1,0,'Product activated: 200','Product',200,1,NULL,1,0,5,'2023-04-20 23:14:40','2023-04-20 23:14:40'),(1433,1,0,'Product activated: 201','Product',201,1,NULL,1,0,5,'2023-04-20 23:14:41','2023-04-20 23:14:41'),(1434,1,0,'Product activated: 202','Product',202,1,NULL,1,0,5,'2023-04-20 23:14:41','2023-04-20 23:14:41'),(1435,1,0,'Product activated: 203','Product',203,1,NULL,1,0,5,'2023-04-20 23:14:42','2023-04-20 23:14:42'),(1436,1,0,'Product activated: 204','Product',204,1,NULL,1,0,5,'2023-04-20 23:14:50','2023-04-20 23:14:50'),(1437,1,0,'Product modification','Product',205,1,NULL,1,0,5,'2023-04-20 23:15:30','2023-04-20 23:15:30'),(1438,1,0,'Product modification','Product',205,1,NULL,1,0,5,'2023-04-20 23:16:00','2023-04-20 23:16:00'),(1439,1,0,'Product modification','Product',207,1,NULL,1,0,5,'2023-04-20 23:16:18','2023-04-20 23:16:18'),(1440,1,0,'Product activated: 205','Product',205,1,NULL,1,0,5,'2023-04-20 23:16:26','2023-04-20 23:16:26'),(1441,1,0,'Product activated: 207','Product',207,1,NULL,1,0,5,'2023-04-20 23:16:27','2023-04-20 23:16:27'),(1442,1,0,'Product activated: 208','Product',208,1,NULL,1,0,5,'2023-04-20 23:16:44','2023-04-20 23:16:44'),(1443,1,0,'Product activated: 209','Product',209,1,NULL,1,0,5,'2023-04-20 23:16:45','2023-04-20 23:16:45'),(1444,1,0,'Product activated: 211','Product',211,1,NULL,1,0,5,'2023-04-20 23:16:46','2023-04-20 23:16:46'),(1445,1,0,'Product deactivated: 211','Product',211,1,NULL,1,0,5,'2023-04-20 23:17:05','2023-04-20 23:17:05'),(1446,1,0,'Product modification','Product',212,1,NULL,1,0,5,'2023-04-20 23:19:22','2023-04-20 23:19:22'),(1447,1,0,'Product activated: 211','Product',211,1,NULL,1,0,5,'2023-04-20 23:19:27','2023-04-20 23:19:27'),(1448,1,0,'Product activated: 212','Product',212,1,NULL,1,0,5,'2023-04-20 23:19:28','2023-04-20 23:19:28'),(1449,1,0,'Product activated: 213','Product',213,1,NULL,1,0,5,'2023-04-20 23:19:40','2023-04-20 23:19:40'),(1450,1,0,'Product activated: 215','Product',215,1,NULL,1,0,5,'2023-04-20 23:19:41','2023-04-20 23:19:41'),(1451,1,0,'Product activated: 216','Product',216,1,NULL,1,0,5,'2023-04-20 23:19:42','2023-04-20 23:19:42'),(1452,1,0,'Product activated: 217','Product',217,1,NULL,1,0,5,'2023-04-20 23:19:50','2023-04-20 23:19:50'),(1453,1,0,'Product activated: 218','Product',218,1,NULL,1,0,5,'2023-04-20 23:19:52','2023-04-20 23:19:52'),(1454,1,0,'Product activated: 219','Product',219,1,NULL,1,0,5,'2023-04-20 23:19:53','2023-04-20 23:19:53'),(1455,1,0,'Product activated: 221','Product',221,1,NULL,1,0,5,'2023-04-20 23:20:08','2023-04-20 23:20:08'),(1456,1,0,'Product activated: 222','Product',222,1,NULL,1,0,5,'2023-04-20 23:20:09','2023-04-20 23:20:09'),(1457,1,0,'Product activated: 223','Product',223,1,NULL,1,0,5,'2023-04-20 23:20:10','2023-04-20 23:20:10'),(1458,1,0,'Product activated: 220','Product',220,1,NULL,1,0,5,'2023-04-20 23:20:19','2023-04-20 23:20:19'),(1459,1,0,'Product modification','Product',224,1,NULL,1,0,5,'2023-04-20 23:21:16','2023-04-20 23:21:16'),(1460,1,0,'Product activated: 224','Product',224,1,NULL,1,0,5,'2023-04-20 23:21:41','2023-04-20 23:21:41'),(1461,1,0,'Product activated: 225','Product',225,1,NULL,1,0,5,'2023-04-20 23:21:47','2023-04-20 23:21:47'),(1462,1,0,'Product activated: 227','Product',227,1,NULL,1,0,5,'2023-04-20 23:21:49','2023-04-20 23:21:49'),(1463,1,0,'Product modification','Product',228,1,NULL,1,0,5,'2023-04-20 23:22:20','2023-04-20 23:22:20'),(1464,1,0,'Product modification','Product',228,1,NULL,1,0,5,'2023-04-20 23:22:54','2023-04-20 23:22:54'),(1465,1,0,'Product modification','Product',224,1,NULL,1,0,5,'2023-04-20 23:23:25','2023-04-20 23:23:25'),(1466,1,0,'Product modification','Product',224,1,NULL,1,0,5,'2023-04-20 23:23:42','2023-04-20 23:23:42'),(1467,1,0,'Product deactivated: 228','Product',228,1,NULL,1,0,5,'2023-04-20 23:23:53','2023-04-20 23:23:53'),(1468,1,0,'Product activated: 229','Product',229,1,NULL,1,0,5,'2023-04-20 23:23:54','2023-04-20 23:23:54'),(1469,1,0,'Product activated: 228','Product',228,1,NULL,1,0,5,'2023-04-20 23:24:01','2023-04-20 23:24:01'),(1470,1,0,'Product activated: 230','Product',230,1,NULL,1,0,5,'2023-04-20 23:24:47','2023-04-20 23:24:47'),(1471,1,0,'Product activated: 232','Product',232,1,NULL,1,0,5,'2023-04-20 23:24:48','2023-04-20 23:24:48'),(1472,1,0,'Product activated: 231','Product',231,1,NULL,1,0,5,'2023-04-20 23:24:49','2023-04-20 23:24:49'),(1473,1,0,'Product modification','Product',233,1,NULL,1,0,5,'2023-04-20 23:25:13','2023-04-20 23:25:13'),(1474,1,0,'Product modification','Product',234,1,NULL,1,0,5,'2023-04-20 23:25:30','2023-04-20 23:25:30'),(1475,1,0,'Product modification','Product',235,1,NULL,1,0,5,'2023-04-20 23:26:02','2023-04-20 23:26:02'),(1476,1,0,'Product modification','Product',236,1,NULL,1,0,5,'2023-04-20 23:26:24','2023-04-20 23:26:24'),(1477,1,0,'Product activated: 233','Product',233,1,NULL,1,0,5,'2023-04-20 23:26:30','2023-04-20 23:26:30'),(1478,1,0,'Product activated: 234','Product',234,1,NULL,1,0,5,'2023-04-20 23:26:32','2023-04-20 23:26:32'),(1479,1,0,'Product activated: 235','Product',235,1,NULL,1,0,5,'2023-04-20 23:26:32','2023-04-20 23:26:32'),(1480,1,0,'Product activated: 236','Product',236,1,NULL,1,0,5,'2023-04-20 23:26:32','2023-04-20 23:26:32'),(1481,1,0,'Product modification','Product',237,1,NULL,1,0,5,'2023-04-20 23:27:08','2023-04-20 23:27:08'),(1482,1,0,'Product activated: 237','Product',237,1,NULL,1,0,5,'2023-04-20 23:27:14','2023-04-20 23:27:14'),(1483,1,0,'Product modification','Product',258,1,NULL,1,0,5,'2023-04-20 23:29:33','2023-04-20 23:29:33'),(1484,1,0,'Product modification','Product',258,1,NULL,1,0,5,'2023-04-20 23:29:52','2023-04-20 23:29:52'),(1485,1,0,'Product modification','Product',249,1,NULL,1,0,5,'2023-04-20 23:32:03','2023-04-20 23:32:03'),(1486,1,0,'Connexion au back-office depuis 129.222.204.91','',0,NULL,NULL,1,1,2,'2023-04-26 08:38:48','2023-04-26 08:38:48'),(1487,1,0,'Connexion au back-office depuis 163.116.142.113','',0,NULL,NULL,1,1,5,'2023-04-30 10:35:14','2023-04-30 10:35:14'),(1488,1,0,'Product modification','Product',238,1,NULL,1,0,5,'2023-04-30 11:56:20','2023-04-30 11:56:20'),(1489,1,0,'Product modification','Product',239,1,NULL,1,0,5,'2023-04-30 11:57:18','2023-04-30 11:57:18'),(1490,1,0,'Product modification','Product',240,1,NULL,1,0,5,'2023-04-30 11:59:34','2023-04-30 11:59:34'),(1491,1,0,'Product modification','Product',245,1,NULL,1,0,5,'2023-04-30 12:02:31','2023-04-30 12:02:31'),(1492,1,0,'Product modification','Product',246,1,NULL,1,0,5,'2023-04-30 12:02:50','2023-04-30 12:02:50'),(1493,1,0,'Product modification','Product',242,1,NULL,1,0,5,'2023-04-30 12:09:21','2023-04-30 12:09:21'),(1494,1,0,'Product modification','Product',243,1,NULL,1,0,5,'2023-04-30 12:12:20','2023-04-30 12:12:20'),(1495,1,0,'Product modification','Product',247,1,NULL,1,0,5,'2023-04-30 12:12:51','2023-04-30 12:12:51'),(1496,1,0,'Product modification','Product',244,1,NULL,1,0,5,'2023-04-30 12:13:32','2023-04-30 12:13:32'),(1497,1,0,'Product modification','Product',245,1,NULL,1,0,5,'2023-04-30 12:14:13','2023-04-30 12:14:13'),(1498,1,0,'Product modification','Product',238,1,NULL,1,0,5,'2023-04-30 12:42:06','2023-04-30 12:42:06'),(1499,1,0,'Product modification','Product',238,1,NULL,1,0,5,'2023-04-30 12:42:31','2023-04-30 12:42:31'),(1500,1,0,'Product modification','Product',238,1,NULL,1,0,5,'2023-04-30 12:42:45','2023-04-30 12:42:45'),(1501,1,0,'Product modification','Product',238,1,NULL,1,0,5,'2023-04-30 12:42:56','2023-04-30 12:42:56'),(1502,1,0,'Product modification','Product',238,1,NULL,1,0,5,'2023-04-30 12:43:16','2023-04-30 12:43:16'),(1503,1,0,'Product modification','Product',238,1,NULL,1,0,5,'2023-04-30 12:43:19','2023-04-30 12:43:19'),(1504,1,0,'Product modification','Product',238,1,NULL,1,0,5,'2023-04-30 12:44:28','2023-04-30 12:44:28'),(1505,1,0,'Product activated: 238','Product',238,1,NULL,1,0,5,'2023-04-30 12:44:46','2023-04-30 12:44:46'),(1506,1,0,'Product modification','Product',239,1,NULL,1,0,5,'2023-04-30 12:47:03','2023-04-30 12:47:03'),(1507,1,0,'Product modification','Product',239,1,NULL,1,0,5,'2023-04-30 12:47:15','2023-04-30 12:47:15'),(1508,1,0,'Product modification','Product',239,1,NULL,1,0,5,'2023-04-30 12:47:26','2023-04-30 12:47:26'),(1509,1,0,'Product modification','Product',239,1,NULL,1,0,5,'2023-04-30 12:47:32','2023-04-30 12:47:32'),(1510,1,0,'Product modification','Product',239,1,NULL,1,0,5,'2023-04-30 12:47:37','2023-04-30 12:47:37'),(1511,1,0,'Product modification','Product',239,1,NULL,1,0,5,'2023-04-30 12:47:57','2023-04-30 12:47:57'),(1512,1,0,'Product modification','Product',239,1,NULL,1,0,5,'2023-04-30 12:48:23','2023-04-30 12:48:23'),(1513,1,0,'Product modification','Product',239,1,NULL,1,0,5,'2023-04-30 12:48:40','2023-04-30 12:48:40'),(1514,1,0,'Product modification','Product',239,1,NULL,1,0,5,'2023-04-30 12:48:45','2023-04-30 12:48:45'),(1515,1,0,'Product modification','Product',239,1,NULL,1,0,5,'2023-04-30 12:48:58','2023-04-30 12:48:58'),(1516,1,0,'Product modification','Product',239,1,NULL,1,0,5,'2023-04-30 12:49:12','2023-04-30 12:49:12'),(1517,1,0,'Product modification','Product',239,1,NULL,1,0,5,'2023-04-30 12:49:27','2023-04-30 12:49:27'),(1518,1,0,'Product modification','Product',239,1,NULL,1,0,5,'2023-04-30 12:50:07','2023-04-30 12:50:07'),(1519,1,0,'Product modification','Product',239,1,NULL,1,0,5,'2023-04-30 12:50:18','2023-04-30 12:50:18'),(1520,1,0,'Product modification','Product',239,1,NULL,1,0,5,'2023-04-30 12:50:32','2023-04-30 12:50:32'),(1521,1,0,'Product activated: 239','Product',239,1,NULL,1,0,5,'2023-04-30 12:50:50','2023-04-30 12:50:50'),(1522,1,0,'Product modification','Product',240,1,NULL,1,0,5,'2023-04-30 12:51:40','2023-04-30 12:51:40'),(1523,1,0,'Product modification','Product',240,1,NULL,1,0,5,'2023-04-30 12:52:25','2023-04-30 12:52:25'),(1524,1,0,'Product modification','Product',240,1,NULL,1,0,5,'2023-04-30 12:52:33','2023-04-30 12:52:33'),(1525,1,0,'Product modification','Product',240,1,NULL,1,0,5,'2023-04-30 12:52:40','2023-04-30 12:52:40'),(1526,1,0,'Product modification','Product',240,1,NULL,1,0,5,'2023-04-30 12:52:46','2023-04-30 12:52:46'),(1527,1,0,'Product modification','Product',240,1,NULL,1,0,5,'2023-04-30 12:53:03','2023-04-30 12:53:03'),(1528,1,0,'Product activated: 240','Product',240,1,NULL,1,0,5,'2023-04-30 12:53:09','2023-04-30 12:53:09'),(1529,1,0,'Product modification','Product',241,1,NULL,1,0,5,'2023-04-30 12:55:26','2023-04-30 12:55:26'),(1530,1,0,'Product modification','Product',241,1,NULL,1,0,5,'2023-04-30 12:56:49','2023-04-30 12:56:49'),(1531,1,0,'Product modification','Product',241,1,NULL,1,0,5,'2023-04-30 12:56:55','2023-04-30 12:56:55'),(1532,1,0,'Product modification','Product',241,1,NULL,1,0,5,'2023-04-30 12:56:57','2023-04-30 12:56:57'),(1533,1,0,'Product modification','Product',241,1,NULL,1,0,5,'2023-04-30 12:56:59','2023-04-30 12:56:59'),(1534,1,0,'Product modification','Product',241,1,NULL,1,0,5,'2023-04-30 12:57:08','2023-04-30 12:57:08'),(1535,1,0,'Product modification','Product',241,1,NULL,1,0,5,'2023-04-30 12:57:13','2023-04-30 12:57:13'),(1536,1,0,'Product modification','Product',241,1,NULL,1,0,5,'2023-04-30 12:57:23','2023-04-30 12:57:23'),(1537,1,0,'Product modification','Product',241,1,NULL,1,0,5,'2023-04-30 12:57:36','2023-04-30 12:57:36'),(1538,1,0,'Product modification','Product',241,1,NULL,1,0,5,'2023-04-30 12:57:39','2023-04-30 12:57:39'),(1539,1,0,'Product modification','Product',241,1,NULL,1,0,5,'2023-04-30 12:57:41','2023-04-30 12:57:41'),(1540,1,0,'Product modification','Product',241,1,NULL,1,0,5,'2023-04-30 12:57:46','2023-04-30 12:57:46'),(1541,1,0,'Product modification','Product',241,1,NULL,1,0,5,'2023-04-30 12:57:56','2023-04-30 12:57:56'),(1542,1,0,'Product modification','Product',241,1,NULL,1,0,5,'2023-04-30 12:58:05','2023-04-30 12:58:05'),(1543,1,0,'Product modification','Product',241,1,NULL,1,0,5,'2023-04-30 12:58:13','2023-04-30 12:58:13'),(1544,1,0,'Product modification','Product',241,1,NULL,1,0,5,'2023-04-30 12:58:39','2023-04-30 12:58:39'),(1545,1,0,'Product modification','Product',241,1,NULL,1,0,5,'2023-04-30 12:59:03','2023-04-30 12:59:03'),(1546,1,0,'Product modification','Product',241,1,NULL,1,0,5,'2023-04-30 12:59:09','2023-04-30 12:59:09'),(1547,1,0,'Product modification','Product',241,1,NULL,1,0,5,'2023-04-30 12:59:26','2023-04-30 12:59:26'),(1548,1,0,'Product modification','Product',242,1,NULL,1,0,5,'2023-04-30 13:01:07','2023-04-30 13:01:07'),(1549,1,0,'Product modification','Product',242,1,NULL,1,0,5,'2023-04-30 13:01:15','2023-04-30 13:01:15'),(1550,1,0,'Product modification','Product',242,1,NULL,1,0,5,'2023-04-30 13:01:24','2023-04-30 13:01:24'),(1551,1,0,'Product modification','Product',242,1,NULL,1,0,5,'2023-04-30 13:01:31','2023-04-30 13:01:31'),(1552,1,0,'Product modification','Product',242,1,NULL,1,0,5,'2023-04-30 13:01:49','2023-04-30 13:01:49'),(1553,1,0,'Product modification','Product',242,1,NULL,1,0,5,'2023-04-30 13:01:59','2023-04-30 13:01:59'),(1554,1,0,'Product modification','Product',242,1,NULL,1,0,5,'2023-04-30 13:02:26','2023-04-30 13:02:26'),(1555,1,0,'Product modification','Product',242,1,NULL,1,0,5,'2023-04-30 13:02:32','2023-04-30 13:02:32'),(1556,1,0,'Product modification','Product',242,1,NULL,1,0,5,'2023-04-30 13:03:16','2023-04-30 13:03:16'),(1557,1,0,'Product modification','Product',242,1,NULL,1,0,5,'2023-04-30 13:03:29','2023-04-30 13:03:29'),(1558,1,0,'Product modification','Product',242,1,NULL,1,0,5,'2023-04-30 13:03:43','2023-04-30 13:03:43'),(1559,1,0,'Product modification','Product',244,1,NULL,1,0,5,'2023-04-30 13:07:52','2023-04-30 13:07:52'),(1560,1,0,'Product modification','Product',244,1,NULL,1,0,5,'2023-04-30 13:08:00','2023-04-30 13:08:00'),(1561,1,0,'Product modification','Product',244,1,NULL,1,0,5,'2023-04-30 13:08:17','2023-04-30 13:08:17'),(1562,1,0,'Product modification','Product',244,1,NULL,1,0,5,'2023-04-30 13:08:19','2023-04-30 13:08:19'),(1563,1,0,'Product modification','Product',244,1,NULL,1,0,5,'2023-04-30 13:08:20','2023-04-30 13:08:20'),(1564,1,0,'Product modification','Product',244,1,NULL,1,0,5,'2023-04-30 13:08:30','2023-04-30 13:08:30'),(1565,1,0,'Product modification','Product',244,1,NULL,1,0,5,'2023-04-30 13:08:34','2023-04-30 13:08:34'),(1566,1,0,'Product modification','Product',244,1,NULL,1,0,5,'2023-04-30 13:08:41','2023-04-30 13:08:41'),(1567,1,0,'Product modification','Product',244,1,NULL,1,0,5,'2023-04-30 13:08:52','2023-04-30 13:08:52'),(1568,1,0,'Product modification','Product',244,1,NULL,1,0,5,'2023-04-30 13:09:02','2023-04-30 13:09:02'),(1569,1,0,'Product modification','Product',244,1,NULL,1,0,5,'2023-04-30 13:09:10','2023-04-30 13:09:10'),(1570,1,0,'Product modification','Product',244,1,NULL,1,0,5,'2023-04-30 13:09:19','2023-04-30 13:09:19'),(1571,1,0,'Product modification','Product',244,1,NULL,1,0,5,'2023-04-30 13:09:36','2023-04-30 13:09:36'),(1572,1,0,'Product modification','Product',240,1,NULL,1,0,5,'2023-04-30 13:10:04','2023-04-30 13:10:04'),(1573,1,0,'Product modification','Product',239,1,NULL,1,0,5,'2023-04-30 13:10:16','2023-04-30 13:10:16'),(1574,1,0,'Product modification','Product',241,1,NULL,1,0,5,'2023-04-30 13:10:34','2023-04-30 13:10:34'),(1575,1,0,'Product activated: 241','Product',241,1,NULL,1,0,5,'2023-04-30 13:10:42','2023-04-30 13:10:42'),(1576,1,0,'Product modification','Product',242,1,NULL,1,0,5,'2023-04-30 13:10:48','2023-04-30 13:10:48'),(1577,1,0,'Product activated: 242','Product',242,1,NULL,1,0,5,'2023-04-30 13:10:56','2023-04-30 13:10:56'),(1578,1,0,'Product modification','Product',238,1,NULL,1,0,5,'2023-04-30 13:11:11','2023-04-30 13:11:11'),(1579,1,0,'Product activated: 244','Product',244,1,NULL,1,0,5,'2023-04-30 13:11:21','2023-04-30 13:11:21'),(1580,1,0,'Product modification','Product',243,1,NULL,1,0,5,'2023-04-30 13:12:37','2023-04-30 13:12:37'),(1581,1,0,'Product modification','Product',243,1,NULL,1,0,5,'2023-04-30 13:12:38','2023-04-30 13:12:38'),(1582,1,0,'Product modification','Product',243,1,NULL,1,0,5,'2023-04-30 13:12:40','2023-04-30 13:12:40'),(1583,1,0,'Product modification','Product',243,1,NULL,1,0,5,'2023-04-30 13:12:46','2023-04-30 13:12:46'),(1584,1,0,'Product modification','Product',243,1,NULL,1,0,5,'2023-04-30 13:12:56','2023-04-30 13:12:56'),(1585,1,0,'Product modification','Product',243,1,NULL,1,0,5,'2023-04-30 13:13:16','2023-04-30 13:13:16'),(1586,1,0,'Product modification','Product',243,1,NULL,1,0,5,'2023-04-30 13:13:27','2023-04-30 13:13:27'),(1587,1,0,'Product modification','Product',243,1,NULL,1,0,5,'2023-04-30 13:13:38','2023-04-30 13:13:38'),(1588,1,0,'Product modification','Product',243,1,NULL,1,0,5,'2023-04-30 13:13:47','2023-04-30 13:13:47'),(1589,1,0,'Product modification','Product',243,1,NULL,1,0,5,'2023-04-30 13:13:57','2023-04-30 13:13:57'),(1590,1,0,'Product modification','Product',243,1,NULL,1,0,5,'2023-04-30 13:14:06','2023-04-30 13:14:06'),(1591,1,0,'Product modification','Product',243,1,NULL,1,0,5,'2023-04-30 13:14:51','2023-04-30 13:14:51'),(1592,1,0,'Product modification','Product',243,1,NULL,1,0,5,'2023-04-30 13:15:02','2023-04-30 13:15:02'),(1593,1,0,'Product activated: 243','Product',243,1,NULL,1,0,5,'2023-04-30 13:15:15','2023-04-30 13:15:15'),(1594,1,0,'Product modification','Product',245,1,NULL,1,0,5,'2023-04-30 13:18:11','2023-04-30 13:18:11'),(1595,1,0,'Product modification','Product',245,1,NULL,1,0,5,'2023-04-30 13:18:23','2023-04-30 13:18:23'),(1596,1,0,'Product modification','Product',245,1,NULL,1,0,5,'2023-04-30 13:18:25','2023-04-30 13:18:25'),(1597,1,0,'Product modification','Product',245,1,NULL,1,0,5,'2023-04-30 13:18:28','2023-04-30 13:18:28'),(1598,1,0,'Product modification','Product',245,1,NULL,1,0,5,'2023-04-30 13:18:30','2023-04-30 13:18:30'),(1599,1,0,'Product modification','Product',245,1,NULL,1,0,5,'2023-04-30 13:18:36','2023-04-30 13:18:36'),(1600,1,0,'Product modification','Product',245,1,NULL,1,0,5,'2023-04-30 13:18:47','2023-04-30 13:18:47'),(1601,1,0,'Product modification','Product',245,1,NULL,1,0,5,'2023-04-30 13:18:56','2023-04-30 13:18:56'),(1602,1,0,'Product modification','Product',245,1,NULL,1,0,5,'2023-04-30 13:19:01','2023-04-30 13:19:01'),(1603,1,0,'Product modification','Product',245,1,NULL,1,0,5,'2023-04-30 13:19:11','2023-04-30 13:19:11'),(1604,1,0,'Product modification','Product',245,1,NULL,1,0,5,'2023-04-30 13:19:22','2023-04-30 13:19:22'),(1605,1,0,'Product modification','Product',245,1,NULL,1,0,5,'2023-04-30 13:19:29','2023-04-30 13:19:29'),(1606,1,0,'Product modification','Product',245,1,NULL,1,0,5,'2023-04-30 13:19:38','2023-04-30 13:19:38'),(1607,1,0,'Product modification','Product',245,1,NULL,1,0,5,'2023-04-30 13:20:00','2023-04-30 13:20:00'),(1608,1,0,'Product modification','Product',245,1,NULL,1,0,5,'2023-04-30 13:20:20','2023-04-30 13:20:20'),(1609,1,0,'Product modification','Product',245,1,NULL,1,0,5,'2023-04-30 13:20:36','2023-04-30 13:20:36'),(1610,1,0,'Product activated: 245','Product',245,1,NULL,1,0,5,'2023-04-30 13:20:41','2023-04-30 13:20:41'),(1611,1,0,'Product modification','Product',246,1,NULL,1,0,5,'2023-04-30 13:23:05','2023-04-30 13:23:05'),(1612,1,0,'Product modification','Product',246,1,NULL,1,0,5,'2023-04-30 13:23:12','2023-04-30 13:23:12'),(1613,1,0,'Product modification','Product',246,1,NULL,1,0,5,'2023-04-30 13:23:16','2023-04-30 13:23:16'),(1614,1,0,'Product modification','Product',246,1,NULL,1,0,5,'2023-04-30 13:23:31','2023-04-30 13:23:31'),(1615,1,0,'Product modification','Product',246,1,NULL,1,0,5,'2023-04-30 13:24:01','2023-04-30 13:24:01'),(1616,1,0,'Product modification','Product',246,1,NULL,1,0,5,'2023-04-30 13:24:05','2023-04-30 13:24:05'),(1617,1,0,'Product modification','Product',246,1,NULL,1,0,5,'2023-04-30 13:24:13','2023-04-30 13:24:13'),(1618,1,0,'Product modification','Product',246,1,NULL,1,0,5,'2023-04-30 13:24:25','2023-04-30 13:24:25'),(1619,1,0,'Product modification','Product',246,1,NULL,1,0,5,'2023-04-30 13:24:33','2023-04-30 13:24:33'),(1620,1,0,'Product modification','Product',246,1,NULL,1,0,5,'2023-04-30 13:24:48','2023-04-30 13:24:48'),(1621,1,0,'Product modification','Product',246,1,NULL,1,0,5,'2023-04-30 13:25:20','2023-04-30 13:25:20'),(1622,1,0,'Product modification','Product',246,1,NULL,1,0,5,'2023-04-30 13:25:39','2023-04-30 13:25:39'),(1623,1,0,'Product modification','Product',246,1,NULL,1,0,5,'2023-04-30 13:26:07','2023-04-30 13:26:07'),(1624,1,0,'Product modification','Product',246,1,NULL,1,0,5,'2023-04-30 13:26:19','2023-04-30 13:26:19'),(1625,1,0,'Product modification','Product',242,1,NULL,1,0,5,'2023-04-30 13:26:43','2023-04-30 13:26:43'),(1626,1,0,'Product modification','Product',242,1,NULL,1,0,5,'2023-04-30 13:26:48','2023-04-30 13:26:48'),(1627,1,0,'Product modification','Product',243,1,NULL,1,0,5,'2023-04-30 13:26:59','2023-04-30 13:26:59'),(1628,1,0,'Product modification','Product',244,1,NULL,1,0,5,'2023-04-30 13:27:28','2023-04-30 13:27:28'),(1629,1,0,'Product activated: 246','Product',246,1,NULL,1,0,5,'2023-04-30 13:27:50','2023-04-30 13:27:50'),(1630,1,0,'Product modification','Product',247,1,NULL,1,0,5,'2023-04-30 13:29:34','2023-04-30 13:29:34'),(1631,1,0,'Product modification','Product',247,1,NULL,1,0,5,'2023-04-30 13:29:34','2023-04-30 13:29:34'),(1632,1,0,'Product modification','Product',247,1,NULL,1,0,5,'2023-04-30 13:30:29','2023-04-30 13:30:29'),(1633,1,0,'Product modification','Product',247,1,NULL,1,0,5,'2023-04-30 13:30:45','2023-04-30 13:30:45'),(1634,1,0,'Product modification','Product',247,1,NULL,1,0,5,'2023-04-30 13:30:59','2023-04-30 13:30:59'),(1635,1,0,'Product modification','Product',247,1,NULL,1,0,5,'2023-04-30 13:31:14','2023-04-30 13:31:14'),(1636,1,0,'Product modification','Product',247,1,NULL,1,0,5,'2023-04-30 13:31:28','2023-04-30 13:31:28'),(1637,1,0,'Product modification','Product',247,1,NULL,1,0,5,'2023-04-30 13:31:35','2023-04-30 13:31:35'),(1638,1,0,'Product modification','Product',247,1,NULL,1,0,5,'2023-04-30 13:31:45','2023-04-30 13:31:45'),(1639,1,0,'Product modification','Product',247,1,NULL,1,0,5,'2023-04-30 13:32:08','2023-04-30 13:32:08'),(1640,1,0,'Product modification','Product',247,1,NULL,1,0,5,'2023-04-30 13:32:24','2023-04-30 13:32:24'),(1641,1,0,'Product activated: 247','Product',247,1,NULL,1,0,5,'2023-04-30 13:32:37','2023-04-30 13:32:37'),(1642,1,0,'Product modification','Product',249,1,NULL,1,0,5,'2023-04-30 13:41:37','2023-04-30 13:41:37'),(1643,1,0,'Product modification','Product',249,1,NULL,1,0,5,'2023-04-30 13:43:42','2023-04-30 13:43:42'),(1644,1,0,'Product modification','Product',249,1,NULL,1,0,5,'2023-04-30 13:43:53','2023-04-30 13:43:53'),(1645,1,0,'Product modification','Product',249,1,NULL,1,0,5,'2023-04-30 13:45:33','2023-04-30 13:45:33'),(1646,1,0,'Product modification','Product',249,1,NULL,1,0,5,'2023-04-30 13:45:57','2023-04-30 13:45:57'),(1647,1,0,'Product modification','Product',249,1,NULL,1,0,5,'2023-04-30 13:46:06','2023-04-30 13:46:06'),(1648,1,0,'Product modification','Product',249,1,NULL,1,0,5,'2023-04-30 13:47:20','2023-04-30 13:47:20'),(1649,1,0,'Product modification','Product',249,1,NULL,1,0,5,'2023-04-30 13:47:43','2023-04-30 13:47:43'),(1650,1,0,'Product modification','Product',249,1,NULL,1,0,5,'2023-04-30 13:47:45','2023-04-30 13:47:45'),(1651,1,0,'Product modification','Product',259,1,NULL,1,0,5,'2023-04-30 14:18:30','2023-04-30 14:18:30'),(1652,1,0,'Product modification','Product',259,1,NULL,1,0,5,'2023-04-30 14:18:31','2023-04-30 14:18:31'),(1653,1,0,'Product modification','Product',259,1,NULL,1,0,5,'2023-04-30 14:19:32','2023-04-30 14:19:32'),(1654,1,0,'Product modification','Product',259,1,NULL,1,0,5,'2023-04-30 14:21:05','2023-04-30 14:21:05'),(1655,1,0,'Product modification','Product',259,1,NULL,1,0,5,'2023-04-30 14:21:07','2023-04-30 14:21:07'),(1656,1,0,'Product modification','Product',259,1,NULL,1,0,5,'2023-04-30 14:21:25','2023-04-30 14:21:25'),(1657,1,0,'Product modification','Product',259,1,NULL,1,0,5,'2023-04-30 14:22:54','2023-04-30 14:22:54'),(1658,1,0,'Product modification','Product',259,1,NULL,1,0,5,'2023-04-30 14:24:09','2023-04-30 14:24:09'),(1659,1,0,'Product modification','Product',259,1,NULL,1,0,5,'2023-04-30 14:24:23','2023-04-30 14:24:23'),(1660,1,0,'Product modification','Product',259,1,NULL,1,0,5,'2023-04-30 14:25:38','2023-04-30 14:25:38'),(1661,1,0,'Product modification','Product',260,1,NULL,1,0,5,'2023-04-30 14:27:37','2023-04-30 14:27:37'),(1662,1,0,'Product modification','Product',260,1,NULL,1,0,5,'2023-04-30 14:27:38','2023-04-30 14:27:38'),(1663,1,0,'Product modification','Product',260,1,NULL,1,0,5,'2023-04-30 14:27:45','2023-04-30 14:27:45'),(1664,1,0,'Product modification','Product',260,1,NULL,1,0,5,'2023-04-30 14:27:55','2023-04-30 14:27:55'),(1665,1,0,'Product modification','Product',260,1,NULL,1,0,5,'2023-04-30 14:28:12','2023-04-30 14:28:12'),(1666,1,0,'Product modification','Product',260,1,NULL,1,0,5,'2023-04-30 14:28:41','2023-04-30 14:28:41'),(1667,1,0,'Product modification','Product',260,1,NULL,1,0,5,'2023-04-30 14:28:50','2023-04-30 14:28:50'),(1668,1,0,'Product modification','Product',260,1,NULL,1,0,5,'2023-04-30 14:29:09','2023-04-30 14:29:09'),(1669,1,0,'Product modification','Product',261,1,NULL,1,0,5,'2023-04-30 14:35:18','2023-04-30 14:35:18'),(1670,1,0,'Product modification','Product',262,1,NULL,1,0,5,'2023-04-30 14:41:06','2023-04-30 14:41:06'),(1671,1,0,'Product modification','Product',262,1,NULL,1,0,5,'2023-04-30 14:41:22','2023-04-30 14:41:22'),(1672,1,0,'Product modification','Product',262,1,NULL,1,0,5,'2023-04-30 14:41:31','2023-04-30 14:41:31'),(1673,1,0,'Product modification','Product',262,1,NULL,1,0,5,'2023-04-30 14:43:52','2023-04-30 14:43:52'),(1674,1,0,'Product modification','Product',262,1,NULL,1,0,5,'2023-04-30 14:44:03','2023-04-30 14:44:03'),(1675,1,0,'Product modification','Product',263,1,NULL,1,0,5,'2023-04-30 14:51:10','2023-04-30 14:51:10'),(1676,1,0,'Product modification','Product',263,1,NULL,1,0,5,'2023-04-30 14:52:49','2023-04-30 14:52:49'),(1677,1,0,'Product modification','Product',263,1,NULL,1,0,5,'2023-04-30 14:52:57','2023-04-30 14:52:57'),(1678,1,0,'Product modification','Product',263,1,NULL,1,0,5,'2023-04-30 14:53:17','2023-04-30 14:53:17'),(1679,1,0,'Product modification','Product',263,1,NULL,1,0,5,'2023-04-30 14:53:53','2023-04-30 14:53:53'),(1680,1,0,'Product modification','Product',263,1,NULL,1,0,5,'2023-04-30 14:54:44','2023-04-30 14:54:44'),(1681,1,0,'Product modification','Product',262,1,NULL,1,0,5,'2023-04-30 14:54:54','2023-04-30 14:54:54'),(1682,1,0,'Product modification','Product',261,1,NULL,1,0,5,'2023-04-30 14:55:06','2023-04-30 14:55:06'),(1683,1,0,'Product modification','Product',261,1,NULL,1,0,5,'2023-04-30 14:55:13','2023-04-30 14:55:13'),(1684,1,0,'Product modification','Product',264,1,NULL,1,0,5,'2023-04-30 14:59:30','2023-04-30 14:59:30'),(1685,1,0,'Product modification','Product',264,1,NULL,1,0,5,'2023-04-30 15:01:02','2023-04-30 15:01:02'),(1686,1,0,'Product modification','Product',264,1,NULL,1,0,5,'2023-04-30 15:01:26','2023-04-30 15:01:26'),(1687,1,0,'Product modification','Product',263,1,NULL,1,0,5,'2023-04-30 15:01:48','2023-04-30 15:01:48'),(1688,1,0,'Product modification','Product',263,1,NULL,1,0,5,'2023-04-30 15:01:56','2023-04-30 15:01:56'),(1689,1,0,'Product modification','Product',262,1,NULL,1,0,5,'2023-04-30 15:02:14','2023-04-30 15:02:14'),(1690,1,0,'Product modification','Product',262,1,NULL,1,0,5,'2023-04-30 15:02:18','2023-04-30 15:02:18'),(1691,1,0,'Product modification','Product',263,1,NULL,1,0,5,'2023-04-30 15:02:35','2023-04-30 15:02:35'),(1692,1,0,'Product modification','Product',261,1,NULL,1,0,5,'2023-04-30 15:02:57','2023-04-30 15:02:57'),(1693,1,0,'Product modification','Product',260,1,NULL,1,0,5,'2023-04-30 15:03:15','2023-04-30 15:03:15'),(1694,1,0,'Product modification','Product',259,1,NULL,1,0,5,'2023-04-30 15:03:29','2023-04-30 15:03:29'),(1695,1,0,'Product modification','Product',265,1,NULL,1,0,5,'2023-04-30 15:20:35','2023-04-30 15:20:35'),(1696,1,0,'Product modification','Product',265,1,NULL,1,0,5,'2023-04-30 15:23:22','2023-04-30 15:23:22'),(1697,1,0,'Product modification','Product',265,1,NULL,1,0,5,'2023-04-30 15:23:53','2023-04-30 15:23:53'),(1698,1,0,'Product modification','Product',266,1,NULL,1,0,5,'2023-04-30 15:31:16','2023-04-30 15:31:16'),(1699,1,0,'Product modification','Product',266,1,NULL,1,0,5,'2023-04-30 15:31:45','2023-04-30 15:31:45'),(1700,1,0,'Product modification','Product',267,1,NULL,1,0,5,'2023-04-30 15:37:37','2023-04-30 15:37:37'),(1701,1,0,'Product modification','Product',267,1,NULL,1,0,5,'2023-04-30 15:39:10','2023-04-30 15:39:10'),(1702,1,0,'Product modification','Product',267,1,NULL,1,0,5,'2023-04-30 15:39:31','2023-04-30 15:39:31'),(1703,1,0,'Product modification','Product',267,1,NULL,1,0,5,'2023-04-30 15:40:19','2023-04-30 15:40:19'),(1704,1,0,'Product modification','Product',267,1,NULL,1,0,5,'2023-04-30 15:40:42','2023-04-30 15:40:42'),(1705,1,0,'Product modification','Product',268,1,NULL,1,0,5,'2023-04-30 15:46:15','2023-04-30 15:46:15'),(1706,1,0,'Product modification','Product',268,1,NULL,1,0,5,'2023-04-30 15:48:16','2023-04-30 15:48:16'),(1707,1,0,'Product modification','Product',268,1,NULL,1,0,5,'2023-04-30 15:48:36','2023-04-30 15:48:36'),(1708,1,0,'Product modification','Product',268,1,NULL,1,0,5,'2023-04-30 15:48:41','2023-04-30 15:48:41'),(1709,1,0,'Product modification','Product',268,1,NULL,1,0,5,'2023-04-30 15:49:06','2023-04-30 15:49:06'),(1710,1,0,'Product modification','Product',268,1,NULL,1,0,5,'2023-04-30 15:49:18','2023-04-30 15:49:18'),(1711,1,0,'Product modification','Product',268,1,NULL,1,0,5,'2023-04-30 15:49:24','2023-04-30 15:49:24'),(1712,1,0,'Product modification','Product',268,1,NULL,1,0,5,'2023-04-30 15:50:08','2023-04-30 15:50:08'),(1713,1,0,'Product modification','Product',268,1,NULL,1,0,5,'2023-04-30 15:50:19','2023-04-30 15:50:19'),(1714,1,0,'Product modification','Product',269,1,NULL,1,0,5,'2023-04-30 15:58:14','2023-04-30 15:58:14'),(1715,1,0,'Product modification','Product',269,1,NULL,1,0,5,'2023-04-30 15:58:16','2023-04-30 15:58:16'),(1716,1,0,'Product modification','Product',269,1,NULL,1,0,5,'2023-04-30 15:58:24','2023-04-30 15:58:24'),(1717,1,0,'Product modification','Product',269,1,NULL,1,0,5,'2023-04-30 15:58:46','2023-04-30 15:58:46'),(1718,1,0,'Product modification','Product',269,1,NULL,1,0,5,'2023-04-30 15:58:51','2023-04-30 15:58:51'),(1719,1,0,'Product modification','Product',269,1,NULL,1,0,5,'2023-04-30 15:59:07','2023-04-30 15:59:07'),(1720,1,0,'Product modification','Product',270,1,NULL,1,0,5,'2023-04-30 16:03:22','2023-04-30 16:03:22'),(1721,1,0,'Product modification','Product',270,1,NULL,1,0,5,'2023-04-30 16:05:59','2023-04-30 16:05:59'),(1722,1,0,'Product modification','Product',270,1,NULL,1,0,5,'2023-04-30 16:09:29','2023-04-30 16:09:29'),(1723,1,0,'Product modification','Product',270,1,NULL,1,0,5,'2023-04-30 16:09:36','2023-04-30 16:09:36'),(1724,1,0,'Product modification','Product',270,1,NULL,1,0,5,'2023-04-30 16:10:39','2023-04-30 16:10:39'),(1725,1,0,'Product modification','Product',270,1,NULL,1,0,5,'2023-04-30 16:10:48','2023-04-30 16:10:48'),(1726,1,0,'Product modification','Product',270,1,NULL,1,0,5,'2023-04-30 16:10:59','2023-04-30 16:10:59'),(1727,1,0,'Product modification','Product',270,1,NULL,1,0,5,'2023-04-30 16:11:07','2023-04-30 16:11:07'),(1728,1,0,'Product modification','Product',270,1,NULL,1,0,5,'2023-04-30 16:11:22','2023-04-30 16:11:22'),(1729,1,0,'Product modification','Product',270,1,NULL,1,0,5,'2023-04-30 16:11:26','2023-04-30 16:11:26'),(1730,1,0,'Product modification','Product',271,1,NULL,1,0,5,'2023-04-30 16:15:16','2023-04-30 16:15:16'),(1731,1,0,'Product modification','Product',271,1,NULL,1,0,5,'2023-04-30 16:15:29','2023-04-30 16:15:29'),(1732,1,0,'Product modification','Product',271,1,NULL,1,0,5,'2023-04-30 16:15:54','2023-04-30 16:15:54'),(1733,1,0,'Product modification','Product',271,1,NULL,1,0,5,'2023-04-30 16:16:00','2023-04-30 16:16:00'),(1734,1,0,'Product modification','Product',271,1,NULL,1,0,5,'2023-04-30 16:17:39','2023-04-30 16:17:39'),(1735,1,0,'Product modification','Product',271,1,NULL,1,0,5,'2023-04-30 16:18:26','2023-04-30 16:18:26'),(1736,1,0,'Product modification','Product',271,1,NULL,1,0,5,'2023-04-30 16:18:46','2023-04-30 16:18:46'),(1737,1,0,'Product modification','Product',271,1,NULL,1,0,5,'2023-04-30 16:18:56','2023-04-30 16:18:56'),(1738,1,0,'Product activated: 271','Product',271,1,NULL,1,0,5,'2023-04-30 16:18:59','2023-04-30 16:18:59'),(1739,1,0,'Product modification','Product',270,1,NULL,1,0,5,'2023-04-30 16:19:12','2023-04-30 16:19:12'),(1740,1,0,'Product activated: 270','Product',270,1,NULL,1,0,5,'2023-04-30 16:19:16','2023-04-30 16:19:16'),(1741,1,0,'Product modification','Product',269,1,NULL,1,0,5,'2023-04-30 16:19:37','2023-04-30 16:19:37'),(1742,1,0,'Product activated: 269','Product',269,1,NULL,1,0,5,'2023-04-30 16:19:53','2023-04-30 16:19:53'),(1743,1,0,'Product activated: 268','Product',268,1,NULL,1,0,5,'2023-04-30 16:19:55','2023-04-30 16:19:55'),(1744,1,0,'Product modification','Product',267,1,NULL,1,0,5,'2023-04-30 16:20:07','2023-04-30 16:20:07'),(1745,1,0,'Product activated: 267','Product',267,1,NULL,1,0,5,'2023-04-30 16:20:14','2023-04-30 16:20:14'),(1746,1,0,'Product activated: 266','Product',266,1,NULL,1,0,5,'2023-04-30 16:20:33','2023-04-30 16:20:33'),(1747,1,0,'Product activated: 265','Product',265,1,NULL,1,0,5,'2023-04-30 16:20:38','2023-04-30 16:20:38'),(1748,1,0,'Product activated: 264','Product',264,1,NULL,1,0,5,'2023-04-30 16:20:44','2023-04-30 16:20:44'),(1749,1,0,'Product activated: 263','Product',263,1,NULL,1,0,5,'2023-04-30 16:21:04','2023-04-30 16:21:04'),(1750,1,0,'Product activated: 261','Product',261,1,NULL,1,0,5,'2023-04-30 16:21:14','2023-04-30 16:21:14'),(1751,1,0,'Product activated: 260','Product',260,1,NULL,1,0,5,'2023-04-30 16:21:32','2023-04-30 16:21:32'),(1752,1,0,'Product activated: 259','Product',259,1,NULL,1,0,5,'2023-04-30 16:21:33','2023-04-30 16:21:33'),(1753,1,0,'Product modification','Product',272,1,NULL,1,0,5,'2023-04-30 16:29:57','2023-04-30 16:29:57'),(1754,1,0,'Product modification','Product',272,1,NULL,1,0,5,'2023-04-30 16:30:09','2023-04-30 16:30:09'),(1755,1,0,'Product modification','Product',272,1,NULL,1,0,5,'2023-04-30 16:30:16','2023-04-30 16:30:16'),(1756,1,0,'Product modification','Product',272,1,NULL,1,0,5,'2023-04-30 16:31:15','2023-04-30 16:31:15'),(1757,1,0,'Product modification','Product',272,1,NULL,1,0,5,'2023-04-30 16:31:40','2023-04-30 16:31:40'),(1758,1,0,'Product modification','Product',272,1,NULL,1,0,5,'2023-04-30 16:32:14','2023-04-30 16:32:14'),(1759,1,0,'Product modification','Product',273,1,NULL,1,0,5,'2023-04-30 16:37:25','2023-04-30 16:37:25'),(1760,1,0,'Product modification','Product',273,1,NULL,1,0,5,'2023-04-30 16:37:31','2023-04-30 16:37:31'),(1761,1,0,'Product modification','Product',273,1,NULL,1,0,5,'2023-04-30 16:38:45','2023-04-30 16:38:45'),(1762,1,0,'Product modification','Product',273,1,NULL,1,0,5,'2023-04-30 16:38:57','2023-04-30 16:38:57'),(1763,1,0,'Product modification','Product',273,1,NULL,1,0,5,'2023-04-30 16:39:10','2023-04-30 16:39:10'),(1764,1,0,'Product modification','Product',273,1,NULL,1,0,5,'2023-04-30 16:39:24','2023-04-30 16:39:24'),(1765,1,0,'Product modification','Product',273,1,NULL,1,0,5,'2023-04-30 16:39:42','2023-04-30 16:39:42'),(1766,1,0,'Product modification','Product',272,1,NULL,1,0,5,'2023-04-30 16:39:59','2023-04-30 16:39:59'),(1767,1,0,'Product activated: 272','Product',272,1,NULL,1,0,5,'2023-04-30 16:40:06','2023-04-30 16:40:06'),(1768,1,0,'Product activated: 273','Product',273,1,NULL,1,0,5,'2023-04-30 16:40:07','2023-04-30 16:40:07'),(1769,1,0,'Product modification','Product',268,1,NULL,1,0,5,'2023-04-30 16:40:40','2023-04-30 16:40:40'),(1770,1,0,'Product modification','Product',267,1,NULL,1,0,5,'2023-04-30 16:40:57','2023-04-30 16:40:57'),(1771,1,0,'Product modification','Product',263,1,NULL,1,0,5,'2023-04-30 16:41:22','2023-04-30 16:41:22'),(1772,1,0,'Product modification','Product',274,1,NULL,1,0,5,'2023-04-30 16:45:03','2023-04-30 16:45:03'),(1773,1,0,'Product modification','Product',274,1,NULL,1,0,5,'2023-04-30 16:46:25','2023-04-30 16:46:25'),(1774,1,0,'Product modification','Product',274,1,NULL,1,0,5,'2023-04-30 16:46:41','2023-04-30 16:46:41'),(1775,1,0,'Product modification','Product',274,1,NULL,1,0,5,'2023-04-30 16:46:52','2023-04-30 16:46:52'),(1776,1,0,'Product activated: 274','Product',274,1,NULL,1,0,5,'2023-04-30 16:46:57','2023-04-30 16:46:57'),(1777,1,0,'Product modification','Product',275,1,NULL,1,0,5,'2023-04-30 16:52:05','2023-04-30 16:52:05'),(1778,1,0,'Product modification','Product',275,1,NULL,1,0,5,'2023-04-30 16:52:38','2023-04-30 16:52:38'),(1779,1,0,'Product modification','Product',275,1,NULL,1,0,5,'2023-04-30 16:52:39','2023-04-30 16:52:39'),(1780,1,0,'Product modification','Product',275,1,NULL,1,0,5,'2023-04-30 16:52:54','2023-04-30 16:52:54'),(1781,1,0,'Product modification','Product',275,1,NULL,1,0,5,'2023-04-30 16:53:13','2023-04-30 16:53:13'),(1782,1,0,'Product modification','Product',275,1,NULL,1,0,5,'2023-04-30 16:53:53','2023-04-30 16:53:53'),(1783,1,0,'Product modification','Product',275,1,NULL,1,0,5,'2023-04-30 16:54:14','2023-04-30 16:54:14'),(1784,1,0,'Product modification','Product',275,1,NULL,1,0,5,'2023-04-30 16:54:40','2023-04-30 16:54:40'),(1785,1,0,'Product activated: 275','Product',275,1,NULL,1,0,5,'2023-04-30 16:54:50','2023-04-30 16:54:50'),(1786,1,0,'Product modification','Product',276,1,NULL,1,0,5,'2023-04-30 16:56:00','2023-04-30 16:56:00'),(1787,1,0,'Product modification','Product',276,1,NULL,1,0,5,'2023-04-30 17:05:23','2023-04-30 17:05:23'),(1788,1,0,'Product modification','Product',276,1,NULL,1,0,5,'2023-04-30 17:05:25','2023-04-30 17:05:25'),(1789,1,0,'Product modification','Product',276,1,NULL,1,0,5,'2023-04-30 17:05:33','2023-04-30 17:05:33'),(1790,1,0,'Product modification','Product',276,1,NULL,1,0,5,'2023-04-30 17:06:16','2023-04-30 17:06:16'),(1791,1,0,'Product modification','Product',276,1,NULL,1,0,5,'2023-04-30 17:06:37','2023-04-30 17:06:37'),(1792,1,0,'Product modification','Product',276,1,NULL,1,0,5,'2023-04-30 17:06:48','2023-04-30 17:06:48'),(1793,1,0,'Product modification','Product',276,1,NULL,1,0,5,'2023-04-30 17:07:46','2023-04-30 17:07:46'),(1794,1,0,'Product activated: 276','Product',276,1,NULL,1,0,5,'2023-04-30 17:08:02','2023-04-30 17:08:02'),(1795,1,0,'Product modification','Product',277,1,NULL,1,0,5,'2023-04-30 17:09:13','2023-04-30 17:09:13'),(1796,1,0,'Product modification','Product',277,1,NULL,1,0,5,'2023-04-30 17:11:34','2023-04-30 17:11:34'),(1797,1,0,'Product modification','Product',277,1,NULL,1,0,5,'2023-04-30 17:11:36','2023-04-30 17:11:36'),(1798,1,0,'Product modification','Product',277,1,NULL,1,0,5,'2023-04-30 17:11:46','2023-04-30 17:11:46'),(1799,1,0,'Product modification','Product',277,1,NULL,1,0,5,'2023-04-30 17:11:52','2023-04-30 17:11:52'),(1800,1,0,'Product modification','Product',277,1,NULL,1,0,5,'2023-04-30 17:12:54','2023-04-30 17:12:54'),(1801,1,0,'Product modification','Product',277,1,NULL,1,0,5,'2023-04-30 17:13:11','2023-04-30 17:13:11'),(1802,1,0,'Product modification','Product',277,1,NULL,1,0,5,'2023-04-30 17:13:20','2023-04-30 17:13:20'),(1803,1,0,'Product modification','Product',278,1,NULL,1,0,5,'2023-04-30 17:14:52','2023-04-30 17:14:52'),(1804,1,0,'Product modification','Product',278,1,NULL,1,0,5,'2023-04-30 17:17:57','2023-04-30 17:17:57'),(1805,1,0,'Product modification','Product',278,1,NULL,1,0,5,'2023-04-30 17:18:08','2023-04-30 17:18:08'),(1806,1,0,'Product modification','Product',278,1,NULL,1,0,5,'2023-04-30 17:18:23','2023-04-30 17:18:23'),(1807,1,0,'Product activated: 277','Product',277,1,NULL,1,0,5,'2023-04-30 17:18:32','2023-04-30 17:18:32'),(1808,1,0,'Product activated: 278','Product',278,1,NULL,1,0,5,'2023-04-30 17:18:34','2023-04-30 17:18:34'),(1809,1,0,'Product modification','Product',279,1,NULL,1,0,5,'2023-04-30 17:23:08','2023-04-30 17:23:08'),(1810,1,0,'Product modification','Product',279,1,NULL,1,0,5,'2023-04-30 17:24:48','2023-04-30 17:24:48'),(1811,1,0,'Product activated: 279','Product',279,1,NULL,1,0,5,'2023-04-30 17:24:58','2023-04-30 17:24:58'),(1812,1,0,'Product modification','Product',281,1,NULL,1,0,5,'2023-04-30 17:29:22','2023-04-30 17:29:22'),(1813,1,0,'Product modification','Product',281,1,NULL,1,0,5,'2023-04-30 17:29:31','2023-04-30 17:29:31'),(1814,1,0,'Product modification','Product',281,1,NULL,1,0,5,'2023-04-30 17:29:35','2023-04-30 17:29:35'),(1815,1,0,'Product modification','Product',281,1,NULL,1,0,5,'2023-04-30 17:29:41','2023-04-30 17:29:41'),(1816,1,0,'Product modification','Product',281,1,NULL,1,0,5,'2023-04-30 17:30:12','2023-04-30 17:30:12'),(1817,1,0,'Product modification','Product',281,1,NULL,1,0,5,'2023-04-30 17:30:31','2023-04-30 17:30:31'),(1818,1,0,'Product activated: 281','Product',281,1,NULL,1,0,5,'2023-04-30 17:30:35','2023-04-30 17:30:35'),(1819,1,0,'Product modification','Product',282,1,NULL,1,0,5,'2023-04-30 17:32:13','2023-04-30 17:32:13'),(1820,1,0,'Product modification','Product',282,1,NULL,1,0,5,'2023-04-30 17:32:22','2023-04-30 17:32:22'),(1821,1,0,'Product modification','Product',282,1,NULL,1,0,5,'2023-04-30 17:33:45','2023-04-30 17:33:45'),(1822,1,0,'Product modification','Product',282,1,NULL,1,0,5,'2023-04-30 17:33:53','2023-04-30 17:33:53'),(1823,1,0,'Product modification','Product',282,1,NULL,1,0,5,'2023-04-30 17:33:59','2023-04-30 17:33:59'),(1824,1,0,'Product modification','Product',282,1,NULL,1,0,5,'2023-04-30 17:34:52','2023-04-30 17:34:52'),(1825,1,0,'Product modification','Product',282,1,NULL,1,0,5,'2023-04-30 17:35:01','2023-04-30 17:35:01'),(1826,1,0,'Product modification','Product',282,1,NULL,1,0,5,'2023-04-30 17:35:25','2023-04-30 17:35:25'),(1827,1,0,'Product modification','Product',283,1,NULL,1,0,5,'2023-04-30 17:38:03','2023-04-30 17:38:03'),(1828,1,0,'Product modification','Product',283,1,NULL,1,0,5,'2023-04-30 17:39:21','2023-04-30 17:39:21'),(1829,1,0,'Product modification','Product',283,1,NULL,1,0,5,'2023-04-30 17:39:51','2023-04-30 17:39:51'),(1830,1,0,'Product modification','Product',283,1,NULL,1,0,5,'2023-04-30 17:43:08','2023-04-30 17:43:08'),(1831,1,0,'Product modification','Product',283,1,NULL,1,0,5,'2023-04-30 17:43:34','2023-04-30 17:43:34'),(1832,1,0,'Product activated: 283','Product',283,1,NULL,1,0,5,'2023-04-30 17:43:38','2023-04-30 17:43:38'),(1833,1,0,'Product activated: 282','Product',282,1,NULL,1,0,5,'2023-04-30 17:43:40','2023-04-30 17:43:40'),(1834,1,0,'Product modification','Product',249,1,NULL,1,0,5,'2023-04-30 17:45:20','2023-04-30 17:45:20'),(1835,1,0,'Product modification','Product',249,1,NULL,1,0,5,'2023-04-30 17:46:58','2023-04-30 17:46:58'),(1836,1,0,'Product modification','Product',249,1,NULL,1,0,5,'2023-04-30 17:47:28','2023-04-30 17:47:28'),(1837,1,0,'Product activated: 249','Product',249,1,NULL,1,0,5,'2023-04-30 17:47:38','2023-04-30 17:47:38'),(1838,1,0,'Product deleted: (250).','Product',250,1,NULL,1,0,5,'2023-04-30 17:48:33','2023-04-30 17:48:33'),(1839,1,0,'Product modification','Product',251,1,NULL,1,0,5,'2023-04-30 17:51:54','2023-04-30 17:51:54'),(1840,1,0,'Product activated: 251','Product',251,1,NULL,1,0,5,'2023-04-30 17:52:07','2023-04-30 17:52:07'),(1841,1,0,'Product modification','Product',252,1,NULL,1,0,5,'2023-04-30 17:52:59','2023-04-30 17:52:59'),(1842,1,0,'Product modification','Product',252,1,NULL,1,0,5,'2023-04-30 17:54:06','2023-04-30 17:54:06'),(1843,1,0,'Product activated: 252','Product',252,1,NULL,1,0,5,'2023-04-30 17:54:12','2023-04-30 17:54:12'),(1844,1,0,'Product modification','Product',254,1,NULL,1,0,5,'2023-04-30 17:56:44','2023-04-30 17:56:44'),(1845,1,0,'Product activated: 254','Product',254,1,NULL,1,0,5,'2023-04-30 17:58:52','2023-04-30 17:58:52'),(1846,1,0,'Product modification','Product',284,1,NULL,1,0,5,'2023-04-30 18:00:50','2023-04-30 18:00:50'),(1847,1,0,'Product modification','Product',284,1,NULL,1,0,5,'2023-04-30 18:01:35','2023-04-30 18:01:35'),(1848,1,0,'Product modification','Product',284,1,NULL,1,0,5,'2023-04-30 18:02:23','2023-04-30 18:02:23'),(1849,1,0,'Product activated: 284','Product',284,1,NULL,1,0,5,'2023-04-30 18:02:33','2023-04-30 18:02:33'),(1850,1,0,'Product modification','Product',285,1,NULL,1,0,5,'2023-04-30 18:07:58','2023-04-30 18:07:58'),(1851,1,0,'Product modification','Product',285,1,NULL,1,0,5,'2023-04-30 18:08:15','2023-04-30 18:08:15'),(1852,1,0,'Product activated: 285','Product',285,1,NULL,1,0,5,'2023-04-30 18:08:23','2023-04-30 18:08:23'),(1853,1,0,'Product modification','Product',262,1,NULL,1,0,5,'2023-04-30 18:09:33','2023-04-30 18:09:33'),(1854,1,0,'Product modification','Product',262,1,NULL,1,0,5,'2023-04-30 18:09:56','2023-04-30 18:09:56'),(1855,1,0,'Product activated: 262','Product',262,1,NULL,1,0,5,'2023-04-30 18:10:04','2023-04-30 18:10:04'),(1856,1,0,'Product modification','Product',255,1,NULL,1,0,5,'2023-04-30 18:11:27','2023-04-30 18:11:27'),(1857,1,0,'Product modification','Product',255,1,NULL,1,0,5,'2023-04-30 18:11:59','2023-04-30 18:11:59'),(1858,1,0,'Product modification','Product',255,1,NULL,1,0,5,'2023-04-30 18:12:10','2023-04-30 18:12:10'),(1859,1,0,'Product activated: 255','Product',255,1,NULL,1,0,5,'2023-04-30 18:12:16','2023-04-30 18:12:16'),(1860,1,0,'Product modification','Product',286,1,NULL,1,0,5,'2023-04-30 18:13:47','2023-04-30 18:13:47'),(1861,1,0,'Product modification','Product',286,1,NULL,1,0,5,'2023-04-30 18:15:15','2023-04-30 18:15:15'),(1862,1,0,'Product activated: 286','Product',286,1,NULL,1,0,5,'2023-04-30 18:15:20','2023-04-30 18:15:20'),(1863,1,0,'Product modification','Product',287,1,NULL,1,0,5,'2023-04-30 18:18:32','2023-04-30 18:18:32'),(1864,1,0,'Product activated: 287','Product',287,1,NULL,1,0,5,'2023-04-30 18:18:42','2023-04-30 18:18:42'),(1865,1,0,'Product modification','Product',288,1,NULL,1,0,5,'2023-04-30 18:21:31','2023-04-30 18:21:31'),(1866,1,0,'Product modification','Product',288,1,NULL,1,0,5,'2023-04-30 18:21:33','2023-04-30 18:21:33'),(1867,1,0,'Product modification','Product',288,1,NULL,1,0,5,'2023-04-30 18:21:42','2023-04-30 18:21:42'),(1868,1,0,'Product modification','Product',288,1,NULL,1,0,5,'2023-04-30 18:23:22','2023-04-30 18:23:22'),(1869,1,0,'Product modification','Product',288,1,NULL,1,0,5,'2023-04-30 18:24:00','2023-04-30 18:24:00'),(1870,1,0,'Product modification','Product',289,1,NULL,1,0,5,'2023-04-30 18:28:08','2023-04-30 18:28:08'),(1871,1,0,'Product modification','Product',289,1,NULL,1,0,5,'2023-04-30 18:28:20','2023-04-30 18:28:20'),(1872,1,0,'Product modification','Product',289,1,NULL,1,0,5,'2023-04-30 18:29:01','2023-04-30 18:29:01'),(1873,1,0,'Product modification','Product',289,1,NULL,1,0,5,'2023-04-30 18:29:31','2023-04-30 18:29:31'),(1874,1,0,'Product modification','Product',289,1,NULL,1,0,5,'2023-04-30 18:30:29','2023-04-30 18:30:29'),(1875,1,0,'Product activated: 288','Product',288,1,NULL,1,0,5,'2023-04-30 18:30:36','2023-04-30 18:30:36'),(1876,1,0,'Product activated: 289','Product',289,1,NULL,1,0,5,'2023-04-30 18:30:37','2023-04-30 18:30:37'),(1877,1,0,'Product modification','Product',290,1,NULL,1,0,5,'2023-04-30 18:32:45','2023-04-30 18:32:45'),(1878,1,0,'Product modification','Product',290,1,NULL,1,0,5,'2023-04-30 18:36:23','2023-04-30 18:36:23'),(1879,1,0,'Product modification','Product',290,1,NULL,1,0,5,'2023-04-30 18:37:08','2023-04-30 18:37:08'),(1880,1,0,'Product modification','Product',290,1,NULL,1,0,5,'2023-04-30 18:37:12','2023-04-30 18:37:12'),(1881,1,0,'Product modification','Product',290,1,NULL,1,0,5,'2023-04-30 18:37:23','2023-04-30 18:37:23'),(1882,1,0,'Product modification','Product',290,1,NULL,1,0,5,'2023-04-30 18:37:55','2023-04-30 18:37:55'),(1883,1,0,'Product modification','Product',290,1,NULL,1,0,5,'2023-04-30 18:38:48','2023-04-30 18:38:48'),(1884,1,0,'Product activated: 290','Product',290,1,NULL,1,0,5,'2023-04-30 18:38:52','2023-04-30 18:38:52'),(1885,1,0,'Product modification','Product',291,1,NULL,1,0,5,'2023-04-30 18:41:48','2023-04-30 18:41:48'),(1886,1,0,'Product modification','Product',291,1,NULL,1,0,5,'2023-04-30 18:42:00','2023-04-30 18:42:00'),(1887,1,0,'Product activated: 291','Product',291,1,NULL,1,0,5,'2023-04-30 18:42:06','2023-04-30 18:42:06'),(1888,1,0,'Product deleted: (256).','Product',256,1,NULL,1,0,5,'2023-04-30 18:42:56','2023-04-30 18:42:56'),(1889,1,0,'Product deleted: (257).','Product',257,1,NULL,1,0,5,'2023-04-30 18:43:09','2023-04-30 18:43:09'),(1890,1,0,'Product deleted: (258).','Product',258,1,NULL,1,0,5,'2023-04-30 18:43:22','2023-04-30 18:43:22'),(1891,1,0,'Product modification','Product',292,1,NULL,1,0,5,'2023-04-30 18:46:24','2023-04-30 18:46:24'),(1892,1,0,'Product modification','Product',292,1,NULL,1,0,5,'2023-04-30 18:46:29','2023-04-30 18:46:29'),(1893,1,0,'Product modification','Product',292,1,NULL,1,0,5,'2023-04-30 18:46:51','2023-04-30 18:46:51'),(1894,1,0,'Product modification','Product',292,1,NULL,1,0,5,'2023-04-30 18:47:19','2023-04-30 18:47:19'),(1895,1,0,'Product modification','Product',292,1,NULL,1,0,5,'2023-04-30 18:47:28','2023-04-30 18:47:28'),(1896,1,0,'Product modification','Product',292,1,NULL,1,0,5,'2023-04-30 18:47:59','2023-04-30 18:47:59'),(1897,1,0,'Product modification','Product',292,1,NULL,1,0,5,'2023-04-30 18:48:19','2023-04-30 18:48:19'),(1898,1,0,'Product modification','Product',292,1,NULL,1,0,5,'2023-04-30 18:48:32','2023-04-30 18:48:32'),(1899,1,0,'Product activated: 292','Product',292,1,NULL,1,0,5,'2023-04-30 18:48:36','2023-04-30 18:48:36'),(1900,1,0,'Product modification','Product',293,1,NULL,1,0,5,'2023-04-30 18:52:29','2023-04-30 18:52:29'),(1901,1,0,'Product modification','Product',293,1,NULL,1,0,5,'2023-04-30 18:53:52','2023-04-30 18:53:52'),(1902,1,0,'Product activated: 293','Product',293,1,NULL,1,0,5,'2023-04-30 18:53:58','2023-04-30 18:53:58'),(1903,1,0,'Product modification','Product',294,1,NULL,1,0,5,'2023-04-30 18:56:18','2023-04-30 18:56:18'),(1904,1,0,'Product modification','Product',294,1,NULL,1,0,5,'2023-04-30 18:56:48','2023-04-30 18:56:48'),(1905,1,0,'Product activated: 294','Product',294,1,NULL,1,0,5,'2023-04-30 18:56:55','2023-04-30 18:56:55'),(1906,1,0,'Product modification','Product',295,1,NULL,1,0,5,'2023-04-30 18:59:38','2023-04-30 18:59:38'),(1907,1,0,'Product modification','Product',295,1,NULL,1,0,5,'2023-04-30 18:59:43','2023-04-30 18:59:43'),(1908,1,0,'Product activated: 295','Product',295,1,NULL,1,0,5,'2023-04-30 18:59:51','2023-04-30 18:59:51'),(1909,1,0,'Product modification','Product',296,1,NULL,1,0,5,'2023-04-30 19:20:56','2023-04-30 19:20:56'),(1910,1,0,'Product modification','Product',296,1,NULL,1,0,5,'2023-04-30 19:21:05','2023-04-30 19:21:05'),(1911,1,0,'Product activated: 296','Product',296,1,NULL,1,0,5,'2023-04-30 19:21:10','2023-04-30 19:21:10'),(1912,1,0,'Product modification','Product',297,1,NULL,1,0,5,'2023-04-30 19:23:53','2023-04-30 19:23:53'),(1913,1,0,'Product modification','Product',297,1,NULL,1,0,5,'2023-04-30 19:24:43','2023-04-30 19:24:43'),(1914,1,0,'Product activated: 297','Product',297,1,NULL,1,0,5,'2023-04-30 19:24:52','2023-04-30 19:24:52'),(1915,1,0,'Product modification','Product',298,1,NULL,1,0,5,'2023-04-30 19:26:46','2023-04-30 19:26:46'),(1916,1,0,'Product modification','Product',298,1,NULL,1,0,5,'2023-04-30 19:26:52','2023-04-30 19:26:52'),(1917,1,0,'Product activated: 298','Product',298,1,NULL,1,0,5,'2023-04-30 19:26:58','2023-04-30 19:26:58'),(1918,1,0,'Product modification','Product',299,1,NULL,1,0,5,'2023-04-30 19:28:08','2023-04-30 19:28:08'),(1919,1,0,'Product modification','Product',299,1,NULL,1,0,5,'2023-04-30 19:28:37','2023-04-30 19:28:37'),(1920,1,0,'Product activated: 299','Product',299,1,NULL,1,0,5,'2023-04-30 19:28:50','2023-04-30 19:28:50'),(1921,1,0,'Product modification','Product',298,1,NULL,1,0,5,'2023-04-30 19:29:00','2023-04-30 19:29:00'),(1922,1,0,'Product modification','Product',300,1,NULL,1,0,5,'2023-04-30 19:32:33','2023-04-30 19:32:33'),(1923,1,0,'Product activated: 300','Product',300,1,NULL,1,0,5,'2023-04-30 19:32:41','2023-04-30 19:32:41'),(1924,1,0,'Product modification','Product',300,1,NULL,1,0,5,'2023-04-30 19:32:53','2023-04-30 19:32:53'),(1925,1,0,'Product modification','Product',301,1,NULL,1,0,5,'2023-04-30 19:34:51','2023-04-30 19:34:51'),(1926,1,0,'Product modification','Product',301,1,NULL,1,0,5,'2023-04-30 19:34:55','2023-04-30 19:34:55'),(1927,1,0,'Product activated: 301','Product',301,1,NULL,1,0,5,'2023-04-30 19:35:02','2023-04-30 19:35:02'),(1928,1,0,'Product modification','Product',302,1,NULL,1,0,5,'2023-04-30 19:36:05','2023-04-30 19:36:05'),(1929,1,0,'Product modification','Product',302,1,NULL,1,0,5,'2023-04-30 19:36:21','2023-04-30 19:36:21'),(1930,1,0,'Product modification','Product',302,1,NULL,1,0,5,'2023-04-30 19:36:39','2023-04-30 19:36:39'),(1931,1,0,'Product activated: 302','Product',302,1,NULL,1,0,5,'2023-04-30 19:36:45','2023-04-30 19:36:45'),(1932,1,0,'Product modification','Product',301,1,NULL,1,0,5,'2023-04-30 19:36:54','2023-04-30 19:36:54'),(1933,1,0,'Product modification','Product',300,1,NULL,1,0,5,'2023-04-30 19:38:16','2023-04-30 19:38:16'),(1934,1,0,'Product modification','Product',299,1,NULL,1,0,5,'2023-04-30 19:38:29','2023-04-30 19:38:29'),(1935,1,0,'Connexion au back-office depuis 129.222.204.40','',0,NULL,NULL,1,1,3,'2023-05-02 09:08:05','2023-05-02 09:08:05'),(1936,3,0,'No result was found for query although at least one row was expected.','Translation',0,1,NULL,1,0,3,'2023-05-02 09:47:14','2023-05-02 09:47:14'),(1937,3,0,'No result was found for query although at least one row was expected.','Translation',0,1,NULL,1,0,3,'2023-05-02 09:47:14','2023-05-02 09:47:14'),(1938,1,0,'Protect vendor folder in module an_productextratabs','',0,1,NULL,1,0,3,'2023-05-02 09:51:34','2023-05-02 09:51:34'),(1939,1,0,'Module an_productextratabs has no vendor folder','',0,1,NULL,1,0,3,'2023-05-02 09:51:34','2023-05-02 09:51:34'),(1940,1,0,'Protect vendor folder in module anscrolltop','',0,1,NULL,1,0,3,'2023-05-02 09:51:34','2023-05-02 09:51:34'),(1941,1,0,'Module anscrolltop has no vendor folder','',0,1,NULL,1,0,3,'2023-05-02 09:51:34','2023-05-02 09:51:34'),(1942,1,0,'Protect vendor folder in module an_megamenu','',0,1,NULL,1,0,3,'2023-05-02 09:51:34','2023-05-02 09:51:34'),(1943,1,0,'Module an_megamenu has no vendor folder','',0,1,NULL,1,0,3,'2023-05-02 09:51:34','2023-05-02 09:51:34'),(1944,1,0,'Protect vendor folder in module an_productattributes','',0,1,NULL,1,0,3,'2023-05-02 09:51:34','2023-05-02 09:51:34'),(1945,1,0,'Module an_productattributes has no vendor folder','',0,1,NULL,1,0,3,'2023-05-02 09:51:34','2023-05-02 09:51:34'),(1946,1,0,'Protect vendor folder in module an_wishlist','',0,1,NULL,1,0,3,'2023-05-02 09:51:34','2023-05-02 09:51:34'),(1947,1,0,'Module an_wishlist has no vendor folder','',0,1,NULL,1,0,3,'2023-05-02 09:51:34','2023-05-02 09:51:34'),(1948,1,0,'Protect vendor folder in module an_hurry_up','',0,1,NULL,1,0,3,'2023-05-02 09:51:34','2023-05-02 09:51:34'),(1949,1,0,'Module an_hurry_up has no vendor folder','',0,1,NULL,1,0,3,'2023-05-02 09:51:34','2023-05-02 09:51:34'),(1950,1,0,'Protect vendor folder in module anblog','',0,1,NULL,1,0,3,'2023-05-02 09:51:35','2023-05-02 09:51:35'),(1951,1,0,'Module anblog has no vendor folder','',0,1,NULL,1,0,3,'2023-05-02 09:51:35','2023-05-02 09:51:35'),(1952,1,0,'Protect vendor folder in module an_logo','',0,1,NULL,1,0,3,'2023-05-02 09:51:35','2023-05-02 09:51:35'),(1953,1,0,'Module an_logo has no vendor folder','',0,1,NULL,1,0,3,'2023-05-02 09:51:35','2023-05-02 09:51:35'),(1954,1,0,'Protect vendor folder in module an_stickyaddtocart','',0,1,NULL,1,0,3,'2023-05-02 09:51:35','2023-05-02 09:51:35'),(1955,1,0,'Module an_stickyaddtocart has no vendor folder','',0,1,NULL,1,0,3,'2023-05-02 09:51:35','2023-05-02 09:51:35'),(1956,1,0,'Protect vendor folder in module an_cookie_popup','',0,1,NULL,1,0,3,'2023-05-02 09:51:35','2023-05-02 09:51:35'),(1957,1,0,'Module an_cookie_popup has no vendor folder','',0,1,NULL,1,0,3,'2023-05-02 09:51:35','2023-05-02 09:51:35'),(1958,1,0,'Protect vendor folder in module an_copyright','',0,1,NULL,1,0,3,'2023-05-02 09:51:35','2023-05-02 09:51:35'),(1959,1,0,'Module an_copyright has no vendor folder','',0,1,NULL,1,0,3,'2023-05-02 09:51:35','2023-05-02 09:51:35'),(1960,1,0,'Protect vendor folder in module an_sizeguide','',0,1,NULL,1,0,3,'2023-05-02 09:51:35','2023-05-02 09:51:35'),(1961,1,0,'Module an_sizeguide has no vendor folder','',0,1,NULL,1,0,3,'2023-05-02 09:51:35','2023-05-02 09:51:35'),(1962,1,0,'Protect vendor folder in module an_trust_badges','',0,1,NULL,1,0,3,'2023-05-02 09:51:35','2023-05-02 09:51:35'),(1963,1,0,'Module an_trust_badges has no vendor folder','',0,1,NULL,1,0,3,'2023-05-02 09:51:35','2023-05-02 09:51:35'),(1964,1,0,'Protect vendor folder in module an_homeproducts','',0,1,NULL,1,0,3,'2023-05-02 09:51:35','2023-05-02 09:51:35'),(1965,1,0,'Module an_homeproducts has no vendor folder','',0,1,NULL,1,0,3,'2023-05-02 09:51:36','2023-05-02 09:51:36'),(1966,1,0,'Protect vendor folder in module an_advantages','',0,1,NULL,1,0,3,'2023-05-02 09:51:36','2023-05-02 09:51:36'),(1967,1,0,'Module an_advantages has no vendor folder','',0,1,NULL,1,0,3,'2023-05-02 09:51:36','2023-05-02 09:51:36'),(1968,1,0,'Protect vendor folder in module an_homeslider','',0,1,NULL,1,0,3,'2023-05-02 09:51:36','2023-05-02 09:51:36'),(1969,1,0,'Module an_homeslider has no vendor folder','',0,1,NULL,1,0,3,'2023-05-02 09:51:36','2023-05-02 09:51:36'),(1970,1,0,'Protect vendor folder in module an_banners','',0,1,NULL,1,0,3,'2023-05-02 09:51:36','2023-05-02 09:51:36'),(1971,1,0,'Module an_banners has no vendor folder','',0,1,NULL,1,0,3,'2023-05-02 09:51:36','2023-05-02 09:51:36'),(1972,1,0,'Protect vendor folder in module an_simple_contact','',0,1,NULL,1,0,3,'2023-05-02 09:51:36','2023-05-02 09:51:36'),(1973,1,0,'Module an_simple_contact has no vendor folder','',0,1,NULL,1,0,3,'2023-05-02 09:51:36','2023-05-02 09:51:36'),(1974,1,0,'Protect vendor folder in module an_theme','',0,1,NULL,1,0,3,'2023-05-02 09:51:36','2023-05-02 09:51:36'),(1975,1,0,'Module an_theme has no vendor folder','',0,1,NULL,1,0,3,'2023-05-02 09:51:36','2023-05-02 09:51:36'),(1976,1,0,'Protect vendor folder in module an_theme_dashboard','',0,1,NULL,1,0,3,'2023-05-02 09:51:36','2023-05-02 09:51:36'),(1977,1,0,'Module an_theme_dashboard has no vendor folder','',0,1,NULL,1,0,3,'2023-05-02 09:51:36','2023-05-02 09:51:36'),(1978,1,0,'modification anProductTabs','anProductTabs',2,1,NULL,1,0,3,'2023-05-02 10:03:23','2023-05-02 10:03:23'),(1979,1,0,'modification anProductTabs','anProductTabs',1,1,NULL,1,0,3,'2023-05-02 10:03:29','2023-05-02 10:03:29'),(1980,3,0,'No result was found for query although at least one row was expected.','Translation',0,1,NULL,1,0,3,'2023-05-02 10:06:12','2023-05-02 10:06:12'),(1981,3,0,'No result was found for query although at least one row was expected.','Translation',0,1,NULL,1,0,3,'2023-05-02 10:09:41','2023-05-02 10:09:41'),(1982,3,0,'No result was found for query although at least one row was expected.','Translation',0,1,NULL,1,0,3,'2023-05-02 10:12:27','2023-05-02 10:12:27'),(1983,3,0,'No result was found for query although at least one row was expected.','Translation',0,1,NULL,1,0,3,'2023-05-02 10:12:27','2023-05-02 10:12:27'),(1984,3,0,'No result was found for query although at least one row was expected.','Translation',0,1,NULL,1,0,3,'2023-05-02 10:12:27','2023-05-02 10:12:27'),(1985,3,0,'No result was found for query although at least one row was expected.','Translation',0,1,NULL,1,0,3,'2023-05-02 10:13:58','2023-05-02 10:13:58'),(1986,3,0,'No result was found for query although at least one row was expected.','Translation',0,1,NULL,1,0,3,'2023-05-02 10:13:58','2023-05-02 10:13:58'),(1987,3,0,'No result was found for query although at least one row was expected.','Translation',0,1,NULL,1,0,3,'2023-05-02 10:13:58','2023-05-02 10:13:58'),(1988,3,0,'No result was found for query although at least one row was expected.','Translation',0,1,NULL,1,0,3,'2023-05-02 10:13:58','2023-05-02 10:13:58'),(1989,3,0,'No result was found for query although at least one row was expected.','Translation',0,1,NULL,1,0,3,'2023-05-02 10:13:58','2023-05-02 10:13:58'),(1990,3,0,'No result was found for query although at least one row was expected.','Translation',0,1,NULL,1,0,3,'2023-05-02 10:13:58','2023-05-02 10:13:58'),(1991,3,0,'No result was found for query although at least one row was expected.','Translation',0,1,NULL,1,0,3,'2023-05-02 10:13:58','2023-05-02 10:13:58'),(1992,3,0,'No result was found for query although at least one row was expected.','Translation',0,1,NULL,1,0,3,'2023-05-02 10:13:58','2023-05-02 10:13:58'),(1993,3,0,'No result was found for query although at least one row was expected.','Translation',0,1,NULL,1,0,3,'2023-05-02 10:13:58','2023-05-02 10:13:58'),(1994,3,0,'No result was found for query although at least one row was expected.','Translation',0,1,NULL,1,0,3,'2023-05-02 10:13:58','2023-05-02 10:13:58'),(1995,3,0,'No result was found for query although at least one row was expected.','Translation',0,1,NULL,1,0,3,'2023-05-02 10:13:58','2023-05-02 10:13:58'),(1996,3,0,'No result was found for query although at least one row was expected.','Translation',0,1,NULL,1,0,3,'2023-05-02 10:13:58','2023-05-02 10:13:58'),(1997,3,0,'No result was found for query although at least one row was expected.','Translation',0,1,NULL,1,0,3,'2023-05-02 10:13:58','2023-05-02 10:13:58'),(1998,3,0,'No result was found for query although at least one row was expected.','Translation',0,1,NULL,1,0,3,'2023-05-02 10:13:58','2023-05-02 10:13:58'),(1999,3,0,'No result was found for query although at least one row was expected.','Translation',0,1,NULL,1,0,3,'2023-05-02 10:13:58','2023-05-02 10:13:58'),(2000,3,0,'No result was found for query although at least one row was expected.','Translation',0,1,NULL,1,0,3,'2023-05-02 10:13:58','2023-05-02 10:13:58'),(2001,3,0,'No result was found for query although at least one row was expected.','Translation',0,1,NULL,1,0,3,'2023-05-02 10:13:58','2023-05-02 10:13:58'),(2002,1,0,'modification anHomeProductsBlocks','anHomeProductsBlocks',1,1,NULL,1,0,3,'2023-05-02 10:21:05','2023-05-02 10:21:05'),(2003,1,0,'modification anHomeProductsBlocks','anHomeProductsBlocks',2,1,NULL,1,0,3,'2023-05-02 10:22:02','2023-05-02 10:22:02'),(2004,1,0,'modification anHomeProductsBlocks','anHomeProductsBlocks',2,1,NULL,1,0,3,'2023-05-02 10:22:27','2023-05-02 10:22:27'),(2005,1,0,'modification anHomeProductsBlocks','anHomeProductsBlocks',3,1,NULL,1,0,3,'2023-05-02 10:22:39','2023-05-02 10:22:39'),(2006,1,0,'modification anHomeProductsBlocks','anHomeProductsBlocks',3,1,NULL,1,0,3,'2023-05-02 10:26:03','2023-05-02 10:26:03'),(2007,1,0,'modification anHomeProductsBlocks','anHomeProductsBlocks',2,1,NULL,1,0,3,'2023-05-02 10:27:09','2023-05-02 10:27:09'),(2008,1,0,'modification anHomeProductsBlocks','anHomeProductsBlocks',1,1,NULL,1,0,3,'2023-05-02 10:27:19','2023-05-02 10:27:19'),(2009,1,0,'modification anBanners','anBanners',2,1,NULL,1,0,3,'2023-05-02 10:34:45','2023-05-02 10:34:45'),(2010,1,0,'modification anBanners','anBanners',1,1,NULL,1,0,3,'2023-05-02 10:34:50','2023-05-02 10:34:50'),(2011,1,0,'Création : anBanners','anBanners',3,1,NULL,1,0,3,'2023-05-02 10:58:33','2023-05-02 10:58:33'),(2012,1,0,'modification anBanners','anBanners',3,1,NULL,1,0,3,'2023-05-02 10:58:48','2023-05-02 10:58:48'),(2013,1,0,'modification anBanners','anBanners',2,1,NULL,1,0,3,'2023-05-02 11:00:42','2023-05-02 11:00:42'),(2014,1,0,'modification anBanners','anBanners',1,1,NULL,1,0,3,'2023-05-02 11:00:47','2023-05-02 11:00:47'),(2015,1,0,'modification anBanners','anBanners',1,1,NULL,1,0,3,'2023-05-02 11:02:01','2023-05-02 11:02:01'),(2016,1,0,'modification anBanners','anBanners',2,1,NULL,1,0,3,'2023-05-02 11:02:07','2023-05-02 11:02:07'),(2017,1,0,'modification anBanners','anBanners',3,1,NULL,1,0,3,'2023-05-02 11:03:28','2023-05-02 11:03:28'),(2018,1,0,'modification anBanners','anBanners',3,1,NULL,1,0,3,'2023-05-02 11:04:32','2023-05-02 11:04:32'),(2019,1,0,'modification anBanners','anBanners',3,1,NULL,1,0,3,'2023-05-02 11:07:16','2023-05-02 11:07:16'),(2020,1,0,'Suppression : anBanners','anBanners',3,1,NULL,1,0,3,'2023-05-02 11:08:47','2023-05-02 11:08:47'),(2021,1,0,'modification AnSizeGuideWidgets','AnSizeGuideWidgets',1,1,NULL,1,0,3,'2023-05-02 11:27:42','2023-05-02 11:27:42'),(2022,1,0,'modification AnTrustBadgesIcons','AnTrustBadgesIcons',1,1,NULL,1,0,3,'2023-05-02 11:28:26','2023-05-02 11:28:26'),(2023,1,0,'modification AnTrustBadgesIcons','AnTrustBadgesIcons',3,1,NULL,1,0,3,'2023-05-02 11:28:35','2023-05-02 11:28:35'),(2024,1,0,'modification AnTrustBadgesIcons','AnTrustBadgesIcons',5,1,NULL,1,0,3,'2023-05-02 11:28:43','2023-05-02 11:28:43'),(2025,3,0,'No result was found for query although at least one row was expected.','Translation',0,1,NULL,1,0,3,'2023-05-02 11:51:46','2023-05-02 11:51:46'),(2026,1,0,'modification anHomeSlides','anHomeSlides',1,1,NULL,1,0,3,'2023-05-02 12:23:31','2023-05-02 12:23:31'),(2027,1,0,'modification anHomeSliders','anHomeSliders',2,1,NULL,1,0,3,'2023-05-02 12:24:12','2023-05-02 12:24:12'),(2028,1,0,'No template found for catalog/_partials/category-header','',0,1,NULL,1,0,0,'2023-05-02 13:05:16','2023-05-02 13:05:16'),(2029,1,0,'No template found for catalog/_partials/category-header','',0,1,NULL,1,0,0,'2023-05-02 13:12:43','2023-05-02 13:12:43'),(2030,1,0,'No template found for catalog/_partials/category-header','',0,1,NULL,1,0,0,'2023-05-02 13:12:55','2023-05-02 13:12:55'),(2031,1,0,'modification anHomeSliders','anHomeSliders',2,1,NULL,1,0,3,'2023-05-02 13:21:30','2023-05-02 13:21:30'),(2032,1,0,'modification anHomeSlides','anHomeSlides',1,1,NULL,1,0,3,'2023-05-02 13:22:45','2023-05-02 13:22:45'),(2033,1,0,'modification anHomeSlides','anHomeSlides',2,1,NULL,1,0,3,'2023-05-02 13:23:25','2023-05-02 13:23:25'),(2034,1,0,'modification anHomeSlides','anHomeSlides',2,1,NULL,1,0,3,'2023-05-02 13:29:35','2023-05-02 13:29:35'),(2035,1,0,'modification anHomeSlides','anHomeSlides',2,1,NULL,1,0,3,'2023-05-02 13:32:44','2023-05-02 13:32:44'),(2036,1,0,'modification anHomeSlides','anHomeSlides',2,1,NULL,1,0,3,'2023-05-02 13:35:09','2023-05-02 13:35:09'),(2037,1,0,'No template found for catalog/_partials/category-header','',0,1,NULL,1,0,0,'2023-05-02 13:37:24','2023-05-02 13:37:24'),(2038,1,0,'No template found for catalog/_partials/category-header','',0,1,NULL,1,0,0,'2023-05-02 13:37:28','2023-05-02 13:37:28'),(2039,1,0,'modification anBanners','anBanners',1,1,NULL,1,0,3,'2023-05-02 13:49:09','2023-05-02 13:49:09'),(2040,1,0,'modification anBanners','anBanners',1,1,NULL,1,0,3,'2023-05-02 13:49:33','2023-05-02 13:49:33'),(2041,1,0,'modification anBanners','anBanners',2,1,NULL,1,0,3,'2023-05-02 13:51:31','2023-05-02 13:51:31'),(2042,1,0,'modification anBanners','anBanners',1,1,NULL,1,0,3,'2023-05-02 13:51:58','2023-05-02 13:51:58'),(2043,1,0,'modification anHomeProductsBanners','anHomeProductsBanners',2,1,NULL,1,0,3,'2023-05-02 13:52:30','2023-05-02 13:52:30'),(2044,1,0,'modification anHomeProductsBanners','anHomeProductsBanners',1,1,NULL,1,0,3,'2023-05-02 13:52:36','2023-05-02 13:52:36'),(2045,1,0,'modification anBanners','anBanners',2,1,NULL,1,0,3,'2023-05-02 13:52:56','2023-05-02 13:52:56'),(2046,1,0,'modification anBanners','anBanners',1,1,NULL,1,0,3,'2023-05-02 13:54:33','2023-05-02 13:54:33'),(2047,1,0,'No template found for catalog/_partials/category-header','',0,1,NULL,1,0,0,'2023-05-02 13:56:40','2023-05-02 13:56:40'),(2048,1,0,'modification anBanners','anBanners',1,1,NULL,1,0,3,'2023-05-02 14:13:57','2023-05-02 14:13:57'),(2049,1,0,'modification anBanners','anBanners',2,1,NULL,1,0,3,'2023-05-02 14:14:27','2023-05-02 14:14:27'),(2050,3,0,'No result was found for query although at least one row was expected.','Translation',0,1,NULL,1,0,3,'2023-05-02 14:25:15','2023-05-02 14:25:15'),(2051,3,0,'No result was found for query although at least one row was expected.','Translation',0,1,NULL,1,0,3,'2023-05-02 14:26:00','2023-05-02 14:26:00'),(2052,3,0,'No result was found for query although at least one row was expected.','Translation',0,1,NULL,1,0,3,'2023-05-02 14:35:58','2023-05-02 14:35:58'),(2053,3,0,'No result was found for query although at least one row was expected.','Translation',0,1,NULL,1,0,3,'2023-05-02 14:36:36','2023-05-02 14:36:36'),(2054,1,0,'No template found for catalog/_partials/category-header','',0,1,NULL,1,0,0,'2023-05-03 09:50:31','2023-05-03 09:50:31'),(2055,1,0,'No template found for catalog/_partials/category-header','',0,1,NULL,1,0,0,'2023-05-03 10:07:51','2023-05-03 10:07:51'),(2056,1,0,'No template found for catalog/_partials/category-header','',0,1,NULL,1,0,0,'2023-05-03 11:23:48','2023-05-03 11:23:48'),(2057,1,0,'Connexion au back-office depuis 129.222.204.91','',0,NULL,NULL,1,1,2,'2023-05-04 01:29:54','2023-05-04 01:29:54'),(2058,1,0,'Product modification','Product',302,1,NULL,1,0,2,'2023-05-04 01:31:56','2023-05-04 01:31:56'),(2059,1,0,'Product modification','Product',302,1,NULL,1,0,2,'2023-05-04 01:32:09','2023-05-04 01:32:09'),(2060,1,0,'Product modification','Product',273,1,NULL,1,0,2,'2023-05-04 01:33:18','2023-05-04 01:33:18'),(2061,1,0,'Protect vendor folder in module amountbeforefreedelivery','',0,1,NULL,1,0,2,'2023-05-04 02:22:48','2023-05-04 02:22:48'),(2062,1,0,'Module amountbeforefreedelivery has no vendor folder','',0,1,NULL,1,0,2,'2023-05-04 02:22:48','2023-05-04 02:22:48'),(2063,2,0,'Hook with the name backOfficeHeader has been registered by WkCustomPayment, but the corresponding method hookBackOfficeHeader has not been defined in the Module class.','',0,1,NULL,1,0,2,'2023-05-04 02:27:01','2023-05-04 02:27:01'),(2064,1,0,'Protect vendor folder in module wkcustompayment','',0,1,NULL,1,0,2,'2023-05-04 02:27:02','2023-05-04 02:27:02'),(2065,1,0,'Module wkcustompayment has no vendor folder','',0,1,NULL,1,0,2,'2023-05-04 02:27:02','2023-05-04 02:27:02'),(2066,1,0,'Product modification','Product',50,1,NULL,1,0,2,'2023-05-04 02:40:57','2023-05-04 02:40:57'),(2067,1,0,'Suppression : Store','Store',1,1,NULL,1,0,2,'2023-05-04 03:03:48','2023-05-04 03:03:48'),(2068,1,0,'Suppression : Store','Store',2,1,NULL,1,0,2,'2023-05-04 03:03:48','2023-05-04 03:03:48'),(2069,1,0,'Suppression : Store','Store',3,1,NULL,1,0,2,'2023-05-04 03:03:48','2023-05-04 03:03:48'),(2070,1,0,'Suppression : Store','Store',4,1,NULL,1,0,2,'2023-05-04 03:03:48','2023-05-04 03:03:48'),(2071,1,0,'Suppression : Store','Store',5,1,NULL,1,0,2,'2023-05-04 03:03:48','2023-05-04 03:03:48'),(2072,1,0,'Création : Store','Store',6,1,NULL,1,0,2,'2023-05-04 03:11:37','2023-05-04 03:11:37'),(2073,1,0,'Product modification','Product',301,1,NULL,1,0,2,'2023-05-04 03:13:05','2023-05-04 03:13:05'),(2074,3,0,'intra','',0,1,NULL,1,0,2,'2023-05-04 03:23:18','2023-05-04 03:23:18'),(2075,3,0,'passes','',0,1,NULL,1,0,2,'2023-05-04 03:23:19','2023-05-04 03:23:19'),(2076,3,0,'passes first part','',0,1,NULL,1,0,2,'2023-05-04 03:23:19','2023-05-04 03:23:19'),(2077,3,0,'pass second part','',0,1,NULL,1,0,2,'2023-05-04 03:23:19','2023-05-04 03:23:19'),(2078,1,0,'Protect vendor folder in module stripe_official','',0,1,NULL,1,0,2,'2023-05-04 03:23:19','2023-05-04 03:23:19'),(2079,1,0,'No template found for catalog/_partials/category-header','',0,1,NULL,1,0,0,'2023-05-05 16:20:17','2023-05-05 16:20:17'),(2080,1,0,'No template found for catalog/_partials/category-header','',0,1,NULL,1,0,0,'2023-05-06 16:24:48','2023-05-06 16:24:48'),(2081,1,0,'No template found for catalog/_partials/category-header','',0,1,NULL,1,0,0,'2023-05-06 16:28:27','2023-05-06 16:28:27'),(2082,1,0,'No template found for catalog/_partials/category-header','',0,1,NULL,1,0,0,'2023-05-06 16:34:16','2023-05-06 16:34:16'),(2083,1,0,'No template found for catalog/_partials/category-header','',0,1,NULL,1,0,0,'2023-05-06 16:36:47','2023-05-06 16:36:47'),(2084,1,0,'No template found for catalog/_partials/category-header','',0,1,NULL,1,0,0,'2023-05-06 16:47:39','2023-05-06 16:47:39'),(2085,1,0,'No template found for catalog/_partials/category-header','',0,1,NULL,1,0,0,'2023-05-06 16:47:43','2023-05-06 16:47:43'),(2086,1,0,'No template found for catalog/_partials/category-header','',0,1,NULL,1,0,0,'2023-05-06 16:50:57','2023-05-06 16:50:57'),(2087,1,0,'No template found for catalog/_partials/category-header','',0,1,NULL,1,0,0,'2023-05-06 16:51:37','2023-05-06 16:51:37'),(2088,1,0,'Connexion au back-office depuis 163.116.142.115','',0,NULL,NULL,1,1,5,'2023-05-08 07:58:15','2023-05-08 07:58:15'),(2089,1,0,'No template found for catalog/_partials/category-header','',0,1,NULL,1,0,0,'2023-05-08 08:03:50','2023-05-08 08:03:50'),(2090,1,0,'No template found for catalog/_partials/category-header','',0,1,NULL,1,0,0,'2023-05-08 08:14:39','2023-05-08 08:14:39'),(2091,1,0,'No template found for catalog/_partials/category-header','',0,1,NULL,1,0,0,'2023-05-08 08:14:49','2023-05-08 08:14:49'),(2092,1,0,'No template found for catalog/_partials/category-header','',0,1,NULL,1,0,0,'2023-05-08 08:20:19','2023-05-08 08:20:19'),(2093,1,0,'Product modification','Product',262,1,NULL,1,0,5,'2023-05-08 08:27:44','2023-05-08 08:27:44'),(2094,1,0,'Connexion au back-office depuis 163.116.142.115','',0,1,NULL,1,0,5,'2023-05-08 08:27:57','2023-05-08 08:27:57'),(2095,1,0,'Product modification','Product',255,1,NULL,1,0,5,'2023-05-08 08:28:37','2023-05-08 08:28:37'),(2096,1,0,'Product modification','Product',286,1,NULL,1,0,5,'2023-05-08 08:30:02','2023-05-08 08:30:02'),(2097,1,0,'Product modification','Product',287,1,NULL,1,0,5,'2023-05-08 08:32:13','2023-05-08 08:32:13'),(2098,1,0,'Product modification','Product',287,1,NULL,1,0,5,'2023-05-08 08:32:24','2023-05-08 08:32:24'),(2099,1,0,'Product modification','Product',285,1,NULL,1,0,5,'2023-05-08 08:33:11','2023-05-08 08:33:11'),(2100,1,0,'Product modification','Product',295,1,NULL,1,0,5,'2023-05-08 08:38:03','2023-05-08 08:38:03'),(2101,1,0,'Connexion au back-office depuis 163.116.142.115','',0,1,NULL,1,0,5,'2023-05-08 08:53:07','2023-05-08 08:53:07'),(2102,1,0,'Connexion au back-office depuis 163.116.142.114','',0,NULL,NULL,1,1,5,'2023-05-14 19:19:42','2023-05-14 19:19:42'),(2103,1,0,'Product modification','Product',303,1,NULL,1,0,5,'2023-05-14 19:38:06','2023-05-14 19:38:06'),(2104,1,0,'Product modification','Product',304,1,NULL,1,0,5,'2023-05-14 19:41:05','2023-05-14 19:41:05'),(2105,1,0,'Product modification','Product',305,1,NULL,1,0,5,'2023-05-14 19:42:36','2023-05-14 19:42:36'),(2106,1,0,'Product modification','Product',306,1,NULL,1,0,5,'2023-05-14 19:44:27','2023-05-14 19:44:27'),(2107,1,0,'Product modification','Product',305,1,NULL,1,0,5,'2023-05-14 19:49:39','2023-05-14 19:49:39'),(2108,1,0,'Product modification','Product',307,1,NULL,1,0,5,'2023-05-14 19:52:08','2023-05-14 19:52:08'),(2109,1,0,'Product modification','Product',308,1,NULL,1,0,5,'2023-05-14 19:54:02','2023-05-14 19:54:02'),(2110,1,0,'Product modification','Product',309,1,NULL,1,0,5,'2023-05-14 19:55:43','2023-05-14 19:55:43'),(2111,1,0,'Product modification','Product',310,1,NULL,1,0,5,'2023-05-14 19:57:00','2023-05-14 19:57:00'),(2112,1,0,'Product modification','Product',311,1,NULL,1,0,5,'2023-05-14 19:59:47','2023-05-14 19:59:47'),(2113,1,0,'Product modification','Product',311,1,NULL,1,0,5,'2023-05-14 19:59:55','2023-05-14 19:59:55'),(2114,1,0,'Product modification','Product',312,1,NULL,1,0,5,'2023-05-14 20:02:06','2023-05-14 20:02:06'),(2115,1,0,'Product modification','Product',313,1,NULL,1,0,5,'2023-05-14 20:03:47','2023-05-14 20:03:47'),(2116,1,0,'Product modification','Product',314,1,NULL,1,0,5,'2023-05-14 20:05:16','2023-05-14 20:05:16'),(2117,1,0,'Product modification','Product',315,1,NULL,1,0,5,'2023-05-14 20:06:36','2023-05-14 20:06:36'),(2118,1,0,'Product modification','Product',316,1,NULL,1,0,5,'2023-05-14 20:10:18','2023-05-14 20:10:18'),(2119,1,0,'Product modification','Product',317,1,NULL,1,0,5,'2023-05-14 20:16:00','2023-05-14 20:16:00'),(2120,1,0,'Product modification','Product',319,1,NULL,1,0,5,'2023-05-14 20:18:32','2023-05-14 20:18:32'),(2121,1,0,'Product modification','Product',321,1,NULL,1,0,5,'2023-05-14 20:20:37','2023-05-14 20:20:37'),(2122,1,0,'Product modification','Product',308,1,NULL,1,0,5,'2023-05-14 20:22:12','2023-05-14 20:22:12'),(2123,1,0,'Product modification','Product',321,1,NULL,1,0,5,'2023-05-14 20:23:04','2023-05-14 20:23:04'),(2124,1,0,'Product modification','Product',316,1,NULL,1,0,5,'2023-05-14 20:24:13','2023-05-14 20:24:13'),(2125,1,0,'Product modification','Product',306,1,NULL,1,0,5,'2023-05-14 20:24:46','2023-05-14 20:24:46'),(2126,1,0,'Product modification','Product',315,1,NULL,1,0,5,'2023-05-14 20:25:43','2023-05-14 20:25:43'),(2127,1,0,'Product modification','Product',321,1,NULL,1,0,5,'2023-05-14 20:27:08','2023-05-14 20:27:08'),(2128,1,0,'Product modification','Product',316,1,NULL,1,0,5,'2023-05-14 20:27:29','2023-05-14 20:27:29'),(2129,1,0,'Product modification','Product',310,1,NULL,1,0,5,'2023-05-14 20:28:24','2023-05-14 20:28:24'),(2130,1,0,'Product modification','Product',315,1,NULL,1,0,5,'2023-05-14 20:29:13','2023-05-14 20:29:13'),(2131,1,0,'Product activated: 321','Product',321,1,NULL,1,0,5,'2023-05-14 20:46:27','2023-05-14 20:46:27'),(2132,1,0,'Product activated: 319','Product',319,1,NULL,1,0,5,'2023-05-14 20:46:30','2023-05-14 20:46:30'),(2133,1,0,'Product activated: 317','Product',317,1,NULL,1,0,5,'2023-05-14 20:46:30','2023-05-14 20:46:30'),(2134,1,0,'Product activated: 316','Product',316,1,NULL,1,0,5,'2023-05-14 20:46:30','2023-05-14 20:46:30'),(2135,1,0,'Product activated: 315','Product',315,1,NULL,1,0,5,'2023-05-14 20:46:31','2023-05-14 20:46:31'),(2136,1,0,'Product activated: 314','Product',314,1,NULL,1,0,5,'2023-05-14 20:46:31','2023-05-14 20:46:31'),(2137,1,0,'Product activated: 312','Product',312,1,NULL,1,0,5,'2023-05-14 20:46:33','2023-05-14 20:46:33'),(2138,1,0,'Product activated: 313','Product',313,1,NULL,1,0,5,'2023-05-14 20:46:34','2023-05-14 20:46:34'),(2139,1,0,'Product activated: 311','Product',311,1,NULL,1,0,5,'2023-05-14 20:46:34','2023-05-14 20:46:34'),(2140,1,0,'Product activated: 310','Product',310,1,NULL,1,0,5,'2023-05-14 20:46:37','2023-05-14 20:46:37'),(2141,1,0,'Product activated: 308','Product',308,1,NULL,1,0,5,'2023-05-14 20:46:37','2023-05-14 20:46:37'),(2142,1,0,'Product activated: 309','Product',309,1,NULL,1,0,5,'2023-05-14 20:46:37','2023-05-14 20:46:37'),(2143,1,0,'Product activated: 307','Product',307,1,NULL,1,0,5,'2023-05-14 20:46:38','2023-05-14 20:46:38'),(2144,1,0,'Product activated: 306','Product',306,1,NULL,1,0,5,'2023-05-14 20:46:38','2023-05-14 20:46:38'),(2145,1,0,'Product activated: 305','Product',305,1,NULL,1,0,5,'2023-05-14 20:46:39','2023-05-14 20:46:39'),(2146,1,0,'Product activated: 304','Product',304,1,NULL,1,0,5,'2023-05-14 20:46:42','2023-05-14 20:46:42'),(2147,1,0,'Product activated: 303','Product',303,1,NULL,1,0,5,'2023-05-14 20:46:42','2023-05-14 20:46:42'),(2148,1,0,'No template found for catalog/_partials/category-header','',0,1,NULL,1,0,0,'2023-05-15 10:35:23','2023-05-15 10:35:23'),(2149,1,0,'No template found for catalog/_partials/category-header','',0,1,NULL,1,0,0,'2023-05-15 17:19:19','2023-05-15 17:19:19'),(2150,1,0,'Connexion au back-office depuis 163.116.142.118','',0,NULL,NULL,1,1,5,'2023-05-16 03:14:15','2023-05-16 03:14:15'),(2151,1,0,'Product modification','Product',324,1,NULL,1,0,5,'2023-05-16 03:25:23','2023-05-16 03:25:23'),(2152,1,0,'Product modification','Product',325,1,NULL,1,0,5,'2023-05-16 03:27:53','2023-05-16 03:27:53'),(2153,1,0,'Product modification','Product',325,1,NULL,1,0,5,'2023-05-16 03:29:10','2023-05-16 03:29:10'),(2154,1,0,'Création : AttributeGroup','AttributeGroup',7,1,NULL,1,0,5,'2023-05-16 03:31:23','2023-05-16 03:31:23'),(2155,1,0,'Création : ProductAttribute','ProductAttribute',41,1,NULL,1,0,5,'2023-05-16 03:33:09','2023-05-16 03:33:09'),(2156,1,0,'Création : ProductAttribute','ProductAttribute',42,1,NULL,1,0,5,'2023-05-16 03:33:20','2023-05-16 03:33:20'),(2157,1,0,'Création : ProductAttribute','ProductAttribute',43,1,NULL,1,0,5,'2023-05-16 03:33:26','2023-05-16 03:33:26'),(2158,1,0,'Product modification','Product',325,1,NULL,1,0,5,'2023-05-16 03:34:13','2023-05-16 03:34:13'),(2159,1,0,'Product modification','Product',325,1,NULL,1,0,5,'2023-05-16 03:34:20','2023-05-16 03:34:20'),(2160,1,0,'Product modification','Product',326,1,NULL,1,0,5,'2023-05-16 03:37:03','2023-05-16 03:37:03'),(2161,1,0,'Product modification','Product',326,1,NULL,1,0,5,'2023-05-16 03:39:01','2023-05-16 03:39:01'),(2162,1,0,'Product modification','Product',326,1,NULL,1,0,5,'2023-05-16 03:39:24','2023-05-16 03:39:24'),(2163,1,0,'Product modification','Product',327,1,NULL,1,0,5,'2023-05-16 03:43:31','2023-05-16 03:43:31'),(2164,1,0,'Product modification','Product',327,1,NULL,1,0,5,'2023-05-16 03:43:42','2023-05-16 03:43:42'),(2165,1,0,'Product modification','Product',326,1,NULL,1,0,5,'2023-05-16 03:44:05','2023-05-16 03:44:05'),(2166,1,0,'Product modification','Product',328,1,NULL,1,0,5,'2023-05-16 03:46:38','2023-05-16 03:46:38'),(2167,1,0,'Product modification','Product',329,1,NULL,1,0,5,'2023-05-16 04:09:10','2023-05-16 04:09:10'),(2168,1,0,'Product modification','Product',330,1,NULL,1,0,5,'2023-05-16 04:12:06','2023-05-16 04:12:06'),(2169,1,0,'Product modification','Product',330,1,NULL,1,0,5,'2023-05-16 04:12:11','2023-05-16 04:12:11'),(2170,1,0,'Product modification','Product',330,1,NULL,1,0,5,'2023-05-16 04:12:50','2023-05-16 04:12:50'),(2171,1,0,'Product modification','Product',331,1,NULL,1,0,5,'2023-05-16 04:14:19','2023-05-16 04:14:19'),(2172,1,0,'Product modification','Product',331,1,NULL,1,0,5,'2023-05-16 04:15:18','2023-05-16 04:15:18'),(2173,1,0,'Product modification','Product',331,1,NULL,1,0,5,'2023-05-16 04:15:49','2023-05-16 04:15:49'),(2174,1,0,'Product modification','Product',332,1,NULL,1,0,5,'2023-05-16 04:17:18','2023-05-16 04:17:18'),(2175,1,0,'Product modification','Product',333,1,NULL,1,0,5,'2023-05-16 04:18:53','2023-05-16 04:18:53'),(2176,1,0,'Product modification','Product',333,1,NULL,1,0,5,'2023-05-16 04:19:15','2023-05-16 04:19:15'),(2177,1,0,'Product modification','Product',332,1,NULL,1,0,5,'2023-05-16 04:19:38','2023-05-16 04:19:38'),(2178,1,0,'Product modification','Product',331,1,NULL,1,0,5,'2023-05-16 04:20:46','2023-05-16 04:20:46'),(2179,1,0,'Product modification','Product',330,1,NULL,1,0,5,'2023-05-16 04:21:07','2023-05-16 04:21:07'),(2180,1,0,'Product modification','Product',329,1,NULL,1,0,5,'2023-05-16 04:21:25','2023-05-16 04:21:25'),(2181,1,0,'Product modification','Product',334,1,NULL,1,0,5,'2023-05-16 04:23:09','2023-05-16 04:23:09'),(2182,1,0,'Product modification','Product',334,1,NULL,1,0,5,'2023-05-16 04:25:18','2023-05-16 04:25:18'),(2183,1,0,'Product modification','Product',334,1,NULL,1,0,5,'2023-05-16 04:25:26','2023-05-16 04:25:26'),(2184,1,0,'Product modification','Product',335,1,NULL,1,0,5,'2023-05-16 04:27:16','2023-05-16 04:27:16'),(2185,1,0,'Product modification','Product',336,1,NULL,1,0,5,'2023-05-16 04:29:31','2023-05-16 04:29:31'),(2186,1,0,'Product modification','Product',337,1,NULL,1,0,5,'2023-05-16 04:31:40','2023-05-16 04:31:40'),(2187,1,0,'Product modification','Product',338,1,NULL,1,0,5,'2023-05-16 04:33:55','2023-05-16 04:33:55'),(2188,1,0,'Product modification','Product',339,1,NULL,1,0,5,'2023-05-16 04:36:31','2023-05-16 04:36:31'),(2189,1,0,'Product modification','Product',339,1,NULL,1,0,5,'2023-05-16 04:36:47','2023-05-16 04:36:47'),(2190,1,0,'Product modification','Product',341,1,NULL,1,0,5,'2023-05-16 04:38:56','2023-05-16 04:38:56'),(2191,1,0,'Product modification','Product',341,1,NULL,1,0,5,'2023-05-16 04:39:10','2023-05-16 04:39:10'),(2192,1,0,'Product modification','Product',342,1,NULL,1,0,5,'2023-05-16 04:41:47','2023-05-16 04:41:47'),(2193,1,0,'Product modification','Product',342,1,NULL,1,0,5,'2023-05-16 04:43:15','2023-05-16 04:43:15'),(2194,1,0,'Product modification','Product',343,1,NULL,1,0,5,'2023-05-16 04:46:05','2023-05-16 04:46:05'),(2195,1,0,'Product activated: 343','Product',343,1,NULL,1,0,5,'2023-05-16 04:46:32','2023-05-16 04:46:32'),(2196,1,0,'Product activated: 342','Product',342,1,NULL,1,0,5,'2023-05-16 04:46:33','2023-05-16 04:46:33'),(2197,1,0,'Product activated: 341','Product',341,1,NULL,1,0,5,'2023-05-16 04:46:33','2023-05-16 04:46:33'),(2198,1,0,'Product activated: 339','Product',339,1,NULL,1,0,5,'2023-05-16 04:46:37','2023-05-16 04:46:37'),(2199,1,0,'Product activated: 336','Product',336,1,NULL,1,0,5,'2023-05-16 04:46:38','2023-05-16 04:46:38'),(2200,1,0,'Product activated: 338','Product',338,1,NULL,1,0,5,'2023-05-16 04:46:38','2023-05-16 04:46:38'),(2201,1,0,'Product activated: 337','Product',337,1,NULL,1,0,5,'2023-05-16 04:46:43','2023-05-16 04:46:43'),(2202,1,0,'Product activated: 335','Product',335,1,NULL,1,0,5,'2023-05-16 04:46:43','2023-05-16 04:46:43'),(2203,1,0,'Product activated: 334','Product',334,1,NULL,1,0,5,'2023-05-16 04:46:44','2023-05-16 04:46:44'),(2204,1,0,'Product activated: 333','Product',333,1,NULL,1,0,5,'2023-05-16 04:46:44','2023-05-16 04:46:44'),(2205,1,0,'Product activated: 332','Product',332,1,NULL,1,0,5,'2023-05-16 04:46:45','2023-05-16 04:46:45'),(2206,1,0,'Product activated: 331','Product',331,1,NULL,1,0,5,'2023-05-16 04:46:51','2023-05-16 04:46:51'),(2207,1,0,'Product activated: 330','Product',330,1,NULL,1,0,5,'2023-05-16 04:46:51','2023-05-16 04:46:51'),(2208,1,0,'Product activated: 327','Product',327,1,NULL,1,0,5,'2023-05-16 04:46:52','2023-05-16 04:46:52'),(2209,1,0,'Product activated: 326','Product',326,1,NULL,1,0,5,'2023-05-16 04:46:52','2023-05-16 04:46:52'),(2210,1,0,'Product activated: 328','Product',328,1,NULL,1,0,5,'2023-05-16 04:46:53','2023-05-16 04:46:53'),(2211,1,0,'Product activated: 329','Product',329,1,NULL,1,0,5,'2023-05-16 04:46:54','2023-05-16 04:46:54'),(2212,1,0,'Product activated: 325','Product',325,1,NULL,1,0,5,'2023-05-16 04:46:54','2023-05-16 04:46:54'),(2213,1,0,'Product activated: 324','Product',324,1,NULL,1,0,5,'2023-05-16 04:46:54','2023-05-16 04:46:54'),(2214,1,0,'Product modification','Product',344,1,NULL,1,0,5,'2023-05-16 04:52:52','2023-05-16 04:52:52'),(2215,1,0,'Product modification','Product',345,1,NULL,1,0,5,'2023-05-16 04:54:09','2023-05-16 04:54:09'),(2216,1,0,'Product modification','Product',346,1,NULL,1,0,5,'2023-05-16 04:55:25','2023-05-16 04:55:25'),(2217,1,0,'Product modification','Product',347,1,NULL,1,0,5,'2023-05-16 04:57:23','2023-05-16 04:57:23'),(2218,1,0,'Connexion au back-office depuis 163.116.142.118','',0,NULL,NULL,1,1,5,'2023-05-16 06:16:54','2023-05-16 06:16:54'),(2219,1,0,'Product modification','Product',348,1,NULL,1,0,5,'2023-05-16 06:18:09','2023-05-16 06:18:09'),(2220,1,0,'Product modification','Product',349,1,NULL,1,0,5,'2023-05-16 06:19:23','2023-05-16 06:19:23'),(2221,1,0,'Product modification','Product',350,1,NULL,1,0,5,'2023-05-16 06:22:42','2023-05-16 06:22:42'),(2222,1,0,'Product modification','Product',351,1,NULL,1,0,5,'2023-05-16 06:24:30','2023-05-16 06:24:30'),(2223,1,0,'Product modification','Product',351,1,NULL,1,0,5,'2023-05-16 06:24:51','2023-05-16 06:24:51'),(2224,1,0,'Product modification','Product',352,1,NULL,1,0,5,'2023-05-16 06:27:29','2023-05-16 06:27:29'),(2225,1,0,'Product modification','Product',353,1,NULL,1,0,5,'2023-05-16 06:32:16','2023-05-16 06:32:16'),(2226,1,0,'Product modification','Product',352,1,NULL,1,0,5,'2023-05-16 06:33:11','2023-05-16 06:33:11'),(2227,1,0,'Product modification','Product',354,1,NULL,1,0,5,'2023-05-16 06:34:22','2023-05-16 06:34:22'),(2228,1,0,'Product modification','Product',355,1,NULL,1,0,5,'2023-05-16 06:35:37','2023-05-16 06:35:37'),(2229,1,0,'Product modification','Product',356,1,NULL,1,0,5,'2023-05-16 06:36:53','2023-05-16 06:36:53'),(2230,1,0,'Product modification','Product',357,1,NULL,1,0,5,'2023-05-16 06:38:17','2023-05-16 06:38:17'),(2231,1,0,'Product modification','Product',358,1,NULL,1,0,5,'2023-05-16 06:39:40','2023-05-16 06:39:40'),(2232,1,0,'Product modification','Product',359,1,NULL,1,0,5,'2023-05-16 06:48:22','2023-05-16 06:48:22'),(2233,1,0,'Product modification','Product',359,1,NULL,1,0,5,'2023-05-16 06:48:46','2023-05-16 06:48:46'),(2234,1,0,'Product modification','Product',360,1,NULL,1,0,5,'2023-05-16 06:50:26','2023-05-16 06:50:26'),(2235,1,0,'Product modification','Product',361,1,NULL,1,0,5,'2023-05-16 06:52:04','2023-05-16 06:52:04'),(2236,1,0,'Product modification','Product',362,1,NULL,1,0,5,'2023-05-16 06:53:59','2023-05-16 06:53:59'),(2237,1,0,'Product modification','Product',363,1,NULL,1,0,5,'2023-05-16 06:55:30','2023-05-16 06:55:30'),(2238,1,0,'Product modification','Product',364,1,NULL,1,0,5,'2023-05-16 06:56:21','2023-05-16 06:56:21'),(2239,1,0,'Product modification','Product',365,1,NULL,1,0,5,'2023-05-16 06:57:30','2023-05-16 06:57:30'),(2240,1,0,'Product modification','Product',366,1,NULL,1,0,5,'2023-05-16 06:58:25','2023-05-16 06:58:25'),(2241,1,0,'Product modification','Product',367,1,NULL,1,0,5,'2023-05-16 06:59:30','2023-05-16 06:59:30'),(2242,1,0,'Product modification','Product',366,1,NULL,1,0,5,'2023-05-16 06:59:56','2023-05-16 06:59:56'),(2243,1,0,'Connexion au back-office depuis 163.116.142.118','',0,1,NULL,1,0,5,'2023-05-16 07:01:03','2023-05-16 07:01:03'),(2244,1,0,'Product activated: 367','Product',367,1,NULL,1,0,5,'2023-05-16 07:01:25','2023-05-16 07:01:25'),(2245,1,0,'Product activated: 366','Product',366,1,NULL,1,0,5,'2023-05-16 07:01:26','2023-05-16 07:01:26'),(2246,1,0,'Product activated: 365','Product',365,1,NULL,1,0,5,'2023-05-16 07:01:30','2023-05-16 07:01:30'),(2247,1,0,'Product activated: 364','Product',364,1,NULL,1,0,5,'2023-05-16 07:01:30','2023-05-16 07:01:30'),(2248,1,0,'Product activated: 362','Product',362,1,NULL,1,0,5,'2023-05-16 07:01:31','2023-05-16 07:01:31'),(2249,1,0,'Product activated: 363','Product',363,1,NULL,1,0,5,'2023-05-16 07:01:31','2023-05-16 07:01:31'),(2250,1,0,'Product activated: 360','Product',360,1,NULL,1,0,5,'2023-05-16 07:01:35','2023-05-16 07:01:35'),(2251,1,0,'Product activated: 361','Product',361,1,NULL,1,0,5,'2023-05-16 07:01:35','2023-05-16 07:01:35'),(2252,1,0,'Product activated: 359','Product',359,1,NULL,1,0,5,'2023-05-16 07:01:36','2023-05-16 07:01:36'),(2253,1,0,'Product activated: 358','Product',358,1,NULL,1,0,5,'2023-05-16 07:01:36','2023-05-16 07:01:36'),(2254,1,0,'Product activated: 357','Product',357,1,NULL,1,0,5,'2023-05-16 07:01:37','2023-05-16 07:01:37'),(2255,1,0,'Product activated: 356','Product',356,1,NULL,1,0,5,'2023-05-16 07:01:37','2023-05-16 07:01:37'),(2256,1,0,'Product activated: 355','Product',355,1,NULL,1,0,5,'2023-05-16 07:01:38','2023-05-16 07:01:38'),(2257,1,0,'Product activated: 351','Product',351,1,NULL,1,0,5,'2023-05-16 07:01:43','2023-05-16 07:01:43'),(2258,1,0,'Product activated: 354','Product',354,1,NULL,1,0,5,'2023-05-16 07:01:43','2023-05-16 07:01:43'),(2259,1,0,'Product activated: 353','Product',353,1,NULL,1,0,5,'2023-05-16 07:01:43','2023-05-16 07:01:43'),(2260,1,0,'Product activated: 350','Product',350,1,NULL,1,0,5,'2023-05-16 07:01:44','2023-05-16 07:01:44'),(2261,1,0,'Product activated: 349','Product',349,1,NULL,1,0,5,'2023-05-16 07:01:44','2023-05-16 07:01:44'),(2262,1,0,'Product activated: 348','Product',348,1,NULL,1,0,5,'2023-05-16 07:01:44','2023-05-16 07:01:44'),(2263,1,0,'Product activated: 347','Product',347,1,NULL,1,0,5,'2023-05-16 07:01:45','2023-05-16 07:01:45'),(2264,1,0,'Product activated: 352','Product',352,1,NULL,1,0,5,'2023-05-16 07:01:45','2023-05-16 07:01:45'),(2265,1,0,'Product activated: 346','Product',346,1,NULL,1,0,5,'2023-05-16 07:01:45','2023-05-16 07:01:45'),(2266,1,0,'Product activated: 345','Product',345,1,NULL,1,0,5,'2023-05-16 07:01:46','2023-05-16 07:01:46'),(2267,1,0,'Product activated: 344','Product',344,1,NULL,1,0,5,'2023-05-16 07:01:46','2023-05-16 07:01:46'),(2268,1,0,'Product modification','Product',368,1,NULL,1,0,5,'2023-05-16 07:11:22','2023-05-16 07:11:22'),(2269,1,0,'Product modification','Product',368,1,NULL,1,0,5,'2023-05-16 07:11:33','2023-05-16 07:11:33'),(2270,1,0,'Product modification','Product',369,1,NULL,1,0,5,'2023-05-16 07:12:51','2023-05-16 07:12:51'),(2271,1,0,'Product modification','Product',369,1,NULL,1,0,5,'2023-05-16 07:13:15','2023-05-16 07:13:15'),(2272,1,0,'Product modification','Product',370,1,NULL,1,0,5,'2023-05-16 07:14:50','2023-05-16 07:14:50'),(2273,1,0,'Product modification','Product',370,1,NULL,1,0,5,'2023-05-16 07:15:21','2023-05-16 07:15:21'),(2274,1,0,'Product modification','Product',371,1,NULL,1,0,5,'2023-05-16 07:17:09','2023-05-16 07:17:09'),(2275,1,0,'Product modification','Product',372,1,NULL,1,0,5,'2023-05-16 07:18:35','2023-05-16 07:18:35'),(2276,1,0,'Product modification','Product',373,1,NULL,1,0,5,'2023-05-16 07:19:57','2023-05-16 07:19:57'),(2277,1,0,'Product modification','Product',374,1,NULL,1,0,5,'2023-05-16 07:21:25','2023-05-16 07:21:25'),(2278,1,0,'Product modification','Product',374,1,NULL,1,0,5,'2023-05-16 07:21:32','2023-05-16 07:21:32'),(2279,1,0,'Product modification','Product',375,1,NULL,1,0,5,'2023-05-16 07:22:56','2023-05-16 07:22:56'),(2280,1,0,'Product modification','Product',376,1,NULL,1,0,5,'2023-05-16 07:24:11','2023-05-16 07:24:11'),(2281,1,0,'Product modification','Product',376,1,NULL,1,0,5,'2023-05-16 07:24:19','2023-05-16 07:24:19'),(2282,1,0,'Product modification','Product',377,1,NULL,1,0,5,'2023-05-16 07:26:52','2023-05-16 07:26:52'),(2283,1,0,'Product modification','Product',377,1,NULL,1,0,5,'2023-05-16 07:26:59','2023-05-16 07:26:59'),(2284,1,0,'Product modification','Product',378,1,NULL,1,0,5,'2023-05-16 07:29:03','2023-05-16 07:29:03'),(2285,1,0,'Product modification','Product',379,1,NULL,1,0,5,'2023-05-16 07:30:23','2023-05-16 07:30:23'),(2286,1,0,'Product modification','Product',380,1,NULL,1,0,5,'2023-05-16 07:37:12','2023-05-16 07:37:12'),(2287,1,0,'Product modification','Product',380,1,NULL,1,0,5,'2023-05-16 07:37:25','2023-05-16 07:37:25'),(2288,1,0,'Product modification','Product',381,1,NULL,1,0,5,'2023-05-16 07:39:39','2023-05-16 07:39:39'),(2289,1,0,'Product modification','Product',381,1,NULL,1,0,5,'2023-05-16 07:43:46','2023-05-16 07:43:46'),(2290,1,0,'Product modification','Product',381,1,NULL,1,0,5,'2023-05-16 07:44:10','2023-05-16 07:44:10'),(2291,1,0,'Product modification','Product',381,1,NULL,1,0,5,'2023-05-16 07:44:33','2023-05-16 07:44:33'),(2292,1,0,'Product activated: 381','Product',381,1,NULL,1,0,5,'2023-05-16 07:44:51','2023-05-16 07:44:51'),(2293,1,0,'Product activated: 378','Product',378,1,NULL,1,0,5,'2023-05-16 07:44:55','2023-05-16 07:44:55'),(2294,1,0,'Product activated: 377','Product',377,1,NULL,1,0,5,'2023-05-16 07:44:56','2023-05-16 07:44:56'),(2295,1,0,'Product activated: 375','Product',375,1,NULL,1,0,5,'2023-05-16 07:44:56','2023-05-16 07:44:56'),(2296,1,0,'Product activated: 376','Product',376,1,NULL,1,0,5,'2023-05-16 07:44:56','2023-05-16 07:44:56'),(2297,1,0,'Product activated: 379','Product',379,1,NULL,1,0,5,'2023-05-16 07:44:57','2023-05-16 07:44:57'),(2298,1,0,'Product activated: 374','Product',374,1,NULL,1,0,5,'2023-05-16 07:44:57','2023-05-16 07:44:57'),(2299,1,0,'Product activated: 373','Product',373,1,NULL,1,0,5,'2023-05-16 07:44:57','2023-05-16 07:44:57'),(2300,1,0,'Product activated: 371','Product',371,1,NULL,1,0,5,'2023-05-16 07:45:02','2023-05-16 07:45:02'),(2301,1,0,'Product activated: 372','Product',372,1,NULL,1,0,5,'2023-05-16 07:45:03','2023-05-16 07:45:03'),(2302,1,0,'Product activated: 370','Product',370,1,NULL,1,0,5,'2023-05-16 07:45:07','2023-05-16 07:45:07'),(2303,1,0,'Product activated: 368','Product',368,1,NULL,1,0,5,'2023-05-16 07:45:11','2023-05-16 07:45:11'),(2304,1,0,'Product activated: 369','Product',369,1,NULL,1,0,5,'2023-05-16 07:45:11','2023-05-16 07:45:11'),(2305,1,0,'Product activated: 380','Product',380,1,NULL,1,0,5,'2023-05-16 07:45:15','2023-05-16 07:45:15'),(2306,1,0,'Product modification','Product',382,1,NULL,1,0,5,'2023-05-16 07:51:55','2023-05-16 07:51:55'),(2307,1,0,'Product modification','Product',382,1,NULL,1,0,5,'2023-05-16 07:52:23','2023-05-16 07:52:23'),(2308,1,0,'Product modification','Product',383,1,NULL,1,0,5,'2023-05-16 08:00:44','2023-05-16 08:00:44'),(2309,1,0,'Product modification','Product',384,1,NULL,1,0,5,'2023-05-16 08:03:11','2023-05-16 08:03:11'),(2310,1,0,'Product modification','Product',385,1,NULL,1,0,5,'2023-05-16 08:05:26','2023-05-16 08:05:26'),(2311,1,0,'Product modification','Product',387,1,NULL,1,0,5,'2023-05-16 08:10:29','2023-05-16 08:10:29'),(2312,1,0,'Product modification','Product',388,1,NULL,1,0,5,'2023-05-16 08:13:18','2023-05-16 08:13:18'),(2313,1,0,'Product modification','Product',389,1,NULL,1,0,5,'2023-05-16 08:14:56','2023-05-16 08:14:56'),(2314,1,0,'Product modification','Product',390,1,NULL,1,0,5,'2023-05-16 08:16:14','2023-05-16 08:16:14'),(2315,1,0,'Product modification','Product',390,1,NULL,1,0,5,'2023-05-16 08:16:19','2023-05-16 08:16:19'),(2316,1,0,'Product modification','Product',391,1,NULL,1,0,5,'2023-05-16 08:17:27','2023-05-16 08:17:27'),(2317,1,0,'Product modification','Product',391,1,NULL,1,0,5,'2023-05-16 08:17:38','2023-05-16 08:17:38'),(2318,1,0,'Product modification','Product',392,1,NULL,1,0,5,'2023-05-16 08:20:30','2023-05-16 08:20:30'),(2319,1,0,'Product modification','Product',393,1,NULL,1,0,5,'2023-05-16 08:22:19','2023-05-16 08:22:19'),(2320,1,0,'No template found for catalog/_partials/category-header','',0,1,NULL,1,0,0,'2023-05-16 08:33:30','2023-05-16 08:33:30'),(2321,1,0,'Product activated: 390','Product',390,1,NULL,1,0,5,'2023-05-16 08:35:39','2023-05-16 08:35:39'),(2322,1,0,'Product activated: 392','Product',392,1,NULL,1,0,5,'2023-05-16 08:35:43','2023-05-16 08:35:43'),(2323,1,0,'Product activated: 391','Product',391,1,NULL,1,0,5,'2023-05-16 08:35:44','2023-05-16 08:35:44'),(2324,1,0,'Product activated: 393','Product',393,1,NULL,1,0,5,'2023-05-16 08:35:45','2023-05-16 08:35:45'),(2325,1,0,'Product activated: 388','Product',388,1,NULL,1,0,5,'2023-05-16 08:35:45','2023-05-16 08:35:45'),(2326,1,0,'Product activated: 387','Product',387,1,NULL,1,0,5,'2023-05-16 08:35:46','2023-05-16 08:35:46'),(2327,1,0,'Product activated: 385','Product',385,1,NULL,1,0,5,'2023-05-16 08:35:46','2023-05-16 08:35:46'),(2328,1,0,'Product activated: 389','Product',389,1,NULL,1,0,5,'2023-05-16 08:35:46','2023-05-16 08:35:46'),(2329,1,0,'Product activated: 384','Product',384,1,NULL,1,0,5,'2023-05-16 08:35:47','2023-05-16 08:35:47'),(2330,1,0,'Product activated: 383','Product',383,1,NULL,1,0,5,'2023-05-16 08:35:47','2023-05-16 08:35:47'),(2331,1,0,'Product activated: 382','Product',382,1,NULL,1,0,5,'2023-05-16 08:35:48','2023-05-16 08:35:48'),(2332,1,0,'Product modification','Product',394,1,NULL,1,0,5,'2023-05-16 08:37:15','2023-05-16 08:37:15'),(2333,1,0,'Product modification','Product',395,1,NULL,1,0,5,'2023-05-16 08:39:16','2023-05-16 08:39:16'),(2334,1,0,'Product modification','Product',395,1,NULL,1,0,5,'2023-05-16 08:39:24','2023-05-16 08:39:24'),(2335,1,0,'Product modification','Product',396,1,NULL,1,0,5,'2023-05-16 08:40:58','2023-05-16 08:40:58'),(2336,1,0,'Product modification','Product',396,1,NULL,1,0,5,'2023-05-16 08:41:06','2023-05-16 08:41:06'),(2337,1,0,'Product modification','Product',397,1,NULL,1,0,5,'2023-05-16 08:43:49','2023-05-16 08:43:49'),(2338,1,0,'Product modification','Product',397,1,NULL,1,0,5,'2023-05-16 08:44:01','2023-05-16 08:44:01'),(2339,1,0,'Product activated: 397','Product',397,1,NULL,1,0,5,'2023-05-16 08:44:10','2023-05-16 08:44:10'),(2340,1,0,'Product activated: 396','Product',396,1,NULL,1,0,5,'2023-05-16 08:44:10','2023-05-16 08:44:10'),(2341,1,0,'Product activated: 395','Product',395,1,NULL,1,0,5,'2023-05-16 08:44:11','2023-05-16 08:44:11'),(2342,1,0,'Product activated: 394','Product',394,1,NULL,1,0,5,'2023-05-16 08:44:12','2023-05-16 08:44:12'),(2343,1,0,'Product modification','Product',388,1,NULL,1,0,5,'2023-05-16 08:44:25','2023-05-16 08:44:25'),(2344,1,0,'Connexion au back-office depuis 163.116.142.118','',0,NULL,NULL,1,1,5,'2023-05-16 17:01:27','2023-05-16 17:01:27'),(2345,1,0,'Product modification','Product',136,1,NULL,1,0,5,'2023-05-16 17:02:36','2023-05-16 17:02:36'),(2346,1,0,'No template found for catalog/_partials/category-header','',0,1,NULL,1,0,0,'2023-05-16 17:13:48','2023-05-16 17:13:48'),(2347,1,0,'No template found for catalog/_partials/category-header','',0,1,NULL,1,0,0,'2023-05-16 17:13:57','2023-05-16 17:13:57'),(2348,1,0,'No template found for catalog/_partials/category-header','',0,1,NULL,1,0,0,'2023-05-16 17:14:27','2023-05-16 17:14:27'),(2349,1,0,'Product modification','Product',199,1,NULL,1,0,5,'2023-05-16 17:23:06','2023-05-16 17:23:06'),(2350,1,0,'Connexion au back-office depuis 57.134.75.48','',0,NULL,NULL,1,1,3,'2023-05-17 09:06:36','2023-05-17 09:06:36'),(2351,1,0,'Création : ImageType','ImageType',20,1,NULL,1,0,3,'2023-05-17 09:09:40','2023-05-17 09:09:40'),(2352,1,0,'Product modification','Product',361,1,NULL,1,0,3,'2023-05-17 12:10:47','2023-05-17 12:10:47'),(2353,1,0,'Product modification','Product',361,1,NULL,1,0,3,'2023-05-17 12:10:50','2023-05-17 12:10:50'),(2354,1,0,'Product modification','Product',361,1,NULL,1,0,3,'2023-05-17 12:11:23','2023-05-17 12:11:23'),(2355,1,0,'Product modification','Product',361,1,NULL,1,0,3,'2023-05-17 12:12:15','2023-05-17 12:12:15'),(2356,1,0,'Product modification','Product',361,1,NULL,1,0,3,'2023-05-17 12:17:50','2023-05-17 12:17:50'),(2357,1,0,'Product modification','Product',361,1,NULL,1,0,3,'2023-05-17 12:24:36','2023-05-17 12:24:36'),(2358,1,0,'No template found for catalog/_partials/category-header','',0,1,NULL,1,0,0,'2023-05-17 13:32:04','2023-05-17 13:32:04'),(2359,1,0,'No template found for catalog/_partials/category-header','',0,1,NULL,1,0,0,'2023-05-17 14:13:02','2023-05-17 14:13:02'),(2360,1,0,'No template found for catalog/_partials/category-header','',0,1,NULL,1,0,0,'2023-05-17 14:23:35','2023-05-17 14:23:35'),(2361,1,0,'No template found for catalog/_partials/category-header','',0,1,NULL,1,0,0,'2023-05-17 14:23:46','2023-05-17 14:23:46'),(2362,1,0,'No template found for catalog/_partials/category-header','',0,1,NULL,1,0,0,'2023-05-17 14:24:26','2023-05-17 14:24:26'),(2363,1,0,'modification anHomeSlides','anHomeSlides',1,1,NULL,1,0,3,'2023-05-17 15:19:33','2023-05-17 15:19:33'),(2364,1,0,'Création : anHomeSlides','anHomeSlides',3,1,NULL,1,0,3,'2023-05-17 15:23:28','2023-05-17 15:23:28'),(2365,1,0,'modification anHomeSlides','anHomeSlides',3,1,NULL,1,0,3,'2023-05-17 15:30:13','2023-05-17 15:30:13'),(2366,1,0,'modification anHomeSlides','anHomeSlides',3,1,NULL,1,0,3,'2023-05-17 15:48:50','2023-05-17 15:48:50'),(2367,1,0,'Création : anHomeSlides','anHomeSlides',4,1,NULL,1,0,3,'2023-05-17 15:53:08','2023-05-17 15:53:08'),(2368,1,0,'modification anHomeSlides','anHomeSlides',4,1,NULL,1,0,3,'2023-05-17 15:56:31','2023-05-17 15:56:31'),(2369,1,0,'Connexion au back-office depuis 129.222.204.89','',0,NULL,NULL,1,1,5,'2023-05-17 16:58:31','2023-05-17 16:58:31'),(2370,1,0,'No template found for catalog/_partials/category-header','',0,1,NULL,1,0,0,'2023-05-17 17:07:57','2023-05-17 17:07:57'),(2371,1,0,'No template found for catalog/_partials/category-header','',0,1,NULL,1,0,0,'2023-05-17 17:08:05','2023-05-17 17:08:05'),(2372,1,0,'No template found for catalog/_partials/category-header','',0,1,NULL,1,0,0,'2023-05-17 17:08:26','2023-05-17 17:08:26'),(2373,1,0,'No template found for catalog/_partials/category-header','',0,1,NULL,1,0,0,'2023-05-17 17:08:36','2023-05-17 17:08:36'),(2374,1,0,'No template found for catalog/_partials/category-header','',0,1,NULL,1,0,0,'2023-05-17 17:08:50','2023-05-17 17:08:50'),(2375,1,0,'No template found for catalog/_partials/category-header','',0,1,NULL,1,0,0,'2023-05-17 17:09:05','2023-05-17 17:09:05'),(2376,1,0,'No template found for catalog/_partials/category-header','',0,1,NULL,1,0,0,'2023-05-17 17:10:30','2023-05-17 17:10:30'),(2377,1,0,'No template found for catalog/_partials/category-header','',0,1,NULL,1,0,0,'2023-05-18 08:08:58','2023-05-18 08:08:58'),(2378,1,0,'No template found for catalog/_partials/category-header','',0,1,NULL,1,0,0,'2023-05-18 08:09:21','2023-05-18 08:09:21'),(2379,1,0,'No template found for catalog/_partials/category-header','',0,1,NULL,1,0,0,'2023-05-18 08:09:44','2023-05-18 08:09:44'),(2380,1,0,'No template found for catalog/_partials/category-header','',0,1,NULL,1,0,0,'2023-05-18 08:09:56','2023-05-18 08:09:56'),(2381,1,0,'No template found for catalog/_partials/category-header','',0,1,NULL,1,0,0,'2023-05-18 08:10:47','2023-05-18 08:10:47'),(2382,1,0,'No template found for catalog/_partials/category-header','',0,1,NULL,1,0,0,'2023-05-18 08:10:57','2023-05-18 08:10:57'),(2383,1,0,'Création : anHomeSlides','anHomeSlides',5,1,NULL,1,0,3,'2023-05-18 08:30:03','2023-05-18 08:30:03'),(2384,1,0,'modification anHomeSlides','anHomeSlides',5,1,NULL,1,0,3,'2023-05-18 08:30:25','2023-05-18 08:30:25'),(2385,1,0,'modification anHomeSlides','anHomeSlides',5,1,NULL,1,0,3,'2023-05-18 08:34:54','2023-05-18 08:34:54'),(2386,1,0,'modification anHomeSlides','anHomeSlides',5,1,NULL,1,0,3,'2023-05-18 08:36:52','2023-05-18 08:36:52'),(2387,1,0,'Connexion au back-office depuis 57.134.75.48','',0,NULL,NULL,1,1,3,'2023-05-18 12:58:27','2023-05-18 12:58:27'),(2388,1,0,'Création : anHomeSliders','anHomeSliders',3,1,NULL,1,0,3,'2023-05-18 13:48:43','2023-05-18 13:48:43'),(2389,1,0,'modification anHomeSliders','anHomeSliders',3,1,NULL,1,0,3,'2023-05-18 13:49:18','2023-05-18 13:49:18'),(2390,1,0,'Création : anHomeSlides','anHomeSlides',6,1,NULL,1,0,3,'2023-05-18 13:50:59','2023-05-18 13:50:59'),(2391,1,0,'Création : anHomeSlides','anHomeSlides',7,1,NULL,1,0,3,'2023-05-18 13:51:58','2023-05-18 13:51:58'),(2392,1,0,'Création : anHomeSlides','anHomeSlides',8,1,NULL,1,0,3,'2023-05-18 13:52:49','2023-05-18 13:52:49'),(2393,1,0,'Création : anHomeSlides','anHomeSlides',9,1,NULL,1,0,3,'2023-05-18 13:53:23','2023-05-18 13:53:23'),(2394,1,0,'modification anHomeSlides','anHomeSlides',6,1,NULL,1,0,3,'2023-05-18 13:53:36','2023-05-18 13:53:36'),(2395,1,0,'modification anHomeSlides','anHomeSlides',7,1,NULL,1,0,3,'2023-05-18 13:53:46','2023-05-18 13:53:46'),(2396,1,0,'modification anHomeSlides','anHomeSlides',8,1,NULL,1,0,3,'2023-05-18 13:53:56','2023-05-18 13:53:56'),(2397,1,0,'modification anHomeSlides','anHomeSlides',9,1,NULL,1,0,3,'2023-05-18 13:54:05','2023-05-18 13:54:05'),(2398,1,0,'modification anHomeSlides','anHomeSlides',6,1,NULL,1,0,3,'2023-05-18 13:54:57','2023-05-18 13:54:57'),(2399,1,0,'modification anHomeSlides','anHomeSlides',7,1,NULL,1,0,3,'2023-05-18 13:55:15','2023-05-18 13:55:15'),(2400,1,0,'modification anHomeSlides','anHomeSlides',6,1,NULL,1,0,3,'2023-05-18 13:55:24','2023-05-18 13:55:24'),(2401,1,0,'modification anHomeSlides','anHomeSlides',8,1,NULL,1,0,3,'2023-05-18 13:55:33','2023-05-18 13:55:33'),(2402,1,0,'modification anHomeSlides','anHomeSlides',9,1,NULL,1,0,3,'2023-05-18 13:55:40','2023-05-18 13:55:40'),(2403,1,0,'modification anHomeSliders','anHomeSliders',2,1,NULL,1,0,3,'2023-05-18 13:55:58','2023-05-18 13:55:58'),(2404,1,0,'No template found for catalog/_partials/category-header','',0,1,NULL,1,0,0,'2023-05-18 14:31:24','2023-05-18 14:31:24'),(2405,1,0,'No template found for catalog/_partials/category-header','',0,1,NULL,1,0,0,'2023-05-19 17:49:18','2023-05-19 17:49:18'),(2406,1,0,'No template found for catalog/_partials/category-header','',0,1,NULL,1,0,0,'2023-05-19 17:49:28','2023-05-19 17:49:28'),(2407,1,0,'No template found for catalog/_partials/category-header','',0,1,NULL,1,0,0,'2023-05-19 17:49:50','2023-05-19 17:49:50'),(2408,1,0,'No template found for catalog/_partials/category-header','',0,1,NULL,1,0,0,'2023-05-19 17:50:12','2023-05-19 17:50:12'),(2409,1,0,'No template found for catalog/_partials/category-header','',0,1,NULL,1,0,0,'2023-05-25 08:03:09','2023-05-25 08:03:09'),(2410,1,0,'No template found for catalog/_partials/category-header','',0,1,NULL,1,0,0,'2023-05-28 16:45:14','2023-05-28 16:45:14'),(2411,1,0,'No template found for catalog/_partials/category-header','',0,1,NULL,1,0,0,'2023-05-28 16:45:26','2023-05-28 16:45:26'),(2412,1,0,'No template found for catalog/_partials/category-header','',0,1,NULL,1,0,0,'2023-05-28 16:45:35','2023-05-28 16:45:35'),(2413,1,0,'No template found for catalog/_partials/category-header','',0,1,NULL,1,0,0,'2023-05-28 16:45:42','2023-05-28 16:45:42'),(2414,1,0,'No template found for catalog/_partials/category-header','',0,1,NULL,1,0,0,'2023-06-03 18:09:25','2023-06-03 18:09:25'),(2415,1,0,'No template found for catalog/_partials/category-header','',0,1,NULL,1,0,0,'2023-06-03 18:09:27','2023-06-03 18:09:27'),(2416,1,0,'No template found for catalog/_partials/category-header','',0,1,NULL,1,0,0,'2023-06-03 18:17:51','2023-06-03 18:17:51'),(2417,1,0,'No template found for catalog/_partials/category-header','',0,1,NULL,1,0,0,'2023-06-03 18:18:12','2023-06-03 18:18:12'),(2418,1,0,'No template found for catalog/_partials/category-header','',0,1,NULL,1,0,0,'2023-06-03 18:18:41','2023-06-03 18:18:41'),(2419,1,0,'No template found for catalog/_partials/category-header','',0,1,NULL,1,0,0,'2023-06-03 18:18:58','2023-06-03 18:18:58'),(2420,1,0,'No template found for catalog/_partials/category-header','',0,1,NULL,1,0,0,'2023-06-03 18:41:58','2023-06-03 18:41:58'),(2421,1,0,'No template found for catalog/_partials/category-header','',0,1,NULL,1,0,0,'2023-06-03 18:42:05','2023-06-03 18:42:05'),(2422,1,0,'No template found for catalog/_partials/category-header','',0,1,NULL,1,0,0,'2023-06-03 18:42:12','2023-06-03 18:42:12'),(2423,1,0,'No template found for catalog/_partials/category-header','',0,1,NULL,1,0,0,'2023-06-03 19:36:02','2023-06-03 19:36:02'),(2424,1,0,'Connexion au back-office depuis 163.116.142.120','',0,NULL,NULL,1,1,5,'2023-06-03 20:22:10','2023-06-03 20:22:10'),(2425,1,0,'Product modification','Product',398,1,NULL,1,0,5,'2023-06-03 20:43:41','2023-06-03 20:43:41'),(2426,1,0,'Product activated: 398','Product',398,1,NULL,1,0,5,'2023-06-03 20:43:55','2023-06-03 20:43:55'),(2427,1,0,'Product modification','Product',398,1,NULL,1,0,5,'2023-06-03 20:44:47','2023-06-03 20:44:47'),(2428,1,0,'Product modification','Product',399,1,NULL,1,0,5,'2023-06-03 20:50:09','2023-06-03 20:50:09'),(2429,1,0,'Product modification','Product',398,1,NULL,1,0,5,'2023-06-03 20:53:07','2023-06-03 20:53:07'),(2430,1,0,'Product activated: 399','Product',399,1,NULL,1,0,5,'2023-06-03 20:58:36','2023-06-03 20:58:36'),(2431,1,0,'Product modification','Product',400,1,NULL,1,0,5,'2023-06-03 21:08:15','2023-06-03 21:08:15'),(2432,1,0,'Product activated: 400','Product',400,1,NULL,1,0,5,'2023-06-03 21:10:46','2023-06-03 21:10:46'),(2433,1,0,'Product modification','Product',400,1,NULL,1,0,5,'2023-06-03 21:11:55','2023-06-03 21:11:55'),(2434,1,0,'Product modification','Product',400,1,NULL,1,0,5,'2023-06-03 21:12:03','2023-06-03 21:12:03'),(2435,1,0,'Product modification','Product',400,1,NULL,1,0,5,'2023-06-03 21:13:20','2023-06-03 21:13:20'),(2436,1,0,'Product modification','Product',400,1,NULL,1,0,5,'2023-06-03 21:19:15','2023-06-03 21:19:15'),(2437,1,0,'Product modification','Product',399,1,NULL,1,0,5,'2023-06-03 21:20:24','2023-06-03 21:20:24'),(2438,1,0,'Product modification','Product',401,1,NULL,1,0,5,'2023-06-03 21:23:39','2023-06-03 21:23:39'),(2439,1,0,'Product modification','Product',402,1,NULL,1,0,5,'2023-06-03 21:27:33','2023-06-03 21:27:33'),(2440,1,0,'Product modification','Product',403,1,NULL,1,0,5,'2023-06-03 21:30:28','2023-06-03 21:30:28'),(2441,1,0,'Product modification','Product',404,1,NULL,1,0,5,'2023-06-03 21:38:30','2023-06-03 21:38:30'),(2442,1,0,'Product modification','Product',404,1,NULL,1,0,5,'2023-06-03 21:39:30','2023-06-03 21:39:30'),(2443,1,0,'Product activated: 404','Product',404,1,NULL,1,0,5,'2023-06-03 21:39:39','2023-06-03 21:39:39'),(2444,1,0,'Product activated: 403','Product',403,1,NULL,1,0,5,'2023-06-03 21:39:39','2023-06-03 21:39:39'),(2445,1,0,'Product activated: 402','Product',402,1,NULL,1,0,5,'2023-06-03 21:39:41','2023-06-03 21:39:41'),(2446,1,0,'Product activated: 401','Product',401,1,NULL,1,0,5,'2023-06-03 21:39:41','2023-06-03 21:39:41'),(2447,1,0,'Product modification','Product',403,1,NULL,1,0,5,'2023-06-03 21:40:29','2023-06-03 21:40:29'),(2448,1,0,'Product modification','Product',401,1,NULL,1,0,5,'2023-06-03 21:40:49','2023-06-03 21:40:49'),(2449,1,0,'Product modification','Product',405,1,NULL,1,0,5,'2023-06-03 21:42:41','2023-06-03 21:42:41'),(2450,1,0,'Product activated: 405','Product',405,1,NULL,1,0,5,'2023-06-03 21:42:48','2023-06-03 21:42:48'),(2451,1,0,'Connexion au back-office depuis 57.134.75.48','',0,NULL,NULL,1,1,3,'2023-06-05 15:15:14','2023-06-05 15:15:14'),(2452,1,0,'modification anHomeProductsBlocks','anHomeProductsBlocks',1,1,NULL,1,0,3,'2023-06-05 15:20:06','2023-06-05 15:20:06'),(2453,1,0,'modification anHomeProductsBlocks','anHomeProductsBlocks',1,1,NULL,1,0,3,'2023-06-05 15:20:31','2023-06-05 15:20:31'),(2454,1,0,'modification anHomeProductsBlocks','anHomeProductsBlocks',1,1,NULL,1,0,3,'2023-06-05 15:20:47','2023-06-05 15:20:47'),(2455,1,0,'modification anHomeProductsBlocks','anHomeProductsBlocks',1,1,NULL,1,0,3,'2023-06-05 15:24:14','2023-06-05 15:24:14'),(2456,1,0,'modification anHomeProductsBlocks','anHomeProductsBlocks',1,1,NULL,1,0,3,'2023-06-05 15:25:31','2023-06-05 15:25:31'),(2457,1,0,'Product modification','Product',405,1,NULL,1,0,3,'2023-06-05 15:26:44','2023-06-05 15:26:44'),(2458,1,0,'Product modification','Product',405,1,NULL,1,0,3,'2023-06-05 15:27:36','2023-06-05 15:27:36'),(2459,1,0,'Product modification','Product',405,1,NULL,1,0,3,'2023-06-05 15:27:52','2023-06-05 15:27:52'),(2460,1,0,'Product modification','Product',405,1,NULL,1,0,3,'2023-06-05 15:28:03','2023-06-05 15:28:03'),(2461,1,0,'Product modification','Product',152,1,NULL,1,0,3,'2023-06-05 15:28:42','2023-06-05 15:28:42'),(2462,1,0,'modification anHomeProductsBlocks','anHomeProductsBlocks',2,1,NULL,1,0,3,'2023-06-05 15:29:25','2023-06-05 15:29:25'),(2463,1,0,'modification anHomeProductsBlocks','anHomeProductsBlocks',2,1,NULL,1,0,3,'2023-06-05 15:29:51','2023-06-05 15:29:51'),(2464,1,0,'modification anHomeProductsBlocks','anHomeProductsBlocks',2,1,NULL,1,0,3,'2023-06-05 15:30:23','2023-06-05 15:30:23'),(2465,1,0,'Product modification','Product',400,1,NULL,1,0,3,'2023-06-05 15:30:41','2023-06-05 15:30:41'),(2466,1,0,'Product modification','Product',391,1,NULL,1,0,3,'2023-06-05 15:31:05','2023-06-05 15:31:05'),(2467,1,0,'Product modification','Product',319,1,NULL,1,0,3,'2023-06-05 15:31:31','2023-06-05 15:31:31'),(2468,1,0,'modification Store','Store',6,1,NULL,1,0,3,'2023-06-05 15:36:13','2023-06-05 15:36:13'),(2469,1,0,'No template found for catalog/_partials/category-header','',0,1,NULL,1,0,0,'2023-06-05 15:38:23','2023-06-05 15:38:23'),(2470,1,0,'No template found for catalog/_partials/category-header','',0,1,NULL,1,0,0,'2023-06-05 15:38:29','2023-06-05 15:38:29'),(2471,1,0,'modification anHomeProductsBlocks','anHomeProductsBlocks',3,1,NULL,1,0,3,'2023-06-05 15:42:38','2023-06-05 15:42:38'),(2472,1,0,'modification anHomeProductsBlocks','anHomeProductsBlocks',3,1,NULL,1,0,3,'2023-06-05 15:42:45','2023-06-05 15:42:45'),(2473,1,0,'modification anHomeProductsBlocks','anHomeProductsBlocks',2,1,NULL,1,0,3,'2023-06-05 15:42:53','2023-06-05 15:42:53'),(2474,1,0,'modification anHomeProductsBlocks','anHomeProductsBlocks',1,1,NULL,1,0,3,'2023-06-05 15:43:33','2023-06-05 15:43:33'),(2475,1,0,'modification anHomeProductsBlocks','anHomeProductsBlocks',2,1,NULL,1,0,3,'2023-06-05 15:43:53','2023-06-05 15:43:53'),(2476,1,0,'modification anHomeProductsBlocks','anHomeProductsBlocks',2,1,NULL,1,0,3,'2023-06-05 15:44:48','2023-06-05 15:44:48'),(2477,1,0,'modification anHomeProductsBlocks','anHomeProductsBlocks',2,1,NULL,1,0,3,'2023-06-05 15:45:56','2023-06-05 15:45:56'),(2478,1,0,'modification anHomeProductsBlocks','anHomeProductsBlocks',2,1,NULL,1,0,3,'2023-06-05 15:47:01','2023-06-05 15:47:01'),(2479,1,0,'modification anHomeProductsBlocks','anHomeProductsBlocks',2,1,NULL,1,0,3,'2023-06-05 15:47:34','2023-06-05 15:47:34'),(2480,1,0,'modification anHomeProductsBlocks','anHomeProductsBlocks',2,1,NULL,1,0,3,'2023-06-05 15:48:22','2023-06-05 15:48:22'),(2481,1,0,'modification anHomeProductsBlocks','anHomeProductsBlocks',2,1,NULL,1,0,3,'2023-06-05 15:48:38','2023-06-05 15:48:38'),(2482,1,0,'modification anHomeProductsBlocks','anHomeProductsBlocks',1,1,NULL,1,0,3,'2023-06-05 15:48:47','2023-06-05 15:48:47'),(2483,1,0,'Connexion au back-office depuis 57.134.75.48','',0,NULL,NULL,1,1,3,'2023-06-06 08:35:38','2023-06-06 08:35:38'),(2484,1,0,'Création : anBanners','anBanners',3,1,NULL,1,0,3,'2023-06-06 08:57:38','2023-06-06 08:57:38'),(2485,1,0,'Création : anBanners','anBanners',4,1,NULL,1,0,3,'2023-06-06 08:58:33','2023-06-06 08:58:33'),(2486,1,0,'Création : anBanners','anBanners',5,1,NULL,1,0,3,'2023-06-06 08:59:16','2023-06-06 08:59:16'),(2487,1,0,'Création : anBanners','anBanners',6,1,NULL,1,0,3,'2023-06-06 09:00:00','2023-06-06 09:00:00'),(2488,1,0,'modification anBanners','anBanners',3,1,NULL,1,0,3,'2023-06-06 09:04:17','2023-06-06 09:04:17'),(2489,1,0,'modification anBanners','anBanners',4,1,NULL,1,0,3,'2023-06-06 09:17:29','2023-06-06 09:17:29'),(2490,1,0,'modification anBanners','anBanners',3,1,NULL,1,0,3,'2023-06-06 09:17:40','2023-06-06 09:17:40'),(2491,1,0,'Création : anBanners','anBanners',7,1,NULL,1,0,3,'2023-06-06 09:19:03','2023-06-06 09:19:03'),(2492,1,0,'modification anBanners','anBanners',7,1,NULL,1,0,3,'2023-06-06 09:26:27','2023-06-06 09:26:27'),(2493,1,0,'modification anBanners','anBanners',7,1,NULL,1,0,3,'2023-06-06 09:27:38','2023-06-06 09:27:38'),(2494,1,0,'modification anBanners','anBanners',7,1,NULL,1,0,3,'2023-06-06 09:29:18','2023-06-06 09:29:18'),(2495,1,0,'modification anHomeProductsBlocks','anHomeProductsBlocks',1,1,NULL,1,0,3,'2023-06-06 09:46:56','2023-06-06 09:46:56'),(2496,1,0,'modification anHomeProductsBlocks','anHomeProductsBlocks',1,1,NULL,1,0,3,'2023-06-06 09:47:56','2023-06-06 09:47:56'),(2497,1,0,'modification anHomeProductsBlocks','anHomeProductsBlocks',1,1,NULL,1,0,3,'2023-06-06 09:50:28','2023-06-06 09:50:28'),(2498,1,0,'modification anHomeProductsBlocks','anHomeProductsBlocks',2,1,NULL,1,0,3,'2023-06-06 09:54:20','2023-06-06 09:54:20'),(2499,1,0,'modification anHomeProductsBlocks','anHomeProductsBlocks',3,1,NULL,1,0,3,'2023-06-06 09:54:25','2023-06-06 09:54:25'),(2500,1,0,'modification anHomeProductsBlocks','anHomeProductsBlocks',1,1,NULL,1,0,3,'2023-06-06 09:58:25','2023-06-06 09:58:25'),(2501,1,0,'modification anHomeProductsBlocks','anHomeProductsBlocks',1,1,NULL,1,0,3,'2023-06-06 09:58:53','2023-06-06 09:58:53'),(2502,1,0,'Product modification','Product',402,1,NULL,1,0,3,'2023-06-06 10:03:48','2023-06-06 10:03:48'),(2503,1,0,'Product modification','Product',338,1,NULL,1,0,3,'2023-06-06 10:04:10','2023-06-06 10:04:10'),(2504,1,0,'Product modification','Product',61,1,NULL,1,0,3,'2023-06-06 10:04:22','2023-06-06 10:04:22'),(2505,1,0,'modification anHomeProductsBlocks','anHomeProductsBlocks',1,1,NULL,1,0,3,'2023-06-06 10:04:43','2023-06-06 10:04:43'),(2506,1,0,'modification anHomeProductsBlocks','anHomeProductsBlocks',1,1,NULL,1,0,3,'2023-06-06 10:09:36','2023-06-06 10:09:36'),(2507,1,0,'modification anHomeSlides','anHomeSlides',2,1,NULL,1,0,3,'2023-06-06 10:28:24','2023-06-06 10:28:24'),(2508,1,0,'modification anHomeSlides','anHomeSlides',6,1,NULL,1,0,3,'2023-06-06 10:29:00','2023-06-06 10:29:00'),(2509,1,0,'Connexion au back-office depuis 163.116.142.116','',0,NULL,NULL,1,1,5,'2023-06-11 08:40:39','2023-06-11 08:40:39'),(2510,1,0,'Product modification','Product',406,1,NULL,1,0,5,'2023-06-11 08:44:04','2023-06-11 08:44:04'),(2511,1,0,'Création : ProductAttribute','ProductAttribute',44,1,NULL,1,0,5,'2023-06-11 08:45:05','2023-06-11 08:45:05'),(2512,1,0,'Product modification','Product',406,1,NULL,1,0,5,'2023-06-11 08:46:37','2023-06-11 08:46:37'),(2513,1,0,'Product activated: 406','Product',406,1,NULL,1,0,5,'2023-06-11 08:46:45','2023-06-11 08:46:45'),(2514,1,0,'Product modification','Product',407,1,NULL,1,0,5,'2023-06-11 08:48:42','2023-06-11 08:48:42'),(2515,1,0,'Product modification','Product',407,1,NULL,1,0,5,'2023-06-11 08:48:59','2023-06-11 08:48:59'),(2516,1,0,'Product activated: 407','Product',407,1,NULL,1,0,5,'2023-06-11 08:49:07','2023-06-11 08:49:07'),(2517,1,0,'Product modification','Product',408,1,NULL,1,0,5,'2023-06-11 08:50:48','2023-06-11 08:50:48'),(2518,1,0,'Product modification','Product',408,1,NULL,1,0,5,'2023-06-11 08:51:04','2023-06-11 08:51:04'),(2519,1,0,'Product modification','Product',408,1,NULL,1,0,5,'2023-06-11 08:51:37','2023-06-11 08:51:37'),(2520,1,0,'Product activated: 408','Product',408,1,NULL,1,0,5,'2023-06-11 08:51:43','2023-06-11 08:51:43'),(2521,1,0,'Product modification','Product',409,1,NULL,1,0,5,'2023-06-11 08:53:13','2023-06-11 08:53:13'),(2522,1,0,'Product activated: 409','Product',409,1,NULL,1,0,5,'2023-06-11 08:53:21','2023-06-11 08:53:21'),(2523,1,0,'Product modification','Product',410,1,NULL,1,0,5,'2023-06-11 08:55:12','2023-06-11 08:55:12'),(2524,1,0,'Product activated: 410','Product',410,1,NULL,1,0,5,'2023-06-11 08:55:53','2023-06-11 08:55:53'),(2525,1,0,'Product modification','Product',411,1,NULL,1,0,5,'2023-06-11 08:56:47','2023-06-11 08:56:47'),(2526,1,0,'Product modification','Product',412,1,NULL,1,0,5,'2023-06-11 09:02:11','2023-06-11 09:02:11'),(2527,1,0,'Product activated: 411','Product',411,1,NULL,1,0,5,'2023-06-11 09:05:05','2023-06-11 09:05:05'),(2528,1,0,'Product activated: 412','Product',412,1,NULL,1,0,5,'2023-06-11 09:05:06','2023-06-11 09:05:06'),(2529,1,0,'Product modification','Product',411,1,NULL,1,0,5,'2023-06-11 09:05:52','2023-06-11 09:05:52'),(2530,1,0,'Product modification','Product',411,1,NULL,1,0,5,'2023-06-11 09:05:59','2023-06-11 09:05:59'),(2531,1,0,'Product modification','Product',410,1,NULL,1,0,5,'2023-06-11 09:07:18','2023-06-11 09:07:18'),(2532,1,0,'Product modification','Product',410,1,NULL,1,0,5,'2023-06-11 09:07:20','2023-06-11 09:07:20'),(2533,1,0,'Product modification','Product',409,1,NULL,1,0,5,'2023-06-11 09:08:20','2023-06-11 09:08:20'),(2534,1,0,'Product modification','Product',409,1,NULL,1,0,5,'2023-06-11 09:08:22','2023-06-11 09:08:22'),(2535,1,0,'Product modification','Product',408,1,NULL,1,0,5,'2023-06-11 09:09:13','2023-06-11 09:09:13'),(2536,1,0,'Product modification','Product',408,1,NULL,1,0,5,'2023-06-11 09:09:17','2023-06-11 09:09:17'),(2537,1,0,'Product modification','Product',407,1,NULL,1,0,5,'2023-06-11 09:10:17','2023-06-11 09:10:17'),(2538,1,0,'Product modification','Product',407,1,NULL,1,0,5,'2023-06-11 09:10:20','2023-06-11 09:10:20'),(2539,1,0,'Product modification','Product',406,1,NULL,1,0,5,'2023-06-11 09:10:51','2023-06-11 09:10:51'),(2540,1,0,'Product modification','Product',406,1,NULL,1,0,5,'2023-06-11 09:10:53','2023-06-11 09:10:53'),(2541,1,0,'Product modification','Product',405,1,NULL,1,0,5,'2023-06-11 09:11:45','2023-06-11 09:11:45'),(2542,1,0,'Product deleted: (404).','Product',404,1,NULL,1,0,5,'2023-06-11 09:13:49','2023-06-11 09:13:49'),(2543,1,0,'Product modification','Product',413,1,NULL,1,0,5,'2023-06-11 09:15:55','2023-06-11 09:15:55'),(2544,1,0,'No template found for catalog/_partials/category-header','',0,1,NULL,1,0,0,'2023-06-11 09:16:48','2023-06-11 09:16:48'),(2545,1,0,'Product modification','Product',414,1,NULL,1,0,5,'2023-06-11 09:21:33','2023-06-11 09:21:33'),(2546,1,0,'Product activated: 413','Product',413,1,NULL,1,0,5,'2023-06-11 09:23:09','2023-06-11 09:23:09'),(2547,1,0,'Product activated: 414','Product',414,1,NULL,1,0,5,'2023-06-11 09:23:11','2023-06-11 09:23:11'),(2548,1,0,'Product deleted: (414).','Product',414,1,NULL,1,0,5,'2023-06-11 09:24:38','2023-06-11 09:24:38'),(2549,1,0,'Product modification','Product',415,1,NULL,1,0,5,'2023-06-11 09:25:39','2023-06-11 09:25:39'),(2550,1,0,'Product modification','Product',415,1,NULL,1,0,5,'2023-06-11 09:25:48','2023-06-11 09:25:48'),(2551,1,0,'Product modification','Product',415,1,NULL,1,0,5,'2023-06-11 09:25:50','2023-06-11 09:25:50'),(2552,1,0,'Product activated: 415','Product',415,1,NULL,1,0,5,'2023-06-11 09:26:03','2023-06-11 09:26:03'),(2553,1,0,'Product modification','Product',416,1,NULL,1,0,5,'2023-06-11 09:30:17','2023-06-11 09:30:17'),(2554,1,0,'Product modification','Product',416,1,NULL,1,0,5,'2023-06-11 09:30:47','2023-06-11 09:30:47'),(2555,1,0,'Product modification','Product',416,1,NULL,1,0,5,'2023-06-11 09:30:56','2023-06-11 09:30:56'),(2556,1,0,'Product modification','Product',416,1,NULL,1,0,5,'2023-06-11 09:31:07','2023-06-11 09:31:07'),(2557,1,0,'Product activated: 416','Product',416,1,NULL,1,0,5,'2023-06-11 09:31:12','2023-06-11 09:31:12'),(2558,1,0,'Product modification','Product',417,1,NULL,1,0,5,'2023-06-11 09:34:53','2023-06-11 09:34:53'),(2559,1,0,'Product modification','Product',417,1,NULL,1,0,5,'2023-06-11 09:35:00','2023-06-11 09:35:00'),(2560,1,0,'Product activated: 417','Product',417,1,NULL,1,0,5,'2023-06-11 09:35:08','2023-06-11 09:35:08'),(2561,1,0,'Product modification','Product',418,1,NULL,1,0,5,'2023-06-11 09:36:49','2023-06-11 09:36:49'),(2562,1,0,'Product modification','Product',418,1,NULL,1,0,5,'2023-06-11 09:36:57','2023-06-11 09:36:57'),(2563,1,0,'Product modification','Product',418,1,NULL,1,0,5,'2023-06-11 09:37:00','2023-06-11 09:37:00'),(2564,1,0,'Product activated: 418','Product',418,1,NULL,1,0,5,'2023-06-11 09:37:10','2023-06-11 09:37:10'),(2565,1,0,'No template found for catalog/_partials/category-header','',0,1,NULL,1,0,0,'2023-06-11 09:41:34','2023-06-11 09:41:34'),(2566,1,0,'Product modification','Product',419,1,NULL,1,0,5,'2023-06-11 09:43:31','2023-06-11 09:43:31'),(2567,1,0,'Product modification','Product',419,1,NULL,1,0,5,'2023-06-11 09:45:50','2023-06-11 09:45:50'),(2568,1,0,'Product modification','Product',419,1,NULL,1,0,5,'2023-06-11 09:46:02','2023-06-11 09:46:02'),(2569,1,0,'Product modification','Product',419,1,NULL,1,0,5,'2023-06-11 09:46:10','2023-06-11 09:46:10'),(2570,1,0,'Product modification','Product',419,1,NULL,1,0,5,'2023-06-11 09:46:12','2023-06-11 09:46:12'),(2571,1,0,'Product activated: 419','Product',419,1,NULL,1,0,5,'2023-06-11 09:46:19','2023-06-11 09:46:19'),(2572,1,0,'Product modification','Product',420,1,NULL,1,0,5,'2023-06-11 09:48:04','2023-06-11 09:48:04'),(2573,1,0,'Product modification','Product',420,1,NULL,1,0,5,'2023-06-11 09:48:20','2023-06-11 09:48:20'),(2574,1,0,'Product modification','Product',420,1,NULL,1,0,5,'2023-06-11 09:48:28','2023-06-11 09:48:28'),(2575,1,0,'Product activated: 420','Product',420,1,NULL,1,0,5,'2023-06-11 09:49:08','2023-06-11 09:49:08'),(2576,1,0,'Product modification','Product',421,1,NULL,1,0,5,'2023-06-11 09:56:02','2023-06-11 09:56:02'),(2577,1,0,'Product modification','Product',421,1,NULL,1,0,5,'2023-06-11 09:56:23','2023-06-11 09:56:23'),(2578,1,0,'Product modification','Product',421,1,NULL,1,0,5,'2023-06-11 09:57:02','2023-06-11 09:57:02'),(2579,1,0,'Product activated: 421','Product',421,1,NULL,1,0,5,'2023-06-11 10:12:06','2023-06-11 10:12:06'),(2580,1,0,'Product modification','Product',422,1,NULL,1,0,5,'2023-06-11 10:14:28','2023-06-11 10:14:28'),(2581,1,0,'Product modification','Product',422,1,NULL,1,0,5,'2023-06-11 10:14:39','2023-06-11 10:14:39'),(2582,1,0,'Product activated: 422','Product',422,1,NULL,1,0,5,'2023-06-11 10:14:46','2023-06-11 10:14:46'),(2583,1,0,'Product modification','Product',423,1,NULL,1,0,5,'2023-06-11 10:16:25','2023-06-11 10:16:25'),(2584,1,0,'Product modification','Product',423,1,NULL,1,0,5,'2023-06-11 10:16:32','2023-06-11 10:16:32'),(2585,1,0,'Product activated: 423','Product',423,1,NULL,1,0,5,'2023-06-11 10:16:39','2023-06-11 10:16:39'),(2586,1,0,'Product modification','Product',424,1,NULL,1,0,5,'2023-06-11 10:18:48','2023-06-11 10:18:48'),(2587,1,0,'Product modification','Product',424,1,NULL,1,0,5,'2023-06-11 10:18:56','2023-06-11 10:18:56'),(2588,1,0,'Product activated: 424','Product',424,1,NULL,1,0,5,'2023-06-11 10:19:06','2023-06-11 10:19:06'),(2589,1,0,'No template found for catalog/_partials/category-header','',0,1,NULL,1,0,0,'2023-06-11 10:20:11','2023-06-11 10:20:11'),(2590,1,0,'No template found for catalog/_partials/category-header','',0,1,NULL,1,0,0,'2023-06-11 10:20:19','2023-06-11 10:20:19'),(2591,1,0,'Product modification','Product',425,1,NULL,1,0,5,'2023-06-11 10:47:40','2023-06-11 10:47:40'),(2592,1,0,'Product activated: 425','Product',425,1,NULL,1,0,5,'2023-06-11 10:48:16','2023-06-11 10:48:16'),(2593,1,0,'Product modification','Product',426,1,NULL,1,0,5,'2023-06-11 10:49:29','2023-06-11 10:49:29'),(2594,1,0,'Product modification','Product',427,1,NULL,1,0,5,'2023-06-11 10:51:11','2023-06-11 10:51:11'),(2595,1,0,'Product activated: 427','Product',427,1,NULL,1,0,5,'2023-06-11 10:51:16','2023-06-11 10:51:16'),(2596,1,0,'Product activated: 426','Product',426,1,NULL,1,0,5,'2023-06-11 10:51:19','2023-06-11 10:51:19'),(2597,1,0,'Product modification','Product',428,1,NULL,1,0,5,'2023-06-11 10:52:59','2023-06-11 10:52:59'),(2598,1,0,'Product activated: 428','Product',428,1,NULL,1,0,5,'2023-06-11 10:53:12','2023-06-11 10:53:12'),(2599,1,0,'Product modification','Product',429,1,NULL,1,0,5,'2023-06-11 10:54:32','2023-06-11 10:54:32'),(2600,1,0,'Product activated: 429','Product',429,1,NULL,1,0,5,'2023-06-11 10:54:39','2023-06-11 10:54:39'),(2601,1,0,'Product modification','Product',430,1,NULL,1,0,5,'2023-06-11 10:56:28','2023-06-11 10:56:28'),(2602,1,0,'Product activated: 430','Product',430,1,NULL,1,0,5,'2023-06-11 10:56:34','2023-06-11 10:56:34'),(2603,1,0,'Connexion au back-office depuis 129.222.204.91','',0,NULL,NULL,1,1,2,'2023-06-11 12:29:40','2023-06-11 12:29:40'),(2604,1,0,'Product modification','Product',430,1,NULL,1,0,2,'2023-06-11 12:30:13','2023-06-11 12:30:13'),(2605,1,0,'Connexion au back-office depuis 66.110.171.165','',0,NULL,NULL,1,1,1,'2023-06-12 08:25:28','2023-06-12 08:25:28'),(2606,1,0,'Product modification','Product',409,1,NULL,1,0,1,'2023-06-12 08:32:46','2023-06-12 08:32:46'),(2607,1,0,'Product modification','Product',409,1,NULL,1,0,1,'2023-06-12 08:44:00','2023-06-12 08:44:00'),(2608,1,0,'Product modification','Product',409,1,NULL,1,0,1,'2023-06-12 08:44:11','2023-06-12 08:44:11'),(2609,1,0,'Connexion au back-office depuis 163.116.142.116','',0,NULL,NULL,1,1,5,'2023-06-12 09:36:20','2023-06-12 09:36:20'),(2610,1,0,'Product modification','Product',424,1,NULL,1,0,5,'2023-06-12 09:37:26','2023-06-12 09:37:26'),(2611,1,0,'Product modification','Product',424,1,NULL,1,0,5,'2023-06-12 09:38:07','2023-06-12 09:38:07'),(2612,1,0,'Product modification','Product',430,1,NULL,1,0,5,'2023-06-12 09:38:29','2023-06-12 09:38:29'),(2613,1,0,'Product modification','Product',430,1,NULL,1,0,5,'2023-06-12 09:38:51','2023-06-12 09:38:51'),(2614,1,0,'Product modification','Product',423,1,NULL,1,0,5,'2023-06-12 09:39:15','2023-06-12 09:39:15'),(2615,1,0,'Product modification','Product',423,1,NULL,1,0,5,'2023-06-12 09:39:24','2023-06-12 09:39:24'),(2616,1,0,'Product modification','Product',422,1,NULL,1,0,5,'2023-06-12 09:40:01','2023-06-12 09:40:01'),(2617,1,0,'Product modification','Product',429,1,NULL,1,0,5,'2023-06-12 09:40:17','2023-06-12 09:40:17'),(2618,1,0,'Product modification','Product',428,1,NULL,1,0,5,'2023-06-12 09:40:32','2023-06-12 09:40:32'),(2619,1,0,'Product modification','Product',427,1,NULL,1,0,5,'2023-06-12 09:40:43','2023-06-12 09:40:43'),(2620,1,0,'Product modification','Product',426,1,NULL,1,0,5,'2023-06-12 09:40:57','2023-06-12 09:40:57'),(2621,1,0,'Product modification','Product',425,1,NULL,1,0,5,'2023-06-12 09:41:10','2023-06-12 09:41:10'),(2622,1,0,'Product modification','Product',421,1,NULL,1,0,5,'2023-06-12 09:41:50','2023-06-12 09:41:50'),(2623,1,0,'Product modification','Product',419,1,NULL,1,0,5,'2023-06-12 09:42:26','2023-06-12 09:42:26'),(2624,1,0,'Product modification','Product',418,1,NULL,1,0,5,'2023-06-12 09:42:53','2023-06-12 09:42:53'),(2625,1,0,'Product modification','Product',417,1,NULL,1,0,5,'2023-06-12 09:43:13','2023-06-12 09:43:13'),(2626,1,0,'Product modification','Product',417,1,NULL,1,0,5,'2023-06-12 09:43:15','2023-06-12 09:43:15'),(2627,1,0,'Product modification','Product',417,1,NULL,1,0,5,'2023-06-12 09:43:29','2023-06-12 09:43:29'),(2628,1,0,'Product modification','Product',416,1,NULL,1,0,5,'2023-06-12 09:44:00','2023-06-12 09:44:00'),(2629,1,0,'Product modification','Product',416,1,NULL,1,0,5,'2023-06-12 09:44:42','2023-06-12 09:44:42'),(2630,1,0,'Product modification','Product',415,1,NULL,1,0,5,'2023-06-12 09:45:08','2023-06-12 09:45:08'),(2631,1,0,'Product modification','Product',413,1,NULL,1,0,5,'2023-06-12 09:45:48','2023-06-12 09:45:48'),(2632,1,0,'Product modification','Product',412,1,NULL,1,0,5,'2023-06-12 09:48:05','2023-06-12 09:48:05'),(2633,1,0,'Product modification','Product',411,1,NULL,1,0,5,'2023-06-12 09:48:55','2023-06-12 09:48:55'),(2634,1,0,'Product modification','Product',410,1,NULL,1,0,5,'2023-06-12 09:50:20','2023-06-12 09:50:20'),(2635,1,0,'Product modification','Product',409,1,NULL,1,0,5,'2023-06-12 09:53:06','2023-06-12 09:53:06'),(2636,1,0,'Product modification','Product',408,1,NULL,1,0,5,'2023-06-12 09:53:32','2023-06-12 09:53:32'),(2637,1,0,'Product modification','Product',407,1,NULL,1,0,5,'2023-06-12 09:54:00','2023-06-12 09:54:00'),(2638,1,0,'Product modification','Product',406,1,NULL,1,0,5,'2023-06-12 09:54:24','2023-06-12 09:54:24'),(2639,1,0,'Product modification','Product',417,1,NULL,1,0,5,'2023-06-12 09:54:58','2023-06-12 09:54:58'),(2640,1,0,'Product modification','Product',420,1,NULL,1,0,5,'2023-06-12 09:55:52','2023-06-12 09:55:52'),(2641,1,0,'Product modification','Product',423,1,NULL,1,0,5,'2023-06-12 09:56:39','2023-06-12 09:56:39'),(2642,1,0,'Product modification','Product',405,1,NULL,1,0,5,'2023-06-12 09:57:29','2023-06-12 09:57:29'),(2643,1,0,'Product modification','Product',407,1,NULL,1,0,5,'2023-06-12 09:58:05','2023-06-12 09:58:05'),(2644,1,0,'Product modification','Product',416,1,NULL,1,0,5,'2023-06-12 09:59:11','2023-06-12 09:59:11'),(2645,1,0,'Product deactivated: 335','Product',335,1,NULL,1,0,5,'2023-06-12 10:00:11','2023-06-12 10:00:11'),(2646,1,0,'Connexion au back-office depuis 129.222.204.91','',0,NULL,NULL,1,1,2,'2023-06-13 07:50:07','2023-06-13 07:50:07'),(2647,1,0,'Connexion au back-office depuis 57.134.75.48','',0,NULL,NULL,1,1,3,'2023-06-13 08:14:52','2023-06-13 08:14:52'),(2648,1,0,'modification anBanners','anBanners',7,1,NULL,1,0,3,'2023-06-13 08:16:06','2023-06-13 08:16:06'),(2649,1,0,'Product modification','Product',281,1,NULL,1,0,2,'2023-06-13 08:21:14','2023-06-13 08:21:14'),(2650,1,0,'Product modification','Product',281,1,NULL,1,0,2,'2023-06-13 08:29:49','2023-06-13 08:29:49'),(2651,1,0,'Connexion au back-office depuis 66.110.171.165','',0,NULL,NULL,1,1,1,'2023-06-13 08:55:49','2023-06-13 08:55:49'),(2652,1,0,'Connexion au back-office depuis 57.134.75.48','',0,NULL,NULL,1,1,3,'2023-06-13 08:55:58','2023-06-13 08:55:58'),(2653,1,0,'Ajout de QuickAccess','QuickAccess',7,1,NULL,1,0,1,'2023-06-13 09:04:02','2023-06-13 09:04:02'),(2654,3,0,'No result was found for query although at least one row was expected.','Translation',0,1,NULL,1,0,2,'2023-06-13 09:13:45','2023-06-13 09:13:45'),(2655,3,0,'No result was found for query although at least one row was expected.','Translation',0,1,NULL,1,0,2,'2023-06-13 09:14:09','2023-06-13 09:14:09'),(2656,3,0,'No result was found for query although at least one row was expected.','Translation',0,1,NULL,1,0,2,'2023-06-13 09:17:15','2023-06-13 09:17:15'),(2657,3,0,'No result was found for query although at least one row was expected.','Translation',0,1,NULL,1,0,2,'2023-06-13 09:17:15','2023-06-13 09:17:15'),(2658,3,0,'No result was found for query although at least one row was expected.','Translation',0,1,NULL,1,0,2,'2023-06-13 09:17:15','2023-06-13 09:17:15'),(2659,3,0,'No result was found for query although at least one row was expected.','Translation',0,1,NULL,1,0,2,'2023-06-13 09:18:00','2023-06-13 09:18:00'),(2660,3,0,'No result was found for query although at least one row was expected.','Translation',0,1,NULL,1,0,2,'2023-06-13 09:18:00','2023-06-13 09:18:00'),(2661,3,0,'No result was found for query although at least one row was expected.','Translation',0,1,NULL,1,0,2,'2023-06-13 09:18:00','2023-06-13 09:18:00'),(2662,3,0,'No result was found for query although at least one row was expected.','Translation',0,1,NULL,1,0,2,'2023-06-13 09:20:16','2023-06-13 09:20:16'),(2663,3,0,'No result was found for query although at least one row was expected.','Translation',0,1,NULL,1,0,2,'2023-06-13 09:22:52','2023-06-13 09:22:52'),(2664,3,0,'You must specify as many arguments (%d, %s ...) as the original string.','Translation',0,1,NULL,1,0,2,'2023-06-13 09:22:52','2023-06-13 09:22:52'),(2665,3,0,'No result was found for query although at least one row was expected.','Translation',0,1,NULL,1,0,2,'2023-06-13 09:22:52','2023-06-13 09:22:52'),(2666,3,0,'No result was found for query although at least one row was expected.','Translation',0,1,NULL,1,0,2,'2023-06-13 09:22:52','2023-06-13 09:22:52'),(2667,3,0,'No result was found for query although at least one row was expected.','Translation',0,1,NULL,1,0,2,'2023-06-13 09:22:52','2023-06-13 09:22:52'),(2668,3,0,'No result was found for query although at least one row was expected.','Translation',0,1,NULL,1,0,2,'2023-06-13 09:22:52','2023-06-13 09:22:52'),(2669,3,0,'No result was found for query although at least one row was expected.','Translation',0,1,NULL,1,0,2,'2023-06-13 09:22:52','2023-06-13 09:22:52'),(2670,3,0,'No result was found for query although at least one row was expected.','Translation',0,1,NULL,1,0,2,'2023-06-13 09:23:26','2023-06-13 09:23:26'),(2671,3,0,'No result was found for query although at least one row was expected.','Translation',0,1,NULL,1,0,2,'2023-06-13 09:24:14','2023-06-13 09:24:14'),(2672,3,0,'You must specify as many arguments (%d, %s ...) as the original string.','Translation',0,1,NULL,1,0,2,'2023-06-13 09:24:14','2023-06-13 09:24:14'),(2673,3,0,'No result was found for query although at least one row was expected.','Translation',0,1,NULL,1,0,2,'2023-06-13 09:27:43','2023-06-13 09:27:43'),(2674,3,0,'No result was found for query although at least one row was expected.','Translation',0,1,NULL,1,0,2,'2023-06-13 09:27:43','2023-06-13 09:27:43'),(2675,3,0,'No result was found for query although at least one row was expected.','Translation',0,1,NULL,1,0,2,'2023-06-13 09:27:43','2023-06-13 09:27:43'),(2676,3,0,'No result was found for query although at least one row was expected.','Translation',0,1,NULL,1,0,2,'2023-06-13 09:27:43','2023-06-13 09:27:43'),(2677,3,0,'No result was found for query although at least one row was expected.','Translation',0,1,NULL,1,0,2,'2023-06-13 09:27:43','2023-06-13 09:27:43'),(2678,3,0,'No result was found for query although at least one row was expected.','Translation',0,1,NULL,1,0,2,'2023-06-13 09:27:43','2023-06-13 09:27:43'),(2679,3,0,'No result was found for query although at least one row was expected.','Translation',0,1,NULL,1,0,2,'2023-06-13 09:27:43','2023-06-13 09:27:43'),(2680,3,0,'No result was found for query although at least one row was expected.','Translation',0,1,NULL,1,0,2,'2023-06-13 09:27:43','2023-06-13 09:27:43'),(2681,3,0,'No result was found for query although at least one row was expected.','Translation',0,1,NULL,1,0,2,'2023-06-13 09:27:43','2023-06-13 09:27:43'),(2682,3,0,'No result was found for query although at least one row was expected.','Translation',0,1,NULL,1,0,2,'2023-06-13 09:27:43','2023-06-13 09:27:43'),(2683,3,0,'No result was found for query although at least one row was expected.','Translation',0,1,NULL,1,0,2,'2023-06-13 09:27:43','2023-06-13 09:27:43'),(2684,3,0,'No result was found for query although at least one row was expected.','Translation',0,1,NULL,1,0,2,'2023-06-13 09:27:43','2023-06-13 09:27:43'),(2685,3,0,'No result was found for query although at least one row was expected.','Translation',0,1,NULL,1,0,2,'2023-06-13 09:27:43','2023-06-13 09:27:43'),(2686,3,0,'No result was found for query although at least one row was expected.','Translation',0,1,NULL,1,0,2,'2023-06-13 09:27:43','2023-06-13 09:27:43'),(2687,3,0,'No result was found for query although at least one row was expected.','Translation',0,1,NULL,1,0,2,'2023-06-13 09:30:29','2023-06-13 09:30:29'),(2688,3,0,'No result was found for query although at least one row was expected.','Translation',0,1,NULL,1,0,2,'2023-06-13 09:30:29','2023-06-13 09:30:29'),(2689,3,0,'No result was found for query although at least one row was expected.','Translation',0,1,NULL,1,0,2,'2023-06-13 09:30:29','2023-06-13 09:30:29'),(2690,3,0,'No result was found for query although at least one row was expected.','Translation',0,1,NULL,1,0,2,'2023-06-13 09:30:29','2023-06-13 09:30:29'),(2691,3,0,'No result was found for query although at least one row was expected.','Translation',0,1,NULL,1,0,2,'2023-06-13 09:30:29','2023-06-13 09:30:29'),(2692,3,0,'No result was found for query although at least one row was expected.','Translation',0,1,NULL,1,0,2,'2023-06-13 09:30:29','2023-06-13 09:30:29'),(2693,1,0,'Protect vendor folder in module amountbeforefreedelivery','',0,1,NULL,1,0,2,'2023-06-13 10:12:04','2023-06-13 10:12:04'),(2694,1,0,'Module amountbeforefreedelivery has no vendor folder','',0,1,NULL,1,0,2,'2023-06-13 10:12:04','2023-06-13 10:12:04'),(2695,1,0,'Protect vendor folder in module stripe_official','',0,1,NULL,1,0,2,'2023-06-13 10:12:37','2023-06-13 10:12:37'),(2696,1,0,'Protect vendor folder in module amountbeforefreedelivery','',0,1,NULL,1,0,2,'2023-06-13 10:16:55','2023-06-13 10:16:55'),(2697,1,0,'Module amountbeforefreedelivery has no vendor folder','',0,1,NULL,1,0,2,'2023-06-13 10:16:55','2023-06-13 10:16:55'),(2698,1,0,'Connexion au back-office depuis 129.222.204.91','',0,NULL,NULL,1,1,2,'2023-06-13 10:40:24','2023-06-13 10:40:24'),(2699,1,0,'Product modification','Product',281,1,NULL,1,0,2,'2023-06-13 10:48:05','2023-06-13 10:48:05'),(2700,1,0,'Product modification','Product',281,1,NULL,1,0,2,'2023-06-13 10:48:12','2023-06-13 10:48:12'),(2701,1,0,'No template found for catalog/_partials/category-header','',0,1,NULL,1,0,0,'2023-06-13 12:38:24','2023-06-13 12:38:24');

--
