-- Table structure for table `bl_product_supplier`
--

CREATE TABLE `bl_product_supplier` (
  `id_product_supplier` int(11) unsigned NOT NULL AUTO_INCREMENT,
  `id_product` int(11) unsigned NOT NULL,
  `id_product_attribute` int(11) unsigned NOT NULL DEFAULT '0',
  `id_supplier` int(11) unsigned NOT NULL,
  `product_supplier_reference` varchar(64) DEFAULT NULL,
  `product_supplier_price_te` decimal(20,6) NOT NULL DEFAULT '0.000000',
  `id_currency` int(11) unsigned NOT NULL,
  PRIMARY KEY (`id_product_supplier`),
  UNIQUE KEY `id_product` (`id_product`,`id_product_attribute`,`id_supplier`),
  KEY `id_supplier` (`id_supplier`,`id_product`)
) ENGINE=InnoDB AUTO_INCREMENT=5 DEFAULT CHARSET=utf8mb4;

--
-- Dumping data for table `bl_product_supplier`
--

INSERT INTO `bl_product_supplier` VALUES (4,19,0,2,'demo_14',5.490000,1);

--
-- Table structure for table `bl_product_tag`
--

CREATE TABLE `bl_product_tag` (
  `id_product` int(10) unsigned NOT NULL,
  `id_tag` int(10) unsigned NOT NULL,
  `id_lang` int(10) unsigned NOT NULL,
  PRIMARY KEY (`id_product`,`id_tag`),
  KEY `id_tag` (`id_tag`),
  KEY `id_lang` (`id_lang`,`id_tag`)
) ENGINE=InnoDB DEFAULT CHARSET=utf8mb4;

--
-- Dumping data for table `bl_product_tag`
--


--
-- Table structure for table `bl_profile`
--

CREATE TABLE `bl_profile` (
  `id_profile` int(10) unsigned NOT NULL AUTO_INCREMENT,
  PRIMARY KEY (`id_profile`)
) ENGINE=InnoDB AUTO_INCREMENT=5 DEFAULT CHARSET=utf8mb4;

--
-- Dumping data for table `bl_profile`
--

INSERT INTO `bl_profile` VALUES (1),(2),(3),(4);

--
-- Table structure for table `bl_profile_lang`
--

CREATE TABLE `bl_profile_lang` (
  `id_lang` int(10) unsigned NOT NULL,
  `id_profile` int(10) unsigned NOT NULL,
  `name` varchar(128) NOT NULL,
  PRIMARY KEY (`id_profile`,`id_lang`)
) ENGINE=InnoDB DEFAULT CHARSET=utf8mb4;

--
-- Dumping data for table `bl_profile_lang`
--

INSERT INTO `bl_profile_lang` VALUES (1,1,'SuperAdmin'),(2,1,'SuperAdmin'),(3,1,'SuperAdmin'),(1,2,'Logisticien'),(2,2,'Logistician'),(3,2,'Logisticien'),(1,3,'Traducteur'),(2,3,'Translator'),(3,3,'Traducteur'),(1,4,'Commercial'),(2,4,'Salesman'),(3,4,'Vendeur');

--
-- Table structure for table `bl_psgdpr_consent`
--

CREATE TABLE `bl_psgdpr_consent` (
  `id_gdpr_consent` int(10) unsigned NOT NULL AUTO_INCREMENT,
  `id_module` int(10) unsigned NOT NULL,
  `active` int(10) NOT NULL,
  `error` int(10) DEFAULT NULL,
  `error_message` text,
  `date_add` datetime NOT NULL,
  `date_upd` datetime NOT NULL,
  PRIMARY KEY (`id_gdpr_consent`,`id_module`)
) ENGINE=InnoDB DEFAULT CHARSET=utf8;

--
-- Dumping data for table `bl_psgdpr_consent`
--


--
-- Table structure for table `bl_psgdpr_consent_lang`
--

CREATE TABLE `bl_psgdpr_consent_lang` (
  `id_gdpr_consent` int(10) unsigned NOT NULL AUTO_INCREMENT,
  `id_lang` int(10) unsigned NOT NULL,
  `message` text,
  `id_shop` int(10) unsigned NOT NULL,
  PRIMARY KEY (`id_gdpr_consent`,`id_lang`,`id_shop`)
) ENGINE=InnoDB DEFAULT CHARSET=utf8;

--
-- Dumping data for table `bl_psgdpr_consent_lang`
--


--
-- Table structure for table `bl_psgdpr_log`
--

CREATE TABLE `bl_psgdpr_log` (
  `id_gdpr_log` int(10) unsigned NOT NULL AUTO_INCREMENT,
  `id_customer` int(10) unsigned DEFAULT NULL,
  `id_guest` int(10) unsigned DEFAULT NULL,
  `client_name` varchar(250) DEFAULT NULL,
  `id_module` int(10) unsigned NOT NULL,
  `request_type` int(10) NOT NULL,
  `date_add` datetime NOT NULL,
  `date_upd` datetime NOT NULL,
  PRIMARY KEY (`id_gdpr_log`),
  KEY `id_customer` (`id_customer`),
  KEY `idx_id_customer` (`id_customer`,`id_guest`,`client_name`,`id_module`,`date_add`,`date_upd`)
) ENGINE=InnoDB AUTO_INCREMENT=3 DEFAULT CHARSET=utf8;

--
-- Dumping data for table `bl_psgdpr_log`
--

INSERT INTO `bl_psgdpr_log` VALUES (1,3,0,'Michel Lapointe',0,1,'2023-05-04 01:35:38','2023-05-04 01:35:38'),(2,4,0,'Julie Lachance',0,1,'2023-06-13 10:14:49','2023-06-13 10:14:49');

--
-- Table structure for table `bl_psreassurance`
--

CREATE TABLE `bl_psreassurance` (
  `id_psreassurance` int(10) unsigned NOT NULL AUTO_INCREMENT,
  `icon` varchar(255) DEFAULT NULL,
  `custom_icon` varchar(255) DEFAULT NULL,
  `status` int(10) unsigned NOT NULL,
  `position` int(10) unsigned NOT NULL,
  `type_link` int(10) unsigned DEFAULT NULL,
  `id_cms` int(10) unsigned DEFAULT NULL,
  `date_add` datetime NOT NULL,
  `date_upd` datetime DEFAULT NULL,
  PRIMARY KEY (`id_psreassurance`)
) ENGINE=InnoDB AUTO_INCREMENT=4 DEFAULT CHARSET=utf8;

--
-- Dumping data for table `bl_psreassurance`
--

INSERT INTO `bl_psreassurance` VALUES (1,'/modules/blockreassurance/views/img/reassurance/pack2/security.svg',NULL,1,1,NULL,NULL,'2023-04-06 11:25:56',NULL),(2,'/modules/blockreassurance/views/img/reassurance/pack2/carrier.svg',NULL,1,2,NULL,NULL,'2023-04-06 11:25:56',NULL),(3,'/modules/blockreassurance/views/img/reassurance/pack2/parcel.svg',NULL,1,3,NULL,NULL,'2023-04-06 11:25:56',NULL);

--
-- Table structure for table `bl_psreassurance_lang`
--

CREATE TABLE `bl_psreassurance_lang` (
  `id_psreassurance` int(10) unsigned NOT NULL,
  `id_lang` int(10) unsigned NOT NULL,
  `title` varchar(255) NOT NULL,
  `description` varchar(255) NOT NULL,
  `link` varchar(255) NOT NULL,
  PRIMARY KEY (`id_psreassurance`,`id_lang`)
) ENGINE=InnoDB DEFAULT CHARSET=utf8;

--
-- Dumping data for table `bl_psreassurance_lang`
--

INSERT INTO `bl_psreassurance_lang` VALUES (1,1,'Garanties sécurité','(à modifier dans le module \"Réassurance\")',''),(1,2,'Security policy','(edit with the Customer Reassurance module)',''),(1,3,'Security policy','(edit with the Customer Reassurance module)',''),(2,1,'Politique de livraison','(à modifier dans le module \"Réassurance\")',''),(2,2,'Delivery policy','(edit with the Customer Reassurance module)',''),(2,3,'Delivery policy','(edit with the Customer Reassurance module)',''),(3,1,'Politique retours','(à modifier dans le module \"Réassurance\")',''),(3,2,'Return policy','(edit with the Customer Reassurance module)',''),(3,3,'Return policy','(edit with the Customer Reassurance module)','');

--
-- Table structure for table `bl_quick_access`
--

CREATE TABLE `bl_quick_access` (
  `id_quick_access` int(10) unsigned NOT NULL AUTO_INCREMENT,
  `new_window` tinyint(1) NOT NULL DEFAULT '0',
  `link` varchar(255) NOT NULL,
  PRIMARY KEY (`id_quick_access`)
) ENGINE=InnoDB AUTO_INCREMENT=8 DEFAULT CHARSET=utf8mb4;

--
-- Dumping data for table `bl_quick_access`
--

INSERT INTO `bl_quick_access` VALUES (1,0,'index.php/sell/orders'),(2,0,'index.php?controller=AdminCartRules&addcart_rule'),(3,0,'index.php/sell/catalog/products/new'),(4,0,'index.php/sell/catalog/categories/new'),(5,0,'index.php/improve/modules/manage'),(6,0,'index.php?controller=AdminStats&module=statscheckup'),(7,0,'index.php/configure/advanced/performance');

--
-- Table structure for table `bl_quick_access_lang`
--

CREATE TABLE `bl_quick_access_lang` (
  `id_quick_access` int(10) unsigned NOT NULL,
  `id_lang` int(10) unsigned NOT NULL,
  `name` varchar(32) NOT NULL,
  PRIMARY KEY (`id_quick_access`,`id_lang`)
) ENGINE=InnoDB DEFAULT CHARSET=utf8mb4;

--
-- Dumping data for table `bl_quick_access_lang`
--

INSERT INTO `bl_quick_access_lang` VALUES (1,1,'Commandes'),(1,2,'Orders'),(1,3,'Commandes'),(2,1,'Nouveau bon de réduction'),(2,2,'New voucher'),(2,3,'Nouveau bon de réduction'),(3,1,'Nouveau produit'),(3,2,'New product'),(3,3,'Nouveau produit'),(4,1,'Nouvelle catégorie'),(4,2,'New category'),(4,3,'Nouvelle catégorie'),(5,1,'Modules installés'),(5,2,'Installed modules'),(5,3,'Modules installés'),(6,1,'Évaluation du catalogue'),(6,2,'Catalog evaluation'),(6,3,'Évaluation du catalogue'),(7,1,'Performances'),(7,2,'Performances'),(7,3,'Performances');

--
-- Table structure for table `bl_range_price`
--

CREATE TABLE `bl_range_price` (
  `id_range_price` int(10) unsigned NOT NULL AUTO_INCREMENT,
  `id_carrier` int(10) unsigned NOT NULL,
  `delimiter1` decimal(20,6) NOT NULL,
  `delimiter2` decimal(20,6) NOT NULL,
  PRIMARY KEY (`id_range_price`),
  UNIQUE KEY `id_carrier` (`id_carrier`,`delimiter1`,`delimiter2`)
) ENGINE=InnoDB AUTO_INCREMENT=7 DEFAULT CHARSET=utf8mb4;

--
-- Dumping data for table `bl_range_price`
--

INSERT INTO `bl_range_price` VALUES (1,2,0.000000,10000.000000),(2,3,0.000000,50.000000),(3,3,50.000000,100.000000),(4,3,100.000000,200.000000),(5,7,0.010000,100.000000),(6,9,0.000000,0.000000);

--
-- Table structure for table `bl_range_weight`
--

CREATE TABLE `bl_range_weight` (
  `id_range_weight` int(10) unsigned NOT NULL AUTO_INCREMENT,
  `id_carrier` int(10) unsigned NOT NULL,
  `delimiter1` decimal(20,6) NOT NULL,
  `delimiter2` decimal(20,6) NOT NULL,
  PRIMARY KEY (`id_range_weight`),
  UNIQUE KEY `id_carrier` (`id_carrier`,`delimiter1`,`delimiter2`)
) ENGINE=InnoDB AUTO_INCREMENT=7 DEFAULT CHARSET=utf8mb4;

--
-- Dumping data for table `bl_range_weight`
--

INSERT INTO `bl_range_weight` VALUES (1,2,0.000000,10000.000000),(2,4,0.000000,1.000000),(3,4,1.000000,3.000000),(4,4,3.000000,10000.000000),(5,6,0.000000,10000.000000),(6,10,0.000000,0.000000);

--
-- Table structure for table `bl_request_sql`
--

CREATE TABLE `bl_request_sql` (
  `id_request_sql` int(11) NOT NULL AUTO_INCREMENT,
  `name` varchar(200) NOT NULL,
  `sql` text NOT NULL,
  PRIMARY KEY (`id_request_sql`)
) ENGINE=InnoDB DEFAULT CHARSET=utf8mb4;

--
-- Dumping data for table `bl_request_sql`
--


--
-- Table structure for table `bl_required_field`
--

CREATE TABLE `bl_required_field` (
  `id_required_field` int(11) NOT NULL AUTO_INCREMENT,
  `object_name` varchar(32) NOT NULL,
  `field_name` varchar(32) NOT NULL,
  PRIMARY KEY (`id_required_field`),
  KEY `object_name` (`object_name`)
) ENGINE=InnoDB DEFAULT CHARSET=utf8mb4;

--
-- Dumping data for table `bl_required_field`
--


--
-- Table structure for table `bl_risk`
--

CREATE TABLE `bl_risk` (
  `id_risk` int(11) unsigned NOT NULL AUTO_INCREMENT,
  `percent` tinyint(3) NOT NULL,
  `color` varchar(32) DEFAULT NULL,
  PRIMARY KEY (`id_risk`)
) ENGINE=InnoDB AUTO_INCREMENT=5 DEFAULT CHARSET=utf8mb4;

--
-- Dumping data for table `bl_risk`
--

INSERT INTO `bl_risk` VALUES (1,0,'#32CD32'),(2,35,'#FF8C00'),(3,75,'#DC143C'),(4,100,'#ec2e15');

--
-- Table structure for table `bl_risk_lang`
--

CREATE TABLE `bl_risk_lang` (
  `id_risk` int(10) unsigned NOT NULL,
  `id_lang` int(10) unsigned NOT NULL,
  `name` varchar(20) NOT NULL,
  PRIMARY KEY (`id_risk`,`id_lang`),
  KEY `id_risk` (`id_risk`)
) ENGINE=InnoDB DEFAULT CHARSET=utf8mb4;

--
-- Dumping data for table `bl_risk_lang`
--

INSERT INTO `bl_risk_lang` VALUES (1,1,'Aucun'),(1,2,'None'),(1,3,'Aucun'),(2,1,'Basse'),(2,2,'Low'),(2,3,'Basse'),(3,1,'Moyenne'),(3,2,'Medium'),(3,3,'Moyenne'),(4,1,'Haute'),(4,2,'High'),(4,3,'Haute');

--
-- Table structure for table `bl_search_engine`
--

CREATE TABLE `bl_search_engine` (
  `id_search_engine` int(10) unsigned NOT NULL AUTO_INCREMENT,
  `server` varchar(64) NOT NULL,
  `getvar` varchar(16) NOT NULL,
  PRIMARY KEY (`id_search_engine`)
) ENGINE=InnoDB AUTO_INCREMENT=39 DEFAULT CHARSET=utf8mb4;

--
-- Dumping data for table `bl_search_engine`
--

INSERT INTO `bl_search_engine` VALUES (1,'google','q'),(2,'aol','q'),(3,'yandex','text'),(4,'ask.com','q'),(5,'nhl.com','q'),(6,'yahoo','p'),(7,'baidu','wd'),(8,'lycos','query'),(9,'exalead','q'),(10,'search.live','q'),(11,'voila','rdata'),(12,'altavista','q'),(13,'bing','q'),(14,'daum','q'),(15,'eniro','search_word'),(16,'naver','query'),(17,'msn','q'),(18,'netscape','query'),(19,'cnn','query'),(20,'about','terms'),(21,'mamma','query'),(22,'alltheweb','q'),(23,'virgilio','qs'),(24,'alice','qs'),(25,'najdi','q'),(26,'mama','query'),(27,'seznam','q'),(28,'onet','qt'),(29,'szukacz','q'),(30,'yam','k'),(31,'pchome','q'),(32,'kvasir','q'),(33,'sesam','q'),(34,'ozu','q'),(35,'terra','query'),(36,'mynet','q'),(37,'ekolay','q'),(38,'rambler','words');

--
-- Table structure for table `bl_search_index`
--

CREATE TABLE `bl_search_index` (
  `id_product` int(11) unsigned NOT NULL,
  `id_word` int(11) unsigned NOT NULL,
  `weight` smallint(4) unsigned NOT NULL DEFAULT '1',
  PRIMARY KEY (`id_word`,`id_product`),
  KEY `id_product` (`id_product`,`weight`)
) ENGINE=InnoDB DEFAULT CHARSET=utf8mb4;

--
-- Dumping data for table `bl_search_index`
--

INSERT INTO `bl_search_index` VALUES (19,109,1),(19,132,1),(19,143,1),(19,165,1),(19,333,1),(19,401,1),(19,721,1),(19,722,1),(19,725,1),(19,728,1),(19,729,1),(19,730,1),(19,731,1),(19,732,1),(19,733,1),(19,734,1),(19,735,1),(19,736,1),(19,737,1),(19,753,1),(19,779,1),(19,926,1),(19,954,1),(19,1399,1),(19,2067,1),(19,2068,1),(19,2069,1),(19,2070,1),(19,2071,1),(19,2072,1),(19,2073,1),(19,2074,1),(19,2075,1),(19,2076,1),(19,2077,1),(19,2100,1),(19,2101,1),(19,2102,1),(19,2103,1),(19,2104,1),(19,2105,1),(19,2106,1),(19,2107,1),(19,2108,1),(19,2120,1),(19,2121,1),(19,2122,1),(19,2123,1),(19,2124,1),(19,2125,1),(19,2126,1),(19,2127,1),(19,2128,1),(19,30,3),(19,31,3),(19,81,3),(19,82,3),(19,136,3),(19,137,3),(19,720,3),(19,738,3),(19,739,3),(19,752,3),(19,767,3),(19,768,3),(19,778,3),(19,794,3),(19,795,3),(19,2066,6),(19,2099,6),(19,2119,6),(19,719,8),(19,751,8),(19,777,8),(19,6,10),(19,62,10),(19,115,10),(20,725,1),(20,2164,1),(20,2165,1),(20,2166,1),(20,2167,1),(20,2168,1),(20,2169,1),(20,2170,1),(20,2171,1),(20,2172,1),(20,2173,1),(20,2174,1),(20,2175,1),(20,2176,1),(20,2177,1),(20,2178,1),(20,2179,1),(20,2180,1),(20,2181,1),(20,2182,1),(20,2183,1),(20,2184,1),(20,2185,1),(20,2186,1),(20,2187,1),(20,2188,1),(20,2189,1),(20,2190,1),(20,2191,1),(20,2192,1),(20,2193,1),(20,2194,1),(20,2195,1),(20,2196,1),(20,2197,1),(20,2198,1),(20,2199,1),(20,2200,1),(20,2201,1),(20,2202,1),(20,2203,1),(20,2204,1),(20,2205,1),(20,2206,1),(20,2207,1),(20,2208,1),(20,2209,1),(20,2210,1),(20,2211,1),(20,2212,1),(20,2213,1),(20,2214,1),(20,2215,1),(20,2216,1),(20,2217,1),(20,2218,1),(20,2219,1),(20,2220,1),(20,2221,1),(20,2222,1),(20,2223,1),(20,2224,1),(20,2225,1),(20,2152,2),(20,2153,2),(20,2154,2),(20,2155,2),(20,2156,2),(20,2157,2),(20,2158,2),(20,2159,2),(20,2160,2),(20,2161,2),(20,2162,2),(20,2163,2),(20,2668,2),(20,2754,2),(20,2765,2),(20,2884,2),(20,2971,2),(20,2983,2),(20,767,3),(20,2226,3),(20,2247,3),(20,2148,6),(20,2149,6),(20,2150,6),(20,2228,6),(20,2229,6),(20,2230,6),(20,2231,6),(20,2232,6),(20,2233,6),(20,2234,6),(20,2235,6),(20,2238,6),(20,2239,6),(20,2240,6),(20,2241,6),(20,2242,6),(20,2243,6),(20,2244,6),(20,2245,6),(20,2144,7),(20,2145,7),(20,2146,7),(20,2147,7),(20,2143,8),(20,4936,10),(20,5025,10),(20,5039,10),(23,725,1),(23,2164,1),(23,2165,1),(23,2166,1),(23,2167,1),(23,2168,1),(23,2169,1),(23,2172,1),(23,2173,1),(23,2174,1),(23,2175,1),(23,2176,1),(23,2178,1),(23,2179,1),(23,2180,1),(23,2181,1),(23,2182,1),(23,2183,1),(23,2184,1),(23,2185,1),(23,2186,1),(23,2187,1),(23,2188,1),(23,2189,1),(23,2190,1),(23,2191,1),(23,2192,1),(23,2193,1),(23,2194,1),(23,2195,1),(23,2196,1),(23,2197,1),(23,2198,1),(23,2199,1),(23,2200,1),(23,2201,1),(23,2204,1),(23,2205,1),(23,2210,1),(23,2212,1),(23,2213,1),(23,2214,1),(23,2217,1),(23,2218,1),(23,2219,1),(23,2220,1),(23,2221,1),(23,2222,1),(23,2223,1),(23,2224,1),(23,2225,1),(23,5511,1),(23,5512,1),(23,5513,1),(23,5514,1),(23,5515,1),(23,5517,1),(23,5518,1),(23,5519,1),(23,5520,1),(23,5521,1),(23,2152,2),(23,2153,2),(23,2154,2),(23,2155,2),(23,2156,2),(23,2157,2),(23,2158,2),(23,2159,2),(23,2160,2),(23,2161,2),(23,2162,2),(23,2163,2),(23,2668,2),(23,2754,2),(23,2765,2),(23,2884,2),(23,2971,2),(23,2983,2),(23,767,3),(23,2226,3),(23,2247,3),(23,5516,3),(23,5522,3),(23,2148,6),(23,2149,6),(23,2150,6),(23,2228,6),(23,2229,6),(23,2231,6),(23,2232,6),(23,2233,6),(23,2234,6),(23,2235,6),(23,2238,6),(23,2239,6),(23,2241,6),(23,2242,6),(23,2243,6),(23,2244,6),(23,2245,6),(23,5596,6),(23,5608,6),(23,2144,7),(23,2146,7),(23,2147,7),(23,5509,7),(23,2143,8),(23,5510,10),(23,5597,10),(23,5609,10),(25,725,1),(25,2152,1),(25,2153,1),(25,2154,1),(25,2155,1),(25,2156,1),(25,2157,1),(25,2158,1),(25,2159,1),(25,2160,1),(25,2161,1),(25,2162,1),(25,2163,1),(25,2164,1),(25,2165,1),(25,2166,1),(25,2167,1),(25,2168,1),(25,2169,1),(25,2170,1),(25,2171,1),(25,2172,1),(25,2173,1),(25,2174,1),(25,2175,1),(25,2176,1),(25,2177,1),(25,2178,1),(25,2179,1),(25,2180,1),(25,2181,1),(25,2182,1),(25,2183,1),(25,2184,1),(25,2185,1),(25,2186,1),(25,2187,1),(25,2188,1),(25,2189,1),(25,2190,1),(25,2191,1),(25,2192,1),(25,2193,1),(25,2194,1),(25,2195,1),(25,2196,1),(25,2197,1),(25,2198,1),(25,2199,1),(25,2200,1),(25,2201,1),(25,2202,1),(25,2203,1),(25,2204,1),(25,2205,1),(25,2206,1),(25,2207,1),(25,2208,1),(25,2209,1),(25,2210,1),(25,2211,1),(25,2212,1),(25,3217,1),(25,5516,1),(25,5522,1),(25,5623,1),(25,5624,1),(25,5625,1),(25,5626,1),(25,5627,1),(25,5628,1),(25,5629,1),(25,5630,1),(25,5631,1),(25,5622,2),(25,767,3),(25,2226,3),(25,2247,3),(25,2228,6),(25,2229,6),(25,2230,6),(25,2231,6),(25,2232,6),(25,2238,6),(25,2239,6),(25,2240,6),(25,2241,6),(25,2242,6),(25,5704,6),(25,5705,6),(25,5713,6),(25,5714,6),(25,2146,7),(25,2147,7),(25,720,8),(25,2143,8),(25,2144,8),(25,2145,8),(25,5620,8),(25,5621,10),(25,5706,10),(25,5715,10),(26,725,1),(26,2159,1),(26,2164,1),(26,2165,1),(26,2166,1),(26,2167,1),(26,2191,1),(26,2192,1),(26,2200,1),(26,2201,1),(26,2202,1),(26,2210,1),(26,2211,1),(26,2213,1),(26,2220,1),(26,2222,1),(26,2224,1),(26,5514,1),(26,5516,1),(26,5522,1),(26,5733,1),(26,5734,1),(26,5735,1),(26,5736,1),(26,5737,1),(26,5738,1),(26,5739,1),(26,5740,1),(26,5741,1),(26,5742,1),(26,5743,1),(26,5744,1),(26,5745,1),(26,5746,1),(26,5747,1),(26,5748,1),(26,5749,1),(26,5750,1),(26,5751,1),(26,5752,1),(26,5753,1),(26,5754,1),(26,5755,1),(26,5756,1),(26,5757,1),(26,5758,1),(26,5759,1),(26,5760,1),(26,5761,1),(26,5762,1),(26,5763,1),(26,5764,1),(26,5765,1),(26,5766,1),(26,5767,1),(26,5768,1),(26,5769,1),(26,5770,1),(26,5771,1),(26,5772,1),(26,5773,1),(26,5774,1),(26,5775,1),(26,5776,1),(26,5777,1),(26,5778,1),(26,5779,1),(26,5780,1),(26,5781,1),(26,5782,1),(26,5783,1),(26,5784,1),(26,5785,1),(26,5786,1),(26,5787,1),(26,5788,1),(26,5726,2),(26,5727,2),(26,5728,2),(26,5729,2),(26,5730,2),(26,5731,2),(26,5732,2),(26,767,3),(26,2226,3),(26,2247,3),(26,5810,6),(26,5811,6),(26,5812,6),(26,5815,6),(26,5816,6),(26,5817,6),(26,5723,7),(26,5722,8),(26,5724,8),(26,5725,10),(26,5813,10),(26,5818,10),(27,725,1),(27,2164,1),(27,2165,1),(27,2166,1),(27,2167,1),(27,2184,1),(27,2191,1),(27,2192,1),(27,2200,1),(27,2201,1),(27,2202,1),(27,2210,1),(27,2213,1),(27,2224,1),(27,5516,1),(27,5522,1),(27,5733,1),(27,5734,1),(27,5735,1),(27,5742,1),(27,5743,1),(27,5760,1),(27,5761,1),(27,5762,1),(27,5764,1),(27,5768,1),(27,5769,1),(27,5775,1),(27,5822,1),(27,5823,1),(27,5824,1),(27,5825,1),(27,5826,1),(27,5827,1),(27,5828,1),(27,5829,1),(27,5830,1),(27,5831,1),(27,5832,1),(27,5833,1),(27,5727,2),(27,5728,2),(27,5729,2),(27,5732,2),(27,767,3),(27,2226,3),(27,2247,3),(27,5810,6),(27,5815,6),(27,5869,6),(27,5870,6),(27,5874,6),(27,5875,6),(27,5722,8),(27,5726,8),(27,5820,8),(27,5821,10),(27,5871,10),(27,5876,10),(28,725,1),(28,2164,1),(28,2165,1),(28,2166,1),(28,2167,1),(28,2188,1),(28,2191,1),(28,2192,1),(28,2200,1),(28,2201,1),(28,2202,1),(28,2213,1),(28,2221,1),(28,2223,1),(28,2224,1),(28,2225,1),(28,5509,1),(28,5516,1),(28,5522,1),(28,5724,1),(28,5733,1),(28,5734,1),(28,5735,1),(28,5736,1),(28,5737,1),(28,5738,1),(28,5739,1),(28,5740,1),(28,5741,1),(28,5742,1),(28,5743,1),(28,5744,1),(28,5751,1),(28,5760,1),(28,5761,1),(28,5762,1),(28,5763,1),(28,5768,1),(28,5781,1),(28,5782,1),(28,5785,1),(28,5786,1),(28,5832,1),(28,5881,1),(28,5882,1),(28,5883,1),(28,5884,1),(28,5885,1),(28,5886,1),(28,5887,1),(28,5888,1),(28,5889,1),(28,5890,1),(28,5891,1),(28,5892,1),(28,5893,1),(28,5894,1),(28,5895,1),(28,5896,1),(28,5897,1),(28,5898,1),(28,5899,1),(28,5727,2),(28,5728,2),(28,5729,2),(28,5730,2),(28,5731,2),(28,5732,2),(28,767,3),(28,2226,3),(28,2247,3),(28,5810,6),(28,5811,6),(28,5815,6),(28,5816,6),(28,5952,6),(28,5957,6),(28,5723,7),(28,5879,7),(28,5722,8),(28,5880,10),(28,5953,10),(28,5958,10),(29,725,1),(29,2143,1),(29,2144,1),(29,2152,1),(29,2164,1),(29,2165,1),(29,2166,1),(29,2167,1),(29,2191,1),(29,2192,1),(29,2200,1),(29,2201,1),(29,2203,1),(29,2211,1),(29,2213,1),(29,2220,1),(29,2222,1),(29,5516,1),(29,5522,1),(29,5733,1),(29,5760,1),(29,5761,1),(29,5762,1),(29,5765,1),(29,5766,1),(29,5767,1),(29,5768,1),(29,5769,1),(29,5770,1),(29,5775,1),(29,5965,1),(29,5966,1),(29,5967,1),(29,5968,1),(29,5969,1),(29,5970,1),(29,5971,1),(29,5972,1),(29,5973,1),(29,5974,1),(29,5975,1),(29,5976,1),(29,5977,1),(29,5978,1),(29,5979,1),(29,5980,1),(29,5981,1),(29,5982,1),(29,5983,1),(29,5984,1),(29,5985,1),(29,5986,1),(29,5987,1),(29,5988,1),(29,5989,1),(29,5990,1),(29,5991,1),(29,5992,1),(29,5993,1),(29,5994,1),(29,5995,1),(29,5996,1),(29,5997,1),(29,5998,1),(29,5999,1),(29,6000,1),(29,6001,1),(29,6002,1),(29,6003,1),(29,6004,1),(29,6005,1),(29,6006,1),(29,6007,1),(29,6008,1),(29,6009,1),(29,6010,1),(29,6011,1),(29,6012,1),(29,6013,1),(29,6014,1),(29,6015,1),(29,6016,1),(29,6017,1),(29,6018,1),(29,6019,1),(29,6020,1),(29,6021,1),(29,5726,2),(29,5727,2),(29,5728,2),(29,5730,2),(29,5731,2),(29,5732,2),(29,5964,2),(29,767,3),(29,2226,3),(29,2247,3),(29,5810,6),(29,5811,6),(29,5812,6),(29,5815,6),(29,5816,6),(29,5817,6),(29,6062,6),(29,6068,6),(29,5723,7),(29,5724,7),(29,5722,8),(29,5962,8),(29,5963,10),(29,6063,10),(29,6069,10),(30,725,1),(30,2143,1),(30,2144,1),(30,2145,1),(30,2152,1),(30,2164,1),(30,2165,1),(30,2166,1),(30,2167,1),(30,2191,1),(30,2192,1),(30,2200,1),(30,2201,1),(30,2210,1),(30,2213,1),(30,5516,1),(30,5522,1),(30,5733,1),(30,5759,1),(30,5760,1),(30,5761,1),(30,5762,1),(30,5767,1),(30,5777,1),(30,5778,1),(30,5965,1),(30,5966,1),(30,5967,1),(30,5968,1),(30,5969,1),(30,5970,1),(30,5971,1),(30,5972,1),(30,5973,1),(30,5978,1),(30,5979,1),(30,5980,1),(30,5981,1),(30,5982,1),(30,5987,1),(30,5990,1),(30,5991,1),(30,5992,1),(30,6009,1),(30,6017,1),(30,6018,1),(30,6019,1),(30,6020,1),(30,6076,1),(30,6077,1),(30,6078,1),(30,6079,1),(30,6080,1),(30,6081,1),(30,6082,1),(30,6083,1),(30,6084,1),(30,6085,1),(30,6086,1),(30,6087,1),(30,6088,1),(30,6089,1),(30,6090,1),(30,6091,1),(30,6092,1),(30,6093,1),(30,6094,1),(30,6095,1),(30,6096,1),(30,6097,1),(30,6098,1),(30,6099,1),(30,6100,1),(30,6101,1),(30,6102,1),(30,6103,1),(30,6104,1),(30,6105,1),(30,5726,2),(30,5727,2),(30,5728,2),(30,5730,2),(30,5731,2),(30,5732,2),(30,5964,2),(30,767,3),(30,2226,3),(30,2247,3),(30,5810,6),(30,5811,6),(30,5812,6),(30,5815,6),(30,5816,6),(30,5817,6),(30,6165,6),(30,6171,6),(30,5723,7),(30,5724,7),(30,5722,8),(30,6074,8),(30,6075,10),(30,6166,10),(30,6172,10),(31,725,1),(31,2152,1),(31,2164,1),(31,2165,1),(31,2166,1),(31,2167,1),(31,2180,1),(31,2192,1),(31,2200,1),(31,2201,1),(31,2210,1),(31,2213,1),(31,2222,1),(31,2224,1),(31,5516,1),(31,5522,1),(31,5722,1),(31,5726,1),(31,5734,1),(31,5760,1),(31,5761,1),(31,5762,1),(31,5767,1),(31,5774,1),(31,5832,1),(31,5899,1),(31,5999,1),(31,6007,1),(31,6081,1),(31,6094,1),(31,6181,1),(31,6182,1),(31,6183,1),(31,6184,1),(31,6185,1),(31,6186,1),(31,6187,1),(31,6188,1),(31,6189,1),(31,6190,1),(31,6191,1),(31,6192,1),(31,6193,1),(31,6194,1),(31,6195,1),(31,6196,1),(31,6197,1),(31,6198,1),(31,6199,1),(31,6200,1),(31,6201,1),(31,6202,1),(31,6203,1),(31,6204,1),(31,6205,1),(31,6206,1),(31,6207,1),(31,6208,1),(31,6209,1),(31,6210,1),(31,6211,1),(31,6212,1),(31,6213,1),(31,6214,1),(31,6215,1),(31,5727,2),(31,5728,2),(31,5735,2),(31,5990,2),(31,6083,2),(31,6179,2),(31,6180,2),(31,767,3),(31,2226,3),(31,2247,3),(31,5811,6),(31,5816,6),(31,5952,6),(31,5957,6),(31,6254,6),(31,6259,6),(31,5879,7),(31,6177,7),(31,5723,8),(31,6178,10),(31,6255,10),(31,6260,10),(32,725,1),(32,2153,1),(32,2164,1),(32,2165,1),(32,2166,1),(32,2167,1),(32,2192,1),(32,2200,1),(32,2201,1),(32,2210,1),(32,2213,1),(32,2220,1),(32,2223,1),(32,2224,1),(32,5516,1),(32,5522,1),(32,5767,1),(32,5823,1),(32,5824,1),(32,5832,1),(32,6007,1),(32,6092,1),(32,6214,1),(32,6350,1),(32,6351,1),(32,6352,1),(32,6353,1),(32,6354,1),(32,6355,1),(32,6356,1),(32,6357,1),(32,6358,1),(32,6359,1),(32,6360,1),(32,6361,1),(32,6362,1),(32,6363,1),(32,6364,1),(32,6365,1),(32,6366,1),(32,6367,1),(32,6368,1),(32,6369,1),(32,6370,1),(32,6371,1),(32,6372,1),(32,6373,1),(32,6374,1),(32,6375,1),(32,6376,1),(32,6377,1),(32,6378,1),(32,6379,1),(32,6380,1),(32,6381,1),(32,6382,1),(32,6383,1),(32,6384,1),(32,6385,1),(32,6386,1),(32,6387,1),(32,6388,1),(32,6389,1),(32,6390,1),(32,6391,1),(32,6392,1),(32,6347,2),(32,6348,2),(32,6349,2),(32,767,3),(32,2226,3),(32,2247,3),(32,6418,6),(32,6419,6),(32,6420,6),(32,6423,6),(32,6424,6),(32,6425,6),(32,6344,7),(32,6345,7),(32,6291,8),(32,6346,10),(32,6421,10),(32,6426,10),(33,2164,1),(33,2165,1),(33,2166,1),(33,2167,1),(33,2192,1),(33,2200,1),(33,2201,1),(33,2210,1),(33,2212,1),(33,2213,1),(33,5516,1),(33,5522,1),(33,5760,1),(33,5761,1),(33,5762,1),(33,5978,1),(33,5979,1),(33,5980,1),(33,5981,1),(33,5987,1),(33,6019,1),(33,6020,1),(33,6081,1),(33,6270,1),(33,6271,1),(33,6272,1),(33,6273,1),(33,6274,1),(33,6275,1),(33,6276,1),(33,6277,1),(33,6278,1),(33,6279,1),(33,6280,1),(33,6281,1),(33,6282,1),(33,6283,1),(33,6284,1),(33,6285,1),(33,6286,1),(33,6287,1),(33,6288,1),(33,6289,1),(33,6290,1),(33,6291,1),(33,6292,1),(33,6293,1),(33,6294,1),(33,6295,1),(33,6296,1),(33,6297,1),(33,6298,1),(33,6299,1),(33,5722,2),(33,5726,2),(33,6266,2),(33,6267,2),(33,6268,2),(33,6269,2),(33,767,3),(33,2226,3),(33,2247,3),(33,5811,6),(33,5816,6),(33,6062,6),(33,6068,6),(33,6330,6),(33,6331,6),(33,6332,6),(33,6337,6),(33,6338,6),(33,6339,6),(33,5723,7),(33,6013,7),(33,6264,7),(33,5962,8),(33,5977,8),(33,6265,10),(33,6333,10),(33,6340,10),(34,2164,1),(34,2165,1),(34,2166,1),(34,2167,1),(34,2192,1),(34,2200,1),(34,2201,1),(34,2206,1),(34,2210,1),(34,2212,1),(34,2213,1),(34,5516,1),(34,5522,1),(34,5760,1),(34,5761,1),(34,5762,1),(34,5833,1),(34,5978,1),(34,5979,1),(34,5980,1),(34,5981,1),(34,5987,1),(34,5988,1),(34,6013,1),(34,6019,1),(34,6020,1),(34,6271,1),(34,6272,1),(34,6273,1),(34,6274,1),(34,6275,1),(34,6276,1),(34,6277,1),(34,6278,1),(34,6279,1),(34,6288,1),(34,6291,1),(34,6292,1),(34,6293,1),(34,6294,1),(34,6295,1),(34,6296,1),(34,6297,1),(34,6298,1),(34,6299,1),(34,6515,1),(34,6516,1),(34,6517,1),(34,6518,1),(34,6519,1),(34,5722,2),(34,5726,2),(34,6074,2),(34,6266,2),(34,6267,2),(34,6268,2),(34,6269,2),(34,767,3),(34,2226,3),(34,2247,3),(34,5723,6),(34,5811,6),(34,5816,6),(34,6330,6),(34,6337,6),(34,6576,6),(34,6577,6),(34,6578,6),(34,6583,6),(34,6584,6),(34,6585,6),(34,6080,7),(34,6512,7),(34,6513,7),(34,5977,8),(34,6514,10),(34,6579,10),(34,6586,10),(35,2145,1),(35,2152,1),(35,2164,1),(35,2165,1),(35,2166,1),(35,2167,1),(35,2192,1),(35,5516,1),(35,5522,1),(35,5722,1),(35,5752,1),(35,5760,1),(35,5761,1),(35,5762,1),(35,5968,1),(35,5975,1),(35,5985,1),(35,6018,1),(35,6019,1),(35,6020,1),(35,6085,1),(35,6291,1),(35,6293,1),(35,6294,1),(35,6515,1),(35,6937,1),(35,6938,1),(35,6939,1),(35,6940,1),(35,6941,1),(35,6942,1),(35,6943,1),(35,6944,1),(35,6945,1),(35,6946,1),(35,6947,1),(35,6948,1),(35,6949,1),(35,6950,1),(35,6951,1),(35,6952,1),(35,6953,1),(35,6954,1),(35,6955,1),(35,6956,1),(35,6957,1),(35,6958,1),(35,6959,1),(35,6960,1),(35,6961,1),(35,725,2),(35,5767,2),(35,5885,2),(35,6007,2),(35,6191,2),(35,6935,2),(35,6936,2),(35,767,3),(35,2226,3),(35,2247,3),(35,2228,6),(35,2229,6),(35,2238,6),(35,2239,6),(35,5811,6),(35,5812,6),(35,5816,6),(35,5817,6),(35,6997,6),(35,6998,6),(35,6999,6),(35,7006,6),(35,7007,6),(35,7008,6),(35,2143,7),(35,2144,7),(35,5723,7),(35,5724,7),(35,6932,7),(35,6933,7),(35,6931,8),(35,6934,10),(35,7000,10),(35,7009,10),(36,725,1),(36,2143,1),(36,2144,1),(36,2145,1),(36,2146,1),(36,2147,1),(36,2158,1),(36,2164,1),(36,2165,1),(36,2167,1),(36,2192,1),(36,2200,1),(36,2201,1),(36,2210,1),(36,2211,1),(36,5516,1),(36,5522,1),(36,5730,1),(36,5760,1),(36,6019,1),(36,6214,1),(36,6291,1),(36,6386,1),(36,6947,1),(36,7042,1),(36,7858,1),(36,7873,1),(36,8156,1),(36,8157,1),(36,8158,1),(36,8159,1),(36,8160,1),(36,8161,1),(36,8162,1),(36,8163,1),(36,8164,1),(36,8165,1),(36,8166,1),(36,8167,1),(36,8168,1),(36,8169,1),(36,8170,1),(36,8171,1),(36,8172,1),(36,8173,1),(36,8174,1),(36,8175,1),(36,8176,1),(36,8177,1),(36,8178,1),(36,8179,1),(36,8180,1),(36,8181,1),(36,8182,1),(36,8183,1),(36,8184,1),(36,8185,1),(36,8186,1),(36,2166,2),(36,2172,2),(36,2184,2),(36,6357,2),(36,767,3),(36,2226,3),(36,2247,3),(36,8220,6),(36,8221,6),(36,8224,6),(36,8225,6),(36,2169,7),(36,8154,8),(36,8155,10),(36,8222,10),(36,8226,10),(37,2143,1),(37,2144,1),(37,2152,1),(37,2164,1),(37,2165,1),(37,2166,1),(37,2167,1),(37,2193,1),(37,2203,1),(37,2206,1),(37,2213,1),(37,5516,1),(37,5517,1),(37,5522,1),(37,5760,1),(37,5986,1),(37,5992,1),(37,6081,1),(37,6370,1),(37,7016,1),(37,7026,1),(37,7027,1),(37,7028,1),(37,7029,1),(37,7030,1),(37,7031,1),(37,7032,1),(37,7033,1),(37,7034,1),(37,7035,1),(37,7036,1),(37,7037,1),(37,7038,1),(37,7039,1),(37,7040,1),(37,7041,1),(37,7042,1),(37,7043,1),(37,7044,1),(37,7045,1),(37,7046,1),(37,7048,1),(37,7049,1),(37,7050,1),(37,7055,1),(37,7057,1),(37,7062,1),(37,7064,1),(37,7065,1),(37,7066,1),(37,7071,1),(37,7073,1),(37,7074,1),(37,7075,1),(37,7076,1),(37,7077,1),(37,7078,1),(37,7079,1),(37,7080,1),(37,7465,1),(37,7476,1),(37,7477,1),(37,7478,1),(37,7479,1),(37,7480,1),(37,7481,1),(37,7482,1),(37,7483,1),(37,7484,1),(37,7485,1),(37,7486,1),(37,7582,1),(37,7589,1),(37,7592,1),(37,7593,1),(37,7594,1),(37,7595,1),(37,7596,1),(37,7605,1),(37,7613,1),(37,7614,1),(37,7615,1),(37,7616,1),(37,7715,1),(37,7716,1),(37,7717,1),(37,7718,1),(37,7719,1),(37,7720,1),(37,7721,1),(37,7722,1),(37,7723,1),(37,7724,1),(37,7725,1),(37,7726,1),(37,7727,1),(37,7728,1),(37,7711,2),(37,7712,2),(37,7713,2),(37,7714,2),(37,767,3),(37,2226,3),(37,2247,3),(37,7107,6),(37,7116,6),(37,7699,6),(37,7704,6),(37,7709,6),(37,7815,6),(37,7820,6),(37,7015,7),(37,7024,8),(37,7710,10),(37,7816,10),(37,7821,10),(38,2143,1),(38,2144,1),(38,2152,1),(38,2164,1),(38,2165,1),(38,2166,1),(38,2167,1),(38,2193,1),(38,2203,1),(38,2206,1),(38,2213,1),(38,5516,1),(38,5517,1),(38,5522,1),(38,5760,1),(38,5986,1),(38,5992,1),(38,6081,1),(38,6370,1),(38,7016,1),(38,7026,1),(38,7027,1),(38,7028,1),(38,7029,1),(38,7030,1),(38,7031,1),(38,7032,1),(38,7033,1),(38,7034,1),(38,7035,1),(38,7036,1),(38,7037,1),(38,7038,1),(38,7039,1),(38,7040,1),(38,7041,1),(38,7042,1),(38,7043,1),(38,7044,1),(38,7045,1),(38,7046,1),(38,7048,1),(38,7049,1),(38,7050,1),(38,7053,1),(38,7055,1),(38,7062,1),(38,7063,1),(38,7064,1),(38,7065,1),(38,7066,1),(38,7071,1),(38,7073,1),(38,7074,1),(38,7075,1),(38,7076,1),(38,7077,1),(38,7078,1),(38,7079,1),(38,7080,1),(38,7465,1),(38,7476,1),(38,7477,1),(38,7478,1),(38,7479,1),(38,7480,1),(38,7481,1),(38,7482,1),(38,7483,1),(38,7484,1),(38,7485,1),(38,7486,1),(38,7582,1),(38,7583,1),(38,7584,1),(38,7585,1),(38,7586,1),(38,7587,1),(38,7588,1),(38,7589,1),(38,7590,1),(38,7591,1),(38,7592,1),(38,7593,1),(38,7594,1),(38,7595,1),(38,7596,1),(38,7597,1),(38,7598,1),(38,7599,1),(38,7600,1),(38,7601,1),(38,7602,1),(38,7603,1),(38,7604,1),(38,7605,1),(38,7606,1),(38,7607,1),(38,7608,1),(38,7609,1),(38,7610,1),(38,7611,1),(38,7612,1),(38,7613,1),(38,7614,1),(38,7615,1),(38,7616,1),(38,7617,1),(38,7618,1),(38,5966,2),(38,5975,2),(38,6942,2),(38,7460,2),(38,7575,2),(38,7576,2),(38,7577,2),(38,7578,2),(38,7579,2),(38,7580,2),(38,7581,2),(38,767,3),(38,2226,3),(38,2247,3),(38,6254,6),(38,6259,6),(38,7457,6),(38,7562,6),(38,7569,6),(38,7699,6),(38,7704,6),(38,6177,7),(38,7024,7),(38,7574,10),(38,7700,10),(38,7705,10),(39,2143,1),(39,2144,1),(39,2152,1),(39,2164,1),(39,2165,1),(39,2166,1),(39,2167,1),(39,2193,1),(39,2203,1),(39,2206,1),(39,2213,1),(39,5516,1),(39,5517,1),(39,5522,1),(39,5760,1),(39,5986,1),(39,5992,1),(39,6081,1),(39,6370,1),(39,6515,1),(39,7015,1),(39,7016,1),(39,7026,1),(39,7027,1),(39,7028,1),(39,7029,1),(39,7030,1),(39,7031,1),(39,7032,1),(39,7033,1),(39,7034,1),(39,7035,1),(39,7036,1),(39,7037,1),(39,7038,1),(39,7039,1),(39,7040,1),(39,7041,1),(39,7042,1),(39,7043,1),(39,7044,1),(39,7045,1),(39,7046,1),(39,7048,1),(39,7049,1),(39,7050,1),(39,7051,1),(39,7052,1),(39,7053,1),(39,7054,1),(39,7055,1),(39,7057,1),(39,7058,1),(39,7061,1),(39,7062,1),(39,7063,1),(39,7064,1),(39,7065,1),(39,7066,1),(39,7073,1),(39,7074,1),(39,7075,1),(39,7076,1),(39,7077,1),(39,7078,1),(39,7079,1),(39,7080,1),(39,7464,1),(39,7465,1),(39,7466,1),(39,7467,1),(39,7468,1),(39,7469,1),(39,7470,1),(39,7471,1),(39,7472,1),(39,7473,1),(39,7474,1),(39,7475,1),(39,7476,1),(39,7477,1),(39,7478,1),(39,7479,1),(39,7480,1),(39,7481,1),(39,7482,1),(39,7483,1),(39,7484,1),(39,7485,1),(39,7486,1),(39,7487,1),(39,6190,2),(39,6214,2),(39,7459,2),(39,7460,2),(39,7461,2),(39,7462,2),(39,7463,2),(39,767,3),(39,2226,3),(39,2247,3),(39,6419,6),(39,6424,6),(39,7457,6),(39,7560,6),(39,7561,6),(39,7562,6),(39,7563,6),(39,7567,6),(39,7568,6),(39,7569,6),(39,7570,6),(39,5770,7),(39,6291,7),(39,7455,7),(39,7456,7),(39,7458,10),(39,7564,10),(39,7571,10),(41,2143,1),(41,2144,1),(41,2152,1),(41,2164,1),(41,2165,1),(41,2166,1),(41,2167,1),(41,2193,1),(41,2203,1),(41,2213,1),(41,5516,1),(41,5517,1),(41,5522,1),(41,5760,1),(41,5761,1),(41,5986,1),(41,5992,1),(41,6081,1),(41,7026,1),(41,7027,1),(41,7028,1),(41,7029,1),(41,7030,1),(41,7031,1),(41,7032,1),(41,7033,1),(41,7034,1),(41,7035,1),(41,7036,1),(41,7037,1),(41,7038,1),(41,7039,1),(41,7040,1),(41,7041,1),(41,7042,1),(41,7043,1),(41,7044,1),(41,7045,1),(41,7046,1),(41,7047,1),(41,7048,1),(41,7049,1),(41,7050,1),(41,7051,1),(41,7052,1),(41,7053,1),(41,7054,1),(41,7055,1),(41,7056,1),(41,7057,1),(41,7058,1),(41,7059,1),(41,7060,1),(41,7061,1),(41,7062,1),(41,7063,1),(41,7064,1),(41,7065,1),(41,7066,1),(41,7067,1),(41,7068,1),(41,7069,1),(41,7070,1),(41,7071,1),(41,7072,1),(41,7073,1),(41,7074,1),(41,7075,1),(41,7076,1),(41,7077,1),(41,7078,1),(41,7079,1),(41,7080,1),(41,7126,1),(41,725,2),(41,6013,2),(41,6019,2),(41,6370,2),(41,6932,2),(41,6960,2),(41,7022,2),(41,7023,2),(41,7024,2),(41,767,3),(41,2226,3),(41,2247,3),(41,5962,6),(41,6062,6),(41,6068,6),(41,7017,6),(41,7018,6),(41,7019,6),(41,7020,6),(41,7107,6),(41,7108,6),(41,7109,6),(41,7110,6),(41,7111,6),(41,7112,6),(41,7116,6),(41,7117,6),(41,7118,6),(41,7119,6),(41,7120,6),(41,7121,6),(41,7015,7),(41,7016,8),(41,7125,10),(41,7217,10),(41,7226,10),(42,2143,1),(42,2144,1),(42,2152,1),(42,2164,1),(42,2165,1),(42,2166,1),(42,2167,1),(42,2193,1),(42,2203,1),(42,2213,1),(42,5516,1),(42,5517,1),(42,5522,1),(42,5760,1),(42,5761,1),(42,5986,1),(42,5992,1),(42,6081,1),(42,7025,1),(42,7026,1),(42,7027,1),(42,7028,1),(42,7029,1),(42,7030,1),(42,7031,1),(42,7032,1),(42,7033,1),(42,7034,1),(42,7035,1),(42,7036,1),(42,7037,1),(42,7038,1),(42,7039,1),(42,7040,1),(42,7041,1),(42,7042,1),(42,7043,1),(42,7044,1),(42,7045,1),(42,7046,1),(42,7047,1),(42,7048,1),(42,7049,1),(42,7050,1),(42,7051,1),(42,7052,1),(42,7053,1),(42,7054,1),(42,7055,1),(42,7056,1),(42,7057,1),(42,7058,1),(42,7059,1),(42,7060,1),(42,7061,1),(42,7062,1),(42,7063,1),(42,7064,1),(42,7065,1),(42,7066,1),(42,7067,1),(42,7068,1),(42,7069,1),(42,7070,1),(42,7071,1),(42,7072,1),(42,7073,1),(42,7074,1),(42,7075,1),(42,7076,1),(42,7077,1),(42,7078,1),(42,7079,1),(42,7080,1),(42,725,2),(42,6013,2),(42,6019,2),(42,6370,2),(42,6932,2),(42,6960,2),(42,7022,2),(42,7023,2),(42,7024,2),(42,767,3),(42,2226,3),(42,2247,3),(42,5962,6),(42,6062,6),(42,6068,6),(42,7017,6),(42,7018,6),(42,7019,6),(42,7020,6),(42,7107,6),(42,7108,6),(42,7109,6),(42,7110,6),(42,7111,6),(42,7112,6),(42,7116,6),(42,7117,6),(42,7118,6),(42,7119,6),(42,7120,6),(42,7121,6),(42,7015,7),(42,7016,8),(42,7021,10),(42,7113,10),(42,7122,10),(45,2152,1),(45,2164,1),(45,2165,1),(45,2193,1),(45,2203,1),(45,2206,1),(45,2213,1),(45,5516,1),(45,5517,1),(45,5522,1),(45,5760,1),(45,5966,1),(45,5975,1),(45,5986,1),(45,5992,1),(45,6081,1),(45,6370,1),(45,6942,1),(45,7016,1),(45,7026,1),(45,7027,1),(45,7028,1),(45,7029,1),(45,7030,1),(45,7031,1),(45,7032,1),(45,7033,1),(45,7034,1),(45,7035,1),(45,7036,1),(45,7037,1),(45,7038,1),(45,7039,1),(45,7040,1),(45,7041,1),(45,7042,1),(45,7043,1),(45,7044,1),(45,7045,1),(45,7046,1),(45,7048,1),(45,7049,1),(45,7050,1),(45,7053,1),(45,7055,1),(45,7062,1),(45,7063,1),(45,7064,1),(45,7065,1),(45,7066,1),(45,7071,1),(45,7073,1),(45,7074,1),(45,7075,1),(45,7076,1),(45,7077,1),(45,7078,1),(45,7079,1),(45,7080,1),(45,7460,1),(45,7476,1),(45,7477,1),(45,7478,1),(45,7479,1),(45,7480,1),(45,7481,1),(45,7482,1),(45,7483,1),(45,7484,1),(45,7485,1),(45,7486,1),(45,7575,1),(45,7576,1),(45,7577,1),(45,7578,1),(45,7579,1),(45,7580,1),(45,7581,1),(45,7583,1),(45,7584,1),(45,7585,1),(45,7586,1),(45,7587,1),(45,7588,1),(45,7589,1),(45,7590,1),(45,7591,1),(45,7592,1),(45,7593,1),(45,7594,1),(45,7595,1),(45,7596,1),(45,7597,1),(45,7598,1),(45,7599,1),(45,7600,1),(45,7601,1),(45,7602,1),(45,7603,1),(45,7604,1),(45,7605,1),(45,7606,1),(45,7607,1),(45,7608,1),(45,7609,1),(45,7610,1),(45,7611,1),(45,7612,1),(45,7613,1),(45,7614,1),(45,7615,1),(45,7616,1),(45,7617,1),(45,7618,1),(45,8229,1),(45,2143,2),(45,2144,2),(45,2166,2),(45,2167,2),(45,7465,2),(45,767,3),(45,2226,3),(45,2247,3),(45,5628,6),(45,6254,6),(45,6259,6),(45,7457,6),(45,7562,6),(45,7569,6),(45,7699,6),(45,7704,6),(45,8228,6),(45,8355,6),(45,8356,6),(45,8362,6),(45,8363,6),(45,7024,7),(45,6177,8),(45,7574,10),(45,7700,10),(45,7705,10),(46,725,1),(46,2152,1),(46,2164,1),(46,2165,1),(46,2166,1),(46,2167,1),(46,2203,1),(46,2213,1),(46,5752,1),(46,5962,1),(46,5986,1),(46,5992,1),(46,6177,1),(46,6208,1),(46,6214,1),(46,6370,1),(46,7015,1),(46,7016,1),(46,7017,1),(46,7024,1),(46,7026,1),(46,7027,1),(46,7028,1),(46,7029,1),(46,7030,1),(46,7031,1),(46,7032,1),(46,7033,1),(46,7034,1),(46,7035,1),(46,7036,1),(46,7577,1),(46,7615,1),(46,7616,1),(46,7830,1),(46,7831,1),(46,7832,1),(46,7833,1),(46,7834,1),(46,7835,1),(46,7836,1),(46,7837,1),(46,7838,1),(46,7839,1),(46,7840,1),(46,7841,1),(46,7842,1),(46,7843,1),(46,7844,1),(46,7845,1),(46,7846,1),(46,7847,1),(46,7848,1),(46,7849,1),(46,7850,1),(46,7851,1),(46,7852,1),(46,7853,1),(46,7854,1),(46,7855,1),(46,7856,1),(46,7857,1),(46,7858,1),(46,7859,1),(46,7860,1),(46,7861,1),(46,7862,1),(46,7863,1),(46,7864,1),(46,7865,1),(46,7866,1),(46,7867,1),(46,7868,1),(46,7869,1),(46,7870,1),(46,7871,1),(46,7872,1),(46,7873,1),(46,7874,1),(46,7875,1),(46,2143,2),(46,2144,2),(46,2168,2),(46,2206,2),(46,5514,2),(46,7827,2),(46,7828,2),(46,7829,2),(46,767,3),(46,2226,3),(46,2247,3),(46,7562,6),(46,7569,6),(46,7917,6),(46,7921,6),(46,7457,8),(46,7825,8),(46,7826,10),(46,7918,10),(46,7922,10),(47,2146,1),(47,2147,1),(47,2152,1),(47,2163,1),(47,2164,1),(47,2165,1),(47,2166,1),(47,2167,1),(47,2176,1),(47,2180,1),(47,2183,1),(47,2188,1),(47,2193,1),(47,2200,1),(47,2201,1),(47,2202,1),(47,2203,1),(47,2204,1),(47,2205,1),(47,2206,1),(47,2207,1),(47,2208,1),(47,2209,1),(47,2210,1),(47,2212,1),(47,2213,1),(47,2217,1),(47,2218,1),(47,2219,1),(47,2220,1),(47,2221,1),(47,2222,1),(47,2223,1),(47,2224,1),(47,2225,1),(47,5519,1),(47,5521,1),(47,5767,1),(47,5769,1),(47,5770,1),(47,5774,1),(47,5779,1),(47,5829,1),(47,5832,1),(47,5895,1),(47,5897,1),(47,5899,1),(47,5962,1),(47,5992,1),(47,5999,1),(47,6007,1),(47,6081,1),(47,6103,1),(47,6187,1),(47,6188,1),(47,6189,1),(47,6190,1),(47,6191,1),(47,6193,1),(47,6196,1),(47,6197,1),(47,6198,1),(47,6199,1),(47,6200,1),(47,6202,1),(47,6203,1),(47,6204,1),(47,6213,1),(47,6214,1),(47,6215,1),(47,6932,1),(47,7017,1),(47,7018,1),(47,7023,1),(47,7024,1),(47,7075,1),(47,7466,1),(47,8375,1),(47,8376,1),(47,8377,1),(47,8378,1),(47,8379,1),(47,8380,1),(47,8381,1),(47,8384,1),(47,8385,1),(47,8386,1),(47,8390,1),(47,8391,1),(47,8392,1),(47,8393,1),(47,8394,1),(47,8395,1),(47,8396,1),(47,8397,1),(47,8398,1),(47,8399,1),(47,8501,1),(47,8503,1),(47,8504,1),(47,8505,1),(47,8506,1),(47,8507,1),(47,8508,1),(47,8509,1),(47,8510,1),(47,8512,1),(47,8515,1),(47,8610,1),(47,8611,1),(47,8612,1),(47,8613,1),(47,8614,1),(47,8615,1),(47,8616,1),(47,8617,1),(47,8618,1),(47,725,2),(47,2143,2),(47,2144,2),(47,2145,2),(47,2668,2),(47,5723,2),(47,6177,2),(47,6192,2),(47,7015,2),(47,7016,2),(47,7077,2),(47,8371,2),(47,8372,2),(47,8609,2),(47,767,3),(47,2226,3),(47,2247,3),(47,8481,6),(47,8482,6),(47,8487,6),(47,8488,6),(47,8607,6),(47,8743,6),(47,8748,6),(47,7035,7),(47,8369,7),(47,8608,10),(47,8744,10),(47,8749,10),(48,725,1),(48,2152,1),(48,2163,1),(48,2164,1),(48,2165,1),(48,2166,1),(48,2167,1),(48,2176,1),(48,2188,1),(48,2193,1),(48,2200,1),(48,2201,1),(48,2202,1),(48,2203,1),(48,2204,1),(48,2205,1),(48,2206,1),(48,2207,1),(48,2208,1),(48,2209,1),(48,2212,1),(48,2213,1),(48,2217,1),(48,2218,1),(48,2219,1),(48,2220,1),(48,2221,1),(48,2222,1),(48,2223,1),(48,2224,1),(48,2225,1),(48,5516,1),(48,5519,1),(48,5521,1),(48,5522,1),(48,5767,1),(48,5769,1),(48,5770,1),(48,5962,1),(48,5966,1),(48,5999,1),(48,6196,1),(48,6197,1),(48,6370,1),(48,6932,1),(48,7017,1),(48,7018,1),(48,7023,1),(48,7024,1),(48,7075,1),(48,7466,1),(48,7831,1),(48,8380,1),(48,8381,1),(48,8385,1),(48,8390,1),(48,8391,1),(48,8392,1),(48,8393,1),(48,8394,1),(48,8395,1),(48,8396,1),(48,8397,1),(48,8398,1),(48,8399,1),(48,8400,1),(48,8497,1),(48,8498,1),(48,8499,1),(48,8500,1),(48,8501,1),(48,8502,1),(48,8503,1),(48,8504,1),(48,8505,1),(48,8506,1),(48,8507,1),(48,8508,1),(48,8509,1),(48,8510,1),(48,8511,1),(48,8512,1),(48,8513,1),(48,8514,1),(48,8515,1),(48,2143,2),(48,2144,2),(48,2145,2),(48,2146,2),(48,2147,2),(48,2884,2),(48,5620,2),(48,7015,2),(48,7016,2),(48,7077,2),(48,8371,2),(48,8372,2),(48,8495,2),(48,8496,2),(48,767,3),(48,2226,3),(48,2247,3),(48,7035,6),(48,8481,6),(48,8482,6),(48,8487,6),(48,8488,6),(48,8493,6),(48,8597,6),(48,8602,6),(48,8369,7),(48,8494,10),(48,8598,10),(48,8603,10),(49,2152,1),(49,2163,1),(49,2164,1),(49,2165,1),(49,2166,1),(49,2167,1),(49,2176,1),(49,2180,1),(49,2188,1),(49,2193,1),(49,2200,1),(49,2201,1),(49,2203,1),(49,2204,1),(49,2205,1),(49,2210,1),(49,2212,1),(49,2213,1),(49,2217,1),(49,2218,1),(49,2219,1),(49,2220,1),(49,2221,1),(49,2222,1),(49,2223,1),(49,2224,1),(49,2225,1),(49,5514,1),(49,5515,1),(49,5516,1),(49,5517,1),(49,5518,1),(49,5519,1),(49,5521,1),(49,5522,1),(49,5756,1),(49,5769,1),(49,5770,1),(49,5823,1),(49,5824,1),(49,6214,1),(49,6282,1),(49,6347,1),(49,6348,1),(49,6349,1),(49,6362,1),(49,6363,1),(49,6364,1),(49,6365,1),(49,6366,1),(49,6368,1),(49,6369,1),(49,6370,1),(49,6389,1),(49,6391,1),(49,6932,1),(49,7023,1),(49,7024,1),(49,7075,1),(49,7466,1),(49,8373,1),(49,8374,1),(49,8375,1),(49,8376,1),(49,8377,1),(49,8378,1),(49,8379,1),(49,8380,1),(49,8381,1),(49,8382,1),(49,8383,1),(49,8384,1),(49,8385,1),(49,8386,1),(49,8387,1),(49,8388,1),(49,8389,1),(49,8390,1),(49,8391,1),(49,8392,1),(49,8393,1),(49,8394,1),(49,8395,1),(49,8396,1),(49,8397,1),(49,8398,1),(49,8399,1),(49,8400,1),(49,725,2),(49,2143,2),(49,2144,2),(49,2146,2),(49,2147,2),(49,2668,2),(49,5509,2),(49,5962,2),(49,6291,2),(49,6344,2),(49,6350,2),(49,7015,2),(49,7016,2),(49,7017,2),(49,7018,2),(49,7077,2),(49,8371,2),(49,8372,2),(49,767,3),(49,2226,3),(49,2247,3),(49,6420,6),(49,6425,6),(49,8481,6),(49,8482,6),(49,8483,6),(49,8487,6),(49,8488,6),(49,8489,6),(49,6371,7),(49,7035,7),(49,8369,7),(49,6345,8),(49,8370,10),(49,8484,10),(49,8490,10),(50,5522,1),(50,5724,1),(50,5726,1),(50,5754,1),(50,5756,1),(50,5760,1),(50,5828,1),(50,5977,1),(50,5985,1),(50,5987,1),(50,5997,1),(50,6019,1),(50,6020,1),(50,6103,1),(50,6282,1),(50,6291,1),(50,6293,1),(50,6359,1),(50,6519,1),(50,6932,1),(50,6956,1),(50,9203,1),(50,9204,1),(50,9205,1),(50,9206,1),(50,9207,1),(50,9208,1),(50,9209,1),(50,9210,1),(50,9211,1),(50,9212,1),(50,9213,1),(50,9214,1),(50,9215,1),(50,9216,1),(50,9217,1),(50,9218,1),(50,9219,1),(50,9220,1),(50,9221,1),(50,9222,1),(50,9223,1),(50,9224,1),(50,9225,1),(50,9226,1),(50,9227,1),(50,9228,1),(50,9229,1),(50,9230,1),(50,9231,1),(50,5775,2),(50,6096,2),(50,8615,2),(50,9202,2),(50,2247,3),(50,21239,3),(50,23136,3),(50,9200,6),(50,9257,6),(50,9258,6),(50,9261,6),(50,9262,6),(50,9199,7),(50,9201,10),(50,9259,10),(50,9263,10),(51,725,1),(51,2143,1),(51,2144,1),(51,2212,1),(51,2220,1),(51,2222,1),(51,2223,1),(51,5522,1),(51,5722,1),(51,5723,1),(51,5724,1),(51,5754,1),(51,5760,1),(51,5764,1),(51,5767,1),(51,5774,1),(51,5775,1),(51,5832,1),(51,5962,1),(51,6018,1),(51,6019,1),(51,6020,1),(51,6084,1),(51,6282,1),(51,6291,1),(51,9206,1),(51,9267,1),(51,9268,1),(51,9269,1),(51,9270,1),(51,9271,1),(51,9272,1),(51,9273,1),(51,9274,1),(51,9275,1),(51,9276,1),(51,9277,1),(51,9278,1),(51,9279,1),(51,9280,1),(51,9281,1),(51,9282,1),(51,9283,1),(51,9284,1),(51,9285,1),(51,9286,1),(51,9287,1),(51,9288,1),(51,9289,1),(51,6007,2),(51,8394,2),(51,9266,2),(51,767,3),(51,2226,3),(51,2247,3),(51,6330,6),(51,6331,6),(51,6337,6),(51,6338,6),(51,5977,7),(51,6013,7),(51,9265,10),(51,9321,10),(51,9325,10),(52,725,1),(52,2150,1),(52,2203,1),(52,2212,1),(52,5522,1),(52,5724,1),(52,5726,1),(52,5760,1),(52,5765,1),(52,5769,1),(52,5777,1),(52,5987,1),(52,6019,1),(52,6020,1),(52,6096,1),(52,6214,1),(52,6291,1),(52,6293,1),(52,6359,1),(52,7016,1),(52,9211,1),(52,9213,1),(52,9220,1),(52,9221,1),(52,9228,1),(52,9229,1),(52,9281,1),(52,9283,1),(52,9333,1),(52,9334,1),(52,9335,1),(52,9336,1),(52,9337,1),(52,9338,1),(52,9339,1),(52,9340,1),(52,9341,1),(52,9342,1),(52,9343,1),(52,9344,1),(52,9345,1),(52,9346,1),(52,9347,1),(52,9348,1),(52,9349,1),(52,9350,1),(52,6290,2),(52,767,3),(52,2226,3),(52,2247,3),(52,6254,6),(52,6259,6),(52,9329,6),(52,9382,6),(52,9383,6),(52,9384,6),(52,9388,6),(52,9389,6),(52,9390,6),(52,6177,7),(52,9330,7),(52,9331,7),(52,9332,10),(52,9385,10),(52,9391,10),(53,2152,1),(53,2198,1),(53,5522,1),(53,5726,1),(53,5760,1),(53,5761,1),(53,5762,1),(53,5769,1),(53,5823,1),(53,5985,1),(53,5987,1),(53,6018,1),(53,6019,1),(53,6020,1),(53,6268,1),(53,6269,1),(53,6292,1),(53,6293,1),(53,6373,1),(53,6953,1),(53,9228,1),(53,9464,1),(53,9465,1),(53,9466,1),(53,9467,1),(53,9468,1),(53,9469,1),(53,9470,1),(53,9471,1),(53,5774,2),(53,5777,2),(53,6208,2),(53,6349,2),(53,8157,2),(53,9462,2),(53,9463,2),(53,767,3),(53,2226,3),(53,2247,3),(53,9500,6),(53,9501,6),(53,9504,6),(53,9505,6),(53,5772,7),(53,9460,7),(53,9461,10),(53,9502,10),(53,9506,10),(54,2168,1),(54,5522,1),(54,5760,1),(54,5985,1),(54,6018,1),(54,6019,1),(54,6020,1),(54,6177,1),(54,9280,1),(54,9285,1),(54,9286,1),(54,9287,1),(54,9329,1),(54,9330,1),(54,9331,1),(54,9471,1),(54,9511,1),(54,9512,1),(54,9513,1),(54,9514,1),(54,9515,1),(54,9516,1),(54,9517,1),(54,9518,1),(54,2210,2),(54,2211,2),(54,5514,2),(54,5987,2),(54,5992,2),(54,6081,2),(54,8157,2),(54,9462,2),(54,9463,2),(54,9510,2),(54,767,3),(54,2226,3),(54,2247,3),(54,9500,6),(54,9504,6),(54,9548,6),(54,9549,6),(54,9550,6),(54,9554,6),(54,9555,6),(54,9556,6),(54,2203,7),(54,5772,7),(54,9281,7),(54,9508,7),(54,9509,10),(54,9551,10),(54,9557,10),(55,725,1),(55,2210,1),(55,5522,1),(55,5760,1),(55,5761,1),(55,5976,1),(55,6013,1),(55,6019,1),(55,6020,1),(55,6096,1),(55,6291,1),(55,6293,1),(55,6359,1),(55,6941,1),(55,6945,1),(55,7575,1),(55,8513,1),(55,9220,1),(55,9221,1),(55,9225,1),(55,9228,1),(55,9336,1),(55,9567,1),(55,9568,1),(55,9569,1),(55,9570,1),(55,9571,1),(55,9572,1),(55,9573,1),(55,9574,1),(55,9575,1),(55,9576,1),(55,9577,1),(55,9563,2),(55,9564,2),(55,9565,2),(55,9566,2),(55,767,3),(55,2226,3),(55,2247,3),(55,9383,6),(55,9384,6),(55,9389,6),(55,9390,6),(55,9603,6),(55,9604,6),(55,9609,6),(55,9610,6),(55,9330,7),(55,9331,7),(55,9560,8),(55,9561,8),(55,9562,10),(55,9605,10),(55,9611,10),(56,725,1),(56,2212,1),(56,2215,1),(56,5522,1),(56,5754,1),(56,5760,1),(56,5824,1),(56,5985,1),(56,6019,1),(56,6020,1),(56,6096,1),(56,6103,1),(56,6206,1),(56,6282,1),(56,6291,1),(56,6293,1),(56,6359,1),(56,6941,1),(56,6942,1),(56,6956,1),(56,9219,1),(56,9220,1),(56,9221,1),(56,9225,1),(56,9228,1),(56,9229,1),(56,9285,1),(56,9286,1),(56,9287,1),(56,9336,1),(56,9619,1),(56,9620,1),(56,9621,1),(56,9622,1),(56,9623,1),(56,9624,1),(56,9625,1),(56,9626,1),(56,9627,1),(56,5724,2),(56,5726,2),(56,5820,2),(56,9343,2),(56,9617,2),(56,9618,2),(56,767,3),(56,2226,3),(56,2247,3),(56,9383,6),(56,9384,6),(56,9389,6),(56,9390,6),(56,9603,6),(56,9609,6),(56,9615,6),(56,9666,6),(56,9672,6),(56,9330,7),(56,9331,7),(56,9560,7),(56,9616,10),(56,9667,10),(56,9673,10),(57,721,1),(57,725,1),(57,2203,1),(57,5514,1),(57,5522,1),(57,5724,1),(57,5726,1),(57,5760,1),(57,5998,1),(57,5999,1),(57,6019,1),(57,6020,1),(57,6096,1),(57,6103,1),(57,6282,1),(57,6291,1),(57,6293,1),(57,6359,1),(57,8157,1),(57,9219,1),(57,9220,1),(57,9221,1),(57,9225,1),(57,9228,1),(57,9285,1),(57,9286,1),(57,9287,1),(57,9343,1),(57,9561,1),(57,9576,1),(57,9685,1),(57,9686,1),(57,9687,1),(57,9688,1),(57,9689,1),(57,9690,1),(57,9691,1),(57,9692,1),(57,9693,1),(57,9694,1),(57,2210,2),(57,6941,2),(57,9680,2),(57,9681,2),(57,9682,2),(57,9683,2),(57,9684,2),(57,767,3),(57,2226,3),(57,2247,3),(57,9383,6),(57,9384,6),(57,9389,6),(57,9390,6),(57,9560,6),(57,9603,6),(57,9609,6),(57,9678,6),(57,9731,6),(57,9737,6),(57,9330,7),(57,9331,7),(57,9679,10),(57,9732,10),(57,9738,10),(58,725,1),(58,2203,1),(58,2212,1),(58,5522,1),(58,5754,1),(58,5760,1),(58,5767,1),(58,5985,1),(58,6019,1),(58,6020,1),(58,6103,1),(58,6206,1),(58,6282,1),(58,6291,1),(58,6293,1),(58,6359,1),(58,6373,1),(58,6956,1),(58,9210,1),(58,9213,1),(58,9219,1),(58,9220,1),(58,9221,1),(58,9225,1),(58,9228,1),(58,9229,1),(58,9285,1),(58,9286,1),(58,9287,1),(58,9744,1),(58,9745,1),(58,9746,1),(58,9747,1),(58,9748,1),(58,9749,1),(58,9750,1),(58,9751,1),(58,9752,1),(58,9753,1),(58,9754,1),(58,9755,1),(58,9756,1),(58,767,3),(58,2226,3),(58,2247,3),(58,9548,6),(58,9554,6),(58,9791,6),(58,9792,6),(58,9793,6),(58,9797,6),(58,9798,6),(58,9799,6),(58,6096,7),(58,9280,7),(58,9281,7),(58,9462,7),(58,9743,10),(58,9794,10),(58,9800,10),(59,2210,1),(59,2212,1),(59,5522,1),(59,5754,1),(59,5760,1),(59,5765,1),(59,5985,1),(59,5999,1),(59,6019,1),(59,6020,1),(59,6092,1),(59,6103,1),(59,6206,1),(59,6267,1),(59,6282,1),(59,6291,1),(59,6293,1),(59,6359,1),(59,6956,1),(59,7843,1),(59,9219,1),(59,9220,1),(59,9221,1),(59,9225,1),(59,9228,1),(59,9229,1),(59,9281,1),(59,9285,1),(59,9286,1),(59,9287,1),(59,9806,1),(59,9807,1),(59,9808,1),(59,9809,1),(59,9810,1),(59,9811,1),(59,9812,1),(59,5767,2),(59,5968,2),(59,6077,2),(59,9804,2),(59,9805,2),(59,767,3),(59,2226,3),(59,2247,3),(59,9791,6),(59,9792,6),(59,9797,6),(59,9798,6),(59,9850,6),(59,9855,6),(59,5997,7),(59,6096,7),(59,9462,7),(59,9803,10),(59,9851,10),(59,9856,10),(60,2210,1),(60,2212,1),(60,5522,1),(60,5754,1),(60,5760,1),(60,5773,1),(60,5985,1),(60,6019,1),(60,6020,1),(60,6081,1),(60,6103,1),(60,6206,1),(60,6214,1),(60,6281,1),(60,6282,1),(60,6291,1),(60,6293,1),(60,6359,1),(60,6956,1),(60,7075,1),(60,7076,1),(60,9219,1),(60,9220,1),(60,9221,1),(60,9225,1),(60,9228,1),(60,9229,1),(60,9285,1),(60,9286,1),(60,9287,1),(60,9860,1),(60,9861,1),(60,9862,1),(60,9863,1),(60,9864,1),(60,9865,1),(60,5897,2),(60,5977,2),(60,6013,2),(60,9514,2),(60,767,3),(60,2226,3),(60,2247,3),(60,9731,6),(60,9737,6),(60,9791,6),(60,9792,6),(60,9797,6),(60,9798,6),(60,6096,7),(60,9462,7),(60,9678,7),(60,9743,10),(60,9794,10),(60,9800,10),(61,2143,1),(61,2210,1),(61,5514,1),(61,5522,1),(61,5731,1),(61,5754,1),(61,5760,1),(61,5987,1),(61,5999,1),(61,6016,1),(61,6019,1),(61,6020,1),(61,6084,1),(61,6103,1),(61,6199,1),(61,6214,1),(61,6282,1),(61,6293,1),(61,6359,1),(61,6956,1),(61,7076,1),(61,9219,1),(61,9220,1),(61,9221,1),(61,9225,1),(61,9228,1),(61,9229,1),(61,9284,1),(61,9285,1),(61,9286,1),(61,9287,1),(61,9627,1),(61,9917,1),(61,9918,1),(61,9919,1),(61,9920,1),(61,9921,1),(61,9922,1),(61,9923,1),(61,9924,1),(61,2247,3),(61,21239,3),(61,23136,3),(61,9462,6),(61,9791,6),(61,9792,6),(61,9797,6),(61,9798,6),(61,9961,6),(61,9962,6),(61,9967,6),(61,9968,6),(61,6015,8),(61,6096,8),(61,9915,8),(61,9916,10),(61,9963,10),(61,9969,10),(62,725,1),(62,2152,1),(62,5522,1),(62,5754,1),(62,5760,1),(62,5985,1),(62,6019,1),(62,6020,1),(62,6096,1),(62,6103,1),(62,6206,1),(62,6214,1),(62,6282,1),(62,6291,1),(62,6293,1),(62,6359,1),(62,6932,1),(62,6956,1),(62,8157,1),(62,9219,1),(62,9220,1),(62,9221,1),(62,9225,1),(62,9228,1),(62,9229,1),(62,9266,1),(62,9285,1),(62,9286,1),(62,9287,1),(62,9627,1),(62,9686,1),(62,9977,1),(62,9978,1),(62,9979,1),(62,9980,1),(62,9981,1),(62,9982,1),(62,9983,1),(62,9212,2),(62,9343,2),(62,9688,2),(62,767,3),(62,2226,3),(62,2247,3),(62,9270,6),(62,10021,6),(62,10022,6),(62,10023,6),(62,10024,6),(62,10025,6),(62,10028,6),(62,10029,6),(62,10030,6),(62,10031,6),(62,10032,6),(62,2212,7),(62,9973,7),(62,9974,7),(62,9975,7),(62,9976,10),(62,10026,10),(62,10033,10),(63,725,1),(63,739,1),(63,2152,1),(63,5522,1),(63,5760,1),(63,5967,1),(63,6019,1),(63,6020,1),(63,6214,1),(63,6359,1),(63,6956,1),(63,7873,1),(63,9219,1),(63,9220,1),(63,9221,1),(63,9229,1),(63,9285,1),(63,9286,1),(63,9287,1),(63,10037,1),(63,10038,1),(63,10039,1),(63,10040,1),(63,10041,1),(63,10042,1),(63,10043,1),(63,10044,1),(63,10045,1),(63,2212,2),(63,5754,2),(63,5985,2),(63,6103,2),(63,6206,2),(63,6282,2),(63,6291,2),(63,6293,2),(63,9225,2),(63,9228,2),(63,10036,2),(63,767,3),(63,2226,3),(63,2247,3),(63,9549,6),(63,9555,6),(63,9792,6),(63,9798,6),(63,10021,6),(63,10028,6),(63,10081,6),(63,10082,6),(63,10088,6),(63,10089,6),(63,2203,7),(63,9973,7),(63,5828,8),(63,6016,8),(63,6096,8),(63,10035,10),(63,10083,10),(63,10090,10),(64,725,1),(64,2179,1),(64,2188,1),(64,2210,1),(64,5522,1),(64,5760,1),(64,5776,1),(64,6013,1),(64,6019,1),(64,6020,1),(64,6214,1),(64,6281,1),(64,6291,1),(64,6293,1),(64,6359,1),(64,6941,1),(64,6942,1),(64,6956,1),(64,7575,1),(64,8157,1),(64,8377,1),(64,9213,1),(64,9221,1),(64,9225,1),(64,9228,1),(64,9285,1),(64,9286,1),(64,9287,1),(64,9331,1),(64,9462,1),(64,9575,1),(64,9576,1),(64,9686,1),(64,9752,1),(64,9756,1),(64,10096,1),(64,10097,1),(64,10098,1),(64,10099,1),(64,10100,1),(64,767,3),(64,2226,3),(64,2247,3),(64,9731,6),(64,9737,6),(64,9792,6),(64,9798,6),(64,10021,6),(64,10028,6),(64,6096,7),(64,9678,7),(64,9973,7),(64,10095,10),(64,10140,10),(64,10145,10),(66,5522,1),(66,5628,1),(66,5775,1),(66,6081,1),(66,6087,1),(66,7828,1),(66,8400,1),(66,9225,1),(66,9615,1),(66,9753,1),(66,9923,1),(66,10219,1),(66,10220,1),(66,10221,1),(66,11001,1),(66,11002,1),(66,2212,2),(66,2213,2),(66,10998,2),(66,10999,2),(66,11000,2),(66,767,3),(66,2226,3),(66,2247,3),(66,10422,6),(66,10426,6),(66,10773,6),(66,10778,6),(66,10996,6),(66,10997,10),(66,11020,10),(66,11024,10),(67,2152,1),(67,2164,1),(67,2224,1),(67,2668,1),(67,5522,1),(67,5628,1),(67,5769,1),(67,5774,1),(67,6009,1),(67,6087,1),(67,6100,1),(67,6938,1),(67,6940,1),(67,7057,1),(67,9205,1),(67,9285,1),(67,10039,1),(67,10268,1),(67,10795,1),(67,10869,1),(67,10870,1),(67,10871,1),(67,10438,2),(67,10786,2),(67,10868,2),(67,767,3),(67,2226,3),(67,2247,3),(67,10290,6),(67,10296,6),(67,10422,6),(67,10426,6),(67,10773,6),(67,10778,6),(67,10257,7),(67,10865,7),(67,10866,7),(67,5764,8),(67,10867,10),(67,10896,10),(67,10901,10),(68,725,1),(68,2220,1),(68,2668,1),(68,5522,1),(68,5628,1),(68,5769,1),(68,5770,1),(68,6009,1),(68,6090,1),(68,6103,1),(68,7057,1),(68,7577,1),(68,8394,1),(68,10216,1),(68,10265,1),(68,10735,1),(68,10738,1),(68,10742,1),(68,10787,1),(68,10788,1),(68,10789,1),(68,10790,1),(68,10791,1),(68,10792,1),(68,10793,1),(68,10794,1),(68,10795,1),(68,8382,2),(68,10785,2),(68,10786,2),(68,767,3),(68,2226,3),(68,2247,3),(68,6932,6),(68,10422,6),(68,10426,6),(68,10773,6),(68,10778,6),(68,10783,6),(68,10818,6),(68,10823,6),(68,5764,8),(68,10784,10),(68,10819,10),(68,10824,10),(69,725,1),(69,5522,1),(69,5763,1),(69,5779,1),(69,6003,1),(69,6009,1),(69,6089,1),(69,8616,1),(69,9284,1),(69,9752,1),(69,10737,1),(69,10833,1),(69,10834,1),(69,10835,1),(69,10836,1),(69,10837,1),(69,10838,1),(69,10839,1),(69,2210,2),(69,7709,2),(69,10831,2),(69,10832,2),(69,767,3),(69,2226,3),(69,2247,3),(69,5764,6),(69,10422,6),(69,10426,6),(69,10773,6),(69,10778,6),(69,10855,6),(69,10860,6),(69,10828,7),(69,10829,7),(69,10830,10),(69,10856,10),(69,10861,10),(70,725,1),(70,2152,1),(70,2164,1),(70,2668,1),(70,5522,1),(70,5628,1),(70,5769,1),(70,5777,1),(70,6009,1),(70,6090,1),(70,6096,1),(70,6938,1),(70,8384,1),(70,8394,1),(70,8615,1),(70,9210,1),(70,10216,1),(70,10265,1),(70,10735,1),(70,10736,1),(70,10737,1),(70,10738,1),(70,10739,1),(70,10740,1),(70,10741,1),(70,10742,1),(70,10743,1),(70,10744,1),(70,10745,1),(70,10746,1),(70,10747,1),(70,6347,2),(70,10266,2),(70,767,3),(70,2226,3),(70,2247,3),(70,10422,6),(70,10426,6),(70,10773,6),(70,10774,6),(70,10778,6),(70,10779,6),(70,2212,7),(70,5723,7),(70,9864,7),(70,10733,7),(70,5764,8),(70,10734,10),(70,10775,10),(70,10780,10),(71,2224,1),(71,2225,1),(71,5522,1),(71,5628,1),(71,5767,1),(71,5775,1),(71,5829,1),(71,6087,1),(71,6186,1),(71,6947,1),(71,7828,1),(71,8400,1),(71,9209,1),(71,9210,1),(71,9277,1),(71,9560,1),(71,10216,1),(71,10219,1),(71,10220,1),(71,10221,1),(71,10389,1),(71,10390,1),(71,10391,1),(71,10392,1),(71,10393,1),(71,10394,1),(71,10395,1),(71,10396,1),(71,6266,2),(71,9225,2),(71,9284,2),(71,9923,2),(71,10387,2),(71,10388,2),(71,767,3),(71,2226,3),(71,2247,3),(71,10023,6),(71,10030,6),(71,10422,6),(71,10426,6),(71,10385,7),(71,10386,10),(71,10423,10),(71,10427,10),(73,2143,1),(73,2164,1),(73,2224,1),(73,5522,1),(73,5628,1),(73,5760,1),(73,5770,1),(73,5775,1),(73,5828,1),(73,5987,1),(73,5988,1),(73,6013,1),(73,6016,1),(73,6084,1),(73,6087,1),(73,6291,1),(73,6355,1),(73,6932,1),(73,7828,1),(73,8400,1),(73,8497,1),(73,9225,1),(73,10215,1),(73,10216,1),(73,10217,1),(73,10218,1),(73,10219,1),(73,10220,1),(73,10221,1),(73,10222,1),(73,10223,1),(73,10224,1),(73,10225,1),(73,10226,1),(73,10227,1),(73,5765,2),(73,5767,2),(73,10211,2),(73,10212,2),(73,10213,2),(73,10214,2),(73,767,3),(73,2226,3),(73,2247,3),(73,10210,6),(73,10253,6),(73,10255,6),(73,10558,10),(73,10602,10),(73,10605,10),(74,725,1),(74,2143,1),(74,2164,1),(74,2213,1),(74,5522,1),(74,5628,1),(74,5760,1),(74,5899,1),(74,6100,1),(74,6940,1),(74,7828,1),(74,8400,1),(74,9269,1),(74,9273,1),(74,9285,1),(74,10219,1),(74,10220,1),(74,10221,1),(74,10262,1),(74,10263,1),(74,10264,1),(74,10265,1),(74,10266,1),(74,10267,1),(74,10268,1),(74,6087,2),(74,9923,2),(74,767,3),(74,2226,3),(74,2247,3),(74,10290,6),(74,10291,6),(74,10292,6),(74,10293,6),(74,10296,6),(74,10297,6),(74,10298,6),(74,10299,6),(74,10259,7),(74,10260,7),(74,10257,8),(74,10258,8),(74,10261,10),(74,10294,10),(74,10300,10),(75,725,1),(75,2164,1),(75,2220,1),(75,5522,1),(75,5628,1),(75,5767,1),(75,5830,1),(75,5832,1),(75,5987,1),(75,6087,1),(75,7828,1),(75,8400,1),(75,10043,1),(75,10219,1),(75,10220,1),(75,10221,1),(75,10267,1),(75,10306,1),(75,10307,1),(75,10308,1),(75,10309,1),(75,10310,1),(75,10311,1),(75,10312,1),(75,5897,2),(75,9281,2),(75,10223,2),(75,10304,2),(75,10305,2),(75,767,3),(75,2226,3),(75,2247,3),(75,10302,6),(75,10334,6),(75,10337,6),(75,10303,10),(75,10335,10),(75,10338,10),(76,2164,1),(76,2224,1),(76,2225,1),(76,5522,1),(76,5628,1),(76,5760,1),(76,5830,1),(76,5832,1),(76,5987,1),(76,5988,1),(76,6085,1),(76,6087,1),(76,6282,1),(76,6291,1),(76,6370,1),(76,6931,1),(76,6932,1),(76,7828,1),(76,8400,1),(76,9225,1),(76,9811,1),(76,10216,1),(76,10219,1),(76,10220,1),(76,10221,1),(76,10222,1),(76,10345,1),(76,10346,1),(76,10347,1),(76,5765,2),(76,5767,2),(76,6007,2),(76,10215,2),(76,10342,2),(76,10343,2),(76,10344,2),(76,767,3),(76,2226,3),(76,2247,3),(76,10340,6),(76,10379,6),(76,10382,6),(76,10341,10),(76,10380,10),(76,10383,10),(77,2212,1),(77,5522,1),(77,5628,1),(77,5761,1),(77,5828,1),(77,5832,1),(77,5833,1),(77,5996,1),(77,6081,1),(77,6087,1),(77,6100,1),(77,6201,1),(77,6214,1),(77,6291,1),(77,7828,1),(77,8400,1),(77,9923,1),(77,10219,1),(77,10220,1),(77,10221,1),(77,10266,1),(77,10306,1),(77,10437,1),(77,10438,1),(77,10439,1),(77,10440,1),(77,10441,1),(77,10442,1),(77,9225,2),(77,10433,2),(77,10434,2),(77,10435,2),(77,10436,2),(77,767,3),(77,2226,3),(77,2247,3),(77,10430,6),(77,10431,6),(77,10467,6),(77,10468,6),(77,10471,6),(77,10472,6),(77,10432,10),(77,10469,10),(77,10473,10),(78,2203,1),(78,2211,1),(78,2212,1),(78,5522,1),(78,5767,1),(78,5774,1),(78,5828,1),(78,5830,1),(78,5987,1),(78,6089,1),(78,6191,1),(78,7829,1),(78,9923,1),(78,10312,1),(78,10699,1),(78,10700,1),(78,10701,1),(78,10702,1),(78,10703,1),(78,10704,1),(78,10705,1),(78,10706,1),(78,10707,1),(78,767,3),(78,2226,3),(78,2247,3),(78,9548,6),(78,9554,6),(78,9666,6),(78,9672,6),(78,9281,7),(78,9615,7),(78,10698,10),(78,10725,10),(78,10729,10),(79,6213,1),(79,6370,1),(79,8157,1),(79,11636,1),(79,11637,1),(79,11640,1),(79,11641,1),(79,11642,1),(79,11643,1),(79,12496,1),(79,12497,1),(79,5760,2),(79,6357,2),(79,11634,2),(79,11635,2),(79,767,3),(79,2226,3),(79,2247,3),(79,7560,6),(79,7567,6),(79,10440,6),(79,11629,6),(79,11630,6),(79,11631,6),(79,11632,6),(79,11652,6),(79,11653,6),(79,11654,6),(79,11655,6),(79,11656,6),(79,11660,6),(79,11661,6),(79,11662,6),(79,11663,6),(79,11664,6),(79,12495,6),(79,11633,10),(79,11657,10),(79,11665,10),(81,725,1),(81,2148,1),(81,2165,1),(81,2179,1),(81,5754,1),(81,5769,1),(81,5772,1),(81,5969,1),(81,6087,1),(81,6214,1),(81,7035,1),(81,8157,1),(81,8369,1),(81,8371,1),(81,8397,1),(81,10345,1),(81,11641,1),(81,11642,1),(81,11671,1),(81,11673,1),(81,11676,1),(81,11677,1),(81,11678,1),(81,11682,1),(81,11683,1),(81,11687,1),(81,11688,1),(81,11689,1),(81,11690,1),(81,11691,1),(81,11692,1),(81,11694,1),(81,11697,1),(81,11699,1),(81,11803,1),(81,12064,1),(81,12121,1),(81,12432,1),(81,12433,1),(81,767,3),(81,2226,3),(81,2247,3),(81,6088,6),(81,9209,6),(81,11632,6),(81,11655,6),(81,11656,6),(81,11663,6),(81,11664,6),(81,11669,6),(81,11719,6),(81,11720,6),(81,11721,6),(81,11728,6),(81,11729,6),(81,11730,6),(81,11914,6),(81,11922,6),(81,10706,7),(81,11631,7),(81,11865,10),(81,11915,10),(81,11923,10),(82,725,1),(82,2165,1),(82,5754,1),(82,5769,1),(82,5772,1),(82,6019,1),(82,6087,1),(82,6214,1),(82,8157,1),(82,8397,1),(82,11641,1),(82,11642,1),(82,11671,1),(82,11673,1),(82,11674,1),(82,11676,1),(82,11677,1),(82,11678,1),(82,11679,1),(82,11682,1),(82,11683,1),(82,11685,1),(82,11686,1),(82,11687,1),(82,11688,1),(82,11689,1),(82,11690,1),(82,11691,1),(82,11692,1),(82,11693,1),(82,11695,1),(82,11696,1),(82,11698,1),(82,11801,1),(82,11802,1),(82,11803,1),(82,12063,1),(82,12064,1),(82,12065,1),(82,12066,1),(82,767,3),(82,2226,3),(82,2247,3),(82,6015,6),(82,6016,6),(82,9270,6),(82,9962,6),(82,9968,6),(82,10024,6),(82,10031,6),(82,10082,6),(82,10089,6),(82,10706,6),(82,11655,6),(82,11663,6),(82,11783,6),(82,11791,6),(82,11849,6),(82,11857,6),(82,11631,7),(82,11800,10),(82,11850,10),(82,11858,10),(83,725,1),(83,2165,1),(83,5754,1),(83,5769,1),(83,5772,1),(83,6019,1),(83,6087,1),(83,6214,1),(83,8157,1),(83,8397,1),(83,11641,1),(83,11642,1),(83,11671,1),(83,11675,1),(83,11676,1),(83,11677,1),(83,11678,1),(83,11679,1),(83,11682,1),(83,11683,1),(83,11685,1),(83,11686,1),(83,11687,1),(83,11688,1),(83,11689,1),(83,11690,1),(83,11691,1),(83,11692,1),(83,11693,1),(83,11695,1),(83,11696,1),(83,11698,1),(83,12064,1),(83,12065,1),(83,12066,1),(83,11673,2),(83,11674,2),(83,12063,2),(83,767,3),(83,2226,3),(83,2247,3),(83,6015,6),(83,6016,6),(83,9270,6),(83,9962,6),(83,9968,6),(83,10024,6),(83,10031,6),(83,10082,6),(83,10089,6),(83,10706,6),(83,11655,6),(83,11663,6),(83,11718,6),(83,11727,6),(83,11783,6),(83,11791,6),(83,11631,8),(83,11736,10),(83,11784,10),(83,11792,10),(84,725,1),(84,2165,1),(84,5754,1),(84,5769,1),(84,5772,1),(84,6019,1),(84,6087,1),(84,6214,1),(84,8157,1),(84,8397,1),(84,11641,1),(84,11642,1),(84,11671,1),(84,11675,1),(84,11676,1),(84,11677,1),(84,11678,1),(84,11679,1),(84,11682,1),(84,11683,1),(84,11685,1),(84,11686,1),(84,11687,1),(84,11688,1),(84,11689,1),(84,11690,1),(84,11691,1),(84,11692,1),(84,11693,1),(84,11695,1),(84,11696,1),(84,11698,1),(84,12064,1),(84,12065,1),(84,12066,1),(84,11673,2),(84,11674,2),(84,12063,2),(84,767,3),(84,2226,3),(84,2247,3),(84,6088,6),(84,9209,6),(84,10706,6),(84,11632,6),(84,11655,6),(84,11656,6),(84,11663,6),(84,11664,6),(84,11668,6),(84,11669,6),(84,11717,6),(84,11718,6),(84,11719,6),(84,11720,6),(84,11721,6),(84,11726,6),(84,11727,6),(84,11728,6),(84,11729,6),(84,11730,6),(84,11631,8),(84,11670,10),(84,11722,10),(84,11731,10),(85,725,1),(85,2165,1),(85,5754,1),(85,5769,1),(85,5772,1),(85,6019,1),(85,6087,1),(85,6214,1),(85,8157,1),(85,8397,1),(85,11641,1),(85,11642,1),(85,11671,1),(85,11675,1),(85,11676,1),(85,11677,1),(85,11678,1),(85,11679,1),(85,11682,1),(85,11683,1),(85,11685,1),(85,11686,1),(85,11687,1),(85,11688,1),(85,11689,1),(85,11690,1),(85,11691,1),(85,11692,1),(85,11693,1),(85,11695,1),(85,11696,1),(85,11698,1),(85,12064,1),(85,12065,1),(85,12066,1),(85,11673,2),(85,11674,2),(85,12063,2),(85,767,3),(85,2226,3),(85,2247,3),(85,5724,6),(85,5812,6),(85,5817,6),(85,6088,6),(85,9209,6),(85,9281,6),(85,9548,6),(85,9554,6),(85,10706,6),(85,11655,6),(85,11663,6),(85,11669,6),(85,11719,6),(85,11720,6),(85,11721,6),(85,11728,6),(85,11729,6),(85,11730,6),(85,11914,6),(85,11922,6),(85,11631,8),(85,11670,10),(85,11722,10),(85,11731,10),(86,725,1),(86,2165,1),(86,5754,1),(86,5769,1),(86,5772,1),(86,6019,1),(86,6087,1),(86,6214,1),(86,8157,1),(86,8397,1),(86,11641,1),(86,11642,1),(86,11675,1),(86,11676,1),(86,11677,1),(86,11678,1),(86,11679,1),(86,11682,1),(86,11683,1),(86,11685,1),(86,11686,1),(86,11687,1),(86,11688,1),(86,11689,1),(86,11690,1),(86,11691,1),(86,11692,1),(86,11693,1),(86,11695,1),(86,11696,1),(86,11698,1),(86,12064,1),(86,12065,1),(86,12066,1),(86,11673,2),(86,11674,2),(86,12063,2),(86,767,3),(86,2226,3),(86,2247,3),(86,9270,6),(86,10024,6),(86,10031,6),(86,11655,6),(86,11663,6),(86,12108,6),(86,12115,6),(86,12120,6),(86,12121,6),(86,12164,6),(86,12165,6),(86,12171,6),(86,12172,6),(86,11671,7),(86,11631,8),(86,12122,10),(86,12166,10),(86,12173,10),(87,725,1),(87,2165,1),(87,5754,1),(87,5769,1),(87,5772,1),(87,6019,1),(87,6087,1),(87,6214,1),(87,6350,1),(87,8157,1),(87,8397,1),(87,11641,1),(87,11642,1),(87,11676,1),(87,11677,1),(87,11678,1),(87,11679,1),(87,11682,1),(87,11683,1),(87,11685,1),(87,11686,1),(87,11687,1),(87,11688,1),(87,11689,1),(87,11690,1),(87,11691,1),(87,11692,1),(87,11693,1),(87,11695,1),(87,11696,1),(87,11698,1),(87,12064,1),(87,12065,1),(87,12066,1),(87,11673,2),(87,11674,2),(87,12063,2),(87,767,3),(87,2226,3),(87,2247,3),(87,5522,6),(87,11632,6),(87,11655,6),(87,11656,6),(87,11663,6),(87,11664,6),(87,12061,6),(87,12105,6),(87,12106,6),(87,12107,6),(87,12108,6),(87,12113,6),(87,12114,6),(87,12115,6),(87,11671,7),(87,11631,8),(87,12062,10),(87,12109,10),(87,12116,10),(89,725,1),(89,2165,1),(89,5754,1),(89,5769,1),(89,5772,1),(89,6019,1),(89,6087,1),(89,6214,1),(89,6350,1),(89,8157,1),(89,8397,1),(89,11641,1),(89,11642,1),(89,11676,1),(89,11677,1),(89,11678,1),(89,11679,1),(89,11682,1),(89,11683,1),(89,11685,1),(89,11686,1),(89,11687,1),(89,11688,1),(89,11689,1),(89,11690,1),(89,11691,1),(89,11692,1),(89,11693,1),(89,11695,1),(89,11696,1),(89,11698,1),(89,12064,1),(89,12065,1),(89,12066,1),(89,11673,2),(89,11674,2),(89,12063,2),(89,767,3),(89,2226,3),(89,2247,3),(89,5522,6),(89,9270,6),(89,10024,6),(89,10031,6),(89,11655,6),(89,11663,6),(89,12061,6),(89,12105,6),(89,12106,6),(89,12107,6),(89,12108,6),(89,12113,6),(89,12114,6),(89,12115,6),(89,11671,7),(89,11631,8),(89,12062,10),(89,12109,10),(89,12116,10),(90,6213,1),(90,6370,1),(90,8157,1),(90,11636,1),(90,11637,1),(90,11640,1),(90,11641,1),(90,11642,1),(90,11643,1),(90,12496,1),(90,12497,1),(90,5760,2),(90,6357,2),(90,11634,2),(90,11635,2),(90,767,3),(90,2226,3),(90,2247,3),(90,6291,6),(90,6344,6),(90,6418,6),(90,6419,6),(90,6423,6),(90,6424,6),(90,9270,6),(90,10024,6),(90,10031,6),(90,11630,6),(90,11631,6),(90,11654,6),(90,11655,6),(90,11662,6),(90,11663,6),(90,12495,6),(90,12616,6),(90,12624,6),(90,12593,10),(90,12617,10),(90,12625,10),(91,6213,1),(91,6370,1),(91,8157,1),(91,11636,1),(91,11637,1),(91,11640,1),(91,11641,1),(91,11642,1),(91,11643,1),(91,12496,1),(91,12497,1),(91,5760,2),(91,6357,2),(91,11634,2),(91,11635,2),(91,767,3),(91,2226,3),(91,2247,3),(91,5987,6),(91,9270,6),(91,9281,6),(91,9548,6),(91,9554,6),(91,10024,6),(91,10031,6),(91,11630,6),(91,11631,6),(91,11654,6),(91,11655,6),(91,11662,6),(91,11663,6),(91,12495,6),(91,12616,6),(91,12624,6),(91,12655,6),(91,12663,6),(91,12632,10),(91,12656,10),(91,12664,10),(92,6213,1),(92,6370,1),(92,8157,1),(92,11636,1),(92,11637,1),(92,11640,1),(92,11641,1),(92,11642,1),(92,11643,1),(92,12496,1),(92,12497,1),(92,5760,2),(92,6357,2),(92,11634,2),(92,11635,2),(92,767,3),(92,2226,3),(92,2247,3),(92,9270,6),(92,10024,6),(92,10031,6),(92,10440,6),(92,11629,6),(92,11630,6),(92,11631,6),(92,11652,6),(92,11653,6),(92,11654,6),(92,11655,6),(92,11660,6),(92,11661,6),(92,11662,6),(92,11663,6),(92,12495,6),(92,12616,6),(92,12624,6),(92,12671,10),(92,12694,10),(92,12702,10),(93,725,1),(93,5998,1),(93,6290,1),(93,6380,1),(93,9341,1),(93,10097,1),(93,12752,1),(93,12753,1),(93,12754,1),(93,12755,1),(93,12756,1),(93,12757,1),(93,12758,1),(93,12759,1),(93,12760,1),(93,12761,1),(93,12762,1),(93,12763,1),(93,12764,1),(93,12765,1),(93,5824,2),(93,12751,2),(93,767,3),(93,2226,3),(93,2247,3),(93,11631,6),(93,11632,6),(93,11655,6),(93,11656,6),(93,11663,6),(93,11664,6),(93,12749,6),(93,12777,6),(93,12778,6),(93,12783,6),(93,12784,6),(93,10699,8),(93,12750,10),(93,12779,10),(93,12785,10),(95,725,1),(95,5998,1),(95,6290,1),(95,6380,1),(95,9341,1),(95,10097,1),(95,12752,1),(95,12753,1),(95,12754,1),(95,12755,1),(95,12756,1),(95,12757,1),(95,12758,1),(95,12759,1),(95,12760,1),(95,12761,1),(95,12762,1),(95,12763,1),(95,12764,1),(95,12765,1),(95,5824,2),(95,12751,2),(95,767,3),(95,2226,3),(95,2247,3),(95,9270,6),(95,10024,6),(95,10031,6),(95,11631,6),(95,11655,6),(95,11663,6),(95,12749,6),(95,12777,6),(95,12778,6),(95,12783,6),(95,12784,6),(95,10699,8),(95,12789,10),(95,12817,10),(95,12823,10),(96,6213,1),(96,6370,1),(96,8157,1),(96,11636,1),(96,11637,1),(96,11640,1),(96,11641,1),(96,11642,1),(96,11643,1),(96,12496,1),(96,12497,1),(96,5760,2),(96,6357,2),(96,11634,2),(96,11635,2),(96,767,3),(96,2226,3),(96,2247,3),(96,5987,6),(96,9281,6),(96,9548,6),(96,9554,6),(96,11630,6),(96,11631,6),(96,11632,6),(96,11654,6),(96,11655,6),(96,11656,6),(96,11662,6),(96,11663,6),(96,11664,6),(96,12495,6),(96,12616,6),(96,12624,6),(96,12655,6),(96,12663,6),(96,12829,10),(96,12852,10),(96,12860,10),(97,6213,1),(97,6370,1),(97,8157,1),(97,11636,1),(97,11637,1),(97,11640,1),(97,11641,1),(97,11642,1),(97,11643,1),(97,12496,1),(97,12497,1),(97,5760,2),(97,6357,2),(97,11634,2),(97,11635,2),(97,767,3),(97,2226,3),(97,2247,3),(97,6291,6),(97,6344,6),(97,6418,6),(97,6419,6),(97,6423,6),(97,6424,6),(97,11630,6),(97,11631,6),(97,11632,6),(97,11654,6),(97,11655,6),(97,11656,6),(97,11662,6),(97,11663,6),(97,11664,6),(97,12495,6),(97,12616,6),(97,12624,6),(97,12868,10),(97,12891,10),(97,12899,10),(98,5765,1),(98,6353,1),(98,7035,1),(98,7863,1),(98,8615,1),(98,9267,1),(98,9807,1),(98,10837,1),(98,11636,1),(98,11676,1),(98,12910,1),(98,12911,1),(98,12912,1),(98,12913,1),(98,12914,1),(98,12915,1),(98,12916,1),(98,12917,1),(98,12918,1),(98,12919,1),(98,12920,1),(98,12921,1),(98,12922,1),(98,12923,1),(98,9273,2),(98,767,3),(98,2226,3),(98,2247,3),(98,11655,6),(98,11656,6),(98,11663,6),(98,11664,6),(98,12908,6),(98,12937,6),(98,12938,6),(98,12939,6),(98,12944,6),(98,12945,6),(98,12946,6),(98,11632,7),(98,12907,7),(98,11631,8),(98,12909,10),(98,12940,10),(98,12947,10),(99,725,1),(99,5765,1),(99,6353,1),(99,7035,1),(99,7863,1),(99,8615,1),(99,9267,1),(99,9807,1),(99,10837,1),(99,11636,1),(99,11676,1),(99,12910,1),(99,12911,1),(99,12912,1),(99,12913,1),(99,12914,1),(99,12915,1),(99,12916,1),(99,12917,1),(99,12918,1),(99,12919,1),(99,12920,1),(99,12921,1),(99,12922,1),(99,12923,1),(99,9273,2),(99,767,3),(99,2226,3),(99,2247,3),(99,5987,6),(99,9281,6),(99,9548,6),(99,9554,6),(99,11655,6),(99,11656,6),(99,11663,6),(99,11664,6),(99,12655,6),(99,12663,6),(99,12937,6),(99,12939,6),(99,12944,6),(99,12946,6),(99,12983,6),(99,12984,6),(99,12993,6),(99,11632,7),(99,12907,7),(99,11631,8),(99,12951,10),(99,12985,10),(99,12994,10),(100,725,1),(100,5765,1),(100,6353,1),(100,7035,1),(100,7863,1),(100,8615,1),(100,9267,1),(100,9807,1),(100,10837,1),(100,11632,1),(100,11636,1),(100,11676,1),(100,12910,1),(100,12911,1),(100,12912,1),(100,12913,1),(100,12914,1),(100,12915,1),(100,12916,1),(100,12917,1),(100,12918,1),(100,12919,1),(100,12920,1),(100,12921,1),(100,12922,1),(100,12923,1),(100,9273,2),(100,767,3),(100,2226,3),(100,2247,3),(100,9270,6),(100,10024,6),(100,10031,6),(100,11655,6),(100,11663,6),(100,12908,6),(100,12937,6),(100,12938,6),(100,12939,6),(100,12944,6),(100,12945,6),(100,12946,6),(100,12983,6),(100,12984,6),(100,12993,6),(100,11631,8),(100,12907,8),(100,13002,10),(100,13034,10),(100,13043,10),(101,725,1),(101,5765,1),(101,6353,1),(101,7035,1),(101,7863,1),(101,8615,1),(101,9267,1),(101,9807,1),(101,10837,1),(101,11632,1),(101,11636,1),(101,11676,1),(101,12910,1),(101,12911,1),(101,12912,1),(101,12913,1),(101,12914,1),(101,12915,1),(101,12916,1),(101,12917,1),(101,12918,1),(101,12919,1),(101,12920,1),(101,12921,1),(101,12922,1),(101,12923,1),(101,9273,2),(101,767,3),(101,2226,3),(101,2247,3),(101,5987,6),(101,9270,6),(101,9281,6),(101,10024,6),(101,10031,6),(101,11652,6),(101,11653,6),(101,11655,6),(101,11660,6),(101,11661,6),(101,11663,6),(101,12937,6),(101,12939,6),(101,12944,6),(101,12946,6),(101,12983,6),(101,12984,6),(101,12993,6),(101,11631,8),(101,12907,8),(101,13051,10),(101,13084,10),(101,13094,10),(102,5775,1),(102,6004,1),(102,6270,1),(102,13106,1),(102,13107,1),(102,13105,2),(102,767,3),(102,2226,3),(102,2247,3),(102,10818,6),(102,10823,6),(102,13113,6),(102,13117,6),(102,13103,7),(102,10866,8),(102,13104,10),(102,13114,10),(102,13118,10),(103,725,1),(103,2210,1),(103,6091,1),(103,6270,1),(103,13124,2),(103,767,3),(103,2226,3),(103,2247,3),(103,9548,6),(103,9554,6),(103,13122,6),(103,13131,6),(103,13132,6),(103,13136,6),(103,13137,6),(103,9281,7),(103,13121,8),(103,13123,10),(103,13133,10),(103,13138,10),(104,2165,1),(104,6270,1),(104,8610,1),(104,9691,1),(104,10700,1),(104,10870,1),(104,13143,1),(104,767,3),(104,2226,3),(104,2247,3),(104,9281,6),(104,9548,6),(104,9554,6),(104,13121,6),(104,13131,6),(104,13136,6),(104,13141,6),(104,13153,6),(104,13158,6),(104,13142,10),(104,13154,10),(104,13159,10),(105,5962,1),(105,6270,1),(105,13165,1),(105,13166,1),(105,5775,2),(105,9923,2),(105,767,3),(105,2226,3),(105,2247,3),(105,7829,6),(105,13163,6),(105,13173,6),(105,13174,6),(105,13177,6),(105,13178,6),(105,13164,10),(105,13175,10),(105,13179,10),(106,5767,1),(106,5773,1),(106,5774,1),(106,9463,1),(106,13241,1),(106,13242,1),(106,767,3),(106,2226,3),(106,2247,3),(106,5772,6),(106,9282,6),(106,9500,6),(106,9504,6),(106,13251,6),(106,13255,6),(106,13104,10),(106,13114,10),(106,13118,10),(107,5767,1),(107,5774,1),(107,5775,1),(107,5832,1),(107,5992,1),(107,6270,1),(107,8394,1),(107,9463,1),(107,13241,1),(107,13260,1),(107,767,3),(107,2226,3),(107,2247,3),(107,5977,6),(107,6013,6),(107,6330,6),(107,6331,6),(107,6337,6),(107,6338,6),(107,9282,6),(107,13251,6),(107,13255,6),(107,13259,10),(107,13274,10),(107,13279,10),(111,6270,1),(111,2210,2),(111,6005,2),(111,13286,2),(111,13287,2),(111,767,3),(111,2226,3),(111,2247,3),(111,11652,6),(111,11660,6),(111,13284,6),(111,13293,6),(111,13297,6),(111,11629,8),(111,13285,10),(111,13294,10),(111,13298,10),(113,725,1),(113,5760,1),(113,5765,1),(113,5769,1),(113,5775,1),(113,6005,1),(113,6177,1),(113,6942,1),(113,7035,1),(113,8157,1),(113,10704,1),(113,11634,1),(113,11676,1),(113,11678,1),(113,11802,1),(113,11803,1),(113,13106,1),(113,13459,1),(113,13568,1),(113,13569,1),(113,13570,1),(113,13571,1),(113,13572,1),(113,14317,1),(113,14318,1),(113,14319,1),(113,767,3),(113,2226,3),(113,2247,3),(113,6332,6),(113,6339,6),(113,10440,6),(113,11652,6),(113,11653,6),(113,11655,6),(113,11656,6),(113,11660,6),(113,11661,6),(113,11663,6),(113,11664,6),(113,6264,7),(113,11629,7),(113,11631,7),(113,11632,7),(113,13750,10),(113,13779,10),(113,13786,10),(114,725,1),(114,5760,1),(114,5765,1),(114,5769,1),(114,5775,1),(114,6005,1),(114,6177,1),(114,6942,1),(114,7035,1),(114,8157,1),(114,10704,1),(114,11629,1),(114,11634,1),(114,11676,1),(114,11678,1),(114,11802,1),(114,11803,1),(114,13106,1),(114,13459,1),(114,13568,1),(114,13569,1),(114,13570,1),(114,13571,1),(114,13572,1),(114,14317,1),(114,14318,1),(114,14319,1),(114,767,3),(114,2226,3),(114,2247,3),(114,6079,6),(114,6332,6),(114,6339,6),(114,9281,6),(114,9548,6),(114,9554,6),(114,11655,6),(114,11656,6),(114,11663,6),(114,11664,6),(114,13565,6),(114,13596,6),(114,13604,6),(114,13734,6),(114,13742,6),(114,6264,7),(114,11631,7),(114,11632,7),(114,13703,10),(114,13735,10),(114,13743,10),(115,725,1),(115,5760,1),(115,5765,1),(115,5769,1),(115,5775,1),(115,6005,1),(115,6177,1),(115,6942,1),(115,7035,1),(115,8157,1),(115,10704,1),(115,11629,1),(115,11634,1),(115,11676,1),(115,11678,1),(115,11802,1),(115,11803,1),(115,13106,1),(115,13459,1),(115,13568,1),(115,13569,1),(115,13570,1),(115,13571,1),(115,13572,1),(115,14317,1),(115,14318,1),(115,14319,1),(115,767,3),(115,2226,3),(115,2247,3),(115,6080,6),(115,6332,6),(115,6339,6),(115,6578,6),(115,6585,6),(115,10024,6),(115,10031,6),(115,11655,6),(115,11663,6),(115,11735,6),(115,11783,6),(115,11791,6),(115,13565,6),(115,13596,6),(115,13604,6),(115,6264,7),(115,9270,7),(115,11631,7),(115,13656,10),(115,13687,10),(115,13695,10),(116,725,1),(116,5760,1),(116,5765,1),(116,5769,1),(116,5775,1),(116,6005,1),(116,6177,1),(116,6264,1),(116,6942,1),(116,7035,1),(116,8157,1),(116,10704,1),(116,11634,1),(116,11676,1),(116,11678,1),(116,11802,1),(116,11803,1),(116,13106,1),(116,13459,1),(116,13568,1),(116,13569,1),(116,13570,1),(116,13571,1),(116,13572,1),(116,14317,1),(116,14318,1),(116,14319,1),(116,767,3),(116,2226,3),(116,2247,3),(116,10024,6),(116,10031,6),(116,10440,6),(116,11652,6),(116,11653,6),(116,11655,6),(116,11660,6),(116,11661,6),(116,11663,6),(116,13565,6),(116,13596,6),(116,13604,6),(116,9270,7),(116,11629,7),(116,11631,7),(116,13612,10),(116,13642,10),(116,13649,10),(117,725,1),(117,5760,1),(117,5765,1),(117,5769,1),(117,5775,1),(117,6005,1),(117,6177,1),(117,6264,1),(117,6942,1),(117,7035,1),(117,8157,1),(117,10704,1),(117,11634,1),(117,11676,1),(117,11678,1),(117,11802,1),(117,11803,1),(117,13106,1),(117,13459,1),(117,13568,1),(117,13569,1),(117,13570,1),(117,13571,1),(117,13572,1),(117,14317,1),(117,14318,1),(117,14319,1),(117,767,3),(117,2226,3),(117,2247,3),(117,10024,6),(117,10031,6),(117,10440,6),(117,11652,6),(117,11653,6),(117,11655,6),(117,11660,6),(117,11661,6),(117,11663,6),(117,13565,6),(117,13566,6),(117,13596,6),(117,13597,6),(117,13604,6),(117,13605,6),(117,9270,7),(117,11629,7),(117,11631,7),(117,13567,10),(117,13598,10),(117,13606,10),(118,6270,1),(118,725,2),(118,13319,2),(118,13320,2),(118,13321,2),(118,13322,2),(118,767,3),(118,2226,3),(118,2247,3),(118,6961,6),(118,9549,6),(118,9555,6),(118,10345,6),(118,11631,6),(118,11655,6),(118,11663,6),(118,11720,6),(118,11729,6),(118,13330,6),(118,13336,6),(118,2203,8),(118,13318,10),(118,13331,10),(118,13337,10),(119,6270,1),(119,725,2),(119,10044,2),(119,13302,2),(119,13303,2),(119,767,3),(119,2226,3),(119,2247,3),(119,11655,6),(119,11663,6),(119,13113,6),(119,13117,6),(119,11631,8),(119,13103,8),(119,13301,10),(119,13310,10),(119,13314,10),(120,6270,1),(120,2203,2),(120,6940,2),(120,7829,2),(120,10044,2),(120,13302,2),(120,13377,2),(120,767,3),(120,2226,3),(120,2247,3),(120,11655,6),(120,11663,6),(120,13387,6),(120,13391,6),(120,11631,8),(120,13166,8),(120,13376,10),(120,13388,10),(120,13392,10),(121,6270,1),(121,725,2),(121,5519,2),(121,5999,2),(121,6373,2),(121,9280,2),(121,13459,2),(121,13460,2),(121,767,3),(121,2226,3),(121,2247,3),(121,9548,6),(121,9554,6),(121,10865,6),(121,13471,6),(121,13472,6),(121,13476,6),(121,13477,6),(121,6005,8),(121,9281,8),(121,13458,10),(121,13473,10),(121,13478,10),(122,5733,1),(122,2222,2),(122,5767,2),(122,7465,2),(122,9280,2),(122,13482,2),(122,767,3),(122,2226,3),(122,2247,3),(122,5811,6),(122,5816,6),(122,9548,6),(122,9554,6),(122,13492,6),(122,13497,6),(122,5723,8),(122,5764,8),(122,9281,8),(122,13481,10),(122,13493,10),(122,13498,10),(123,13506,1),(123,11629,2),(123,11631,2),(123,13505,2),(123,767,3),(123,2226,3),(123,2247,3),(123,8610,6),(123,13502,6),(123,13503,6),(123,13511,6),(123,13512,6),(123,13513,6),(123,13516,6),(123,13517,6),(123,13518,6),(123,13504,10),(123,13514,10),(123,13519,10),(124,5761,1),(124,7827,1),(124,13438,1),(124,13439,1),(124,13440,1),(124,13441,1),(124,13442,1),(124,13443,1),(124,13444,1),(124,13445,1),(124,767,3),(124,2226,3),(124,2247,3),(124,10818,6),(124,10823,6),(124,10866,6),(124,13436,6),(124,13450,6),(124,13454,6),(124,13437,10),(124,13451,10),(124,13455,10),(125,2222,1),(125,5733,1),(125,5767,1),(125,6017,1),(125,6081,1),(125,13260,1),(125,13303,1),(125,13544,1),(125,7465,2),(125,10866,2),(125,767,3),(125,2226,3),(125,2247,3),(125,5811,6),(125,5816,6),(125,13492,6),(125,13497,6),(125,5723,8),(125,5764,8),(125,13543,10),(125,13557,10),(125,13561,10),(126,2222,1),(126,5733,1),(126,5767,1),(126,6017,1),(126,6081,1),(126,12763,1),(126,13303,1),(126,13544,1),(126,7465,2),(126,10866,2),(126,767,3),(126,2226,3),(126,2247,3),(126,6165,6),(126,6171,6),(126,13492,6),(126,13497,6),(126,5764,8),(126,6074,8),(126,13793,10),(126,13807,10),(126,13811,10),(127,5745,1),(127,5775,1),(127,9209,1),(127,9273,1),(127,10743,1),(127,13817,1),(127,13818,1),(127,9691,2),(127,10700,2),(127,13816,2),(127,767,3),(127,2226,3),(127,2247,3),(127,10818,6),(127,10823,6),(127,11719,6),(127,11728,6),(127,10866,8),(127,11669,8),(127,13815,10),(127,13829,10),(127,13833,10),(129,2165,1),(129,5775,1),(129,6088,1),(129,6177,1),(129,6189,1),(129,11675,1),(129,13860,1),(129,739,2),(129,9923,2),(129,13459,2),(129,767,3),(129,2226,3),(129,2247,3),(129,7465,6),(129,10818,6),(129,10823,6),(129,11652,6),(129,11660,6),(129,13849,6),(129,13854,6),(129,10866,8),(129,11629,8),(129,13859,10),(129,13874,10),(129,13879,10),(130,5767,1),(130,5769,1),(130,6374,1),(130,11675,1),(130,13838,1),(130,13839,1),(130,13840,1),(130,767,3),(130,2226,3),(130,2247,3),(130,7465,6),(130,10818,6),(130,10823,6),(130,10866,6),(130,11655,6),(130,11663,6),(130,13849,6),(130,13854,6),(130,11631,7),(130,13837,10),(130,13850,10),(130,13855,10),(131,5767,1),(131,5769,1),(131,13441,1),(131,13838,1),(131,13839,1),(131,13840,1),(131,6374,2),(131,767,3),(131,2226,3),(131,2247,3),(131,7465,6),(131,10818,6),(131,10823,6),(131,10866,6),(131,11655,6),(131,11663,6),(131,13849,6),(131,13854,6),(131,11631,8),(131,13884,10),(131,13896,10),(131,13901,10),(132,2165,1),(132,5775,1),(132,6088,1),(132,6177,1),(132,6189,1),(132,13860,1),(132,739,2),(132,9923,2),(132,13459,2),(132,767,3),(132,2226,3),(132,2247,3),(132,7465,6),(132,10818,6),(132,10823,6),(132,11652,6),(132,11660,6),(132,13849,6),(132,13854,6),(132,10866,8),(132,11629,8),(132,13906,10),(132,13920,10),(132,13925,10),(133,13936,1),(133,9220,2),(133,13932,2),(133,13933,2),(133,13934,2),(133,13935,2),(133,767,3),(133,2226,3),(133,2247,3),(133,10818,6),(133,10823,6),(133,10866,6),(133,13930,6),(133,13940,6),(133,13944,6),(133,13931,10),(133,13941,10),(133,13945,10),(134,13936,1),(134,9220,2),(134,13932,2),(134,13933,2),(134,13934,2),(134,13935,2),(134,767,3),(134,2226,3),(134,2247,3),(134,5962,6),(134,6062,6),(134,6068,6),(134,10818,6),(134,10823,6),(134,10866,6),(134,13948,6),(134,13959,6),(134,13964,6),(134,13949,10),(134,13960,10),(134,13965,10),(135,13936,1),(135,9220,2),(135,13932,2),(135,13933,2),(135,13934,2),(135,13935,2),(135,767,3),(135,2226,3),(135,2247,3),(135,10818,6),(135,10823,6),(135,10866,6),(135,13103,6),(135,13113,6),(135,13117,6),(135,13948,6),(135,13959,6),(135,13964,6),(135,13990,10),(135,14001,10),(135,14006,10),(136,739,1),(136,2212,1),(136,5724,1),(136,5726,1),(136,5738,1),(136,5777,1),(136,5985,1),(136,6013,1),(136,6079,1),(136,6089,1),(136,6091,1),(136,6291,1),(136,9208,1),(136,9209,1),(136,9212,1),(136,9213,1),(136,9214,1),(136,9215,1),(136,9280,1),(136,9281,1),(136,9688,1),(136,9755,1),(136,9921,1),(136,9923,1),(136,11687,1),(136,12754,1),(136,14168,1),(136,14169,1),(136,14170,1),(136,14171,1),(136,14172,1),(136,14173,1),(136,14174,1),(136,14175,1),(136,14176,1),(136,14177,1),(136,14178,1),(136,14179,1),(136,2247,3),(136,21239,3),(136,23136,3),(136,6282,6),(136,14209,6),(136,14210,6),(136,14211,6),(136,14212,6),(136,14215,6),(136,14216,6),(136,14217,6),(136,14218,6),(136,10263,7),(136,14165,7),(136,14166,7),(136,14167,10),(136,14213,10),(136,14219,10),(137,13817,1),(137,5767,2),(137,5773,2),(137,5774,2),(137,9463,2),(137,9692,2),(137,767,3),(137,2226,3),(137,2247,3),(137,5772,6),(137,9282,6),(137,9500,6),(137,9504,6),(137,13251,6),(137,13255,6),(137,14011,10),(137,14021,10),(137,14025,10),(138,5733,1),(138,5767,2),(138,5992,2),(138,6202,2),(138,6940,2),(138,8394,2),(138,13260,2),(138,14030,2),(138,767,3),(138,2226,3),(138,2247,3),(138,6931,6),(138,6997,6),(138,7006,6),(138,9225,6),(138,10818,6),(138,10823,6),(138,10866,6),(138,14042,6),(138,14047,6),(138,14029,10),(138,14043,10),(138,14048,10),(139,5733,1),(139,5767,2),(139,5992,2),(139,6202,2),(139,6940,2),(139,8394,2),(139,13260,2),(139,14030,2),(139,767,3),(139,2226,3),(139,2247,3),(139,6931,6),(139,6997,6),(139,7006,6),(139,14052,6),(139,14064,6),(139,14068,6),(139,14053,10),(139,14065,10),(139,14069,10),(140,739,1),(140,2212,1),(140,5724,1),(140,5726,1),(140,5738,1),(140,5777,1),(140,5985,1),(140,6013,1),(140,6079,1),(140,6089,1),(140,6091,1),(140,6291,1),(140,6940,1),(140,8615,1),(140,9208,1),(140,9209,1),(140,9212,1),(140,9213,1),(140,9214,1),(140,9215,1),(140,9280,1),(140,9281,1),(140,9688,1),(140,9921,1),(140,9923,1),(140,11687,1),(140,12754,1),(140,14169,1),(140,14170,1),(140,14171,1),(140,14172,1),(140,14173,1),(140,14174,1),(140,14175,1),(140,14176,1),(140,14177,1),(140,14178,1),(140,14179,1),(140,767,3),(140,2226,3),(140,2247,3),(140,6282,6),(140,13251,6),(140,13255,6),(140,14209,6),(140,14210,6),(140,14215,6),(140,14216,6),(140,9282,7),(140,10263,7),(140,14221,10),(140,14264,10),(140,14269,10),(141,11675,1),(141,14078,1),(141,8157,2),(141,9691,2),(141,10700,2),(141,11629,2),(141,11631,2),(141,14077,2),(141,767,3),(141,2226,3),(141,2247,3),(141,14072,6),(141,14073,6),(141,14074,6),(141,14075,6),(141,14086,6),(141,14087,6),(141,14088,6),(141,14089,6),(141,14092,6),(141,14093,6),(141,14094,6),(141,14095,6),(141,14076,10),(141,14090,10),(141,14096,10),(143,5733,1),(143,739,2),(143,5775,2),(143,14100,2),(143,767,3),(143,2226,3),(143,2247,3),(143,6330,6),(143,6331,6),(143,6337,6),(143,6338,6),(143,14107,6),(143,14112,6),(143,5977,8),(143,6013,8),(143,14098,8),(143,14099,10),(143,14108,10),(143,14113,10),(144,5733,1),(144,5767,2),(144,5774,2),(144,5832,2),(144,5897,2),(144,9463,2),(144,13260,2),(144,14141,2),(144,767,3),(144,2226,3),(144,2247,3),(144,2203,6),(144,9549,6),(144,9555,6),(144,10818,6),(144,10823,6),(144,10866,6),(144,13141,6),(144,13153,6),(144,13158,6),(144,14139,6),(144,14153,6),(144,14159,6),(144,14140,10),(144,14154,10),(144,14160,10),(145,5775,1),(145,13506,1),(145,14955,1),(145,14956,1),(145,14957,1),(145,14958,1),(145,767,3),(145,2226,3),(145,2247,3),(145,6418,6),(145,6419,6),(145,6423,6),(145,6424,6),(145,10818,6),(145,10823,6),(145,13511,6),(145,13512,6),(145,13516,6),(145,13517,6),(145,13503,7),(145,6291,8),(145,6344,8),(145,10866,8),(145,13502,8),(145,14117,10),(145,14125,10),(145,14132,10),(147,5769,1),(147,5779,1),(147,9281,1),(147,10342,1),(147,12120,1),(147,13121,1),(147,13141,1),(147,2179,2),(147,5730,2),(147,7577,2),(147,9573,2),(147,14987,2),(147,14988,2),(147,14989,2),(147,14990,2),(147,14991,2),(147,14992,2),(147,14993,2),(147,767,3),(147,2226,3),(147,2247,3),(147,5987,6),(147,12655,6),(147,12663,6),(147,14983,6),(147,14984,6),(147,14985,6),(147,15007,6),(147,15008,6),(147,15009,6),(147,15010,6),(147,15011,6),(147,15015,6),(147,15016,6),(147,15017,6),(147,15018,6),(147,14982,7),(147,14986,10),(147,15012,10),(147,15019,10),(148,5627,1),(148,5722,1),(148,5828,1),(148,5831,1),(148,5987,1),(148,6013,1),(148,6291,1),(148,6931,1),(148,6955,1),(148,9225,1),(148,9284,1),(148,10741,1),(148,13141,1),(148,15025,1),(148,15026,1),(148,15027,1),(148,15028,1),(148,2223,2),(148,5767,2),(148,5832,2),(148,5992,2),(148,6202,2),(148,8394,2),(148,15024,2),(148,767,3),(148,2226,3),(148,2247,3),(148,2203,6),(148,9549,6),(148,9555,6),(148,15022,6),(148,15051,6),(148,15052,6),(148,15056,6),(148,15057,6),(148,5769,7),(148,15023,10),(148,15053,10),(148,15058,10),(150,5722,1),(150,5828,1),(150,5831,1),(150,5987,1),(150,6013,1),(150,6291,1),(150,6931,1),(150,6955,1),(150,8160,1),(150,9225,1),(150,9284,1),(150,10040,1),(150,15028,1),(150,15063,1),(150,15064,1),(150,15065,1),(150,2223,2),(150,5832,2),(150,5992,2),(150,6081,2),(150,767,3),(150,2226,3),(150,2247,3),(150,15051,6),(150,15056,6),(150,15085,6),(150,15089,6),(150,15022,7),(150,15061,7),(150,15062,10),(150,15086,10),(150,15090,10),(151,725,1),(151,2210,1),(151,2212,1),(151,5623,1),(151,5722,1),(151,5765,1),(151,5895,1),(151,5985,1),(151,5987,1),(151,6009,1),(151,6013,1),(151,6291,1),(151,6344,1),(151,6932,1),(151,9224,1),(151,9808,1),(151,9809,1),(151,10040,1),(151,15098,1),(151,15099,1),(151,15100,1),(151,15101,1),(151,15102,1),(151,15103,1),(151,15104,1),(151,15105,1),(151,5830,2),(151,9923,2),(151,15096,2),(151,15097,2),(151,767,3),(151,2226,3),(151,2247,3),(151,15093,6),(151,15094,6),(151,15128,6),(151,15129,6),(151,15130,6),(151,15133,6),(151,15134,6),(151,15135,6),(151,2224,8),(151,15095,10),(151,15131,10),(151,15136,10),(152,2219,1),(152,5623,1),(152,5722,1),(152,5767,1),(152,5985,1),(152,6081,1),(152,6214,1),(152,6291,1),(152,6931,1),(152,6932,1),(152,6955,1),(152,10214,1),(152,15027,1),(152,15145,1),(152,15146,1),(152,15147,1),(152,15148,1),(152,15149,1),(152,15150,1),(152,15151,1),(152,15152,1),(152,15142,2),(152,15143,2),(152,15144,2),(152,2247,3),(152,21239,3),(152,23136,3),(152,15167,6),(152,15168,6),(152,15169,6),(152,15172,6),(152,15173,6),(152,15174,6),(152,15138,8),(152,15139,8),(152,15140,8),(152,15141,10),(152,15170,10),(152,15175,10),(153,5623,1),(153,5722,1),(153,5987,1),(153,5991,1),(153,6931,1),(153,6955,1),(153,9225,1),(153,15180,1),(153,15181,1),(153,15182,1),(153,15183,1),(153,15184,1),(153,15185,1),(153,15186,1),(153,15187,1),(153,13321,2),(153,15179,2),(153,767,3),(153,2226,3),(153,2247,3),(153,15198,6),(153,15199,6),(153,15202,6),(153,15203,6),(153,6188,8),(153,15177,8),(153,15178,10),(153,15200,10),(153,15204,10),(154,5722,1),(154,5767,1),(154,5832,1),(154,5987,1),(154,6013,1),(154,6179,1),(154,6214,1),(154,6291,1),(154,6370,1),(154,9225,1),(154,10040,1),(154,15148,1),(154,15211,1),(154,15212,1),(154,15213,1),(154,15214,1),(154,2210,2),(154,15208,2),(154,15209,2),(154,15210,2),(154,767,3),(154,2226,3),(154,2247,3),(154,13511,6),(154,13516,6),(154,15230,6),(154,15234,6),(154,13502,7),(154,15206,7),(154,15207,10),(154,15231,10),(154,15235,10),(155,2212,1),(155,5623,1),(155,5722,1),(155,5773,1),(155,5985,1),(155,5987,1),(155,6291,1),(155,6363,1),(155,6931,1),(155,6932,1),(155,6955,1),(155,10037,1),(155,10098,1),(155,10999,1),(155,15096,1),(155,15185,1),(155,15239,1),(155,15240,1),(155,15241,1),(155,15242,1),(155,15243,1),(155,15244,1),(155,15245,1),(155,15179,2),(155,767,3),(155,2226,3),(155,2247,3),(155,15198,6),(155,15202,6),(155,15266,6),(155,15270,6),(155,15177,7),(155,15150,8),(155,15238,10),(155,15267,10),(155,15271,10),(156,2210,1),(156,5514,1),(156,5722,1),(156,5738,1),(156,5833,1),(156,5987,1),(156,6013,1),(156,6214,1),(156,6291,1),(156,6931,1),(156,9225,1),(156,9283,1),(156,9284,1),(156,10040,1),(156,13502,1),(156,15022,1),(156,15277,1),(156,15278,1),(156,15279,1),(156,15280,1),(156,15281,1),(156,15282,1),(156,725,2),(156,5897,2),(156,6191,2),(156,6210,2),(156,9277,2),(156,10266,2),(156,15097,2),(156,15147,2),(156,15275,2),(156,15276,2),(156,767,3),(156,2226,3),(156,2247,3),(156,15212,6),(156,15230,6),(156,15234,6),(156,15310,6),(156,15314,6),(156,15206,7),(156,15274,10),(156,15311,10),(156,15315,10),(157,2188,1),(157,5623,1),(157,5722,1),(157,5985,1),(157,5987,1),(157,6291,1),(157,7577,1),(157,15320,1),(157,15321,1),(157,2211,2),(157,15319,2),(157,767,3),(157,2226,3),(157,2247,3),(157,15168,6),(157,15173,6),(157,15333,6),(157,15337,6),(157,6086,8),(157,15139,8),(157,15318,10),(157,15334,10),(157,15338,10),(158,2166,1),(158,5623,1),(158,5722,1),(158,5726,1),(158,5987,1),(158,6013,1),(158,6291,1),(158,6357,1),(158,6931,1),(158,6940,1),(158,9225,1),(158,10040,1),(158,15148,1),(158,15343,1),(158,15344,1),(158,15345,1),(158,15346,1),(158,15347,1),(158,15348,1),(158,15349,1),(158,15350,1),(158,767,3),(158,2226,3),(158,2247,3),(158,15168,6),(158,15173,6),(158,15367,6),(158,15368,6),(158,15372,6),(158,15373,6),(158,15139,7),(158,6009,8),(158,15341,8),(158,15342,10),(158,15369,10),(158,15374,10),(159,5733,1),(159,5962,1),(159,5987,1),(159,6005,1),(159,6084,1),(159,6179,1),(159,9514,1),(159,10037,1),(159,10219,1),(159,13502,1),(159,15380,1),(159,725,2),(159,15276,2),(159,15378,2),(159,15379,2),(159,767,3),(159,2226,3),(159,2247,3),(159,12164,6),(159,12171,6),(159,13131,6),(159,13136,6),(159,12120,8),(159,13121,8),(159,15377,10),(159,15396,10),(159,15400,10),(160,5733,1),(160,5962,1),(160,5987,1),(160,6084,1),(160,6179,1),(160,13502,1),(160,6089,2),(160,15405,2),(160,15406,2),(160,767,3),(160,2226,3),(160,2247,3),(160,13131,6),(160,13136,6),(160,15417,6),(160,15421,6),(160,10702,8),(160,13121,8),(160,15404,10),(160,15418,10),(160,15422,10),(161,5962,1),(161,5987,1),(161,6084,1),(161,6179,1),(161,13502,1),(161,5777,2),(161,6177,2),(161,9746,2),(161,13505,2),(161,15244,2),(161,15405,2),(161,15426,2),(161,15427,2),(161,767,3),(161,2226,3),(161,2247,3),(161,13131,6),(161,13136,6),(161,15442,6),(161,15446,6),(161,5779,8),(161,13121,8),(161,15425,10),(161,15443,10),(161,15447,10),(162,5733,1),(162,5962,1),(162,5987,1),(162,6081,1),(162,6084,1),(162,6089,1),(162,6179,1),(162,12763,1),(162,13502,1),(162,15348,1),(162,15454,1),(162,15455,1),(162,5897,2),(162,9923,2),(162,15452,2),(162,15453,2),(162,767,3),(162,2226,3),(162,2247,3),(162,13121,6),(162,13131,6),(162,13136,6),(162,15442,6),(162,15446,6),(162,15471,6),(162,15476,6),(162,5779,7),(162,15450,7),(162,15451,10),(162,15472,10),(162,15477,10),(163,725,1),(163,2210,1),(163,5733,1),(163,5962,1),(163,5987,1),(163,6005,1),(163,6084,1),(163,6179,1),(163,8381,1),(163,10440,1),(163,13502,1),(163,15276,1),(163,15484,1),(163,15485,1),(163,15486,1),(163,2152,2),(163,6281,2),(163,6945,2),(163,8394,2),(163,10733,2),(163,15483,2),(163,767,3),(163,2226,3),(163,2247,3),(163,13131,6),(163,13136,6),(163,15442,6),(163,15446,6),(163,15507,6),(163,15512,6),(163,5779,7),(163,13121,8),(163,15481,8),(163,15482,10),(163,15508,10),(163,15513,10),(164,5733,1),(164,5962,1),(164,5987,1),(164,6084,1),(164,6177,1),(164,6179,1),(164,6189,1),(164,8385,1),(164,11631,1),(164,13502,1),(164,13505,1),(164,15556,1),(164,2152,2),(164,2210,2),(164,7843,2),(164,9687,2),(164,15554,2),(164,15555,2),(164,767,3),(164,2226,3),(164,2247,3),(164,6578,6),(164,6585,6),(164,13131,6),(164,13136,6),(164,6080,7),(164,13121,8),(164,15553,10),(164,15575,10),(164,15579,10),(165,5733,1),(165,5962,1),(165,5987,1),(165,6084,1),(165,6179,1),(165,13502,1),(165,5748,2),(165,6087,2),(165,6955,2),(165,8394,2),(165,9923,2),(165,10700,2),(165,15584,2),(165,767,3),(165,2226,3),(165,2247,3),(165,9229,6),(165,13121,6),(165,13131,6),(165,13136,6),(165,15052,6),(165,15057,6),(165,15601,6),(165,15606,6),(165,5769,7),(165,15583,10),(165,15602,10),(165,15607,10),(166,5761,1),(166,5962,1),(166,5985,1),(166,5987,1),(166,6084,1),(166,6270,1),(166,9516,1),(166,9923,1),(166,15614,1),(166,15615,1),(166,15616,1),(166,15617,1),(166,15618,1),(166,15619,1),(166,6357,2),(166,11640,2),(166,15378,2),(166,15379,2),(166,15612,2),(166,15613,2),(166,767,3),(166,2226,3),(166,2247,3),(166,12164,6),(166,12171,6),(166,15635,6),(166,15639,6),(166,13302,7),(166,12120,8),(166,15611,10),(166,15636,10),(166,15640,10),(167,5761,1),(167,5962,1),(167,5985,1),(167,5987,1),(167,6084,1),(167,6270,1),(167,9516,1),(167,9923,1),(167,15614,1),(167,15615,1),(167,15616,1),(167,15617,1),(167,15618,1),(167,15619,1),(167,6357,2),(167,11640,2),(167,15378,2),(167,15379,2),(167,15612,2),(167,15613,2),(167,767,3),(167,2226,3),(167,2247,3),(167,15442,6),(167,15446,6),(167,15635,6),(167,15639,6),(167,13302,7),(167,5779,8),(167,15675,10),(167,15699,10),(167,15703,10),(168,5761,1),(168,5962,1),(168,5985,1),(168,5987,1),(168,6084,1),(168,6270,1),(168,9516,1),(168,9923,1),(168,15614,1),(168,15615,1),(168,15616,1),(168,15617,1),(168,15618,1),(168,15619,1),(168,6357,2),(168,11640,2),(168,15378,2),(168,15379,2),(168,15612,2),(168,15613,2),(168,767,3),(168,2226,3),(168,2247,3),(168,6578,6),(168,6585,6),(168,15635,6),(168,15639,6),(168,13302,7),(168,6080,8),(168,15643,10),(168,15667,10),(168,15671,10),(169,725,1),(169,2213,1),(169,5830,1),(169,5997,1),(169,6210,1),(169,6371,1),(169,6960,1),(169,7076,1),(169,7457,1),(169,8157,1),(169,9336,1),(169,9923,1),(169,15320,1),(169,15708,1),(169,15711,1),(169,15713,1),(169,15716,1),(169,15721,1),(169,15724,1),(169,15725,1),(169,15760,1),(169,15761,1),(169,15762,1),(169,15763,1),(169,15764,1),(169,15765,1),(169,2194,2),(169,5823,2),(169,5999,2),(169,8505,2),(169,10099,2),(169,15757,2),(169,15758,2),(169,15759,2),(169,767,3),(169,2226,3),(169,2247,3),(169,9621,6),(169,15743,6),(169,15748,6),(169,15754,6),(169,15755,6),(169,15793,6),(169,15794,6),(169,15795,6),(169,15799,6),(169,15800,6),(169,15801,6),(169,15753,7),(169,15756,10),(169,15796,10),(169,15802,10),(170,725,1),(170,2202,1),(170,2203,1),(170,2211,1),(170,5514,1),(170,5886,1),(170,5977,1),(170,5987,1),(170,6282,1),(170,8157,1),(170,8388,1),(170,9330,1),(170,9336,1),(170,9462,1),(170,15711,1),(170,15713,1),(170,15714,1),(170,15715,1),(170,15716,1),(170,15721,1),(170,15724,1),(170,15725,1),(170,15808,1),(170,15809,1),(170,15810,1),(170,15811,1),(170,15812,1),(170,5752,2),(170,7076,2),(170,10099,2),(170,14100,2),(170,15762,2),(170,15763,2),(170,15807,2),(170,767,3),(170,2226,3),(170,2247,3),(170,6013,6),(170,6331,6),(170,6338,6),(170,9621,6),(170,15743,6),(170,15748,6),(170,15805,6),(170,15844,6),(170,15849,6),(170,15806,10),(170,15845,10),(170,15850,10),(171,739,1),(171,2203,1),(171,2207,1),(171,2210,1),(171,5886,1),(171,6089,1),(171,8157,1),(171,9336,1),(171,14168,1),(171,15711,1),(171,15712,1),(171,15713,1),(171,15714,1),(171,15715,1),(171,15716,1),(171,15717,1),(171,15718,1),(171,15719,1),(171,15720,1),(171,15721,1),(171,15722,1),(171,15723,1),(171,15724,1),(171,15725,1),(171,6941,2),(171,8505,2),(171,9680,2),(171,10099,2),(171,15708,2),(171,15709,2),(171,15710,2),(171,767,3),(171,2226,3),(171,2247,3),(171,5828,6),(171,9621,6),(171,10081,6),(171,10088,6),(171,15471,6),(171,15476,6),(171,15743,6),(171,15748,6),(171,15450,7),(171,15707,10),(171,15744,10),(171,15749,10),(172,5736,1),(172,5886,1),(172,5887,1),(172,6192,1),(172,6266,1),(172,15860,1),(172,15861,1),(172,15862,1),(172,15863,1),(172,15864,1),(172,15865,1),(172,15866,1),(172,15867,1),(172,15868,1),(172,15869,1),(172,15870,1),(172,15856,2),(172,15857,2),(172,15858,2),(172,15859,2),(172,767,3),(172,2226,3),(172,2247,3),(172,15877,6),(172,15880,6),(172,15854,8),(172,15855,10),(172,15878,10),(172,15881,10),(173,2203,1),(173,5774,1),(173,5964,1),(173,6290,1),(173,6515,1),(173,8615,1),(173,12920,1),(173,15755,1),(173,15869,1),(173,15870,1),(173,15886,1),(173,15887,1),(173,15888,1),(173,15889,1),(173,15890,1),(173,6371,2),(173,9281,2),(173,15856,2),(173,15885,2),(173,767,3),(173,2226,3),(173,2247,3),(173,15905,6),(173,15908,6),(173,15883,8),(173,15884,10),(173,15906,10),(173,15909,10),(174,2158,1),(174,2203,1),(174,5732,1),(174,5774,1),(174,5886,1),(174,5895,1),(174,5987,1),(174,6203,1),(174,6204,1),(174,6344,1),(174,6371,1),(174,7714,1),(174,7838,1),(174,9217,1),(174,9225,1),(174,9347,1),(174,9625,1),(174,12758,1),(174,13505,1),(174,13566,1),(174,15212,1),(174,15860,1),(174,15865,1),(174,15869,1),(174,15870,1),(174,15890,1),(174,15913,1),(174,15914,1),(174,15915,1),(174,15916,1),(174,15917,1),(174,15918,1),(174,15919,1),(174,15920,1),(174,15921,1),(174,15922,1),(174,15923,1),(174,15924,1),(174,9281,2),(174,767,3),(174,2226,3),(174,2247,3),(174,15911,6),(174,15953,6),(174,15954,6),(174,15957,6),(174,15912,10),(174,15955,10),(174,15958,10),(175,2203,1),(175,5514,1),(175,5628,1),(175,5726,1),(175,5729,1),(175,5769,1),(175,5885,1),(175,5964,1),(175,5992,1),(175,6081,1),(175,6091,1),(175,7614,1),(175,9217,1),(175,9330,1),(175,9331,1),(175,9347,1),(175,12064,1),(175,15805,1),(175,15856,1),(175,15869,1),(175,15870,1),(175,15886,1),(175,15961,1),(175,15962,1),(175,15965,1),(175,15966,1),(175,15967,1),(175,15968,1),(175,15969,1),(175,15970,1),(175,9281,2),(175,15963,2),(175,15964,2),(175,767,3),(175,2226,3),(175,2247,3),(175,15996,6),(175,15997,6),(175,16000,6),(175,9807,7),(175,15960,10),(175,15998,10),(175,16001,10),(176,2203,1),(176,2217,1),(176,2221,1),(176,2222,1),(176,5628,1),(176,5726,1),(176,5769,1),(176,5774,1),(176,5833,1),(176,5895,1),(176,6203,1),(176,7614,1),(176,7838,1),(176,8185,1),(176,9621,1),(176,9625,1),(176,15184,1),(176,15860,1),(176,15916,1),(176,16008,1),(176,16009,1),(176,16010,1),(176,16011,1),(176,16012,1),(176,16013,1),(176,725,2),(176,5966,2),(176,8373,2),(176,13934,2),(176,16004,2),(176,16005,2),(176,16006,2),(176,16007,2),(176,767,3),(176,2226,3),(176,2247,3),(176,16039,6),(176,16042,6),(176,9864,7),(176,16003,10),(176,16040,10),(176,16043,10),(177,2217,1),(177,2224,1),(177,5519,1),(177,5628,1),(177,5724,1),(177,5726,1),(177,5769,1),(177,5770,1),(177,5829,1),(177,6003,1),(177,6006,1),(177,7614,1),(177,7838,1),(177,7839,1),(177,8185,1),(177,10309,1),(177,15860,1),(177,15916,1),(177,16008,1),(177,16009,1),(177,16010,1),(177,16013,1),(177,16051,1),(177,16052,1),(177,16053,1),(177,16054,1),(177,16055,1),(177,16056,1),(177,16057,1),(177,16058,1),(177,5966,2),(177,8373,2),(177,16050,2),(177,767,3),(177,2226,3),(177,2247,3),(177,16045,6),(177,16046,6),(177,16047,6),(177,16048,6),(177,16084,6),(177,16085,6),(177,16086,6),(177,16087,6),(177,16090,6),(177,16091,6),(177,16092,6),(177,16093,6),(177,16049,10),(177,16088,10),(177,16094,10),(178,2203,1),(178,2211,1),(178,2217,1),(178,2223,1),(178,5628,1),(178,5724,1),(178,5726,1),(178,6266,1),(178,6364,1),(178,7614,1),(178,7838,1),(178,8185,1),(178,9285,1),(178,11682,1),(178,15860,1),(178,15916,1),(178,15924,1),(178,16008,1),(178,16009,1),(178,16010,1),(178,16013,1),(178,16132,1),(178,16133,1),(178,16134,1),(178,16135,1),(178,16136,1),(178,16137,1),(178,16138,1),(178,16139,1),(178,6087,2),(178,6097,2),(178,9217,2),(178,9684,2),(178,10345,2),(178,10866,2),(178,767,3),(178,2226,3),(178,2247,3),(178,16130,6),(178,16168,6),(178,16171,6),(178,16131,10),(178,16169,10),(178,16172,10),(179,2217,1),(179,5628,1),(179,5996,1),(179,6210,1),(179,7614,1),(179,8185,1),(179,8384,1),(179,15860,1),(179,16008,1),(179,16009,1),(179,16010,1),(179,16013,1),(179,16100,1),(179,16101,1),(179,16102,1),(179,16103,1),(179,5724,2),(179,5726,2),(179,5769,2),(179,9217,2),(179,9864,2),(179,15916,2),(179,16056,2),(179,16098,2),(179,16099,2),(179,767,3),(179,2226,3),(179,2247,3),(179,16124,6),(179,16127,6),(179,16096,7),(179,16097,10),(179,16125,10),(179,16128,10),(180,725,1),(180,2217,1),(180,5519,1),(180,5628,1),(180,6007,1),(180,7614,1),(180,8185,1),(180,15860,1),(180,16008,1),(180,16009,1),(180,16010,1),(180,16013,1),(180,16101,1),(180,16177,1),(180,16178,1),(180,16179,1),(180,16180,1),(180,5726,2),(180,7829,2),(180,9217,2),(180,15916,2),(180,16176,2),(180,767,3),(180,2226,3),(180,2247,3),(180,5812,6),(180,5817,6),(180,16174,6),(180,16200,6),(180,16204,6),(180,5724,8),(180,16175,10),(180,16201,10),(180,16205,10),(181,5522,1),(181,5761,1),(181,6361,1),(181,10221,1),(181,16216,1),(181,16217,1),(181,6357,2),(181,16213,2),(181,16214,2),(181,16215,2),(181,767,3),(181,2226,3),(181,2247,3),(181,9225,6),(181,14042,6),(181,14047,6),(181,16208,6),(181,16209,6),(181,16210,6),(181,16211,6),(181,16225,6),(181,16226,6),(181,16227,6),(181,16228,6),(181,16232,6),(181,16233,6),(181,16234,6),(181,16235,6),(181,16212,10),(181,16229,10),(181,16236,10),(182,5522,1),(182,5761,1),(182,6361,1),(182,10221,1),(182,16216,1),(182,16217,1),(182,6357,2),(182,16213,2),(182,16214,2),(182,16215,2),(182,767,3),(182,2226,3),(182,2247,3),(182,2169,6),(182,8154,6),(182,8220,6),(182,8221,6),(182,8224,6),(182,8225,6),(182,16208,6),(182,16209,6),(182,16225,6),(182,16226,6),(182,16232,6),(182,16233,6),(182,16239,10),(182,16255,10),(182,16261,10),(183,5522,1),(183,5761,1),(183,6361,1),(183,10221,1),(183,16216,1),(183,16217,1),(183,6357,2),(183,16213,2),(183,16214,2),(183,16215,2),(183,767,3),(183,2226,3),(183,2247,3),(183,12106,6),(183,14165,6),(183,14211,6),(183,14217,6),(183,16208,6),(183,16209,6),(183,16225,6),(183,16226,6),(183,16232,6),(183,16233,6),(183,16301,6),(183,16303,6),(183,16319,6),(183,16320,6),(183,16321,6),(183,16328,6),(183,16329,6),(183,16330,6),(183,16302,7),(183,16304,10),(183,16322,10),(183,16331,10),(184,5522,1),(184,5761,1),(184,6361,1),(184,10221,1),(184,16216,1),(184,16217,1),(184,6357,2),(184,16213,2),(184,16214,2),(184,16215,2),(184,767,3),(184,2226,3),(184,2247,3),(184,6087,6),(184,6089,6),(184,10742,6),(184,16208,6),(184,16209,6),(184,16225,6),(184,16226,6),(184,16232,6),(184,16233,6),(184,16267,6),(184,16285,6),(184,16286,6),(184,16287,6),(184,16288,6),(184,16293,6),(184,16294,6),(184,16295,6),(184,16296,6),(184,16268,10),(184,16289,10),(184,16297,10),(185,5522,1),(185,5761,1),(185,6361,1),(185,10221,1),(185,16216,1),(185,16217,1),(185,6357,2),(185,16213,2),(185,16214,2),(185,16215,2),(185,767,3),(185,2226,3),(185,2247,3),(185,2212,6),(185,9270,6),(185,10023,6),(185,10024,6),(185,10030,6),(185,10031,6),(185,16208,6),(185,16209,6),(185,16225,6),(185,16226,6),(185,16232,6),(185,16233,6),(185,16336,10),(185,16352,10),(185,16358,10),(186,5522,1),(186,5761,1),(186,6361,1),(186,10221,1),(186,16216,1),(186,16217,1),(186,6357,2),(186,16213,2),(186,16214,2),(186,16215,2),(186,767,3),(186,2226,3),(186,2247,3),(186,16208,6),(186,16209,6),(186,16225,6),(186,16226,6),(186,16232,6),(186,16233,6),(186,16364,6),(186,16365,6),(186,16380,6),(186,16381,6),(186,16386,6),(186,16387,6),(186,16366,10),(186,16382,10),(186,16388,10),(187,5522,1),(187,5761,1),(187,6361,1),(187,10221,1),(187,16216,1),(187,16217,1),(187,6357,2),(187,16213,2),(187,16214,2),(187,16215,2),(187,767,3),(187,2226,3),(187,2247,3),(187,9678,6),(187,9731,6),(187,9737,6),(187,16208,6),(187,16209,6),(187,16225,6),(187,16226,6),(187,16232,6),(187,16233,6),(187,16392,10),(187,16407,10),(187,16412,10),(188,5522,1),(188,5761,1),(188,6361,1),(188,10221,1),(188,16216,1),(188,16217,1),(188,6357,2),(188,16213,2),(188,16214,2),(188,16215,2),(188,767,3),(188,2226,3),(188,2247,3),(188,5729,6),(188,6089,6),(188,10707,6),(188,16208,6),(188,16209,6),(188,16225,6),(188,16226,6),(188,16232,6),(188,16233,6),(188,16285,6),(188,16293,6),(188,16434,6),(188,16435,6),(188,16441,6),(188,16442,6),(188,16417,10),(188,16436,10),(188,16443,10),(189,725,1),(189,2188,1),(189,2210,1),(189,2219,1),(189,5767,1),(189,5769,1),(189,5823,1),(189,5966,1),(189,5998,1),(189,5999,1),(189,6270,1),(189,6941,1),(189,8157,1),(189,8400,1),(189,9510,1),(189,10834,1),(189,14100,1),(189,16450,1),(189,16451,1),(189,16452,1),(189,16453,1),(189,16454,1),(189,16455,1),(189,16456,1),(189,16457,1),(189,16458,1),(189,16459,1),(189,16460,1),(189,16461,1),(189,16462,1),(189,16463,1),(189,16464,1),(189,16465,1),(189,6935,2),(189,16449,2),(189,767,3),(189,2226,3),(189,2247,3),(189,13471,6),(189,13476,6),(189,16487,6),(189,16491,6),(189,6005,7),(189,9284,7),(189,16448,10),(189,16488,10),(189,16492,10),(190,725,1),(190,2165,1),(190,2219,1),(190,5761,1),(190,5767,1),(190,5966,1),(190,5998,1),(190,5999,1),(190,6270,1),(190,6941,1),(190,8157,1),(190,8400,1),(190,9217,1),(190,9468,1),(190,9510,1),(190,9808,1),(190,9809,1),(190,13566,1),(190,16450,1),(190,16453,1),(190,16462,1),(190,16463,1),(190,16464,1),(190,16465,1),(190,16496,1),(190,16497,1),(190,16498,1),(190,16499,1),(190,16500,1),(190,16501,1),(190,16502,1),(190,16503,1),(190,16504,1),(190,16505,1),(190,6935,2),(190,16449,2),(190,767,3),(190,2226,3),(190,2247,3),(190,13471,6),(190,13476,6),(190,16536,6),(190,16537,6),(190,16541,6),(190,16542,6),(190,6005,7),(190,13505,7),(190,15026,7),(190,16495,10),(190,16538,10),(190,16543,10),(191,725,1),(191,2203,1),(191,2210,1),(191,5726,1),(191,5765,1),(191,5823,1),(191,6089,1),(191,6199,1),(191,6270,1),(191,7035,1),(191,9213,1),(191,10792,1),(191,10834,1),(191,13838,1),(191,14141,1),(191,16454,1),(191,16455,1),(191,16456,1),(191,16457,1),(191,16458,1),(191,16459,1),(191,16460,1),(191,16461,1),(191,16547,1),(191,16548,1),(191,16549,1),(191,16550,1),(191,16551,1),(191,16552,1),(191,16553,1),(191,16554,1),(191,2168,2),(191,6935,2),(191,16449,2),(191,767,3),(191,2226,3),(191,2247,3),(191,9500,6),(191,9504,6),(191,16487,6),(191,16491,6),(191,5772,7),(191,9284,7),(191,16546,10),(191,16584,10),(191,16588,10),(192,725,1),(192,2165,1),(192,2194,1),(192,2210,1),(192,2215,1),(192,5520,1),(192,5767,1),(192,5823,1),(192,5987,1),(192,5999,1),(192,6079,1),(192,6270,1),(192,6284,1),(192,8388,1),(192,9280,1),(192,9569,1),(192,10792,1),(192,10834,1),(192,10865,1),(192,15862,1),(192,16454,1),(192,16455,1),(192,16456,1),(192,16457,1),(192,16458,1),(192,16459,1),(192,16460,1),(192,16461,1),(192,16462,1),(192,16498,1),(192,16501,1),(192,16547,1),(192,16548,1),(192,16549,1),(192,16594,1),(192,16595,1),(192,16596,1),(192,16652,1),(192,16653,1),(192,16654,1),(192,16655,1),(192,2168,2),(192,6935,2),(192,16449,2),(192,767,3),(192,2226,3),(192,2247,3),(192,9500,6),(192,9504,6),(192,9548,6),(192,9554,6),(192,16487,6),(192,16491,6),(192,5772,7),(192,9281,7),(192,9284,7),(192,16651,10),(192,16700,10),(192,16705,10),(193,2159,1),(193,2210,1),(193,5726,1),(193,5738,1),(193,5765,1),(193,5767,1),(193,5823,1),(193,5972,1),(193,6089,1),(193,6214,1),(193,6270,1),(193,8388,1),(193,8400,1),(193,9217,1),(193,9348,1),(193,9809,1),(193,10792,1),(193,10834,1),(193,14178,1),(193,15099,1),(193,16454,1),(193,16455,1),(193,16456,1),(193,16457,1),(193,16458,1),(193,16459,1),(193,16547,1),(193,16548,1),(193,16549,1),(193,16552,1),(193,16593,1),(193,16594,1),(193,16595,1),(193,16596,1),(193,16597,1),(193,16598,1),(193,16599,1),(193,16600,1),(193,16601,1),(193,16602,1),(193,16603,1),(193,2168,2),(193,6935,2),(193,16449,2),(193,767,3),(193,2226,3),(193,2247,3),(193,9500,6),(193,9504,6),(193,15417,6),(193,15421,6),(193,16487,6),(193,16491,6),(193,5772,7),(193,9284,7),(193,10702,7),(193,16592,10),(193,16641,10),(193,16646,10),(194,2210,1),(194,5726,1),(194,5763,1),(194,5767,1),(194,5823,1),(194,6000,1),(194,6089,1),(194,6270,1),(194,7035,1),(194,10306,1),(194,10792,1),(194,10834,1),(194,10865,1),(194,12916,1),(194,16454,1),(194,16455,1),(194,16456,1),(194,16457,1),(194,16458,1),(194,16459,1),(194,16460,1),(194,16461,1),(194,16547,1),(194,16548,1),(194,16549,1),(194,16550,1),(194,16712,1),(194,16713,1),(194,16714,1),(194,16715,1),(194,16716,1),(194,16717,1),(194,2168,2),(194,6935,2),(194,16449,2),(194,767,3),(194,2226,3),(194,2247,3),(194,9500,6),(194,9504,6),(194,16487,6),(194,16491,6),(194,16750,6),(194,16755,6),(194,5772,7),(194,9284,7),(194,16710,7),(194,16711,10),(194,16751,10),(194,16756,10),(195,2153,1),(195,2166,1),(195,2195,1),(195,2210,1),(195,5731,1),(195,5966,1),(195,5967,1),(195,6192,1),(195,6214,1),(195,8157,1),(195,10098,1),(195,15213,1),(195,15860,1),(195,16457,1),(195,16765,1),(195,16766,1),(195,16767,1),(195,16768,1),(195,16769,1),(195,16770,1),(195,16771,1),(195,16772,1),(195,16773,1),(195,16774,1),(195,16775,1),(195,16776,1),(195,16777,1),(195,16778,1),(195,16779,1),(195,16780,1),(195,2215,2),(195,5775,2),(195,9229,2),(195,16763,2),(195,16764,2),(195,767,3),(195,2226,3),(195,2247,3),(195,12106,6),(195,16487,6),(195,16491,6),(195,16760,6),(195,16761,6),(195,16802,6),(195,16803,6),(195,16804,6),(195,16805,6),(195,16810,6),(195,16811,6),(195,16812,6),(195,16813,6),(195,7614,7),(195,9284,8),(195,9344,8),(195,16762,10),(195,16806,10),(195,16814,10),(196,2163,1),(196,5761,1),(196,6003,1),(196,6359,1),(196,9215,1),(196,9221,1),(196,9576,1),(196,16302,1),(196,16818,1),(196,16819,1),(196,16820,1),(196,767,3),(196,2226,3),(196,2247,3),(196,2223,6),(196,5828,6),(196,6016,6),(196,10081,6),(196,10082,6),(196,10088,6),(196,10089,6),(196,10791,6),(196,16834,6),(196,16835,6),(196,16840,6),(196,16841,6),(196,16817,10),(196,16836,10),(196,16842,10),(197,2163,1),(197,6359,1),(197,9215,1),(197,16302,1),(197,16818,1),(197,16819,1),(197,16820,1),(197,16849,1),(197,16850,1),(197,16851,1),(197,16852,1),(197,767,3),(197,2226,3),(197,2247,3),(197,11631,6),(197,11655,6),(197,11663,6),(197,16846,6),(197,16847,6),(197,16862,6),(197,16863,6),(197,16867,6),(197,16868,6),(197,16848,10),(197,16864,10),(197,16869,10),(198,2163,1),(198,6359,1),(198,9215,1),(198,16302,1),(198,16819,1),(198,16820,1),(198,16849,1),(198,16850,1),(198,16852,1),(198,16876,1),(198,767,3),(198,2226,3),(198,2247,3),(198,6010,6),(198,16873,6),(198,16874,6),(198,16888,6),(198,16889,6),(198,16890,6),(198,16891,6),(198,16894,6),(198,16895,6),(198,16896,6),(198,16897,6),(198,16872,7),(198,16875,10),(198,16892,10),(198,16898,10),(199,2163,1),(199,6359,1),(199,9215,1),(199,16302,1),(199,16819,1),(199,16820,1),(199,16849,1),(199,16850,1),(199,16852,1),(199,2247,3),(199,21239,3),(199,23136,3),(199,6015,6),(199,9962,6),(199,9968,6),(199,14072,6),(199,14086,6),(199,14092,6),(199,16888,6),(199,16894,6),(199,16900,6),(199,16901,6),(199,16916,6),(199,16917,6),(199,16923,6),(199,16924,6),(199,16872,7),(199,16902,10),(199,16918,10),(199,16925,10),(200,725,1),(200,5722,1),(200,5724,1),(200,5760,1),(200,5761,1),(200,5987,1),(200,5993,1),(200,6009,1),(200,6291,1),(200,6344,1),(200,6931,1),(200,6956,1),(200,6957,1),(200,6961,1),(200,7828,1),(200,9225,1),(200,9349,1),(200,10219,1),(200,11632,1),(200,11669,1),(200,15101,1),(200,15104,1),(200,15105,1),(200,15754,1),(200,16936,1),(200,16937,1),(200,16938,1),(200,16939,1),(200,16940,1),(200,16941,1),(200,5775,2),(200,6188,2),(200,6371,2),(200,16935,2),(200,767,3),(200,2226,3),(200,2247,3),(200,10257,6),(200,10290,6),(200,10296,6),(200,15130,6),(200,15135,6),(200,16972,6),(200,16973,6),(200,16974,6),(200,16975,6),(200,16980,6),(200,16981,6),(200,16982,6),(200,16983,6),(200,15094,8),(200,16930,8),(200,16931,8),(200,16932,8),(200,16933,8),(200,16934,10),(200,16976,10),(200,16984,10),(201,2143,1),(201,5722,1),(201,5723,1),(201,5726,1),(201,5727,1),(201,5728,1),(201,5760,1),(201,5761,1),(201,5762,1),(201,5767,1),(201,5828,1),(201,5966,1),(201,5985,1),(201,5987,1),(201,6013,1),(201,6083,1),(201,6084,1),(201,6291,1),(201,6931,1),(201,6932,1),(201,6956,1),(201,6957,1),(201,6961,1),(201,7828,1),(201,9225,1),(201,9349,1),(201,9569,1),(201,10040,1),(201,10219,1),(201,10223,1),(201,11629,1),(201,11632,1),(201,11669,1),(201,15754,1),(201,15886,1),(201,16713,1),(201,16939,1),(201,16940,1),(201,16941,1),(201,16992,1),(201,16993,1),(201,16994,1),(201,16995,1),(201,725,2),(201,2152,2),(201,2211,2),(201,6370,2),(201,6371,2),(201,9918,2),(201,15765,2),(201,16989,2),(201,16990,2),(201,16991,2),(201,767,3),(201,2226,3),(201,2247,3),(201,17044,6),(201,17047,6),(201,15712,8),(201,16988,10),(201,17045,10),(201,17048,10),(202,725,1),(202,2196,1),(202,5722,1),(202,5724,1),(202,5760,1),(202,6013,1),(202,6291,1),(202,6344,1),(202,6931,1),(202,6932,1),(202,6956,1),(202,6957,1),(202,6961,1),(202,7828,1),(202,9225,1),(202,9349,1),(202,10040,1),(202,10219,1),(202,11632,1),(202,11669,1),(202,13860,1),(202,15212,1),(202,15277,1),(202,15886,1),(202,16939,1),(202,16940,1),(202,16941,1),(202,17051,1),(202,17052,1),(202,17053,1),(202,17054,1),(202,17055,1),(202,5897,2),(202,5987,2),(202,7867,2),(202,10042,2),(202,15097,2),(202,767,3),(202,2226,3),(202,2247,3),(202,15206,6),(202,15230,6),(202,15234,6),(202,15278,6),(202,17091,6),(202,17095,6),(202,17050,10),(202,17092,10),(202,17096,10),(203,5516,1),(203,5722,1),(203,5724,1),(203,5760,1),(203,5987,1),(203,5993,1),(203,6009,1),(203,6081,1),(203,6291,1),(203,6931,1),(203,6956,1),(203,6957,1),(203,6961,1),(203,7828,1),(203,9225,1),(203,9349,1),(203,10219,1),(203,11632,1),(203,11669,1),(203,15754,1),(203,15886,1),(203,16939,1),(203,16940,1),(203,16941,1),(203,17102,1),(203,17103,1),(203,17104,1),(203,15140,2),(203,17101,2),(203,767,3),(203,2226,3),(203,2247,3),(203,15168,6),(203,15173,6),(203,17132,6),(203,17136,6),(203,15139,8),(203,17099,8),(203,17100,10),(203,17133,10),(203,17137,10),(204,5722,1),(204,5724,1),(204,5760,1),(204,5987,1),(204,6007,1),(204,6931,1),(204,6932,1),(204,6956,1),(204,6957,1),(204,6961,1),(204,7828,1),(204,9203,1),(204,9349,1),(204,10219,1),(204,11632,1),(204,11669,1),(204,16939,1),(204,16940,1),(204,16941,1),(204,17142,1),(204,17143,1),(204,725,2),(204,2152,2),(204,5767,2),(204,5831,2),(204,5999,2),(204,6194,2),(204,9687,2),(204,767,3),(204,2226,3),(204,2247,3),(204,15094,6),(204,15130,6),(204,15135,6),(204,16889,6),(204,16895,6),(204,17174,6),(204,17175,6),(204,17180,6),(204,17181,6),(204,9224,8),(204,16873,8),(204,17140,8),(204,17141,10),(204,17176,10),(204,17182,10),(205,2143,1),(205,5733,1),(205,5760,1),(205,5761,1),(205,5762,1),(205,5767,1),(205,5962,1),(205,5966,1),(205,5985,1),(205,6083,1),(205,6084,1),(205,6931,1),(205,6956,1),(205,6957,1),(205,6958,1),(205,6961,1),(205,7828,1),(205,9754,1),(205,10219,1),(205,11632,1),(205,11669,1),(205,16553,1),(205,16939,1),(205,16940,1),(205,16941,1),(205,17191,1),(205,17192,1),(205,725,2),(205,2152,2),(205,5987,2),(205,13121,2),(205,17187,2),(205,17188,2),(205,17189,2),(205,17190,2),(205,767,3),(205,2226,3),(205,2247,3),(205,9549,6),(205,9555,6),(205,9687,6),(205,14042,6),(205,14047,6),(205,15635,6),(205,15639,6),(205,17228,6),(205,17229,6),(205,17235,6),(205,17236,6),(205,9225,7),(205,2203,8),(205,13302,8),(205,15100,8),(205,17186,10),(205,17230,10),(205,17237,10),(207,5522,1),(207,5760,1),(207,5885,1),(207,5962,1),(207,5987,1),(207,6084,1),(207,6292,1),(207,7016,1),(207,8509,1),(207,9515,1),(207,10221,1),(207,14956,1),(207,15616,1),(207,15617,1),(207,16215,1),(207,17245,1),(207,17246,1),(207,17247,1),(207,17248,1),(207,17249,1),(207,17250,1),(207,17251,1),(207,17252,1),(207,17253,1),(207,17254,1),(207,17255,1),(207,17256,1),(207,17257,1),(207,17258,1),(207,17259,1),(207,17260,1),(207,2152,2),(207,6005,2),(207,9678,2),(207,15380,2),(207,17243,2),(207,17244,2),(207,767,3),(207,2226,3),(207,2247,3),(207,13131,6),(207,13136,6),(207,16012,6),(207,16536,6),(207,16537,6),(207,16541,6),(207,16542,6),(207,17285,6),(207,17291,6),(207,13505,7),(207,15026,7),(207,13121,8),(207,17242,10),(207,17286,10),(207,17292,10),(208,5522,1),(208,5760,1),(208,5885,1),(208,5962,1),(208,5987,1),(208,6084,1),(208,6089,1),(208,6092,1),(208,6177,1),(208,6292,1),(208,6940,1),(208,7016,1),(208,8509,1),(208,9213,1),(208,9273,1),(208,9515,1),(208,9622,1),(208,10221,1),(208,14956,1),(208,15616,1),(208,15617,1),(208,16215,1),(208,17247,1),(208,17248,1),(208,17249,1),(208,17250,1),(208,17251,1),(208,17252,1),(208,17253,1),(208,17254,1),(208,17255,1),(208,17256,1),(208,17257,1),(208,17258,1),(208,17259,1),(208,17260,1),(208,2152,2),(208,6371,2),(208,6373,2),(208,9280,2),(208,11630,2),(208,17298,2),(208,17299,2),(208,17300,2),(208,17301,2),(208,17302,2),(208,17303,2),(208,767,3),(208,2226,3),(208,2247,3),(208,9548,6),(208,9554,6),(208,12164,6),(208,12171,6),(208,13131,6),(208,13136,6),(208,17350,6),(208,17356,6),(208,12120,7),(208,16011,7),(208,9281,8),(208,13121,8),(208,17297,10),(208,17351,10),(208,17357,10),(209,5522,1),(209,5760,1),(209,5885,1),(209,5962,1),(209,5987,1),(209,6080,1),(209,6084,1),(209,6270,1),(209,6292,1),(209,7016,1),(209,8509,1),(209,9515,1),(209,10221,1),(209,14956,1),(209,15616,1),(209,15617,1),(209,16215,1),(209,17247,1),(209,17248,1),(209,17249,1),(209,17250,1),(209,17251,1),(209,17252,1),(209,17253,1),(209,17254,1),(209,17255,1),(209,17256,1),(209,17257,1),(209,17258,1),(209,17259,1),(209,17260,1),(209,17367,1),(209,6089,2),(209,6177,2),(209,6940,2),(209,9270,2),(209,9678,2),(209,11631,2),(209,15380,2),(209,17364,2),(209,17365,2),(209,17366,2),(209,767,3),(209,2226,3),(209,2247,3),(209,6074,6),(209,6165,6),(209,6171,6),(209,13131,6),(209,13136,6),(209,17362,6),(209,17409,6),(209,17414,6),(209,13121,7),(209,17363,10),(209,17410,10),(209,17415,10),(211,725,1),(211,5522,1),(211,5760,1),(211,5769,1),(211,5773,1),(211,5774,1),(211,5885,1),(211,5987,1),(211,6015,1),(211,6084,1),(211,6292,1),(211,6940,1),(211,7016,1),(211,7829,1),(211,8509,1),(211,9338,1),(211,9515,1),(211,9975,1),(211,10221,1),(211,10865,1),(211,11679,1),(211,12121,1),(211,13505,1),(211,14956,1),(211,15026,1),(211,15616,1),(211,15617,1),(211,16215,1),(211,16874,1),(211,17188,1),(211,17247,1),(211,17248,1),(211,17249,1),(211,17250,1),(211,17251,1),(211,17252,1),(211,17253,1),(211,17254,1),(211,17255,1),(211,17256,1),(211,17257,1),(211,17258,1),(211,17259,1),(211,17260,1),(211,17421,1),(211,17422,1),(211,17423,1),(211,17424,1),(211,17425,1),(211,2152,2),(211,5824,2),(211,6515,2),(211,9918,2),(211,11683,2),(211,13302,2),(211,13482,2),(211,767,3),(211,2226,3),(211,2247,3),(211,13131,6),(211,13136,6),(211,17479,6),(211,17483,6),(211,13121,7),(211,17419,8),(211,17420,10),(211,17480,10),(211,17484,10),(212,5522,1),(212,6270,1),(212,6940,1),(212,7016,1),(212,8509,1),(212,9338,1),(212,9678,1),(212,10221,1),(212,14956,1),(212,15380,1),(212,15616,1),(212,15617,1),(212,17247,1),(212,17248,1),(212,17249,1),(212,17250,1),(212,17251,1),(212,17252,1),(212,17253,1),(212,17254,1),(212,17255,1),(212,17256,1),(212,17257,1),(212,17258,1),(212,17259,1),(212,17260,1),(212,17558,1),(212,725,2),(212,6935,2),(212,16215,2),(212,17557,2),(212,767,3),(212,2226,3),(212,2247,3),(212,13103,6),(212,13113,6),(212,13117,6),(212,13131,6),(212,13136,6),(212,15442,6),(212,15446,6),(212,17555,6),(212,17592,6),(212,17598,6),(212,5779,8),(212,13121,8),(212,17556,10),(212,17593,10),(212,17599,10),(213,5522,1),(213,5760,1),(213,5885,1),(213,5962,1),(213,5985,1),(213,5987,1),(213,6084,1),(213,6270,1),(213,6292,1),(213,7016,1),(213,8509,1),(213,9515,1),(213,9864,1),(213,10221,1),(213,10702,1),(213,14956,1),(213,15616,1),(213,15617,1),(213,16215,1),(213,17247,1),(213,17248,1),(213,17249,1),(213,17250,1),(213,17251,1),(213,17252,1),(213,17253,1),(213,17254,1),(213,17255,1),(213,17256,1),(213,17257,1),(213,17258,1),(213,17259,1),(213,17260,1),(213,17606,1),(213,6940,2),(213,9213,2),(213,9622,2),(213,15380,2),(213,15405,2),(213,17605,2),(213,767,3),(213,2226,3),(213,2247,3),(213,13131,6),(213,13136,6),(213,15507,6),(213,15512,6),(213,16973,6),(213,16981,6),(213,17350,6),(213,17356,6),(213,13121,7),(213,15481,7),(213,16011,7),(213,16931,7),(213,17604,10),(213,17650,10),(213,17656,10),(215,5522,1),(215,5724,1),(215,6270,1),(215,7016,1),(215,9620,1),(215,10221,1),(215,10743,1),(215,12907,1),(215,14956,1),(215,15405,1),(215,16215,1),(215,16593,1),(215,17247,1),(215,17664,1),(215,5769,2),(215,5824,2),(215,6941,2),(215,15179,2),(215,767,3),(215,2226,3),(215,2247,3),(215,10388,6),(215,13131,6),(215,13136,6),(215,17662,6),(215,17685,6),(215,17686,6),(215,17690,6),(215,17691,6),(215,13121,7),(215,17663,10),(215,17687,10),(215,17692,10),(216,2165,1),(216,5522,1),(216,5754,1),(216,5760,1),(216,5885,1),(216,5962,1),(216,5985,1),(216,5987,1),(216,6005,1),(216,6080,1),(216,6084,1),(216,6089,1),(216,6270,1),(216,6292,1),(216,6388,1),(216,7016,1),(216,8509,1),(216,9284,1),(216,9515,1),(216,10221,1),(216,14956,1),(216,15616,1),(216,15617,1),(216,16215,1),(216,17244,1),(216,17247,1),(216,17248,1),(216,17249,1),(216,17250,1),(216,17251,1),(216,17252,1),(216,17253,1),(216,17254,1),(216,17255,1),(216,17256,1),(216,17257,1),(216,17258,1),(216,17259,1),(216,17260,1),(216,17300,1),(216,17700,1),(216,17701,1),(216,2152,2),(216,5761,2),(216,5769,2),(216,6214,2),(216,6370,2),(216,7461,2),(216,8183,2),(216,16011,2),(216,16931,2),(216,17697,2),(216,17698,2),(216,17699,2),(216,767,3),(216,2226,3),(216,2247,3),(216,6074,6),(216,6165,6),(216,6171,6),(216,9500,6),(216,9504,6),(216,9864,6),(216,16039,6),(216,16042,6),(216,17695,6),(216,17755,6),(216,17761,6),(216,5772,8),(216,17696,10),(216,17756,10),(216,17762,10),(217,2153,1),(217,5522,1),(217,5760,1),(217,5779,1),(217,5885,1),(217,5962,1),(217,5985,1),(217,5987,1),(217,6084,1),(217,6292,1),(217,7016,1),(217,8509,1),(217,9515,1),(217,10221,1),(217,14956,1),(217,15616,1),(217,15617,1),(217,16215,1),(217,17247,1),(217,17248,1),(217,17249,1),(217,17250,1),(217,17251,1),(217,17252,1),(217,17253,1),(217,17254,1),(217,17255,1),(217,17256,1),(217,17257,1),(217,17258,1),(217,17259,1),(217,17260,1),(217,17768,1),(217,6940,2),(217,9678,2),(217,15380,2),(217,17244,2),(217,767,3),(217,2226,3),(217,2247,3),(217,10733,6),(217,10774,6),(217,10779,6),(217,13131,6),(217,13136,6),(217,17809,6),(217,17814,6),(217,13121,7),(217,17606,7),(217,17767,10),(217,17810,10),(217,17815,10),(218,5522,1),(218,5760,1),(218,5962,1),(218,5987,1),(218,6084,1),(218,6270,1),(218,7016,1),(218,8509,1),(218,9280,1),(218,9281,1),(218,9515,1),(218,10221,1),(218,14956,1),(218,15616,1),(218,15617,1),(218,16215,1),(218,17247,1),(218,17248,1),(218,17249,1),(218,17250,1),(218,17251,1),(218,17252,1),(218,17253,1),(218,17254,1),(218,17255,1),(218,17256,1),(218,17257,1),(218,17258,1),(218,17259,1),(218,17260,1),(218,17822,1),(218,17823,1),(218,17824,1),(218,725,2),(218,5992,2),(218,6940,2),(218,9338,2),(218,10440,2),(218,15919,2),(218,17821,2),(218,767,3),(218,2226,3),(218,2247,3),(218,132,6),(218,10024,6),(218,10031,6),(218,13131,6),(218,13136,6),(218,17819,6),(218,17865,6),(218,17866,6),(218,17871,6),(218,13121,7),(218,9270,8),(218,10441,8),(218,17820,10),(218,17867,10),(218,17872,10),(219,5522,1),(219,5760,1),(219,5885,1),(219,5962,1),(219,5987,1),(219,6084,1),(219,6292,1),(219,7016,1),(219,8509,1),(219,9515,1),(219,9975,1),(219,10221,1),(219,10865,1),(219,13242,1),(219,14956,1),(219,15616,1),(219,15617,1),(219,16215,1),(219,16931,1),(219,17247,1),(219,17248,1),(219,17249,1),(219,17250,1),(219,17251,1),(219,17252,1),(219,17253,1),(219,17254,1),(219,17255,1),(219,17256,1),(219,17257,1),(219,17258,1),(219,17259,1),(219,17260,1),(219,6940,2),(219,10742,2),(219,17881,2),(219,17882,2),(219,17883,2),(219,767,3),(219,2226,3),(219,2247,3),(219,5985,6),(219,5986,6),(219,6344,6),(219,6418,6),(219,6423,6),(219,13131,6),(219,13136,6),(219,13597,6),(219,13605,6),(219,16285,6),(219,16293,6),(219,17878,6),(219,17879,6),(219,17926,6),(219,17927,6),(219,17928,6),(219,17929,6),(219,17930,6),(219,17937,6),(219,17938,6),(219,17939,6),(219,17940,6),(219,17941,6),(219,13121,7),(219,13566,7),(219,17877,7),(219,6089,8),(219,17880,10),(219,17931,10),(219,17942,10),(220,2153,1),(220,2212,1),(220,5522,1),(220,5754,1),(220,5760,1),(220,5773,1),(220,5779,1),(220,5885,1),(220,5962,1),(220,5987,1),(220,6015,1),(220,6084,1),(220,6090,1),(220,6292,1),(220,6940,1),(220,7016,1),(220,8509,1),(220,9515,1),(220,9620,1),(220,10221,1),(220,13242,1),(220,14956,1),(220,15616,1),(220,15617,1),(220,16215,1),(220,17188,1),(220,17247,1),(220,17248,1),(220,17249,1),(220,17250,1),(220,17251,1),(220,17252,1),(220,17253,1),(220,17254,1),(220,17255,1),(220,17256,1),(220,17257,1),(220,17258,1),(220,17259,1),(220,17260,1),(220,17425,1),(220,17768,1),(220,18152,1),(220,18153,1),(220,18154,1),(220,18155,1),(220,18156,1),(220,18157,1),(220,18158,1),(220,725,2),(220,2152,2),(220,5519,2),(220,6184,2),(220,9918,2),(220,13124,2),(220,16593,2),(220,18149,2),(220,18150,2),(220,18151,2),(220,767,3),(220,2226,3),(220,2247,3),(220,9225,6),(220,10774,6),(220,10779,6),(220,13131,6),(220,13136,6),(220,14042,6),(220,14047,6),(220,16285,6),(220,16293,6),(220,18147,6),(220,18213,6),(220,18220,6),(220,6089,7),(220,10733,8),(220,13121,8),(220,18148,10),(220,18214,10),(220,18221,10),(221,2212,1),(221,5522,1),(221,5760,1),(221,5885,1),(221,5962,1),(221,5987,1),(221,6084,1),(221,6292,1),(221,7016,1),(221,8509,1),(221,9270,1),(221,9515,1),(221,10221,1),(221,13242,1),(221,14956,1),(221,15616,1),(221,15617,1),(221,16215,1),(221,17247,1),(221,17248,1),(221,17249,1),(221,17250,1),(221,17251,1),(221,17252,1),(221,17253,1),(221,17254,1),(221,17255,1),(221,17256,1),(221,17257,1),(221,17258,1),(221,17259,1),(221,17260,1),(221,17957,1),(221,17958,1),(221,2152,2),(221,7838,2),(221,8371,2),(221,12120,2),(221,16011,2),(221,16134,2),(221,17299,2),(221,17951,2),(221,17952,2),(221,17953,2),(221,17954,2),(221,17955,2),(221,17956,2),(221,767,3),(221,2226,3),(221,2247,3),(221,5511,6),(221,6089,6),(221,13131,6),(221,13136,6),(221,16285,6),(221,16293,6),(221,18002,6),(221,18003,6),(221,18004,6),(221,18009,6),(221,18010,6),(221,18011,6),(221,13121,8),(221,17948,8),(221,17949,8),(221,17950,10),(221,18005,10),(221,18012,10),(222,2212,1),(222,5522,1),(222,5760,1),(222,5885,1),(222,5962,1),(222,5987,1),(222,6084,1),(222,6292,1),(222,7016,1),(222,8509,1),(222,9515,1),(222,9620,1),(222,9864,1),(222,10221,1),(222,13242,1),(222,14141,1),(222,14956,1),(222,15616,1),(222,15617,1),(222,16215,1),(222,17188,1),(222,17247,1),(222,17248,1),(222,17249,1),(222,17250,1),(222,17251,1),(222,17252,1),(222,17253,1),(222,17254,1),(222,17255,1),(222,17256,1),(222,17257,1),(222,17258,1),(222,17259,1),(222,17260,1),(222,17422,1),(222,17423,1),(222,17425,1),(222,18022,1),(222,18023,1),(222,18024,1),(222,725,2),(222,2152,2),(222,2203,2),(222,5824,2),(222,6942,2),(222,7461,2),(222,9918,2),(222,10741,2),(222,13163,2),(222,16050,2),(222,18019,2),(222,18020,2),(222,18021,2),(222,767,3),(222,2226,3),(222,2247,3),(222,13131,6),(222,13136,6),(222,13166,6),(222,13387,6),(222,13391,6),(222,16285,6),(222,16293,6),(222,18078,6),(222,18079,6),(222,18080,6),(222,18086,6),(222,18087,6),(222,18088,6),(222,6089,7),(222,18017,7),(222,8616,8),(222,13121,8),(222,18016,8),(222,18018,10),(222,18081,10),(222,18089,10),(223,2165,1),(223,5522,1),(223,7016,1),(223,8509,1),(223,10221,1),(223,13242,1),(223,14956,1),(223,15616,1),(223,15617,1),(223,16215,1),(223,17247,1),(223,17248,1),(223,17249,1),(223,17250,1),(223,17251,1),(223,17252,1),(223,17253,1),(223,17254,1),(223,17255,1),(223,17256,1),(223,17257,1),(223,17258,1),(223,17259,1),(223,17260,1),(223,18100,1),(223,2221,2),(223,5769,2),(223,5770,2),(223,5992,2),(223,5996,2),(223,6003,2),(223,6004,2),(223,8394,2),(223,18095,2),(223,18096,2),(223,18097,2),(223,18098,2),(223,18099,2),(223,767,3),(223,2226,3),(223,2247,3),(223,5772,6),(223,5962,6),(223,6062,6),(223,6068,6),(223,7017,6),(223,7109,6),(223,7118,6),(223,9500,6),(223,9504,6),(223,18094,10),(223,18137,10),(223,18142,10),(224,5522,1),(224,5760,1),(224,5962,1),(224,5987,1),(224,6015,1),(224,6084,1),(224,7016,1),(224,8509,1),(224,9515,1),(224,10221,1),(224,10865,1),(224,13121,1),(224,13242,1),(224,14956,1),(224,15616,1),(224,15617,1),(224,16215,1),(224,17247,1),(224,17248,1),(224,17249,1),(224,17250,1),(224,17251,1),(224,17252,1),(224,17253,1),(224,17254,1),(224,17255,1),(224,17256,1),(224,17257,1),(224,17258,1),(224,17259,1),(224,17260,1),(224,5977,2),(224,6096,2),(224,6202,2),(224,9285,2),(224,10216,2),(224,10701,2),(224,10746,2),(224,16137,2),(224,18229,2),(224,18230,2),(224,767,3),(224,2226,3),(224,2247,3),(224,10023,6),(224,10030,6),(224,13166,6),(224,13302,6),(224,13387,6),(224,13391,6),(224,18227,6),(224,18274,6),(224,18275,6),(224,18280,6),(224,18281,6),(224,2212,7),(224,18155,7),(224,18228,10),(224,18276,10),(224,18282,10),(225,2165,1),(225,2223,1),(225,5522,1),(225,5760,1),(225,5962,1),(225,5985,1),(225,5987,1),(225,6084,1),(225,6184,1),(225,6191,1),(225,7016,1),(225,8509,1),(225,9285,1),(225,9515,1),(225,10221,1),(225,10267,1),(225,13242,1),(225,14956,1),(225,15240,1),(225,15616,1),(225,15617,1),(225,16139,1),(225,16215,1),(225,16873,1),(225,17143,1),(225,17190,1),(225,17247,1),(225,17248,1),(225,17249,1),(225,17250,1),(225,17251,1),(225,17252,1),(225,17253,1),(225,17254,1),(225,17255,1),(225,17256,1),(225,17257,1),(225,17258,1),(225,17259,1),(225,17260,1),(225,17701,1),(225,18291,1),(225,18292,1),(225,18293,1),(225,18294,1),(225,18295,1),(225,18296,1),(225,18297,1),(225,2152,2),(225,5519,2),(225,5820,2),(225,5823,2),(225,5968,2),(225,6946,2),(225,9217,2),(225,9225,2),(225,9683,2),(225,13503,2),(225,15887,2),(225,17299,2),(225,18288,2),(225,18289,2),(225,18290,2),(225,767,3),(225,2226,3),(225,2247,3),(225,9500,6),(225,9504,6),(225,15471,6),(225,15476,6),(225,18355,6),(225,18356,6),(225,18361,6),(225,18362,6),(225,5754,7),(225,5772,8),(225,15450,8),(225,18286,8),(225,18287,10),(225,18357,10),(225,18363,10),(227,5522,1),(227,7016,1),(227,10221,1),(227,13242,1),(227,14956,1),(227,16215,1),(227,17247,1),(227,725,2),(227,5748,2),(227,5889,2),(227,6004,2),(227,6949,2),(227,9678,2),(227,10742,2),(227,15380,2),(227,17700,2),(227,18369,2),(227,18370,2),(227,18371,2),(227,18372,2),(227,18373,2),(227,767,3),(227,2226,3),(227,2247,3),(227,13131,6),(227,13136,6),(227,18392,6),(227,18396,6),(227,13121,7),(227,18367,8),(227,18368,10),(227,18393,10),(227,18397,10),(228,5522,1),(228,7016,1),(228,10221,1),(228,13242,1),(228,14956,1),(228,16215,1),(228,17247,1),(228,725,2),(228,2210,2),(228,2223,2),(228,5517,2),(228,5820,2),(228,5891,2),(228,9463,2),(228,10701,2),(228,10746,2),(228,13121,2),(228,15276,2),(228,18227,2),(228,18403,2),(228,18404,2),(228,767,3),(228,2226,3),(228,2247,3),(228,13302,6),(228,18426,6),(228,18427,6),(228,18430,6),(228,18431,6),(228,18400,8),(228,18401,8),(228,18402,10),(228,18428,10),(228,18432,10),(229,5522,1),(229,7016,1),(229,10221,1),(229,14956,1),(229,16215,1),(229,17247,1),(229,5765,2),(229,5769,2),(229,5833,2),(229,5897,2),(229,9923,2),(229,10098,2),(229,17558,2),(229,17664,2),(229,18023,2),(229,18555,2),(229,767,3),(229,2226,3),(229,2247,3),(229,6074,6),(229,6165,6),(229,6171,6),(229,13131,6),(229,13136,6),(229,17662,6),(229,17685,6),(229,17690,6),(229,13121,7),(229,18554,10),(229,18575,10),(229,18580,10),(230,2165,1),(230,5522,1),(230,7016,1),(230,10221,1),(230,14956,1),(230,16215,1),(230,17247,1),(230,2152,2),(230,2203,2),(230,2211,2),(230,2221,2),(230,5765,2),(230,5832,2),(230,6096,2),(230,6364,2),(230,7838,2),(230,9687,2),(230,9806,2),(230,10268,2),(230,15097,2),(230,15917,2),(230,16011,2),(230,17189,2),(230,18019,2),(230,18622,2),(230,18623,2),(230,767,3),(230,2226,3),(230,2247,3),(230,6997,6),(230,7006,6),(230,9281,6),(230,9548,6),(230,9554,6),(230,18651,6),(230,18652,6),(230,18657,6),(230,18658,6),(230,6931,8),(230,18619,8),(230,18620,8),(230,18621,10),(230,18653,10),(230,18659,10),(231,2165,1),(231,5522,1),(231,5722,1),(231,5760,1),(231,5770,1),(231,5985,1),(231,6291,1),(231,6955,1),(231,7016,1),(231,9283,1),(231,10221,1),(231,10866,1),(231,13242,1),(231,14956,1),(231,16215,1),(231,17247,1),(231,18691,1),(231,5893,2),(231,6100,2),(231,6202,2),(231,7461,2),(231,9278,2),(231,9330,2),(231,10701,2),(231,15811,2),(231,767,3),(231,2226,3),(231,2247,3),(231,6418,6),(231,6423,6),(231,6997,6),(231,6998,6),(231,7006,6),(231,7007,6),(231,6344,7),(231,6931,7),(231,6932,7),(231,18690,10),(231,18720,10),(231,18725,10),(232,2165,1),(232,5522,1),(232,7016,1),(232,10221,1),(232,13242,1),(232,14956,1),(232,16215,1),(232,17247,1),(232,2203,2),(232,5520,2),(232,9463,2),(232,10306,2),(232,16137,2),(232,18665,2),(232,18666,2),(232,767,3),(232,2226,3),(232,2247,3),(232,6931,6),(232,6997,6),(232,7006,6),(232,18663,6),(232,18682,6),(232,18686,6),(232,18664,10),(232,18683,10),(232,18687,10),(233,2152,1),(233,2165,1),(233,2203,1),(233,2210,1),(233,2211,1),(233,2221,1),(233,5520,1),(233,5522,1),(233,5765,1),(233,5832,1),(233,5893,1),(233,6096,1),(233,6100,1),(233,6202,1),(233,6344,1),(233,6364,1),(233,6931,1),(233,6932,1),(233,6938,1),(233,7016,1),(233,7461,1),(233,7838,1),(233,9278,1),(233,9281,1),(233,9330,1),(233,9463,1),(233,9687,1),(233,9806,1),(233,10221,1),(233,10268,1),(233,10306,1),(233,10701,1),(233,14956,1),(233,15097,1),(233,15811,1),(233,15917,1),(233,15924,1),(233,16137,1),(233,17189,1),(233,17247,1),(233,18019,1),(233,18622,1),(233,18623,1),(233,18665,1),(233,18666,1),(233,2159,2),(233,6386,2),(233,16011,2),(233,16215,2),(233,16593,2),(233,18619,2),(233,18620,2),(233,18663,2),(233,18732,2),(233,18733,2),(233,767,3),(233,2226,3),(233,2247,3),(233,5993,6),(233,15007,6),(233,15015,6),(233,18730,6),(233,18790,6),(233,18791,6),(233,18795,6),(233,18796,6),(233,14982,8),(233,18731,10),(233,18792,10),(233,18797,10),(234,2152,1),(234,2210,1),(234,5522,1),(234,5772,1),(234,5974,1),(234,6074,1),(234,6371,1),(234,6940,1),(234,7016,1),(234,9217,1),(234,9280,1),(234,9281,1),(234,9678,1),(234,9864,1),(234,10221,1),(234,10733,1),(234,10741,1),(234,11630,1),(234,13121,1),(234,13505,1),(234,13566,1),(234,14956,1),(234,15380,1),(234,15924,1),(234,16012,1),(234,16215,1),(234,16773,1),(234,17244,1),(234,17247,1),(234,17298,1),(234,17299,1),(234,17300,1),(234,17301,1),(234,17302,1),(234,17303,1),(234,17421,1),(234,17606,1),(234,17695,1),(234,18811,1),(234,18812,1),(234,18813,1),(234,18814,1),(234,18815,1),(234,725,2),(234,5514,2),(234,5767,2),(234,5769,2),(234,6088,2),(234,6188,2),(234,6373,2),(234,9686,2),(234,17558,2),(234,18801,2),(234,18802,2),(234,18803,2),(234,18804,2),(234,18805,2),(234,18806,2),(234,18807,2),(234,18808,2),(234,18809,2),(234,18810,2),(234,767,3),(234,2226,3),(234,2247,3),(234,15007,6),(234,15015,6),(234,18866,6),(234,18870,6),(234,14982,7),(234,14988,8),(234,18800,10),(234,18867,10),(234,18871,10),(235,725,1),(235,2152,1),(235,2203,1),(235,5511,1),(235,5519,1),(235,5736,1),(235,5824,1),(235,5985,1),(235,5986,1),(235,6089,1),(235,6184,1),(235,6344,1),(235,6940,1),(235,6942,1),(235,7461,1),(235,7838,1),(235,8371,1),(235,8616,1),(235,9225,1),(235,9918,1),(235,10733,1),(235,10741,1),(235,10742,1),(235,10834,1),(235,12120,1),(235,13121,1),(235,13124,1),(235,13163,1),(235,13166,1),(235,13566,1),(235,15924,1),(235,16011,1),(235,16050,1),(235,16134,1),(235,16593,1),(235,17299,1),(235,17877,1),(235,17881,1),(235,17882,1),(235,17883,1),(235,17948,1),(235,17949,1),(235,17951,1),(235,17952,1),(235,17953,1),(235,17954,1),(235,17955,1),(235,17956,1),(235,18016,1),(235,18017,1),(235,18019,1),(235,18020,1),(235,18021,1),(235,18147,1),(235,18149,1),(235,18150,1),(235,18151,1),(235,18877,1),(235,18878,1),(235,5754,2),(235,5767,2),(235,5773,2),(235,6090,2),(235,9620,2),(235,9691,2),(235,10700,2),(235,10743,2),(235,13840,2),(235,15140,2),(235,18023,2),(235,18555,2),(235,18875,2),(235,18876,2),(235,767,3),(235,2226,3),(235,2247,3),(235,15007,6),(235,15015,6),(235,18866,6),(235,18870,6),(235,18952,6),(235,18957,6),(235,5774,8),(235,14982,8),(235,14988,8),(235,18874,10),(235,18953,10),(235,18958,10),(236,2165,1),(236,2212,1),(236,2221,1),(236,2223,1),(236,5522,1),(236,5754,1),(236,5769,1),(236,5770,1),(236,5772,1),(236,5962,1),(236,5977,1),(236,5992,1),(236,5996,1),(236,6003,1),(236,6004,1),(236,6096,1),(236,6184,1),(236,6191,1),(236,6202,1),(236,7016,1),(236,7017,1),(236,8394,1),(236,9285,1),(236,10216,1),(236,10221,1),(236,10267,1),(236,10701,1),(236,10746,1),(236,13166,1),(236,14956,1),(236,15240,1),(236,15450,1),(236,15924,1),(236,16137,1),(236,16139,1),(236,16215,1),(236,16873,1),(236,17143,1),(236,17190,1),(236,17247,1),(236,18095,1),(236,18096,1),(236,18097,1),(236,18098,1),(236,18099,1),(236,18155,1),(236,18227,1),(236,18229,1),(236,18230,1),(236,18286,1),(236,18291,1),(236,18292,1),(236,18293,1),(236,18294,1),(236,18295,1),(236,18296,1),(236,5521,2),(236,5767,2),(236,5999,2),(236,6197,2),(236,6371,2),(236,6946,2),(236,8400,2),(236,13934,2),(236,18964,2),(236,18965,2),(236,18966,2),(236,18967,2),(236,18968,2),(236,18969,2),(236,18970,2),(236,18971,2),(236,18972,2),(236,767,3),(236,2226,3),(236,2247,3),(236,9686,6),(236,14982,6),(236,15007,6),(236,15015,6),(236,18962,6),(236,19040,6),(236,19041,6),(236,19045,6),(236,19046,6),(236,18963,10),(236,19042,10),(236,19047,10),(237,725,1),(237,2223,1),(237,5517,1),(237,5522,1),(237,5748,1),(237,5765,1),(237,5820,1),(237,5833,1),(237,5889,1),(237,5891,1),(237,5897,1),(237,5968,1),(237,6004,1),(237,6074,1),(237,6949,1),(237,7016,1),(237,9463,1),(237,9678,1),(237,9923,1),(237,10098,1),(237,10221,1),(237,10701,1),(237,10742,1),(237,10746,1),(237,14956,1),(237,15244,1),(237,15276,1),(237,15380,1),(237,15924,1),(237,16215,1),(237,16496,1),(237,17247,1),(237,17558,1),(237,17662,1),(237,17664,1),(237,17700,1),(237,17948,1),(237,18023,1),(237,18227,1),(237,18367,1),(237,18369,1),(237,18370,1),(237,18371,1),(237,18372,1),(237,18373,1),(237,18400,1),(237,18401,1),(237,18403,1),(237,18404,1),(237,18555,1),(237,19059,1),(237,19060,1),(237,19061,1),(237,19062,1),(237,2188,2),(237,2203,2),(237,2210,2),(237,5738,2),(237,5769,2),(237,7832,2),(237,8157,2),(237,9921,2),(237,13121,2),(237,15183,2),(237,16593,2),(237,19051,2),(237,19052,2),(237,19053,2),(237,19054,2),(237,19055,2),(237,19056,2),(237,19057,2),(237,19058,2),(237,767,3),(237,2226,3),(237,2247,3),(237,14988,6),(237,15007,6),(237,15015,6),(237,18866,6),(237,18870,6),(237,14982,8),(237,19050,10),(237,19127,10),(237,19131,10),(238,725,1),(238,2149,1),(238,2158,1),(238,2213,1),(238,5738,1),(238,5756,1),(238,6357,1),(238,6384,1),(238,7856,1),(238,7866,1),(238,9681,1),(238,13934,1),(238,15966,1),(238,19142,1),(238,19143,1),(238,19144,1),(238,19145,1),(238,19146,1),(238,19147,1),(238,19148,1),(238,19149,1),(238,19150,1),(238,19151,1),(238,19152,1),(238,19153,1),(238,19154,1),(238,19155,1),(238,19156,1),(238,19157,1),(238,19158,1),(238,5514,2),(238,5771,2),(238,5886,2),(238,5895,2),(238,6214,2),(238,10742,2),(238,11687,2),(238,12916,2),(238,15916,2),(238,16294,2),(238,19136,2),(238,19137,2),(238,19138,2),(238,19139,2),(238,19140,2),(238,19141,2),(238,19159,2),(238,19187,2),(238,19188,2),(238,19194,2),(238,767,3),(238,2226,3),(238,2247,3),(238,19183,6),(238,19184,6),(238,19185,6),(238,19190,6),(238,19191,6),(238,19192,6),(238,19132,8),(238,19133,8),(238,19134,8),(238,19135,10),(238,19186,10),(238,19193,10),(239,19145,1),(239,19147,1),(239,19205,1),(239,19206,1),(239,109,2),(239,5724,2),(239,5817,2),(239,5895,2),(239,9229,2),(239,10042,2),(239,10742,2),(239,13166,2),(239,13387,2),(239,13391,2),(239,16294,2),(239,19159,2),(239,19187,2),(239,19188,2),(239,19194,2),(239,19202,2),(239,19203,2),(239,19204,2),(239,19207,2),(239,19224,2),(239,19236,2),(239,19185,3),(239,19192,3),(239,19134,5),(239,19183,6),(239,19190,6),(239,19219,6),(239,19220,6),(239,19221,6),(239,19222,6),(239,19231,6),(239,19232,6),(239,19233,6),(239,19234,6),(239,19132,7),(239,19197,7),(239,19198,7),(239,19199,7),(239,19200,7),(239,19201,10),(239,19223,10),(239,19235,10),(240,725,1),(240,9921,1),(240,11682,1),(240,19145,1),(240,19146,1),(240,19248,1),(240,19249,1),(240,19250,1),(240,6092,2),(240,13166,2),(240,13387,2),(240,13391,2),(240,19159,2),(240,19187,2),(240,19194,2),(240,19246,2),(240,19247,2),(240,767,3),(240,2226,3),(240,2247,3),(240,19244,6),(240,19260,6),(240,19261,6),(240,19266,6),(240,19267,6),(240,19243,8),(240,19245,10),(240,19262,10),(240,19268,10),(241,6384,1),(241,19349,1),(241,5820,2),(241,5875,2),(241,10742,2),(241,13166,2),(241,13387,2),(241,13391,2),(241,15061,2),(241,15089,2),(241,16294,2),(241,19188,2),(241,19348,2),(241,19350,2),(241,19365,2),(241,19366,2),(241,19367,2),(241,19377,2),(241,767,3),(241,2226,3),(241,2247,3),(241,2231,6),(241,2241,6),(241,19260,6),(241,19266,6),(241,19361,6),(241,19362,6),(241,19363,6),(241,19373,6),(241,19374,6),(241,19375,6),(241,2146,7),(241,7461,7),(241,19243,7),(241,19250,8),(241,19347,10),(241,19364,10),(241,19376,10),(242,721,1),(242,19349,1),(242,19396,1),(242,19397,1),(242,19398,1),(242,109,2),(242,5724,2),(242,5817,2),(242,5895,2),(242,10742,2),(242,16294,2),(242,19159,2),(242,19187,2),(242,19188,2),(242,19194,2),(242,19388,2),(242,19389,2),(242,19390,2),(242,19391,2),(242,19392,2),(242,19393,2),(242,19394,2),(242,19395,2),(242,767,3),(242,2226,3),(242,2247,3),(242,5631,6),(242,19361,6),(242,19373,6),(242,19386,6),(242,19408,6),(242,19409,6),(242,19410,6),(242,19411,6),(242,19418,6),(242,19419,6),(242,19420,6),(242,19421,6),(242,7834,8),(242,19385,8),(242,19387,10),(242,19412,10),(242,19422,10),(243,19349,1),(243,19536,1),(243,19537,1),(243,19538,1),(243,19539,1),(243,19540,1),(243,2213,2),(243,6190,2),(243,6214,2),(243,9229,2),(243,9864,2),(243,10742,2),(243,13166,2),(243,13387,2),(243,13391,2),(243,13482,2),(243,16042,2),(243,16294,2),(243,19159,2),(243,19187,2),(243,19188,2),(243,19194,2),(243,19388,2),(243,19390,2),(243,19391,2),(243,19397,2),(243,19398,2),(243,19512,2),(243,19527,2),(243,19528,2),(243,19529,2),(243,19530,2),(243,19531,2),(243,19532,2),(243,19533,2),(243,19534,2),(243,19535,2),(243,767,3),(243,2226,3),(243,2247,3),(243,6281,6),(243,19408,6),(243,19409,6),(243,19410,6),(243,19418,6),(243,19419,6),(243,19420,6),(243,19561,6),(243,19571,6),(243,5631,8),(243,7834,8),(243,19385,8),(243,19526,10),(243,19562,10),(243,19572,10),(244,19349,1),(244,19496,1),(244,5761,2),(244,9864,2),(244,10036,2),(244,10742,2),(244,10998,2),(244,15061,2),(244,15089,2),(244,16042,2),(244,16047,2),(244,16092,2),(244,16294,2),(244,19188,2),(244,19366,2),(244,19495,2),(244,19511,2),(244,19512,2),(244,767,3),(244,2226,3),(244,2247,3),(244,19408,6),(244,19418,6),(244,19493,6),(244,19508,6),(244,19509,6),(244,19517,6),(244,19518,6),(244,14168,7),(244,19385,7),(244,19494,10),(244,19510,10),(244,19519,10),(245,19349,1),(245,19583,1),(245,19584,1),(245,5761,2),(245,9864,2),(245,10036,2),(245,10742,2),(245,10998,2),(245,13166,2),(245,13387,2),(245,13391,2),(245,16042,2),(245,16047,2),(245,16092,2),(245,16294,2),(245,19188,2),(245,19350,2),(245,19367,2),(245,19377,2),(245,19495,2),(245,19511,2),(245,19512,2),(245,767,3),(245,2226,3),(245,2247,3),(245,14168,6),(245,19385,6),(245,19408,6),(245,19418,6),(245,19508,6),(245,19517,6),(245,19581,6),(245,19598,6),(245,19608,6),(245,19582,10),(245,19599,10),(245,19609,10),(246,2150,1),(246,5895,1),(246,6364,1),(246,12907,1),(246,19158,1),(246,19496,1),(246,19793,1),(246,19794,1),(246,19795,1),(246,19796,1),(246,19797,1),(246,19798,1),(246,5761,2),(246,5820,2),(246,5875,2),(246,10036,2),(246,10742,2),(246,10998,2),(246,13166,2),(246,13387,2),(246,13391,2),(246,15061,2),(246,15089,2),(246,16294,2),(246,19159,2),(246,19187,2),(246,19188,2),(246,19194,2),(246,19365,2),(246,19366,2),(246,19495,2),(246,767,3),(246,2226,3),(246,2247,3),(246,19408,6),(246,19418,6),(246,19508,6),(246,19517,6),(246,19561,6),(246,19571,6),(246,6281,7),(246,14168,7),(246,19385,7),(246,19792,10),(246,19818,10),(246,19828,10),(247,19349,1),(247,19841,1),(247,19842,1),(247,109,2),(247,5724,2),(247,5761,2),(247,5817,2),(247,9864,2),(247,10036,2),(247,10742,2),(247,10998,2),(247,15061,2),(247,15089,2),(247,16042,2),(247,16294,2),(247,19188,2),(247,19350,2),(247,19366,2),(247,19367,2),(247,19377,2),(247,19495,2),(247,19512,2),(247,767,3),(247,2226,3),(247,2247,3),(247,14168,6),(247,19385,6),(247,19408,6),(247,19418,6),(247,19508,6),(247,19517,6),(247,19838,6),(247,19839,6),(247,19856,6),(247,19857,6),(247,19867,6),(247,19868,6),(247,19840,10),(247,19858,10),(247,19869,10),(249,725,1),(249,2152,1),(249,2203,1),(249,5767,1),(249,5824,1),(249,5895,1),(249,5969,1),(249,6076,1),(249,6081,1),(249,6094,1),(249,6103,1),(249,6371,1),(249,6384,1),(249,7586,1),(249,8508,1),(249,9220,1),(249,10268,1),(249,11640,1),(249,15714,1),(249,15887,1),(249,17055,1),(249,19885,1),(249,19886,1),(249,19887,1),(249,19888,1),(249,19892,1),(249,19893,1),(249,19894,1),(249,19972,1),(249,20013,1),(249,20332,1),(249,21026,1),(249,21216,1),(249,21217,1),(249,21218,1),(249,21219,1),(249,21220,1),(249,21221,1),(249,21222,1),(249,21223,1),(249,21224,1),(249,21225,1),(249,21226,1),(249,21227,1),(249,21228,1),(249,21229,1),(249,21230,1),(249,21231,1),(249,21232,1),(249,21233,1),(249,21234,1),(249,21235,1),(249,21236,1),(249,21237,1),(249,21238,1),(249,21239,1),(249,21240,1),(249,21241,1),(249,21242,1),(249,21243,1),(249,21244,1),(249,21245,1),(249,21246,1),(249,21247,1),(249,767,3),(249,2226,3),(249,2247,3),(249,21211,6),(249,21281,6),(249,21282,6),(249,21283,6),(249,21284,6),(249,21285,6),(249,21288,6),(249,21289,6),(249,21290,6),(249,21291,6),(249,21292,6),(249,21210,7),(249,21212,7),(249,21213,7),(249,21214,7),(249,21215,10),(249,21286,10),(249,21293,10),(251,725,1),(251,2884,1),(251,5757,1),(251,5829,1),(251,5832,1),(251,5969,1),(251,5985,1),(251,6186,1),(251,6206,1),(251,6384,1),(251,7076,1),(251,8157,1),(251,8185,1),(251,8400,1),(251,8496,1),(251,9215,1),(251,9221,1),(251,9331,1),(251,9571,1),(251,10436,1),(251,11635,1),(251,11687,1),(251,12758,1),(251,13320,1),(251,13934,1),(251,15970,1),(251,16132,1),(251,16449,1),(251,16768,1),(251,19887,1),(251,19892,1),(251,19893,1),(251,19894,1),(251,19923,1),(251,20267,1),(251,20268,1),(251,20270,1),(251,20272,1),(251,20323,1),(251,20328,1),(251,20329,1),(251,20330,1),(251,20331,1),(251,20332,1),(251,20333,1),(251,20334,1),(251,20335,1),(251,20336,1),(251,21037,1),(251,21047,1),(251,21048,1),(251,21049,1),(251,21050,1),(251,21051,1),(251,21052,1),(251,21053,1),(251,21054,1),(251,21055,1),(251,21056,1),(251,21057,1),(251,21058,1),(251,21216,1),(251,21239,1),(251,21296,1),(251,21297,1),(251,21298,1),(251,21299,1),(251,21300,1),(251,21301,1),(251,21302,1),(251,2163,2),(251,2188,2),(251,767,3),(251,2226,3),(251,2247,3),(251,7586,6),(251,19972,6),(251,21246,6),(251,21247,6),(251,21374,6),(251,21375,6),(251,21376,6),(251,21377,6),(251,21378,6),(251,21381,6),(251,21382,6),(251,21383,6),(251,21384,6),(251,21385,6),(251,10268,7),(251,21295,10),(251,21379,10),(251,21386,10),(252,725,1),(252,2152,1),(252,5966,1),(252,6371,1),(252,6374,1),(252,6384,1),(252,9331,1),(252,17952,1),(252,20323,1),(252,21026,1),(252,21216,1),(252,21389,1),(252,21390,1),(252,21391,1),(252,21392,1),(252,21393,1),(252,21394,1),(252,21395,1),(252,10268,2),(252,767,3),(252,2226,3),(252,2247,3),(252,21281,6),(252,21288,6),(252,21374,6),(252,21375,6),(252,21377,6),(252,21378,6),(252,21381,6),(252,21382,6),(252,21384,6),(252,21385,6),(252,21415,6),(252,21423,6),(252,7586,7),(252,19972,7),(252,21045,7),(252,21210,7),(252,21246,7),(252,21247,7),(252,21388,10),(252,21416,10),(252,21424,10),(254,725,1),(254,5831,1),(254,6103,1),(254,6214,1),(254,6384,1),(254,8157,1),(254,8183,1),(254,10268,1),(254,14987,1),(254,17952,1),(254,20323,1),(254,20494,1),(254,21216,1),(254,21433,1),(254,21434,1),(254,21435,1),(254,21436,1),(254,21437,1),(254,21438,1),(254,21439,1),(254,767,3),(254,2226,3),(254,2247,3),(254,5726,6),(254,5820,6),(254,9549,6),(254,9555,6),(254,9666,6),(254,9672,6),(254,21045,6),(254,21431,6),(254,21457,6),(254,21462,6),(254,21432,10),(254,21458,10),(254,21463,10),(255,739,1),(255,2163,1),(255,2165,1),(255,2179,1),(255,2193,1),(255,5730,1),(255,5757,1),(255,5832,1),(255,5986,1),(255,6003,1),(255,6186,1),(255,6214,1),(255,6297,1),(255,6384,1),(255,6940,1),(255,7076,1),(255,7869,1),(255,8157,1),(255,8185,1),(255,8398,1),(255,8400,1),(255,9209,1),(255,9215,1),(255,9221,1),(255,9266,1),(255,9573,1),(255,9809,1),(255,9923,1),(255,10266,1),(255,10436,1),(255,11635,1),(255,11687,1),(255,12758,1),(255,12911,1),(255,13320,1),(255,15276,1),(255,15887,1),(255,16215,1),(255,16449,1),(255,16457,1),(255,16501,1),(255,16768,1),(255,16819,1),(255,19394,1),(255,19887,1),(255,19891,1),(255,19922,1),(255,19923,1),(255,20013,1),(255,20064,1),(255,20257,1),(255,20267,1),(255,20269,1),(255,20328,1),(255,20329,1),(255,20330,1),(255,20331,1),(255,20332,1),(255,20333,1),(255,20334,1),(255,20335,1),(255,20336,1),(255,20337,1),(255,21047,1),(255,21049,1),(255,21505,1),(255,21506,1),(255,21507,1),(255,21508,1),(255,21509,1),(255,21510,1),(255,21511,1),(255,21512,1),(255,21513,1),(255,21514,1),(255,21515,1),(255,21516,1),(255,21517,1),(255,21518,1),(255,21519,1),(255,21520,1),(255,21521,1),(255,21522,1),(255,21523,1),(255,21524,1),(255,21525,1),(255,21526,1),(255,21527,1),(255,21528,1),(255,21562,1),(255,21613,1),(255,21614,1),(255,21615,1),(255,21616,1),(255,21617,1),(255,21618,1),(255,21619,1),(255,21620,1),(255,21621,1),(255,21622,1),(255,21623,1),(255,21624,1),(255,725,2),(255,2188,2),(255,5985,2),(255,2247,3),(255,21239,3),(255,23136,3),(255,6998,6),(255,7007,6),(255,10818,6),(255,10823,6),(255,21721,6),(255,21726,6),(255,6932,7),(255,10866,7),(255,21611,7),(255,21612,10),(255,21722,10),(255,21727,10),(259,725,1),(259,2163,1),(259,2188,1),(259,5519,1),(259,5757,1),(259,5761,1),(259,5767,1),(259,5832,1),(259,5985,1),(259,7076,1),(259,7848,1),(259,7856,1),(259,8157,1),(259,8185,1),(259,8400,1),(259,9203,1),(259,9209,1),(259,9215,1),(259,9221,1),(259,10042,1),(259,10436,1),(259,10741,1),(259,10869,1),(259,11635,1),(259,11687,1),(259,12758,1),(259,13320,1),(259,13934,1),(259,15025,1),(259,15094,1),(259,15616,1),(259,15887,1),(259,16449,1),(259,16768,1),(259,16818,1),(259,17302,1),(259,18809,1),(259,19880,1),(259,19888,1),(259,19923,1),(259,20008,1),(259,20267,1),(259,20270,1),(259,20313,1),(259,20314,1),(259,20315,1),(259,20316,1),(259,20317,1),(259,20319,1),(259,20320,1),(259,20321,1),(259,20322,1),(259,20323,1),(259,20325,1),(259,20326,1),(259,20327,1),(259,20328,1),(259,20329,1),(259,20330,1),(259,20331,1),(259,20332,1),(259,20333,1),(259,20334,1),(259,20335,1),(259,20336,1),(259,20337,1),(259,20338,1),(259,20339,1),(259,20402,1),(259,20403,1),(259,6186,2),(259,19885,2),(259,19886,2),(259,19887,2),(259,19893,2),(259,19910,2),(259,19911,2),(259,19914,2),(259,19915,2),(259,20318,2),(259,767,3),(259,2226,3),(259,2247,3),(259,19894,4),(259,5996,6),(259,9615,6),(259,20311,6),(259,20310,7),(259,20401,10),(259,20484,10),(259,20488,10),(260,725,1),(260,2163,1),(260,2188,1),(260,5519,1),(260,5757,1),(260,5761,1),(260,5767,1),(260,5832,1),(260,5985,1),(260,6194,1),(260,7076,1),(260,7848,1),(260,7856,1),(260,8157,1),(260,8185,1),(260,8400,1),(260,9203,1),(260,9209,1),(260,9215,1),(260,9221,1),(260,10042,1),(260,10266,1),(260,10436,1),(260,10741,1),(260,10869,1),(260,11635,1),(260,11687,1),(260,12758,1),(260,13320,1),(260,13934,1),(260,15025,1),(260,15139,1),(260,15887,1),(260,16449,1),(260,16768,1),(260,16818,1),(260,17302,1),(260,18809,1),(260,19880,1),(260,19885,1),(260,19886,1),(260,19888,1),(260,19923,1),(260,20008,1),(260,20267,1),(260,20270,1),(260,20313,1),(260,20314,1),(260,20315,1),(260,20316,1),(260,20317,1),(260,20318,1),(260,20319,1),(260,20320,1),(260,20321,1),(260,20322,1),(260,20323,1),(260,20324,1),(260,20325,1),(260,20326,1),(260,20327,1),(260,20328,1),(260,20329,1),(260,20330,1),(260,20331,1),(260,20332,1),(260,20333,1),(260,20334,1),(260,20335,1),(260,20336,1),(260,20337,1),(260,20338,1),(260,20339,1),(260,6186,2),(260,19887,2),(260,19893,2),(260,19910,2),(260,19911,2),(260,19914,2),(260,19915,2),(260,767,3),(260,2226,3),(260,2247,3),(260,19894,3),(260,5996,6),(260,20311,6),(260,9281,7),(260,20310,7),(260,20312,10),(260,20393,10),(260,20397,10),(261,2069,1),(261,2163,1),(261,2206,1),(261,2210,1),(261,2211,1),(261,5738,1),(261,5769,1),(261,5770,1),(261,5895,1),(261,5985,1),(261,5987,1),(261,6085,1),(261,6201,1),(261,6960,1),(261,7076,1),(261,7585,1),(261,9209,1),(261,9215,1),(261,9221,1),(261,9331,1),(261,12758,1),(261,15887,1),(261,19885,1),(261,19886,1),(261,19887,1),(261,19888,1),(261,19890,1),(261,19891,1),(261,19894,1),(261,19923,1),(261,20257,1),(261,20258,1),(261,20259,1),(261,20260,1),(261,20261,1),(261,20262,1),(261,20263,1),(261,20264,1),(261,20265,1),(261,20266,1),(261,20267,1),(261,20268,1),(261,20269,1),(261,20270,1),(261,20271,1),(261,20272,1),(261,725,2),(261,767,3),(261,2226,3),(261,2247,3),(261,19972,6),(261,20255,7),(261,20256,10),(261,20306,10),(261,20308,10),(262,2163,1),(262,2165,1),(262,2215,1),(262,2216,1),(262,5897,1),(262,6014,1),(262,6103,1),(262,6281,1),(262,6960,1),(262,7577,1),(262,8157,1),(262,8390,1),(262,9215,1),(262,9470,1),(262,9921,1),(262,11643,1),(262,12758,1),(262,12759,1),(262,14993,1),(262,15887,1),(262,15919,1),(262,15970,1),(262,16133,1),(262,16453,1),(262,18095,1),(262,19350,1),(262,19885,1),(262,19886,1),(262,19887,1),(262,19888,1),(262,19889,1),(262,19890,1),(262,19891,1),(262,19894,1),(262,20106,1),(262,20977,1),(262,21554,1),(262,21555,1),(262,21556,1),(262,21557,1),(262,21558,1),(262,21559,1),(262,21560,1),(262,21561,1),(262,21562,1),(262,21563,1),(262,21564,1),(262,725,2),(262,9209,2),(262,2247,3),(262,23136,3),(262,21239,4),(262,19972,7),(262,20210,7),(262,21553,10),(262,21607,10),(262,21609,10),(263,2163,1),(263,2165,1),(263,5756,1),(263,5971,1),(263,5986,1),(263,6960,1),(263,9209,1),(263,9215,1),(263,9921,1),(263,12758,1),(263,15887,1),(263,15919,1),(263,16458,1),(263,19203,1),(263,19885,1),(263,19886,1),(263,19887,1),(263,19888,1),(263,19889,1),(263,19890,1),(263,19891,1),(263,20213,1),(263,20214,1),(263,20215,1),(263,20216,1),(263,20217,1),(263,725,2),(263,19893,2),(263,19910,2),(263,19911,2),(263,19914,2),(263,19915,2),(263,767,3),(263,2226,3),(263,2247,3),(263,19894,3),(263,2203,7),(263,19972,7),(263,20210,7),(263,20211,7),(263,5769,8),(263,5770,8),(263,20212,10),(263,20247,10),(263,20251,10),(264,2148,1),(264,2163,1),(264,2165,1),(264,2197,1),(264,2210,1),(264,2217,1),(264,5514,1),(264,5767,1),(264,5775,1),(264,5895,1),(264,6946,1),(264,6960,1),(264,7075,1),(264,9203,1),(264,9209,1),(264,9215,1),(264,9808,1),(264,9921,1),(264,10042,1),(264,12758,1),(264,13460,1),(264,15209,1),(264,15720,1),(264,15887,1),(264,19885,1),(264,19886,1),(264,19887,1),(264,19888,1),(264,19889,1),(264,19890,1),(264,19891,1),(264,19894,1),(264,20010,1),(264,20152,1),(264,20153,1),(264,20154,1),(264,20155,1),(264,20156,1),(264,20157,1),(264,20158,1),(264,20159,1),(264,20160,1),(264,20161,1),(264,20162,1),(264,20163,1),(264,20164,1),(264,20165,1),(264,20166,1),(264,725,2),(264,767,3),(264,2226,3),(264,2247,3),(264,19917,6),(264,19972,6),(264,19963,7),(264,20106,7),(264,20151,10),(264,20206,10),(264,20208,10),(265,725,1),(265,6281,1),(265,6960,1),(265,8168,1),(265,9812,1),(265,15276,1),(265,15887,1),(265,19885,1),(265,19886,1),(265,19887,1),(265,19888,1),(265,19894,1),(265,19922,1),(265,20106,1),(265,20124,1),(265,20125,1),(265,20126,1),(265,20127,1),(265,20128,1),(265,20129,1),(265,767,3),(265,2226,3),(265,2247,3),(265,19974,6),(265,19972,7),(265,20122,7),(265,20123,10),(265,20147,10),(265,20149,10),(266,725,2),(266,5824,2),(266,15887,2),(266,19885,2),(266,19886,2),(266,19887,2),(266,19888,2),(266,19894,2),(266,20103,2),(266,20104,2),(266,20105,2),(266,20106,2),(266,767,3),(266,2226,3),(266,2247,3),(266,18096,8),(266,19972,8),(266,20102,10),(266,20118,10),(266,20120,10),(267,2163,1),(267,2165,1),(267,2203,1),(267,5769,1),(267,5770,1),(267,5775,1),(267,5776,1),(267,9209,1),(267,9215,1),(267,9921,1),(267,10216,1),(267,12758,1),(267,13818,1),(267,15887,1),(267,16215,1),(267,19885,1),(267,19886,1),(267,19887,1),(267,19888,1),(267,19889,1),(267,19891,1),(267,19917,1),(267,20059,1),(267,20060,1),(267,20061,1),(267,20062,1),(267,20063,1),(267,20064,1),(267,20065,1),(267,725,2),(267,19910,2),(267,19911,2),(267,19914,2),(267,19915,2),(267,767,3),(267,2226,3),(267,2247,3),(267,19893,3),(267,19894,3),(267,20057,6),(267,18096,7),(267,19972,7),(267,20058,10),(267,20094,10),(267,20098,10),(268,739,1),(268,2163,1),(268,2165,1),(268,2203,1),(268,2210,1),(268,5736,1),(268,6938,1),(268,6952,1),(268,6960,1),(268,8156,1),(268,9209,1),(268,9215,1),(268,9921,1),(268,10267,1),(268,10309,1),(268,12758,1),(268,12759,1),(268,15887,1),(268,15919,1),(268,15922,1),(268,19885,1),(268,19886,1),(268,19887,1),(268,19888,1),(268,19889,1),(268,19890,1),(268,19891,1),(268,20009,1),(268,20010,1),(268,20011,1),(268,20012,1),(268,20013,1),(268,20014,1),(268,20015,1),(268,725,2),(268,19910,2),(268,19911,2),(268,19914,2),(268,19915,2),(268,767,3),(268,2226,3),(268,2247,3),(268,19893,3),(268,19894,3),(268,20007,6),(268,18096,7),(268,19972,7),(268,20008,10),(268,20049,10),(268,20053,10),(269,725,1),(269,2069,1),(269,2143,1),(269,2144,1),(269,2193,1),(269,2212,1),(269,5777,1),(269,6078,1),(269,6081,1),(269,6281,1),(269,6291,1),(269,6952,1),(269,10042,1),(269,10310,1),(269,12907,1),(269,15180,1),(269,17423,1),(269,19385,1),(269,19966,1),(269,19967,1),(269,19968,1),(269,19969,1),(269,19970,1),(269,19971,1),(269,19972,1),(269,19973,1),(269,19974,1),(269,19975,1),(269,19893,2),(269,19910,2),(269,19911,2),(269,19914,2),(269,19915,2),(269,767,3),(269,2226,3),(269,2247,3),(269,19894,3),(269,9561,6),(269,19963,6),(269,19964,6),(269,15144,7),(269,19962,7),(269,19965,10),(269,19999,10),(269,20003,10),(270,725,1),(270,2163,1),(270,2210,1),(270,5775,1),(270,6209,1),(270,6364,1),(270,8185,1),(270,8400,1),(270,9215,1),(270,9470,1),(270,10433,1),(270,10792,1),(270,10869,1),(270,15887,1),(270,16819,1),(270,19885,1),(270,19886,1),(270,19887,1),(270,19888,1),(270,19921,1),(270,19922,1),(270,19923,1),(270,19924,1),(270,19925,1),(270,19926,1),(270,19927,1),(270,15857,2),(270,19910,2),(270,19911,2),(270,19914,2),(270,19915,2),(270,767,3),(270,2226,3),(270,2247,3),(270,19893,3),(270,19894,3),(270,9281,6),(270,19917,6),(270,10436,7),(270,19918,7),(270,19919,7),(270,5996,8),(270,19920,10),(270,19954,10),(270,19958,10),(271,2163,1),(271,2165,1),(271,5519,1),(271,9209,1),(271,9215,1),(271,9755,1),(271,9921,1),(271,12758,1),(271,15887,1),(271,15919,1),(271,19880,1),(271,19881,1),(271,19882,1),(271,19883,1),(271,19884,1),(271,19885,1),(271,19886,1),(271,19887,1),(271,19888,1),(271,19889,1),(271,19890,1),(271,19891,1),(271,19892,1),(271,19895,1),(271,725,2),(271,19910,2),(271,19911,2),(271,19914,2),(271,19915,2),(271,767,3),(271,2226,3),(271,2247,3),(271,19893,3),(271,19894,3),(271,19878,6),(271,5996,7),(271,19879,10),(271,19909,10),(271,19913,10),(272,2163,1),(272,5897,1),(272,6210,1),(272,6362,1),(272,8615,1),(272,9209,1),(272,9571,1),(272,10345,1),(272,10433,1),(272,10436,1),(272,15763,1),(272,15887,1),(272,15970,1),(272,16103,1),(272,16820,1),(272,17190,1),(272,19885,1),(272,19886,1),(272,19887,1),(272,19888,1),(272,19922,1),(272,20009,1),(272,20129,1),(272,20493,1),(272,20494,1),(272,20495,1),(272,20496,1),(272,20497,1),(272,20498,1),(272,725,2),(272,19910,2),(272,19911,2),(272,19914,2),(272,19915,2),(272,767,3),(272,2226,3),(272,2247,3),(272,19893,3),(272,19894,3),(272,5820,7),(272,10871,8),(272,20492,10),(272,20528,10),(272,20532,10),(273,725,1),(273,8615,1),(273,10267,1),(273,10309,1),(273,15887,1),(273,19885,1),(273,19886,1),(273,19887,1),(273,19888,1),(273,20537,1),(273,20538,1),(273,20539,1),(273,19910,2),(273,19911,2),(273,19914,2),(273,19915,2),(273,2247,3),(273,19893,3),(273,19894,3),(273,21239,3),(273,23136,3),(273,5996,6),(273,6933,6),(273,20211,7),(273,20536,10),(273,20555,10),(273,20559,10),(274,725,1),(274,15887,1),(274,19885,1),(274,19886,1),(274,19887,1),(274,19888,1),(274,19894,1),(274,19974,1),(274,767,3),(274,2226,3),(274,2247,3),(274,19917,6),(274,5996,7),(274,7460,7),(274,20703,7),(274,20704,10),(274,20717,10),(274,20719,10),(275,721,1),(275,2152,1),(275,2180,1),(275,5756,1),(275,5969,1),(275,6941,1),(275,6960,1),(275,7464,1),(275,8400,1),(275,9691,1),(275,10098,1),(275,15887,1),(275,18369,1),(275,19885,1),(275,19886,1),(275,19887,1),(275,19888,1),(275,19922,1),(275,19972,1),(275,20723,1),(275,20724,1),(275,20725,1),(275,20726,1),(275,20728,1),(275,20729,1),(275,20730,1),(275,20731,1),(275,20732,1),(275,20733,1),(275,20734,1),(275,20735,1),(275,20736,1),(275,20737,1),(275,725,2),(275,2210,2),(275,19910,2),(275,19911,2),(275,19914,2),(275,19915,2),(275,20727,2),(275,767,3),(275,2226,3),(275,2247,3),(275,19893,3),(275,19894,3),(275,13166,7),(275,20211,7),(275,20721,7),(275,20722,10),(275,20764,10),(275,20768,10),(276,2152,1),(276,2163,1),(276,2175,1),(276,2668,1),(276,2884,1),(276,6081,1),(276,6089,1),(276,6190,1),(276,6297,1),(276,7074,1),(276,9208,1),(276,9209,1),(276,9215,1),(276,9341,1),(276,10869,1),(276,11682,1),(276,12758,1),(276,12764,1),(276,16459,1),(276,19138,1),(276,19149,1),(276,19889,1),(276,19923,1),(276,20334,1),(276,20731,1),(276,20773,1),(276,20774,1),(276,20775,1),(276,20776,1),(276,20777,1),(276,20778,1),(276,20779,1),(276,20780,1),(276,20781,1),(276,19910,2),(276,19911,2),(276,19914,2),(276,19915,2),(276,767,3),(276,2226,3),(276,2247,3),(276,19893,3),(276,19894,3),(276,6282,7),(276,10263,8),(276,20772,10),(276,20812,10),(276,20816,10),(277,725,1),(277,2163,1),(277,2188,1),(277,5757,1),(277,5769,1),(277,5832,1),(277,5985,1),(277,5999,1),(277,6089,1),(277,6186,1),(277,6371,1),(277,6952,1),(277,8157,1),(277,8171,1),(277,8185,1),(277,8400,1),(277,9203,1),(277,9209,1),(277,9215,1),(277,9221,1),(277,11635,1),(277,11687,1),(277,12758,1),(277,13320,1),(277,15453,1),(277,15887,1),(277,16449,1),(277,16501,1),(277,16768,1),(277,19885,1),(277,19886,1),(277,19888,1),(277,19891,1),(277,20267,1),(277,20328,1),(277,20329,1),(277,20330,1),(277,20331,1),(277,20332,1),(277,20333,1),(277,20334,1),(277,20335,1),(277,20336,1),(277,20774,1),(277,20823,1),(277,20824,1),(277,20825,1),(277,20826,1),(277,20827,1),(277,20828,1),(277,20829,1),(277,20830,1),(277,20831,1),(277,19887,2),(277,19910,2),(277,19911,2),(277,19914,2),(277,19915,2),(277,767,3),(277,2226,3),(277,2247,3),(277,19893,3),(277,19894,3),(277,5517,6),(277,20820,6),(277,20821,6),(277,5770,7),(277,20822,10),(277,20882,10),(277,20886,10),(278,725,1),(278,2163,1),(278,2188,1),(278,5757,1),(278,5769,1),(278,5770,1),(278,5832,1),(278,5985,1),(278,5999,1),(278,6089,1),(278,6186,1),(278,6371,1),(278,6952,1),(278,8157,1),(278,8171,1),(278,8185,1),(278,8400,1),(278,9203,1),(278,9209,1),(278,9215,1),(278,9221,1),(278,11635,1),(278,11687,1),(278,12758,1),(278,13320,1),(278,15453,1),(278,15887,1),(278,16449,1),(278,16501,1),(278,16768,1),(278,19885,1),(278,19886,1),(278,19888,1),(278,19891,1),(278,19893,1),(278,19894,1),(278,20267,1),(278,20328,1),(278,20329,1),(278,20330,1),(278,20331,1),(278,20332,1),(278,20333,1),(278,20334,1),(278,20335,1),(278,20336,1),(278,20774,1),(278,20823,1),(278,20824,1),(278,20825,1),(278,20826,1),(278,20827,1),(278,20828,1),(278,20829,1),(278,20830,1),(278,19887,2),(278,767,3),(278,2226,3),(278,2247,3),(278,6006,6),(278,20210,6),(278,20820,6),(278,20890,10),(278,20951,10),(278,20953,10),(279,2163,1),(279,5756,1),(279,5879,1),(279,9209,1),(279,9215,1),(279,9284,1),(279,10388,1),(279,12758,1),(279,19891,1),(279,19894,1),(279,20777,1),(279,20958,1),(279,20959,1),(279,767,3),(279,2226,3),(279,2247,3),(279,20955,7),(279,20956,7),(279,20957,10),(279,20972,10),(279,20974,10),(281,725,1),(281,2163,1),(281,2188,1),(281,5757,1),(281,5832,1),(281,5985,1),(281,6186,1),(281,8157,1),(281,8185,1),(281,8400,1),(281,9221,1),(281,11635,1),(281,11687,1),(281,12758,1),(281,13320,1),(281,15616,1),(281,15887,1),(281,16449,1),(281,16768,1),(281,19885,1),(281,19886,1),(281,19888,1),(281,20215,1),(281,20267,1),(281,20328,1),(281,20329,1),(281,20330,1),(281,20331,1),(281,20332,1),(281,20333,1),(281,20334,1),(281,20335,1),(281,20336,1),(281,19887,2),(281,19893,2),(281,19910,2),(281,19911,2),(281,19914,2),(281,19915,2),(281,2247,3),(281,19894,3),(281,21239,3),(281,23136,3),(281,10268,6),(281,20976,6),(281,20977,6),(281,20978,7),(281,20979,10),(281,21018,10),(281,21022,10),(282,333,1),(282,2163,1),(282,2188,1),(282,2194,1),(282,2210,1),(282,2884,1),(282,5757,1),(282,5829,1),(282,5832,1),(282,5985,1),(282,6186,1),(282,6350,1),(282,6364,1),(282,7076,1),(282,8157,1),(282,8185,1),(282,9209,1),(282,9215,1),(282,9221,1),(282,9268,1),(282,10098,1),(282,10436,1),(282,10706,1),(282,10838,1),(282,11635,1),(282,11687,1),(282,12758,1),(282,12759,1),(282,13320,1),(282,16132,1),(282,16449,1),(282,16768,1),(282,16770,1),(282,17055,1),(282,18095,1),(282,19887,1),(282,19891,1),(282,19923,1),(282,20267,1),(282,20268,1),(282,20269,1),(282,20270,1),(282,20272,1),(282,20328,1),(282,20329,1),(282,20330,1),(282,20331,1),(282,20332,1),(282,20333,1),(282,20334,1),(282,20335,1),(282,20336,1),(282,20779,1),(282,21047,1),(282,21048,1),(282,21049,1),(282,21050,1),(282,21051,1),(282,21052,1),(282,21053,1),(282,21054,1),(282,21055,1),(282,21056,1),(282,21057,1),(282,21058,1),(282,21117,1),(282,21118,1),(282,21119,1),(282,21120,1),(282,21121,1),(282,21122,1),(282,21123,1),(282,21124,1),(282,21125,1),(282,21126,1),(282,21127,1),(282,8400,2),(282,19910,2),(282,19911,2),(282,19914,2),(282,19915,2),(282,767,3),(282,2226,3),(282,2247,3),(282,19893,3),(282,19894,3),(282,10268,6),(282,19972,6),(282,21026,6),(282,10707,7),(282,20402,7),(282,21116,10),(282,21202,10),(282,21206,10),(283,725,1),(283,2152,1),(283,2163,1),(283,2188,1),(283,2884,1),(283,5757,1),(283,5829,1),(283,5832,1),(283,5985,1),(283,6081,1),(283,6186,1),(283,6214,1),(283,7076,1),(283,7584,1),(283,8157,1),(283,8185,1),(283,8400,1),(283,9215,1),(283,9221,1),(283,10268,1),(283,10436,1),(283,10795,1),(283,11635,1),(283,11687,1),(283,12758,1),(283,13320,1),(283,15887,1),(283,15970,1),(283,16008,1),(283,16132,1),(283,16449,1),(283,16768,1),(283,19885,1),(283,19886,1),(283,19888,1),(283,19894,1),(283,19923,1),(283,20267,1),(283,20268,1),(283,20270,1),(283,20272,1),(283,20328,1),(283,20329,1),(283,20330,1),(283,20331,1),(283,20332,1),(283,20333,1),(283,20334,1),(283,20335,1),(283,20336,1),(283,21028,1),(283,21029,1),(283,21030,1),(283,21031,1),(283,21032,1),(283,21033,1),(283,21034,1),(283,21035,1),(283,21036,1),(283,21037,1),(283,21038,1),(283,21039,1),(283,21040,1),(283,21041,1),(283,21042,1),(283,21043,1),(283,21044,1),(283,21045,1),(283,21046,1),(283,21047,1),(283,21048,1),(283,21049,1),(283,21050,1),(283,21051,1),(283,21052,1),(283,21053,1),(283,21054,1),(283,21055,1),(283,21056,1),(283,21057,1),(283,21058,1),(283,19887,2),(283,767,3),(283,2226,3),(283,2247,3),(283,19972,7),(283,21026,7),(283,21027,10),(283,21112,10),(283,21114,10),(284,2180,1),(284,2188,1),(284,6214,1),(284,8157,1),(284,8183,1),(284,10701,1),(284,10785,1),(284,14987,1),(284,17952,1),(284,19894,1),(284,19922,1),(284,20013,1),(284,20323,1),(284,20494,1),(284,21433,1),(284,21434,1),(284,21436,1),(284,21437,1),(284,21438,1),(284,21439,1),(284,21471,1),(284,725,2),(284,5831,2),(284,6103,2),(284,767,3),(284,2226,3),(284,2247,3),(284,10268,6),(284,21045,6),(284,21467,6),(284,21468,6),(284,21435,7),(284,21469,7),(284,21470,10),(284,21499,10),(284,21501,10),(285,725,1),(285,2165,1),(285,2179,1),(285,2188,1),(285,2193,1),(285,5985,1),(285,5986,1),(285,6297,1),(285,7869,1),(285,8398,1),(285,9266,1),(285,12911,1),(285,15887,1),(285,16501,1),(285,19894,1),(285,20257,1),(285,21505,1),(285,21506,1),(285,21507,1),(285,21508,1),(285,21509,1),(285,21510,1),(285,21511,1),(285,21512,1),(285,21513,1),(285,21514,1),(285,21515,1),(285,21516,1),(285,21517,1),(285,21518,1),(285,21519,1),(285,21520,1),(285,21521,1),(285,21522,1),(285,21523,1),(285,21524,1),(285,21525,1),(285,21526,1),(285,21527,1),(285,21528,1),(285,2247,3),(285,21239,3),(285,23136,3),(285,15140,6),(285,21503,6),(285,6003,7),(285,21046,7),(285,21504,10),(285,21549,10),(285,21551,10),(286,725,1),(286,2163,1),(286,2165,1),(286,2179,1),(286,2193,1),(286,5756,1),(286,5757,1),(286,5767,1),(286,5832,1),(286,5968,1),(286,5986,1),(286,5987,1),(286,6186,1),(286,6297,1),(286,6946,1),(286,7076,1),(286,7841,1),(286,7869,1),(286,8157,1),(286,8185,1),(286,8398,1),(286,8400,1),(286,9206,1),(286,9209,1),(286,9215,1),(286,9221,1),(286,9266,1),(286,10436,1),(286,10440,1),(286,11635,1),(286,11687,1),(286,12758,1),(286,12911,1),(286,13320,1),(286,15208,1),(286,15887,1),(286,16449,1),(286,16501,1),(286,16768,1),(286,19887,1),(286,19891,1),(286,19892,1),(286,19893,1),(286,19894,1),(286,20257,1),(286,20267,1),(286,20328,1),(286,20329,1),(286,20330,1),(286,20331,1),(286,20332,1),(286,20333,1),(286,20334,1),(286,20335,1),(286,20336,1),(286,20337,1),(286,21302,1),(286,21505,1),(286,21506,1),(286,21507,1),(286,21508,1),(286,21509,1),(286,21510,1),(286,21511,1),(286,21512,1),(286,21513,1),(286,21514,1),(286,21515,1),(286,21516,1),(286,21517,1),(286,21518,1),(286,21519,1),(286,21520,1),(286,21521,1),(286,21522,1),(286,21523,1),(286,21524,1),(286,21525,1),(286,21526,1),(286,21527,1),(286,21528,1),(286,21562,1),(286,21733,1),(286,21734,1),(286,21735,1),(286,2188,2),(286,5985,2),(286,2247,3),(286,23136,3),(286,21239,4),(286,6931,6),(286,10866,6),(286,21731,6),(286,6003,7),(286,21732,10),(286,21825,10),(286,21827,10),(287,725,1),(287,2163,1),(287,2165,1),(287,2179,1),(287,2188,1),(287,2193,1),(287,5757,1),(287,5832,1),(287,5985,1),(287,5986,1),(287,6186,1),(287,6297,1),(287,7076,1),(287,7848,1),(287,7869,1),(287,8157,1),(287,8185,1),(287,8398,1),(287,8400,1),(287,9209,1),(287,9215,1),(287,9221,1),(287,9266,1),(287,10436,1),(287,11635,1),(287,11687,1),(287,12758,1),(287,12911,1),(287,13320,1),(287,15887,1),(287,16449,1),(287,16501,1),(287,16768,1),(287,19891,1),(287,19894,1),(287,19923,1),(287,20257,1),(287,20267,1),(287,20270,1),(287,20271,1),(287,20328,1),(287,20329,1),(287,20330,1),(287,20331,1),(287,20332,1),(287,20333,1),(287,20334,1),(287,20335,1),(287,20336,1),(287,20337,1),(287,21049,1),(287,21505,1),(287,21506,1),(287,21507,1),(287,21508,1),(287,21509,1),(287,21510,1),(287,21511,1),(287,21512,1),(287,21513,1),(287,21514,1),(287,21515,1),(287,21516,1),(287,21517,1),(287,21518,1),(287,21519,1),(287,21520,1),(287,21521,1),(287,21522,1),(287,21523,1),(287,21524,1),(287,21525,1),(287,21526,1),(287,21527,1),(287,21528,1),(287,21611,1),(287,21830,1),(287,21831,1),(287,21832,1),(287,19887,2),(287,2247,3),(287,21239,3),(287,23136,3),(287,15450,6),(287,15717,6),(287,21731,6),(287,6003,7),(287,21829,10),(287,21915,10),(287,21917,10),(288,725,1),(288,2148,1),(288,2163,1),(288,2165,1),(288,2179,1),(288,2180,1),(288,2189,1),(288,2193,1),(288,5756,1),(288,5757,1),(288,5832,1),(288,5986,1),(288,6003,1),(288,6186,1),(288,6297,1),(288,6373,1),(288,7076,1),(288,7869,1),(288,8157,1),(288,8185,1),(288,8398,1),(288,8400,1),(288,9209,1),(288,9215,1),(288,9221,1),(288,9266,1),(288,9684,1),(288,10436,1),(288,11635,1),(288,11687,1),(288,12752,1),(288,12758,1),(288,12911,1),(288,13320,1),(288,15209,1),(288,15213,1),(288,15887,1),(288,16449,1),(288,16501,1),(288,16768,1),(288,19887,1),(288,19891,1),(288,19892,1),(288,20257,1),(288,20267,1),(288,20328,1),(288,20329,1),(288,20330,1),(288,20331,1),(288,20332,1),(288,20333,1),(288,20334,1),(288,20335,1),(288,20336,1),(288,20337,1),(288,21039,1),(288,21125,1),(288,21126,1),(288,21127,1),(288,21505,1),(288,21506,1),(288,21507,1),(288,21508,1),(288,21509,1),(288,21510,1),(288,21511,1),(288,21512,1),(288,21513,1),(288,21514,1),(288,21515,1),(288,21516,1),(288,21517,1),(288,21518,1),(288,21519,1),(288,21520,1),(288,21521,1),(288,21522,1),(288,21523,1),(288,21524,1),(288,21525,1),(288,21526,1),(288,21527,1),(288,21528,1),(288,21923,1),(288,21924,1),(288,21925,1),(288,21926,1),(288,2188,2),(288,5985,2),(288,19910,2),(288,19911,2),(288,19914,2),(288,19915,2),(288,767,3),(288,2226,3),(288,2247,3),(288,19893,3),(288,19894,3),(288,21919,6),(288,21920,6),(288,21921,6),(288,21922,10),(288,22015,10),(288,22019,10),(289,2163,1),(289,2188,1),(289,5757,1),(289,5832,1),(289,5985,1),(289,6186,1),(289,8157,1),(289,8185,1),(289,8400,1),(289,9209,1),(289,9215,1),(289,9221,1),(289,11635,1),(289,11687,1),(289,12752,1),(289,12758,1),(289,13320,1),(289,16449,1),(289,16768,1),(289,20267,1),(289,20328,1),(289,20329,1),(289,20330,1),(289,20331,1),(289,20332,1),(289,20333,1),(289,20334,1),(289,20335,1),(289,20336,1),(289,20337,1),(289,21832,1),(289,21923,1),(289,19887,2),(289,19910,2),(289,19911,2),(289,19914,2),(289,19915,2),(289,767,3),(289,2226,3),(289,2247,3),(289,19893,3),(289,19894,3),(289,9678,6),(289,6003,7),(289,21919,7),(289,22023,10),(289,22063,10),(289,22067,10),(290,739,1),(290,5775,1),(290,5969,1),(290,7074,1),(290,8157,1),(290,8400,1),(290,9688,1),(290,11675,1),(290,11803,1),(290,15887,1),(290,19887,1),(290,21831,1),(290,22073,1),(290,22074,1),(290,22075,1),(290,22076,1),(290,22077,1),(290,19893,2),(290,19910,2),(290,19911,2),(290,19914,2),(290,19915,2),(290,767,3),(290,2226,3),(290,2247,3),(290,19894,3),(290,6003,7),(290,21919,7),(290,22071,7),(290,22072,10),(290,22095,10),(290,22099,10),(291,2163,1),(291,2188,1),(291,5757,1),(291,5832,1),(291,5985,1),(291,6186,1),(291,7076,1),(291,8157,1),(291,8185,1),(291,8400,1),(291,9209,1),(291,9215,1),(291,9221,1),(291,10436,1),(291,11635,1),(291,11687,1),(291,12752,1),(291,12758,1),(291,13320,1),(291,16449,1),(291,16768,1),(291,19891,1),(291,19894,1),(291,20267,1),(291,20328,1),(291,20329,1),(291,20330,1),(291,20332,1),(291,20333,1),(291,20334,1),(291,20335,1),(291,20336,1),(291,20337,1),(291,21125,1),(291,21126,1),(291,21127,1),(291,21832,1),(291,21926,1),(291,19887,2),(291,20331,2),(291,767,3),(291,2226,3),(291,2247,3),(291,6932,6),(291,10866,6),(291,15139,6),(291,21919,7),(291,22103,10),(291,22149,10),(291,22151,10),(292,2163,1),(292,2165,1),(292,2179,1),(292,2188,1),(292,2193,1),(292,2224,1),(292,2884,1),(292,5756,1),(292,5757,1),(292,5767,1),(292,5832,1),(292,5985,1),(292,5986,1),(292,6186,1),(292,6297,1),(292,6386,1),(292,7047,1),(292,7074,1),(292,7076,1),(292,7869,1),(292,8157,1),(292,8185,1),(292,8398,1),(292,8400,1),(292,8493,1),(292,9205,1),(292,9209,1),(292,9215,1),(292,9221,1),(292,9266,1),(292,9339,1),(292,10037,1),(292,10310,1),(292,10436,1),(292,10741,1),(292,11635,1),(292,11687,1),(292,12758,1),(292,12911,1),(292,13320,1),(292,13818,1),(292,13840,1),(292,15711,1),(292,15887,1),(292,16449,1),(292,16501,1),(292,20257,1),(292,20262,1),(292,20267,1),(292,20328,1),(292,20329,1),(292,20330,1),(292,20331,1),(292,20332,1),(292,20333,1),(292,20334,1),(292,20335,1),(292,20336,1),(292,20402,1),(292,21038,1),(292,21505,1),(292,21506,1),(292,21507,1),(292,21508,1),(292,21509,1),(292,21510,1),(292,21511,1),(292,21512,1),(292,21513,1),(292,21514,1),(292,21515,1),(292,21516,1),(292,21517,1),(292,21518,1),(292,21519,1),(292,21520,1),(292,21521,1),(292,21522,1),(292,21523,1),(292,21524,1),(292,21525,1),(292,21526,1),(292,21527,1),(292,21528,1),(292,22073,1),(292,22074,1),(292,22155,1),(292,22156,1),(292,22157,1),(292,22158,1),(292,22159,1),(292,22160,1),(292,22161,1),(292,22162,1),(292,725,2),(292,16768,2),(292,19887,2),(292,19910,2),(292,19911,2),(292,19914,2),(292,19915,2),(292,767,3),(292,2226,3),(292,2247,3),(292,19893,3),(292,19894,3),(292,6003,7),(292,22153,7),(292,22154,10),(292,22256,10),(292,22260,10),(293,19894,1),(293,19975,1),(293,22267,1),(293,22268,1),(293,767,3),(293,2226,3),(293,2247,3),(293,22264,6),(293,6003,7),(293,22265,8),(293,22266,10),(293,22273,10),(293,22275,10),(294,19894,1),(294,21046,1),(294,22280,1),(294,22279,2),(294,767,3),(294,2226,3),(294,2247,3),(294,22277,6),(294,6003,8),(294,22278,10),(294,22285,10),(294,22287,10),(295,725,1),(295,2163,1),(295,2165,1),(295,2179,1),(295,2188,1),(295,2193,1),(295,5757,1),(295,5832,1),(295,5985,1),(295,5986,1),(295,6186,1),(295,6297,1),(295,7076,1),(295,7869,1),(295,8157,1),(295,8185,1),(295,8398,1),(295,8400,1),(295,9209,1),(295,9215,1),(295,9221,1),(295,9266,1),(295,10436,1),(295,11635,1),(295,11687,1),(295,12758,1),(295,12911,1),(295,13320,1),(295,15887,1),(295,16449,1),(295,16501,1),(295,16768,1),(295,19887,1),(295,19891,1),(295,19894,1),(295,19923,1),(295,20257,1),(295,20267,1),(295,20269,1),(295,20328,1),(295,20329,1),(295,20330,1),(295,20331,1),(295,20332,1),(295,20333,1),(295,20334,1),(295,20335,1),(295,20336,1),(295,20337,1),(295,21047,1),(295,21049,1),(295,21302,1),(295,21505,1),(295,21506,1),(295,21507,1),(295,21508,1),(295,21509,1),(295,21510,1),(295,21511,1),(295,21512,1),(295,21513,1),(295,21514,1),(295,21515,1),(295,21516,1),(295,21517,1),(295,21518,1),(295,21519,1),(295,21520,1),(295,21521,1),(295,21522,1),(295,21523,1),(295,21524,1),(295,21525,1),(295,21526,1),(295,21527,1),(295,21528,1),(295,2247,3),(295,21239,3),(295,23136,3),(295,9678,6),(295,21731,6),(295,6003,7),(295,22289,10),(295,22370,10),(295,22372,10),(296,725,1),(296,2188,1),(296,2668,1),(296,5522,1),(296,5628,1),(296,5730,1),(296,5754,1),(296,5759,1),(296,5760,1),(296,5769,1),(296,5823,1),(296,5962,1),(296,5985,1),(296,5987,1),(296,5988,1),(296,6000,1),(296,6078,1),(296,6084,1),(296,6085,1),(296,6087,1),(296,6177,1),(296,6189,1),(296,6206,1),(296,6384,1),(296,6940,1),(296,8382,1),(296,8400,1),(296,9273,1),(296,9279,1),(296,9286,1),(296,9287,1),(296,9511,1),(296,10098,1),(296,10220,1),(296,10342,1),(296,10869,1),(296,11676,1),(296,12066,1),(296,12913,1),(296,13818,1),(296,15182,1),(296,15380,1),(296,15427,1),(296,16995,1),(296,17821,1),(296,20159,1),(296,21620,1),(296,22378,1),(296,22379,1),(296,22380,1),(296,22381,1),(296,22382,1),(296,22383,1),(296,22384,1),(296,22385,1),(296,22386,1),(296,22387,1),(296,22388,1),(296,22389,1),(296,22390,1),(296,22391,1),(296,22392,1),(296,22393,1),(296,22394,1),(296,22395,1),(296,22396,1),(296,5779,2),(296,6015,2),(296,6080,2),(296,9284,2),(296,17188,2),(296,767,3),(296,2226,3),(296,2247,3),(296,22374,6),(296,22375,6),(296,22376,7),(296,22377,7),(296,21215,10),(296,21286,10),(296,21293,10),(297,2668,1),(297,5522,1),(297,5628,1),(297,5754,1),(297,5759,1),(297,5760,1),(297,5769,1),(297,5962,1),(297,5987,1),(297,5988,1),(297,6019,1),(297,6081,1),(297,6084,1),(297,6085,1),(297,6087,1),(297,6206,1),(297,6384,1),(297,7075,1),(297,7829,1),(297,8400,1),(297,9273,1),(297,9286,1),(297,9287,1),(297,9511,1),(297,9923,1),(297,10220,1),(297,10700,1),(297,12913,1),(297,12918,1),(297,16995,1),(297,17188,1),(297,18806,1),(297,22389,1),(297,22393,1),(297,22394,1),(297,22395,1),(297,22396,1),(297,22458,1),(297,22459,1),(297,22460,1),(297,22461,1),(297,22462,1),(297,22463,1),(297,9284,2),(297,17245,2),(297,17422,2),(297,767,3),(297,2226,3),(297,2247,3),(297,22374,7),(297,22375,7),(297,22455,7),(297,22456,7),(297,22457,10),(297,22507,10),(297,22509,10),(298,2152,1),(298,2668,1),(298,5522,1),(298,5754,1),(298,5759,1),(298,5760,1),(298,5769,1),(298,5962,1),(298,5987,1),(298,5988,1),(298,6019,1),(298,6084,1),(298,6085,1),(298,6087,1),(298,6206,1),(298,6384,1),(298,7465,1),(298,8400,1),(298,9286,1),(298,9287,1),(298,9511,1),(298,9514,1),(298,10220,1),(298,12913,1),(298,15182,1),(298,16995,1),(298,22392,1),(298,22393,1),(298,22394,1),(298,22395,1),(298,22396,1),(298,22513,1),(298,22514,1),(298,22515,1),(298,22516,1),(298,22517,1),(298,22518,1),(298,22519,1),(298,9284,2),(298,10828,2),(298,16873,2),(298,22512,2),(298,767,3),(298,2226,3),(298,2247,3),(298,22511,6),(298,22374,7),(298,22375,7),(298,21295,10),(298,21379,10),(298,21386,10),(299,725,1),(299,2069,1),(299,2152,1),(299,2192,1),(299,2668,1),(299,5522,1),(299,5726,1),(299,5728,1),(299,5759,1),(299,5760,1),(299,5769,1),(299,5777,1),(299,5820,1),(299,5962,1),(299,5987,1),(299,5988,1),(299,6019,1),(299,6084,1),(299,6085,1),(299,6087,1),(299,6206,1),(299,6384,1),(299,6515,1),(299,6940,1),(299,7614,1),(299,7873,1),(299,8400,1),(299,8615,1),(299,9205,1),(299,9206,1),(299,9216,1),(299,9229,1),(299,9267,1),(299,9273,1),(299,9286,1),(299,9287,1),(299,9347,1),(299,9511,1),(299,9915,1),(299,10098,1),(299,10220,1),(299,10441,1),(299,10785,1),(299,10869,1),(299,12432,1),(299,12913,1),(299,13106,1),(299,13166,1),(299,13860,1),(299,15810,1),(299,16496,1),(299,16501,1),(299,16774,1),(299,16820,1),(299,16995,1),(299,17188,1),(299,20217,1),(299,21623,1),(299,22379,1),(299,22380,1),(299,22381,1),(299,22385,1),(299,22393,1),(299,22394,1),(299,22395,1),(299,22396,1),(299,22519,1),(299,22564,1),(299,22565,1),(299,22566,1),(299,22911,1),(299,22912,1),(299,22913,1),(299,22914,1),(299,22915,1),(299,22916,1),(299,22917,1),(299,22918,1),(299,22919,1),(299,22920,1),(299,22921,1),(299,22922,1),(299,5754,2),(299,5779,2),(299,6015,2),(299,12120,2),(299,767,3),(299,2226,3),(299,2247,3),(299,16134,7),(299,22374,7),(299,22375,7),(299,22562,7),(299,22563,10),(299,22616,10),(299,22618,10),(300,2069,1),(300,2192,1),(300,2668,1),(300,5522,1),(300,5726,1),(300,5728,1),(300,5730,1),(300,5754,1),(300,5759,1),(300,5760,1),(300,5777,1),(300,5820,1),(300,5962,1),(300,5970,1),(300,5985,1),(300,5987,1),(300,5988,1),(300,6084,1),(300,6085,1),(300,6087,1),(300,6384,1),(300,6940,1),(300,7614,1),(300,7873,1),(300,8382,1),(300,8400,1),(300,8615,1),(300,9205,1),(300,9206,1),(300,9267,1),(300,9286,1),(300,9287,1),(300,9511,1),(300,9915,1),(300,10220,1),(300,10434,1),(300,10441,1),(300,12913,1),(300,13106,1),(300,13166,1),(300,15182,1),(300,15427,1),(300,16134,1),(300,16501,1),(300,16995,1),(300,17821,1),(300,21623,1),(300,22379,1),(300,22380,1),(300,22381,1),(300,22385,1),(300,22392,1),(300,22393,1),(300,22394,1),(300,22395,1),(300,22396,1),(300,22519,1),(300,22562,1),(300,22564,1),(300,22671,1),(300,22672,1),(300,22673,1),(300,22674,1),(300,22911,1),(300,22912,1),(300,22913,1),(300,22914,1),(300,22915,1),(300,22916,1),(300,22917,1),(300,22918,1),(300,22919,1),(300,22920,1),(300,22921,1),(300,22922,1),(300,725,2),(300,5779,2),(300,9284,2),(300,10869,2),(300,17188,2),(300,17425,2),(300,767,3),(300,2226,3),(300,2247,3),(300,22375,6),(300,6515,7),(300,15810,7),(300,22374,7),(300,22726,10),(300,22777,10),(300,22779,10),(301,725,1),(301,5522,1),(301,5628,1),(301,5759,1),(301,5985,1),(301,6085,1),(301,6087,1),(301,6214,1),(301,6384,1),(301,8382,1),(301,8400,1),(301,9205,1),(301,9286,1),(301,9287,1),(301,9348,1),(301,9688,1),(301,10220,1),(301,10441,1),(301,12913,1),(301,15182,1),(301,15243,1),(301,15427,1),(301,15720,1),(301,16593,1),(301,16774,1),(301,16776,1),(301,16995,1),(301,17821,1),(301,22379,1),(301,22392,1),(301,22393,1),(301,22394,1),(301,22395,1),(301,22396,1),(301,2247,3),(301,21239,3),(301,23136,3),(301,7074,6),(301,22380,6),(301,22381,6),(301,16601,7),(301,22781,10),(301,22821,10),(301,22823,10),(302,5522,1),(302,5628,1),(302,5754,1),(302,5759,1),(302,5769,1),(302,6085,1),(302,6087,1),(302,6177,1),(302,6189,1),(302,6384,1),(302,7865,1),(302,8400,1),(302,9286,1),(302,9287,1),(302,10220,1),(302,12759,1),(302,15380,1),(302,16005,1),(302,16774,1),(302,16995,1),(302,20497,1),(302,22393,1),(302,22394,1),(302,22395,1),(302,22396,1),(302,22826,1),(302,22827,1),(302,22828,1),(302,22829,1),(302,22830,1),(302,22831,1),(302,22832,1),(302,2247,3),(302,21239,3),(302,23136,3),(302,7035,6),(302,22381,6),(302,14982,7),(302,22380,7),(302,22825,10),(302,22863,10),(302,22865,10),(303,725,1),(303,2143,1),(303,2163,1),(303,2175,1),(303,2195,1),(303,2203,1),(303,2221,1),(303,5722,1),(303,5760,1),(303,5761,1),(303,5828,1),(303,5985,1),(303,6103,1),(303,6184,1),(303,6188,1),(303,6282,1),(303,6291,1),(303,6293,1),(303,6931,1),(303,6932,1),(303,7057,1),(303,7828,1),(303,9225,1),(303,9283,1),(303,9560,1),(303,9577,1),(303,10222,1),(303,10227,1),(303,10305,1),(303,10307,1),(303,15138,1),(303,15184,1),(303,16210,1),(303,16211,1),(303,16599,1),(303,16940,1),(303,17053,1),(303,17055,1),(303,20270,1),(303,20828,1),(303,21926,1),(303,23145,1),(303,23149,1),(303,23150,1),(303,23151,1),(303,23212,1),(303,23213,1),(303,23342,1),(303,23343,1),(303,23501,1),(303,23502,1),(303,23575,1),(303,23576,1),(303,23578,1),(303,24076,1),(303,24077,1),(303,24078,1),(303,24079,1),(303,24080,1),(303,24081,1),(303,24082,1),(303,24083,1),(303,24084,1),(303,24085,1),(303,24086,1),(303,24087,1),(303,24088,1),(303,24089,1),(303,24090,1),(303,24091,1),(303,24092,1),(303,24093,1),(303,24094,1),(303,24095,1),(303,24096,1),(303,24097,1),(303,24098,1),(303,24099,1),(303,5987,2),(303,15027,2),(303,2247,3),(303,21239,3),(303,23136,3),(303,10436,7),(303,24075,7),(303,10266,8),(304,725,1),(304,2143,1),(304,2153,1),(304,2208,1),(304,2210,1),(304,2221,1),(304,2225,1),(304,5722,1),(304,5760,1),(304,5824,1),(304,5833,1),(304,5985,1),(304,6003,1),(304,6007,1),(304,6013,1),(304,6077,1),(304,6087,1),(304,6291,1),(304,6932,1),(304,8228,1),(304,8394,1),(304,8615,1),(304,9224,1),(304,9225,1),(304,9283,1),(304,10036,1),(304,10040,1),(304,10041,1),(304,10043,1),(304,10221,1),(304,10222,1),(304,10227,1),(304,10258,1),(304,11632,1),(304,12121,1),(304,15027,1),(304,15099,1),(304,16101,1),(304,16873,1),(304,17142,1),(304,17424,1),(304,23149,1),(304,23150,1),(304,23156,1),(304,23159,1),(304,23207,1),(304,23216,1),(304,23217,1),(304,23438,1),(304,23654,1),(304,24014,1),(304,24015,1),(304,24016,1),(304,24017,1),(304,24018,1),(304,9280,2),(304,9281,2),(304,2247,3),(304,21239,3),(304,23136,3),(304,24013,6),(304,10266,7),(305,725,1),(305,2168,1),(305,2220,1),(305,2221,1),(305,2222,1),(305,5519,1),(305,5722,1),(305,5754,1),(305,5760,1),(305,5769,1),(305,5770,1),(305,5773,1),(305,5985,1),(305,5987,1),(305,5988,1),(305,6003,1),(305,6291,1),(305,6355,1),(305,6932,1),(305,7465,1),(305,7727,1),(305,8160,1),(305,9224,1),(305,9285,1),(305,10040,1),(305,10434,1),(305,15712,1),(305,15754,1),(305,15807,1),(305,19880,1),(305,22375,1),(305,23149,1),(305,23152,1),(305,23153,1),(305,23154,1),(305,23275,1),(305,23283,1),(305,23953,1),(305,23955,1),(305,23956,1),(305,23957,1),(305,23958,1),(305,23959,1),(305,23960,1),(305,23961,1),(305,6084,2),(305,7069,2),(305,10223,2),(305,10828,2),(305,15027,2),(305,16873,2),(305,16993,2),(305,23282,2),(305,23717,2),(305,23718,2),(305,23954,2),(305,2247,3),(305,21239,3),(305,23136,3),(305,10266,7),(305,23952,8),(306,725,1),(306,2153,1),(306,5520,1),(306,5722,1),(306,5724,1),(306,5726,1),(306,5760,1),(306,5966,1),(306,5985,1),(306,5987,1),(306,5988,1),(306,5999,1),(306,6291,1),(306,6512,1),(306,6513,1),(306,6932,1),(306,6938,1),(306,7026,1),(306,7711,1),(306,7838,1),(306,8160,1),(306,8371,1),(306,8373,1),(306,9205,1),(306,9220,1),(306,9511,1),(306,10221,1),(306,10306,1),(306,10790,1),(306,11682,1),(306,13505,1),(306,15140,1),(306,15865,1),(306,15917,1),(306,16710,1),(306,23145,1),(306,23146,1),(306,23149,1),(306,23150,1),(306,23152,1),(306,23153,1),(306,23154,1),(306,23156,1),(306,23159,1),(306,23273,1),(306,23894,1),(306,23895,1),(306,23896,1),(306,23897,1),(306,23898,1),(306,23899,1),(306,23900,1),(306,15027,2),(306,2247,3),(306,21239,3),(306,23136,3),(306,10266,7),(306,23893,7),(306,15915,8),(307,725,1),(307,2153,1),(307,2211,1),(307,2212,1),(307,2218,1),(307,5517,1),(307,5722,1),(307,5760,1),(307,5773,1),(307,5774,1),(307,5833,1),(307,5985,1),(307,6013,1),(307,6084,1),(307,6100,1),(307,6281,1),(307,6291,1),(307,6519,1),(307,6945,1),(307,7465,1),(307,8615,1),(307,9225,1),(307,9280,1),(307,9281,1),(307,9283,1),(307,9687,1),(307,10036,1),(307,10037,1),(307,10221,1),(307,10746,1),(307,10865,1),(307,13166,1),(307,13482,1),(307,15027,1),(307,16215,1),(307,16873,1),(307,16874,1),(307,19054,1),(307,20105,1),(307,20158,1),(307,23139,1),(307,23149,1),(307,23150,1),(307,23156,1),(307,23159,1),(307,23280,1),(307,23838,1),(307,23839,1),(307,23840,1),(307,23841,1),(307,6015,2),(307,2247,3),(307,21239,3),(307,23136,3),(307,23836,6),(307,23837,6),(307,10266,7),(308,725,1),(308,2153,1),(308,2166,1),(308,2221,1),(308,5519,1),(308,5722,1),(308,5760,1),(308,5761,1),(308,5764,1),(308,5773,1),(308,5985,1),(308,5999,1),(308,6013,1),(308,6103,1),(308,6202,1),(308,6291,1),(308,6932,1),(308,6933,1),(308,7465,1),(308,8160,1),(308,8610,1),(308,9224,1),(308,9225,1),(308,9274,1),(308,9283,1),(308,9811,1),(308,10036,1),(308,10037,1),(308,10221,1),(308,13166,1),(308,13482,1),(308,15099,1),(308,15147,1),(308,15148,1),(308,15181,1),(308,16847,1),(308,16873,1),(308,23149,1),(308,23150,1),(308,23152,1),(308,23153,1),(308,23154,1),(308,23156,1),(308,23159,1),(308,23280,1),(308,23281,1),(308,23591,1),(308,23716,1),(308,23721,1),(308,23722,1),(308,23723,1),(308,23724,1),(308,23725,1),(308,23726,1),(308,23727,1),(308,23728,1),(308,23729,1),(308,6931,2),(308,6955,2),(308,9561,2),(308,10866,2),(308,15027,2),(308,23717,2),(308,23718,2),(308,23719,2),(308,23720,2),(308,2247,3),(308,21239,3),(308,23136,3),(308,23715,6),(308,10266,7),(309,725,1),(309,2143,1),(309,5520,1),(309,5722,1),(309,5760,1),(309,5765,1),(309,5773,1),(309,5833,1),(309,5962,1),(309,5987,1),(309,5988,1),(309,6013,1),(309,6281,1),(309,6291,1),(309,6932,1),(309,6941,1),(309,7838,1),(309,9220,1),(309,9283,1),(309,10040,1),(309,10227,1),(309,12751,1),(309,16599,1),(309,23148,1),(309,23149,1),(309,23150,1),(309,23200,1),(309,23214,1),(309,23275,1),(309,23276,1),(309,23280,1),(309,23378,1),(309,23787,1),(309,23788,1),(309,23789,1),(309,23790,1),(309,23791,1),(309,23792,1),(309,23793,1),(309,23794,1),(309,23796,1),(309,23797,1),(309,23798,1),(309,23799,1),(309,23795,2),(309,2247,3),(309,21239,3),(309,23136,3),(309,10266,7),(309,23786,7),(310,2152,1),(310,2153,1),(310,2203,1),(310,5509,1),(310,5722,1),(310,5760,1),(310,5763,1),(310,5985,1),(310,6013,1),(310,6083,1),(310,6374,1),(310,6932,1),(310,7465,1),(310,8160,1),(310,8611,1),(310,9217,1),(310,9224,1),(310,9271,1),(310,9283,1),(310,9577,1),(310,10036,1),(310,10221,1),(310,10865,1),(310,12121,1),(310,16137,1),(310,23149,1),(310,23150,1),(310,23152,1),(310,23153,1),(310,23154,1),(310,23156,1),(310,23159,1),(310,23211,1),(310,23273,1),(310,23281,1),(310,23378,1),(310,23387,1),(310,23391,1),(310,23438,1),(310,23653,1),(310,23654,1),(310,23655,1),(310,23657,1),(310,23658,1),(310,23659,1),(310,23660,1),(310,23661,1),(310,23662,1),(310,23663,1),(310,23664,1),(310,23665,1),(310,23666,1),(310,7018,2),(310,9225,2),(310,9561,2),(310,11631,2),(310,15027,2),(310,23656,2),(310,2247,3),(310,21239,3),(310,23136,3),(310,10266,7),(310,23652,7),(311,725,1),(311,2143,1),(311,2152,1),(311,2207,1),(311,2220,1),(311,2221,1),(311,5722,1),(311,5760,1),(311,5761,1),(311,5985,1),(311,5987,1),(311,5988,1),(311,6003,1),(311,6013,1),(311,6084,1),(311,6184,1),(311,6188,1),(311,6291,1),(311,6293,1),(311,6371,1),(311,6932,1),(311,7057,1),(311,7075,1),(311,7828,1),(311,9225,1),(311,9283,1),(311,9284,1),(311,9560,1),(311,9577,1),(311,10036,1),(311,10223,1),(311,10227,1),(311,10267,1),(311,10306,1),(311,10436,1),(311,15027,1),(311,15138,1),(311,15717,1),(311,16013,1),(311,16873,1),(311,16940,1),(311,17366,1),(311,18371,1),(311,19880,1),(311,23149,1),(311,23150,1),(311,23211,1),(311,23212,1),(311,23213,1),(311,23378,1),(311,23499,1),(311,23575,1),(311,23576,1),(311,23577,1),(311,23578,1),(311,23579,1),(311,23580,1),(311,23581,1),(311,23582,1),(311,23583,1),(311,23584,1),(311,23585,1),(311,23586,1),(311,23587,1),(311,23588,1),(311,23589,1),(311,23590,1),(311,23591,1),(311,23592,1),(311,23593,1),(311,23594,1),(311,23595,1),(311,23596,1),(311,2247,3),(311,21239,3),(311,23136,3),(311,23574,7),(311,10266,8),(312,725,1),(312,2143,1),(312,2188,1),(312,2223,1),(312,5519,1),(312,5722,1),(312,5773,1),(312,5985,1),(312,6291,1),(312,6355,1),(312,6932,1),(312,6938,1),(312,8382,1),(312,9560,1),(312,9625,1),(312,10227,1),(312,10741,1),(312,13302,1),(312,13934,1),(312,15025,1),(312,16599,1),(312,16717,1),(312,16773,1),(312,19581,1),(312,23145,1),(312,23214,1),(312,23378,1),(312,23495,1),(312,23496,1),(312,23497,1),(312,23498,1),(312,23499,1),(312,23500,1),(312,23501,1),(312,23502,1),(312,6351,2),(312,15027,2),(312,15094,2),(312,15717,2),(312,2247,3),(312,21239,3),(312,23136,3),(312,15097,7),(312,15319,7),(312,23491,7),(312,23492,7),(312,23493,7),(312,23494,7),(313,725,1),(313,2143,1),(313,2148,1),(313,2168,1),(313,2210,1),(313,5514,1),(313,5722,1),(313,5724,1),(313,5760,1),(313,5770,1),(313,5775,1),(313,5985,1),(313,6291,1),(313,6384,1),(313,7465,1),(313,8157,1),(313,10227,1),(313,15027,1),(313,15453,1),(313,16710,1),(313,23149,1),(313,23150,1),(313,23214,1),(313,23378,1),(313,23540,1),(313,23541,1),(313,23542,1),(313,23543,1),(313,23544,1),(313,23545,1),(313,2247,3),(313,21239,3),(313,23136,3),(313,10266,7),(313,23539,7),(314,725,1),(314,2143,1),(314,2153,1),(314,2188,1),(314,2193,1),(314,2211,1),(314,2221,1),(314,5722,1),(314,5760,1),(314,5773,1),(314,5828,1),(314,5985,1),(314,6013,1),(314,6084,1),(314,6291,1),(314,6932,1),(314,6945,1),(314,8384,1),(314,9224,1),(314,9225,1),(314,9283,1),(314,9284,1),(314,9285,1),(314,9560,1),(314,9687,1),(314,9809,1),(314,9811,1),(314,9923,1),(314,10036,1),(314,10221,1),(314,10222,1),(314,10227,1),(314,10304,1),(314,10305,1),(314,10865,1),(314,13482,1),(314,15027,1),(314,15887,1),(314,16215,1),(314,23149,1),(314,23150,1),(314,23156,1),(314,23159,1),(314,23211,1),(314,23214,1),(314,23341,1),(314,23432,1),(314,23433,1),(314,23434,1),(314,23435,1),(314,23436,1),(314,23437,1),(314,23438,1),(314,9280,2),(314,9281,2),(314,2247,3),(314,21239,3),(314,23136,3),(314,23431,6),(314,10266,7),(315,725,1),(315,2183,1),(315,2221,1),(315,5722,1),(315,5760,1),(315,5985,1),(315,5999,1),(315,6000,1),(315,6013,1),(315,6291,1),(315,6932,1),(315,7016,1),(315,8160,1),(315,8394,1),(315,9224,1),(315,9283,1),(315,9809,1),(315,10036,1),(315,10214,1),(315,10222,1),(315,15099,1),(315,20271,1),(315,21431,1),(315,23151,1),(315,23152,1),(315,23153,1),(315,23154,1),(315,23377,1),(315,23379,1),(315,23380,1),(315,23381,1),(315,23382,1),(315,23384,1),(315,23385,1),(315,23386,1),(315,23387,1),(315,23388,1),(315,23389,1),(315,23390,1),(315,23391,1),(315,23392,1),(315,23393,1),(315,23394,1),(315,23395,1),(315,9225,2),(315,11631,2),(315,15027,2),(315,23378,2),(315,23383,2),(315,2247,3),(315,21239,3),(315,23136,3),(315,10266,7),(315,23376,7),(315,15964,8),(316,2188,1),(316,5767,1),(316,5889,1),(316,5987,1),(316,5997,1),(316,6007,1),(316,6191,1),(316,8160,1),(316,9281,1),(316,9691,1),(316,10210,1),(316,10745,1),(316,18020,1),(316,20264,1),(316,23152,1),(316,23153,1),(316,23154,1),(316,23335,1),(316,23336,1),(316,23337,1),(316,23338,1),(316,23339,1),(316,23340,1),(316,23341,1),(316,23342,1),(316,23343,1),(316,23344,1),(316,23345,1),(316,23346,1),(316,23347,1),(316,23348,1),(316,23349,1),(316,23350,1),(316,23351,1),(316,2247,3),(316,21239,3),(316,23136,3),(316,2203,6),(316,15027,6),(316,23334,6),(316,9280,7),(316,10305,7),(317,725,1),(317,2153,1),(317,2218,1),(317,2221,1),(317,5722,1),(317,5738,1),(317,5760,1),(317,5773,1),(317,5962,1),(317,5987,1),(317,5988,1),(317,6009,1),(317,6084,1),(317,6291,1),(317,6513,1),(317,6932,1),(317,6960,1),(317,7069,1),(317,7457,1),(317,7829,1),(317,7846,1),(317,9224,1),(317,9225,1),(317,9283,1),(317,9561,1),(317,9693,1),(317,10036,1),(317,10221,1),(317,10223,1),(317,10434,1),(317,13166,1),(317,15027,1),(317,15182,1),(317,15865,1),(317,16710,1),(317,16847,1),(317,16873,1),(317,17299,1),(317,23148,1),(317,23149,1),(317,23150,1),(317,23156,1),(317,23159,1),(317,23272,1),(317,23273,1),(317,23274,1),(317,23275,1),(317,23276,1),(317,23277,1),(317,23278,1),(317,23279,1),(317,23280,1),(317,23281,1),(317,23282,1),(317,23283,1),(317,23284,1),(317,23285,1),(317,22512,2),(317,2247,3),(317,21239,3),(317,23136,3),(317,23270,6),(317,23271,6),(317,10266,7),(319,2143,1),(319,2152,1),(319,2193,1),(319,2203,1),(319,2221,1),(319,5722,1),(319,5760,1),(319,5761,1),(319,5767,1),(319,5831,1),(319,5968,1),(319,5985,1),(319,6188,1),(319,6291,1),(319,6293,1),(319,6512,1),(319,6932,1),(319,6955,1),(319,7057,1),(319,7828,1),(319,8394,1),(319,9225,1),(319,9278,1),(319,9283,1),(319,9348,1),(319,9560,1),(319,9577,1),(319,9810,1),(319,10227,1),(319,10438,1),(319,10865,1),(319,13502,1),(319,15097,1),(319,15138,1),(319,15280,1),(319,15717,1),(319,16553,1),(319,16599,1),(319,16717,1),(319,16873,1),(319,16940,1),(319,16941,1),(319,17055,1),(319,23149,1),(319,23150,1),(319,23198,1),(319,23199,1),(319,23200,1),(319,23201,1),(319,23202,1),(319,23203,1),(319,23204,1),(319,23205,1),(319,23206,1),(319,23207,1),(319,23208,1),(319,23209,1),(319,23210,1),(319,23211,1),(319,23212,1),(319,23213,1),(319,23214,1),(319,23215,1),(319,23216,1),(319,23217,1),(319,2212,2),(319,5987,2),(319,18155,2),(319,2247,3),(319,21239,3),(319,23136,3),(319,23197,7),(319,10266,8),(321,725,1),(321,2145,1),(321,2153,1),(321,5514,1),(321,5722,1),(321,5760,1),(321,5773,1),(321,5985,1),(321,5996,1),(321,6013,1),(321,6084,1),(321,6210,1),(321,6282,1),(321,6291,1),(321,6932,1),(321,6960,1),(321,7465,1),(321,7838,1),(321,8160,1),(321,9283,1),(321,10036,1),(321,10221,1),(321,10223,1),(321,13482,1),(321,15099,1),(321,15763,1),(321,16993,1),(321,17142,1),(321,23138,1),(321,23139,1),(321,23140,1),(321,23141,1),(321,23142,1),(321,23143,1),(321,23144,1),(321,23145,1),(321,23146,1),(321,23147,1),(321,23148,1),(321,23149,1),(321,23150,1),(321,23151,1),(321,23152,1),(321,23153,1),(321,23154,1),(321,23155,1),(321,23156,1),(321,23157,1),(321,23158,1),(321,23159,1),(321,23160,1),(321,23161,1),(321,9225,2),(321,15027,2),(321,16994,2),(321,2247,3),(321,21239,3),(321,23136,3),(321,10266,7),(321,23137,7),(324,2143,1),(324,2144,1),(324,5759,1),(324,5760,1),(324,5824,1),(324,6005,1),(324,6087,1),(324,6277,1),(324,6388,1),(324,6953,1),(324,7460,1),(324,7827,1),(324,9807,1),(324,9864,1),(324,10258,1),(324,15555,1),(324,16011,1),(324,23959,1),(324,24552,1),(324,24557,1),(324,24558,1),(324,24593,1),(324,24664,1),(324,24665,1),(324,24698,1),(324,24699,1),(324,24700,1),(324,24701,1),(324,24702,1),(324,24703,1),(324,24704,1),(324,24705,1),(324,24706,1),(324,24707,1),(324,24708,1),(324,24709,1),(324,24710,1),(324,24711,1),(324,20105,2),(324,2247,3),(324,21239,3),(324,23136,3),(324,2166,6),(324,2179,6),(324,24278,6),(324,7015,7),(325,2143,1),(325,2144,1),(325,5759,1),(325,5760,1),(325,6087,1),(325,6277,1),(325,6293,1),(325,6294,1),(325,6953,1),(325,7827,1),(325,10258,1),(325,13444,1),(325,15555,1),(325,20105,1),(325,24552,1),(325,24557,1),(325,24558,1),(325,24661,1),(325,24662,1),(325,24663,1),(325,24664,1),(325,24665,1),(325,24666,1),(325,6005,2),(325,7844,2),(325,19493,2),(325,19509,2),(325,19518,2),(325,23959,2),(325,24667,2),(325,24692,2),(325,24695,2),(325,2247,3),(325,21239,3),(325,23136,3),(325,6515,6),(325,24660,6),(325,7015,7),(326,2143,1),(326,2144,1),(326,5759,1),(326,5760,1),(326,6005,1),(326,6087,1),(326,6277,1),(326,6293,1),(326,6294,1),(326,6953,1),(326,7015,1),(326,7460,1),(326,9347,1),(326,10258,1),(326,15555,1),(326,20105,1),(326,23151,1),(326,23273,1),(326,24552,1),(326,24557,1),(326,24558,1),(326,24588,1),(326,24589,1),(326,24590,1),(326,24591,1),(326,24592,1),(326,24593,1),(326,2247,3),(326,21239,3),(326,23136,3),(326,20162,6),(326,24587,6),(326,10866,7),(326,19495,7),(327,2143,1),(327,2144,1),(327,2145,1),(327,2202,1),(327,5759,1),(327,5760,1),(327,6005,1),(327,6087,1),(327,6277,1),(327,6953,1),(327,7844,1),(327,7845,1),(327,7846,1),(327,10258,1),(327,15555,1),(327,19919,1),(327,23151,1),(327,24552,1),(327,24553,1),(327,24554,1),(327,24555,1),(327,24556,1),(327,24557,1),(327,24558,1),(327,24559,1),(327,24560,1),(327,24561,1),(327,24562,1),(327,24563,1),(327,24564,1),(327,2247,3),(327,21239,3),(327,23136,3),(327,9807,6),(327,24551,6),(327,7015,7),(328,5759,1),(328,6277,1),(328,7015,1),(328,15555,1),(328,24552,1),(328,10742,2),(328,15061,2),(328,15089,2),(328,16294,2),(328,19188,2),(328,19366,2),(328,2247,3),(328,21239,3),(328,23136,3),(328,735,6),(328,24621,6),(329,5760,1),(329,5828,1),(329,5987,1),(329,6081,1),(329,6291,1),(329,8160,1),(329,8175,1),(329,9225,1),(329,9285,1),(329,15148,1),(329,15345,1),(329,19889,1),(329,24162,1),(329,24171,1),(329,24172,1),(329,24314,1),(329,24638,1),(329,2247,3),(329,21239,3),(329,23136,3),(329,6103,7),(329,10266,7),(329,24637,7),(330,2211,1),(330,5828,1),(330,6282,1),(330,9225,1),(330,9285,1),(330,10786,1),(330,15319,1),(330,19887,1),(330,19889,1),(330,22073,1),(330,22074,1),(330,23151,1),(330,24171,1),(330,24172,1),(330,24314,1),(330,24526,1),(330,23433,2),(330,2247,3),(330,21239,3),(330,23136,3),(330,6089,7),(330,6103,7),(330,9213,7),(330,10998,7),(330,10707,8),(330,24524,8),(330,24525,8),(331,2210,1),(331,2212,1),(331,5754,1),(331,5760,1),(331,5987,1),(331,5997,1),(331,6081,1),(331,8175,1),(331,9281,1),(331,9285,1),(331,10741,1),(331,18024,1),(331,19887,1),(331,19889,1),(331,22155,1),(331,24171,1),(331,24172,1),(331,2247,3),(331,21239,3),(331,23136,3),(331,739,7),(331,6202,7),(331,10707,7),(331,23433,7),(331,6089,8),(331,10998,8),(332,2211,1),(332,5760,1),(332,5986,1),(332,9225,1),(332,9285,1),(332,10306,1),(332,15140,1),(332,19887,1),(332,19889,1),(332,22073,1),(332,22074,1),(332,22155,1),(332,24171,1),(332,24172,1),(332,2247,3),(332,21239,3),(332,23136,3),(332,6202,7),(332,24479,7),(333,739,1),(333,2143,1),(333,5760,1),(333,5828,1),(333,5985,1),(333,6291,1),(333,6932,1),(333,6960,1),(333,9225,1),(333,9281,1),(333,9285,1),(333,9287,1),(333,9577,1),(333,9807,1),(333,10227,1),(333,10436,1),(333,10741,1),(333,16940,1),(333,19887,1),(333,19889,1),(333,22155,1),(333,23151,1),(333,24171,1),(333,24246,1),(333,24247,1),(333,24315,1),(333,24439,1),(333,24440,1),(333,24441,1),(333,24442,1),(333,10266,2),(333,2247,3),(333,21239,3),(333,23136,3),(333,2203,7),(333,6202,7),(333,19348,7),(333,24242,7),(333,24244,7),(333,24245,7),(334,2183,1),(334,5520,1),(334,5760,1),(334,5987,1),(334,6267,1),(334,6953,1),(334,9205,1),(334,9286,1),(334,9287,1),(334,15763,1),(334,16215,1),(334,16501,1),(334,20824,1),(334,24396,1),(334,24416,1),(334,24417,1),(334,5828,2),(334,9280,2),(334,2247,3),(334,21239,3),(334,23136,3),(334,15022,7),(334,9281,8),(335,5722,1),(335,5823,1),(335,5985,1),(335,6291,1),(335,6955,1),(335,9286,1),(335,9287,1),(335,16215,1),(335,18691,1),(335,24243,1),(335,24395,1),(335,24396,1),(335,24397,1),(335,24398,1),(335,5760,2),(335,9280,2),(335,2247,3),(335,21239,3),(335,23136,3),(335,6931,8),(335,9281,8),(336,725,1),(336,739,1),(336,2163,1),(336,2212,1),(336,5760,1),(336,5767,1),(336,5828,1),(336,5997,1),(336,5999,1),(336,6291,1),(336,6384,1),(336,6931,1),(336,9577,1),(336,9682,1),(336,9754,1),(336,10266,1),(336,11682,1),(336,12758,1),(336,15138,1),(336,15755,1),(336,16138,1),(336,20155,1),(336,20330,1),(336,21393,1),(336,24081,1),(336,24308,1),(336,24309,1),(336,24310,1),(336,24311,1),(336,24312,1),(336,24313,1),(336,24314,1),(336,24315,1),(336,24316,1),(336,24317,1),(336,9280,2),(336,9281,2),(336,2247,3),(336,21239,3),(336,23136,3),(336,24307,7),(336,10707,8),(337,2212,1),(337,5760,1),(337,6005,1),(337,6291,1),(337,6350,1),(337,9225,1),(337,9755,1),(337,11632,1),(337,16940,1),(337,22075,1),(337,24172,1),(337,24375,1),(337,24376,1),(337,24377,1),(337,9285,2),(337,24171,2),(337,2247,3),(337,21239,3),(337,23136,3),(337,14052,7),(337,24374,7),(338,739,1),(338,2223,1),(338,5760,1),(338,5828,1),(338,6103,1),(338,6958,1),(338,9225,1),(338,9285,1),(338,10266,1),(338,10998,1),(338,15709,1),(338,16940,1),(338,20162,1),(338,22265,1),(338,24171,1),(338,24172,1),(338,24350,1),(338,24351,1),(338,6089,2),(338,18024,2),(338,2247,3),(338,21239,3),(338,23136,3),(338,6094,7),(338,24349,7),(339,739,1),(339,5760,1),(339,6005,1),(339,6089,1),(339,6954,1),(339,9281,1),(339,9285,1),(339,13502,1),(339,15022,1),(339,19880,1),(339,20153,1),(339,20214,1),(339,24167,1),(339,24171,1),(339,24172,1),(339,24279,1),(339,24280,1),(339,24281,1),(339,24282,1),(339,6177,2),(339,9284,2),(339,10388,2),(339,10998,2),(339,2247,3),(339,21239,3),(339,23136,3),(339,9560,7),(339,10394,7),(339,24278,7),(341,2143,1),(341,5625,1),(341,5760,1),(341,5828,1),(341,5973,1),(341,5985,1),(341,6003,1),(341,6103,1),(341,6291,1),(341,6932,1),(341,6960,1),(341,8157,1),(341,9225,1),(341,9285,1),(341,9577,1),(341,10227,1),(341,10268,1),(341,10434,1),(341,11682,1),(341,16940,1),(341,18020,1),(341,19348,1),(341,23151,1),(341,23788,1),(341,24088,1),(341,24235,1),(341,24236,1),(341,24237,1),(341,24238,1),(341,24239,1),(341,24240,1),(341,24241,1),(341,24242,1),(341,24243,1),(341,24244,1),(341,24245,1),(341,24246,1),(341,24247,1),(341,2247,3),(341,21239,3),(341,23136,3),(341,24234,6),(341,10436,7),(341,10266,8),(342,2165,1),(342,2183,1),(342,2215,1),(342,5516,1),(342,5760,1),(342,5761,1),(342,6005,1),(342,6177,1),(342,6953,1),(342,8395,1),(342,9205,1),(342,13319,1),(342,15280,1),(342,15709,1),(342,16138,1),(342,16940,1),(342,17557,1),(342,19889,1),(342,21043,1),(342,24204,1),(342,24205,1),(342,24206,1),(342,24207,1),(342,24208,1),(342,6079,2),(342,2247,3),(342,21239,3),(342,23136,3),(342,24203,7),(342,9280,8),(342,9281,8),(343,725,1),(343,732,1),(343,5628,1),(343,5760,1),(343,5761,1),(343,6089,1),(343,6214,1),(343,6277,1),(343,6357,1),(343,6384,1),(343,13106,1),(343,15709,1),(343,16779,1),(343,16940,1),(343,17953,1),(343,23954,1),(343,24164,1),(343,24165,1),(343,24166,1),(343,24168,1),(343,24169,1),(343,24170,1),(343,24171,1),(343,24172,1),(343,6005,2),(343,6013,2),(343,6291,2),(343,6958,2),(343,9225,2),(343,9284,2),(343,9285,2),(343,10388,2),(343,17881,2),(343,19883,2),(343,20976,2),(343,24167,2),(343,2247,3),(343,21239,3),(343,23136,3),(343,24161,7),(343,24162,7),(343,24163,7),(344,725,1),(344,5889,1),(344,5999,1),(344,7465,1),(344,9561,1),(344,15962,1),(344,16716,1),(344,21509,1),(344,25281,1),(344,25282,1),(344,25283,1),(344,25284,1),(344,2247,3),(344,21239,3),(344,23136,3),(344,9693,6),(344,25066,6),(345,725,1),(345,5753,1),(345,6371,1),(345,6933,1),(345,6941,1),(345,8388,1),(345,9561,1),(345,9570,1),(345,11629,1),(345,15716,1),(345,19495,1),(345,24773,1),(345,24849,1),(345,25260,1),(345,25261,1),(345,25262,1),(345,25263,1),(345,2247,3),(345,21239,3),(345,23136,3),(345,25066,6),(345,25259,6),(346,725,1),(346,2150,1),(346,2211,1),(346,5999,1),(346,6515,1),(346,7829,1),(346,9217,1),(346,9561,1),(346,16012,1),(346,23895,1),(346,24771,1),(346,24823,1),(346,25239,1),(346,2247,3),(346,21239,3),(346,23136,3),(346,23719,6),(346,23720,6),(346,24902,6),(346,25066,6),(347,6214,1),(347,7076,1),(347,8380,1),(347,9217,1),(347,9225,1),(347,9561,1),(347,13460,1),(347,15862,1),(347,24169,1),(347,24771,1),(347,25168,1),(347,25212,1),(347,25213,1),(347,25214,1),(347,2247,3),(347,21239,3),(347,23136,3),(347,25066,6),(347,25211,6),(347,25210,7),(348,5892,1),(348,6371,1),(348,6961,1),(348,9561,1),(348,9687,1),(348,11629,1),(348,17366,1),(348,20734,1),(348,23717,1),(348,23788,1),(348,25193,1),(348,25194,1),(348,25195,1),(348,2247,3),(348,21239,3),(348,23136,3),(348,25066,6),(348,25192,6),(349,725,1),(349,2152,1),(349,5962,1),(349,6291,1),(349,7017,1),(349,7457,1),(349,9561,1),(349,11687,1),(349,13106,1),(349,15862,1),(349,16940,1),(349,17298,1),(349,17877,1),(349,20153,1),(349,21300,1),(349,25068,1),(349,25168,1),(349,25169,1),(349,25170,1),(349,25171,1),(349,2247,3),(349,21239,3),(349,23136,3),(349,25066,6),(349,25167,6),(350,725,1),(350,2211,1),(350,9561,1),(350,10439,1),(350,15887,1),(350,16599,1),(350,22375,1),(350,23276,1),(350,23592,1),(350,25148,1),(350,25149,1),(350,25150,1),(350,25151,1),(350,25152,1),(350,2247,3),(350,21239,3),(350,23136,3),(350,25066,6),(350,721,7),(351,725,1),(351,2191,1),(351,5517,1),(351,5776,1),(351,5820,1),(351,5987,1),(351,6074,1),(351,6281,1),(351,7709,1),(351,9561,1),(351,10792,1),(351,13460,1),(351,13860,1),(351,15348,1),(351,25069,1),(351,25070,1),(351,25071,1),(351,2247,3),(351,21239,3),(351,23136,3),(351,2203,6),(351,6080,6),(351,13571,6),(351,25066,6),(351,25067,6),(351,25068,7),(352,9572,1),(352,25231,1),(352,2247,3),(352,21239,3),(352,23136,3),(352,13571,6),(352,25066,6),(352,25067,6),(352,25230,7),(353,9572,1),(353,2247,3),(353,21239,3),(353,23136,3),(353,13571,6),(353,25066,6),(353,25067,6),(353,25140,6),(354,725,1),(354,2179,1),(354,2193,1),(354,5987,1),(354,6081,1),(354,6089,1),(354,6203,1),(354,6204,1),(354,6297,1),(354,7075,1),(354,9561,1),(354,10098,1),(354,10434,1),(354,15321,1),(354,16765,1),(354,18804,1),(354,21230,1),(354,24083,1),(354,24313,1),(354,25092,1),(354,25093,1),(354,25094,1),(354,25095,1),(354,25096,1),(354,25097,1),(354,25098,1),(354,25099,1),(354,25100,1),(354,25101,1),(354,25102,1),(354,25103,1),(354,25104,1),(354,25105,1),(354,25106,1),(354,25107,1),(354,25108,1),(354,25109,1),(354,25110,1),(354,25111,1),(354,2247,3),(354,21239,3),(354,23136,3),(354,24972,6),(354,2203,7),(354,6086,7),(354,9572,7),(354,16847,7),(354,24973,7),(355,725,1),(355,2176,1),(355,5509,1),(355,5758,1),(355,5824,1),(355,5987,1),(355,7075,1),(355,8157,1),(355,9281,1),(355,9561,1),(355,10705,1),(355,10792,1),(355,11682,1),(355,12432,1),(355,13284,1),(355,16050,1),(355,20127,1),(355,24077,1),(355,25030,1),(355,25031,1),(355,25032,1),(355,25033,1),(355,25034,1),(355,25035,1),(355,25036,1),(355,25037,1),(355,25038,1),(355,25039,1),(355,25040,1),(355,2247,3),(355,21239,3),(355,23136,3),(355,24972,6),(355,24973,6),(355,2203,7),(355,23659,7),(355,25029,7),(356,2211,1),(356,5515,1),(356,7584,1),(356,9561,1),(356,10307,1),(356,10792,1),(356,15916,1),(356,18289,1),(356,19203,1),(356,25010,1),(356,25011,1),(356,25012,1),(356,25013,1),(356,2247,3),(356,21239,3),(356,23136,3),(356,24972,6),(356,25009,6),(356,10866,7),(356,24973,7),(357,5897,1),(357,6188,1),(357,6214,1),(357,6269,1),(357,9468,1),(357,10036,1),(357,24983,1),(357,24984,1),(357,24985,1),(357,24986,1),(357,24987,1),(357,24988,1),(357,24989,1),(357,24990,1),(357,24991,1),(357,24992,1),(357,24993,1),(357,24994,1),(357,2247,3),(357,21239,3),(357,23136,3),(357,2203,6),(357,10834,6),(357,24972,6),(357,24973,6),(357,16874,7),(358,9465,1),(358,23285,1),(358,24974,1),(358,2247,3),(358,21239,3),(358,23136,3),(358,24972,6),(358,24973,6),(358,23719,7),(358,23720,7),(358,24799,7),(359,725,1),(359,5522,1),(359,5823,1),(359,6094,1),(359,6267,1),(359,6384,1),(359,6386,1),(359,9561,1),(359,10342,1),(359,11687,1),(359,15184,1),(359,16133,1),(359,16599,1),(359,16655,1),(359,16773,1),(359,16940,1),(359,17142,1),(359,21510,1),(359,22921,1),(359,24942,1),(359,24943,1),(359,24944,1),(359,24945,1),(359,24946,1),(359,24947,1),(359,2247,3),(359,21239,3),(359,23136,3),(359,9693,6),(359,24941,6),(359,23281,7),(360,725,1),(360,2148,1),(360,2211,1),(360,5522,1),(360,7580,1),(360,7838,1),(360,9561,1),(360,9571,1),(360,10210,1),(360,11682,1),(360,12749,1),(360,13571,1),(360,15279,1),(360,16054,1),(360,16773,1),(360,20495,1),(360,23276,1),(360,23791,1),(360,24169,1),(360,24869,1),(360,24870,1),(360,24871,1),(360,24872,1),(360,24873,1),(360,24874,1),(360,24875,1),(360,24876,1),(360,24877,1),(360,2247,3),(360,21239,3),(360,23136,3),(360,9693,7),(360,23281,7),(361,725,1),(361,2152,1),(361,5514,1),(361,5519,1),(361,5752,1),(361,6092,1),(361,6371,1),(361,7461,1),(361,7829,1),(361,7838,1),(361,9217,1),(361,9339,1),(361,9570,1),(361,9809,1),(361,9979,1),(361,10434,1),(361,10435,1),(361,11629,1),(361,15887,1),(361,16773,1),(361,23281,1),(361,23285,1),(361,24309,1),(361,24704,1),(361,24903,1),(361,24904,1),(361,24905,1),(361,24906,1),(361,24907,1),(361,24908,1),(361,24909,1),(361,2247,3),(361,21239,3),(361,23136,3),(361,23719,6),(361,23720,6),(361,24902,6),(361,9561,7),(361,9572,7),(362,725,1),(362,2152,1),(362,2211,1),(362,5769,1),(362,5999,1),(362,6371,1),(362,6945,1),(362,7838,1),(362,9561,1),(362,9808,1),(362,9920,1),(362,9922,1),(362,16099,1),(362,21434,1),(362,22375,1),(362,22381,1),(362,23274,1),(362,23337,1),(362,24748,1),(362,24823,1),(362,7457,2),(362,2247,3),(362,21239,3),(362,23136,3),(362,24744,6),(362,24821,6),(362,24822,6),(363,725,1),(363,2152,1),(363,2166,1),(363,2192,1),(363,5769,1),(363,7457,1),(363,8380,1),(363,9570,1),(363,23497,1),(363,24747,1),(363,24748,1),(363,24750,1),(363,24751,1),(363,24752,1),(363,24849,1),(363,2247,3),(363,21239,3),(363,23136,3),(363,24744,6),(363,9572,7),(363,24848,7),(364,725,1),(364,2152,1),(364,6081,1),(364,6371,1),(364,7076,1),(364,7829,1),(364,9570,1),(364,21392,1),(364,21619,1),(364,23788,1),(364,24798,1),(364,24799,1),(364,24800,1),(364,24801,1),(364,24802,1),(364,24803,1),(364,24804,1),(364,2247,3),(364,21239,3),(364,23136,3),(364,16599,6),(364,24744,6),(364,9572,7),(364,24797,7),(365,9572,1),(365,24791,1),(365,2247,3),(365,21239,3),(365,23136,3),(365,24744,6),(365,24790,6),(366,725,1),(366,5769,1),(366,5824,1),(366,7829,1),(366,9561,1),(366,9977,1),(366,17948,1),(366,19581,1),(366,21225,1),(366,21392,1),(366,21619,1),(366,24748,1),(366,24767,1),(366,24768,1),(366,24769,1),(366,24770,1),(366,24771,1),(366,24772,1),(366,24773,1),(366,2247,3),(366,21239,3),(366,23136,3),(366,24744,6),(366,24766,6),(367,725,1),(367,2166,1),(367,5517,1),(367,5769,1),(367,7457,1),(367,9570,1),(367,11640,1),(367,23497,1),(367,23959,1),(367,24704,1),(367,24747,1),(367,24748,1),(367,24749,1),(367,24750,1),(367,24751,1),(367,24752,1),(367,2247,3),(367,21239,3),(367,23136,3),(367,24744,6),(367,24745,6),(367,24746,6),(368,725,1),(368,2168,1),(368,5966,1),(368,5969,1),(368,6388,1),(368,10441,1),(368,13103,1),(368,15102,1),(368,15720,1),(368,16098,1),(368,17695,1),(368,25344,1),(368,25535,1),(368,25536,1),(368,25537,1),(368,25538,1),(368,2247,3),(368,21239,3),(368,23136,3),(368,23273,6),(368,25362,6),(369,2211,1),(369,2212,1),(369,5738,1),(369,5767,1),(369,5832,1),(369,6079,1),(369,6214,1),(369,6267,1),(369,9280,1),(369,9281,1),(369,9918,1),(369,10267,1),(369,10699,1),(369,13260,1),(369,13482,1),(369,15027,1),(369,15763,1),(369,15921,1),(369,16215,1),(369,16994,1),(369,23142,1),(369,23840,1),(369,23841,1),(369,25344,1),(369,25557,1),(369,25558,1),(369,25559,1),(369,25560,1),(369,2247,3),(369,21239,3),(369,23136,3),(369,25556,6),(370,5820,1),(370,5895,1),(370,6357,1),(370,8157,1),(370,9807,1),(370,9923,1),(370,15711,1),(370,16214,1),(370,16773,1),(370,25344,1),(370,25480,1),(370,25517,1),(370,25518,1),(370,2247,3),(370,21239,3),(370,23136,3),(370,5879,7),(370,7035,7),(370,25516,7),(371,2183,1),(371,5987,1),(371,6357,1),(371,7465,1),(371,8157,1),(371,9281,1),(371,15754,1),(371,16214,1),(371,25344,1),(371,25477,1),(371,25478,1),(371,25479,1),(371,25480,1),(371,2247,3),(371,21239,3),(371,23136,3),(371,5879,6),(371,9923,7),(372,725,1),(372,2176,1),(372,5516,1),(372,5519,1),(372,5987,1),(372,5998,1),(372,7465,1),(372,9281,1),(372,10306,1),(372,10701,1),(372,10831,1),(372,25344,1),(372,25496,1),(372,25497,1),(372,25498,1),(372,25499,1),(372,2247,3),(372,21239,3),(372,23136,3),(372,25495,6),(372,9923,7),(373,2192,1),(373,5775,1),(373,5997,1),(373,6357,1),(373,6384,1),(373,6386,1),(373,9615,1),(373,9923,1),(373,13439,1),(373,16215,1),(373,16773,1),(373,20823,1),(373,23146,1),(373,23584,1),(373,23841,1),(373,24282,1),(373,25343,1),(373,25344,1),(373,25451,1),(373,25452,1),(373,25453,1),(373,2247,3),(373,21239,3),(373,23136,3),(373,2212,7),(373,10707,7),(374,6198,1),(374,6349,1),(374,6357,1),(374,6371,1),(374,15183,1),(374,25344,1),(374,25432,1),(374,25433,1),(374,25434,1),(374,25435,1),(374,25436,1),(374,25437,1),(374,2247,3),(374,21239,3),(374,23136,3),(374,2203,7),(374,6291,7),(374,16011,7),(374,23496,7),(375,725,1),(375,2188,1),(375,2192,1),(375,2203,1),(375,2210,1),(375,2211,1),(375,5986,1),(375,9217,1),(375,9687,1),(375,10831,1),(375,25344,1),(375,25369,1),(375,25370,1),(375,25371,1),(375,25372,1),(375,25373,1),(375,25374,1),(375,2247,3),(375,21239,3),(375,23136,3),(375,25368,6),(375,9923,7),(376,2203,1),(376,5820,1),(376,5832,1),(376,5889,1),(376,6371,1),(376,10345,1),(376,10831,1),(376,15755,1),(376,17949,1),(376,20270,1),(376,24079,1),(376,25344,1),(376,25391,1),(376,25392,1),(376,25393,1),(376,25394,1),(376,2247,3),(376,21239,3),(376,23136,3),(376,25390,6),(376,9923,7),(377,25344,1),(377,2247,3),(377,21239,3),(377,23136,3),(377,10043,6),(377,25362,6),(378,2203,1),(378,2210,1),(378,5823,1),(378,6374,1),(378,9623,1),(378,9753,1),(378,9923,1),(378,19880,1),(378,25344,1),(378,25345,1),(378,25346,1),(378,25347,1),(378,25348,1),(378,2247,3),(378,21239,3),(378,23136,3),(378,25343,6),(378,7018,7),(378,9281,7),(379,2203,1),(379,5520,1),(379,5969,1),(379,6961,1),(379,7060,1),(379,7838,1),(379,9270,1),(379,9923,1),(379,10998,1),(379,11631,1),(379,19838,1),(379,25344,1),(379,25412,1),(379,25413,1),(379,25414,1),(379,2247,3),(379,21239,3),(379,23136,3),(379,7018,6),(379,25343,6),(379,25411,7),(380,2176,1),(380,2212,1),(380,5769,1),(380,5770,1),(380,5889,1),(380,5897,1),(380,5972,1),(380,6291,1),(380,6371,1),(380,6931,1),(380,7838,1),(380,9563,1),(380,9921,1),(380,9923,1),(380,11687,1),(380,15148,1),(380,15279,1),(380,16873,1),(380,16938,1),(380,17188,1),(380,18020,1),(380,23151,1),(380,23435,1),(380,24086,1),(380,24398,1),(380,25304,1),(380,25588,1),(380,25589,1),(380,25590,1),(380,25591,1),(380,25592,1),(380,25593,1),(380,25594,1),(380,25595,1),(380,25596,1),(380,25597,1),(380,5997,2),(380,2247,3),(380,21239,3),(380,23136,3),(380,9225,7),(380,10267,7),(381,2180,1),(381,2212,1),(381,5765,1),(381,5767,1),(381,5770,1),(381,5897,1),(381,5965,1),(381,6101,1),(381,6200,1),(381,6282,1),(381,6291,1),(381,6932,1),(381,8399,1),(381,9277,1),(381,9285,1),(381,9563,1),(381,9615,1),(381,9808,1),(381,10268,1),(381,10387,1),(381,10440,1),(381,11687,1),(381,15150,1),(381,15279,1),(381,16938,1),(381,20494,1),(381,23141,1),(381,24099,1),(381,24204,1),(381,24241,1),(381,24398,1),(381,24802,1),(381,25300,1),(381,25301,1),(381,25302,1),(381,25303,1),(381,25304,1),(381,5997,2),(381,9923,2),(381,2247,3),(381,21239,3),(381,23136,3),(381,9225,6),(381,25299,6),(381,25298,7),(382,725,1),(382,2152,1),(382,2224,1),(382,5520,1),(382,5738,1),(382,5985,1),(382,5998,1),(382,6076,1),(382,6214,1),(382,6933,1),(382,7711,1),(382,9203,1),(382,9571,1),(382,10268,1),(382,10838,1),(382,11682,1),(382,12759,1),(382,12919,1),(382,15555,1),(382,16818,1),(382,17255,1),(382,20014,1),(382,22673,1),(382,26003,1),(382,26004,1),(382,26005,1),(382,26006,1),(382,26007,1),(382,2247,3),(382,21239,3),(382,23136,3),(382,25839,6),(382,25840,6),(382,6957,7),(382,10263,7),(383,725,1),(383,2224,1),(383,5730,1),(383,5767,1),(383,5985,1),(383,6003,1),(383,6076,1),(383,6938,1),(383,7842,1),(383,8157,1),(383,9203,1),(383,9210,1),(383,10342,1),(383,10741,1),(383,10838,1),(383,16818,1),(383,18024,1),(383,21042,1),(383,22516,1),(383,23210,1),(383,23347,1),(383,24016,1),(383,25973,1),(383,2247,3),(383,21239,3),(383,23136,3),(383,16850,6),(383,25839,6),(383,25840,6),(383,10263,7),(383,25972,7),(384,725,1),(384,2163,1),(384,2176,1),(384,2224,1),(384,5509,1),(384,5520,1),(384,5777,1),(384,5985,1),(384,5998,1),(384,6076,1),(384,6089,1),(384,6214,1),(384,6281,1),(384,6373,1),(384,9205,1),(384,9210,1),(384,9213,1),(384,9215,1),(384,9230,1),(384,9231,1),(384,9561,1),(384,9622,1),(384,10434,1),(384,14173,1),(384,16551,1),(384,16818,1),(384,18024,1),(384,25933,1),(384,25934,1),(384,25935,1),(384,2247,3),(384,21239,3),(384,23136,3),(384,25839,6),(384,25840,6),(384,2203,7),(384,6282,7),(384,10263,7),(384,23897,7),(385,2224,1),(385,5520,1),(385,5985,1),(385,6003,1),(385,6076,1),(385,6081,1),(385,6371,1),(385,8615,1),(385,9203,1),(385,15809,1),(385,16818,1),(385,16850,1),(385,22921,1),(385,22922,1),(385,23210,1),(385,23347,1),(385,25875,1),(385,25876,1),(385,2247,3),(385,21239,3),(385,23136,3),(385,10263,7),(385,23207,7),(387,2224,1),(387,5520,1),(387,5767,1),(387,5824,1),(387,5985,1),(387,6003,1),(387,6076,1),(387,6103,1),(387,7711,1),(387,7842,1),(387,9203,1),(387,9210,1),(387,10838,1),(387,15143,1),(387,16818,1),(387,16850,1),(387,18024,1),(387,20014,1),(387,20332,1),(387,21298,1),(387,22516,1),(387,23210,1),(387,23347,1),(387,24016,1),(387,25841,1),(387,25842,1),(387,25843,1),(387,25844,1),(387,25845,1),(387,2247,3),(387,21239,3),(387,23136,3),(387,25839,6),(387,25840,6),(387,2203,7),(387,10263,7),(387,25838,7),(388,725,1),(388,2176,1),(388,5520,1),(388,5760,1),(388,5777,1),(388,5987,1),(388,6019,1),(388,6081,1),(388,6091,1),(388,6177,1),(388,6189,1),(388,6290,1),(388,6373,1),(388,6515,1),(388,7465,1),(388,7577,1),(388,8615,1),(388,9573,1),(388,10042,1),(388,10441,1),(388,11686,1),(388,11696,1),(388,11698,1),(388,14168,1),(388,14990,1),(388,15242,1),(388,15380,1),(388,15809,1),(388,16552,1),(388,16818,1),(388,21041,1),(388,25630,1),(388,25631,1),(388,25632,1),(388,25633,1),(388,25634,1),(388,25709,1),(388,25792,1),(388,25793,1),(388,2247,3),(388,21239,3),(388,23136,3),(388,2203,7),(388,9281,7),(388,15149,7),(388,24621,7),(389,725,1),(389,2176,1),(389,5520,1),(389,5760,1),(389,5777,1),(389,5987,1),(389,6019,1),(389,6177,1),(389,6189,1),(389,6290,1),(389,7465,1),(389,8615,1),(389,10042,1),(389,10441,1),(389,11686,1),(389,11696,1),(389,11698,1),(389,15242,1),(389,15380,1),(389,16552,1),(389,16818,1),(389,25630,1),(389,25631,1),(389,25632,1),(389,25633,1),(389,25634,1),(389,25709,1),(389,2247,3),(389,21239,3),(389,23136,3),(389,2203,7),(389,6955,7),(389,13166,7),(389,24621,7),(389,25898,7),(390,725,1),(390,2176,1),(390,5520,1),(390,5724,1),(390,5726,1),(390,5760,1),(390,5777,1),(390,5987,1),(390,6019,1),(390,6290,1),(390,7465,1),(390,7833,1),(390,8615,1),(390,10042,1),(390,10441,1),(390,11686,1),(390,11696,1),(390,11698,1),(390,15212,1),(390,15242,1),(390,15380,1),(390,15765,1),(390,16552,1),(390,16818,1),(390,25630,1),(390,25631,1),(390,25632,1),(390,25633,1),(390,25634,1),(390,2247,3),(390,21239,3),(390,23136,3),(390,15278,6),(390,2203,7),(390,18024,7),(390,24621,7),(391,725,1),(391,2176,1),(391,5520,1),(391,5760,1),(391,5777,1),(391,5888,1),(391,5987,1),(391,6019,1),(391,6177,1),(391,6189,1),(391,6290,1),(391,6371,1),(391,7465,1),(391,8615,1),(391,9923,1),(391,10042,1),(391,10441,1),(391,11686,1),(391,11696,1),(391,11698,1),(391,15242,1),(391,15380,1),(391,16552,1),(391,16818,1),(391,17419,1),(391,23140,1),(391,25630,1),(391,25631,1),(391,25632,1),(391,25633,1),(391,25634,1),(391,25709,1),(391,2247,3),(391,21239,3),(391,23136,3),(391,2203,7),(391,9213,7),(391,9225,7),(391,24621,7),(392,2222,1),(392,2223,1),(392,5516,1),(392,5750,1),(392,6089,1),(392,6204,1),(392,7578,1),(392,7833,1),(392,9212,1),(392,9330,1),(392,9331,1),(392,9462,1),(392,9973,1),(392,10042,1),(392,10699,1),(392,14030,1),(392,16501,1),(392,16820,1),(392,21624,1),(392,22921,1),(392,22922,1),(392,24016,1),(392,25038,1),(392,25666,1),(392,25667,1),(392,25668,1),(392,25669,1),(392,25670,1),(392,25671,1),(392,25672,1),(392,25673,1),(392,25674,1),(392,25675,1),(392,25676,1),(392,25677,1),(392,25678,1),(392,2247,3),(392,21239,3),(392,23136,3),(392,5724,6),(392,6282,6),(392,5726,7),(392,9213,7),(393,2222,1),(393,2223,1),(393,5516,1),(393,5750,1),(393,6089,1),(393,6204,1),(393,7578,1),(393,7833,1),(393,9212,1),(393,9330,1),(393,9331,1),(393,9462,1),(393,9973,1),(393,10042,1),(393,10699,1),(393,14030,1),(393,16501,1),(393,16820,1),(393,21624,1),(393,22921,1),(393,22922,1),(393,24016,1),(393,25038,1),(393,25666,1),(393,25667,1),(393,25668,1),(393,25669,1),(393,25670,1),(393,25671,1),(393,25672,1),(393,25673,1),(393,25674,1),(393,25675,1),(393,25676,1),(393,25677,1),(393,25678,1),(393,2247,3),(393,21239,3),(393,23136,3),(393,2203,6),(393,5724,6),(393,6015,6),(393,5726,7),(393,9213,7),(394,721,1),(394,725,1),(394,2069,1),(394,2222,1),(394,2223,1),(394,5516,1),(394,5750,1),(394,6089,1),(394,6204,1),(394,7578,1),(394,9212,1),(394,9330,1),(394,9331,1),(394,9462,1),(394,9572,1),(394,9693,1),(394,9973,1),(394,10042,1),(394,10699,1),(394,14030,1),(394,16501,1),(394,16820,1),(394,21624,1),(394,22921,1),(394,22922,1),(394,24016,1),(394,25038,1),(394,25193,1),(394,25666,1),(394,25667,1),(394,25668,1),(394,25669,1),(394,25670,1),(394,25671,1),(394,25672,1),(394,25673,1),(394,25674,1),(394,25675,1),(394,25676,1),(394,25677,1),(394,25678,1),(394,2247,3),(394,21239,3),(394,23136,3),(394,26123,6),(394,9213,7),(394,9561,7),(395,721,1),(395,725,1),(395,2069,1),(395,2210,1),(395,2222,1),(395,2223,1),(395,5516,1),(395,5750,1),(395,6089,1),(395,6204,1),(395,7578,1),(395,9212,1),(395,9330,1),(395,9331,1),(395,9462,1),(395,9572,1),(395,9693,1),(395,9973,1),(395,10042,1),(395,10699,1),(395,14030,1),(395,16501,1),(395,16820,1),(395,21624,1),(395,22921,1),(395,22922,1),(395,24016,1),(395,25038,1),(395,25193,1),(395,25666,1),(395,25667,1),(395,25668,1),(395,25669,1),(395,25670,1),(395,25671,1),(395,25672,1),(395,25673,1),(395,25674,1),(395,25675,1),(395,25676,1),(395,25677,1),(395,25678,1),(395,26073,1),(395,2247,3),(395,21239,3),(395,23136,3),(395,2212,7),(395,5962,7),(395,9213,7),(395,9561,7),(396,6005,1),(396,7578,1),(396,9349,1),(396,16818,1),(396,16876,1),(396,21561,1),(396,26060,1),(396,2247,3),(396,21239,3),(396,23136,3),(396,2203,7),(396,11631,7),(396,15919,7),(396,26058,7),(396,26059,7),(397,5520,1),(397,6019,1),(397,6177,1),(397,6189,1),(397,7018,1),(397,8615,1),(397,10441,1),(397,11683,1),(397,11686,1),(397,11696,1),(397,11698,1),(397,15380,1),(397,24660,1),(397,26040,1),(397,26041,1),(397,2247,3),(397,21239,3),(397,23136,3),(397,26038,7),(397,26039,7),(398,19887,1),(398,19889,1),(398,22073,1),(398,22074,1),(398,22155,1),(398,2247,3),(398,21239,3),(398,23136,3),(398,10707,7),(398,13441,7),(399,19924,1),(399,2247,3),(399,21239,3),(399,23136,3),(399,9285,7),(399,10707,7),(399,26154,7),(400,5775,1),(400,6214,1),(400,9203,1),(400,13441,1),(400,2247,3),(400,21239,3),(400,23136,3),(400,9281,7),(400,9285,7),(400,10743,7),(400,10865,7),(400,19972,7),(401,13441,1),(401,19887,1),(401,19889,1),(401,22073,1),(401,22074,1),(401,25480,1),(401,2247,3),(401,21239,3),(401,23136,3),(401,9285,7),(401,22153,7),(402,12752,1),(402,17664,1),(402,26249,1),(402,26258,1),(402,26259,1),(402,26260,1),(402,2247,3),(402,21239,3),(402,23136,3),(402,26257,6),(402,2203,7),(402,5769,7),(402,5770,7),(403,19385,1),(403,19973,1),(403,26249,1),(403,2247,3),(403,21239,3),(403,23136,3),(403,10267,7),(403,15182,7),(403,26248,7),(405,2203,1),(405,9224,1),(405,15616,1),(405,19889,1),(405,20318,1),(405,23201,1),(405,19893,2),(405,19910,2),(405,19914,2),(405,26627,2),(405,26744,2),(405,26747,2),(405,2247,3),(405,21239,3),(405,23136,3),(405,26301,6),(405,15405,7),(405,20007,7),(406,725,1),(406,6005,1),(406,6087,1),(406,6177,1),(406,7018,1),(406,7465,1),(406,11631,1),(406,13565,1),(406,15811,1),(406,26249,1),(406,26623,1),(406,26624,1),(406,26625,1),(406,26626,1),(406,19893,2),(406,19910,2),(406,19914,2),(406,26744,2),(406,26747,2),(406,2247,3),(406,21239,3),(406,23136,3),(406,26627,3),(406,5509,6),(406,26620,6),(406,26621,6),(406,26622,6),(406,15405,7),(407,6177,1),(407,10702,1),(407,11631,1),(407,13505,1),(407,26249,1),(407,26626,1),(407,26643,1),(407,26644,1),(407,26730,1),(407,26731,1),(407,19893,2),(407,19910,2),(407,19914,2),(407,26744,2),(407,26747,2),(407,2247,3),(407,21239,3),(407,23136,3),(407,26627,3),(407,9270,6),(407,25433,6),(407,15405,7),(408,6005,1),(408,6177,1),(408,11631,1),(408,13565,1),(408,26249,1),(408,26643,1),(408,19910,2),(408,19914,2),(408,26744,2),(408,26747,2),(408,2247,3),(408,19893,3),(408,21239,3),(408,23136,3),(408,26627,3),(408,14072,6),(408,26240,6),(408,26658,6),(408,26659,6),(408,15405,7),(409,725,1),(409,2203,1),(409,5724,1),(409,5824,1),(409,7835,1),(409,11631,1),(409,13565,1),(409,26249,1),(409,26677,1),(409,26678,1),(409,19910,2),(409,19914,2),(409,26744,2),(409,26747,2),(409,2247,3),(409,19893,3),(409,21239,3),(409,23136,3),(409,26627,3),(409,26674,6),(409,26675,6),(409,26676,6),(409,15405,7),(410,725,1),(410,5724,1),(410,6940,1),(410,10741,1),(410,11631,1),(410,15811,1),(410,16872,1),(410,26249,1),(410,26643,1),(410,26694,1),(410,19910,2),(410,19914,2),(410,26744,2),(410,26747,2),(410,2247,3),(410,19893,3),(410,21239,3),(410,23136,3),(410,26627,3),(410,26693,6),(410,15405,7),(411,5775,1),(411,6080,1),(411,6089,1),(411,6177,1),(411,7835,1),(411,8174,1),(411,23211,1),(411,26249,1),(411,26711,1),(411,26712,1),(411,19910,2),(411,19914,2),(411,26744,2),(411,26747,2),(411,2247,3),(411,19893,3),(411,21239,3),(411,23136,3),(411,26627,3),(411,26710,6),(411,5820,7),(411,15405,7),(412,5987,1),(412,8160,1),(412,9560,1),(412,10345,1),(412,14052,1),(412,16939,1),(412,26249,1),(412,26712,1),(412,26729,1),(412,26730,1),(412,26731,1),(412,19910,2),(412,19914,2),(412,26744,2),(412,26747,2),(412,2247,3),(412,19893,3),(412,21239,3),(412,23136,3),(412,26627,3),(412,24203,6),(412,26728,6),(413,5622,1),(413,5897,1),(413,6177,1),(413,6954,1),(413,9560,1),(413,9687,1),(413,9923,1),(413,15616,1),(413,20318,1),(413,26249,1),(413,26730,1),(413,26731,1),(413,19893,2),(413,19910,2),(413,19914,2),(413,26627,2),(413,26744,2),(413,26747,2),(413,2247,3),(413,21239,3),(413,23136,3),(413,5987,7),(413,24203,7),(415,725,1),(415,739,1),(415,6177,1),(415,9560,1),(415,9569,1),(415,9687,1),(415,9923,1),(415,26249,1),(415,26729,1),(415,26730,1),(415,26731,1),(415,27016,1),(415,19910,2),(415,19914,2),(415,26744,2),(415,26747,2),(415,2247,3),(415,19893,3),(415,21239,3),(415,23136,3),(415,26627,3),(415,24203,6),(415,5962,7),(416,725,1),(416,6087,1),(416,6177,1),(416,9560,1),(416,9569,1),(416,9687,1),(416,10258,1),(416,10345,1),(416,26249,1),(416,26729,1),(416,26730,1),(416,26731,1),(416,27016,1),(416,27039,1),(416,19910,2),(416,19914,2),(416,26744,2),(416,26747,2),(416,2247,3),(416,19893,3),(416,21239,3),(416,23136,3),(416,26627,3),(416,24203,6),(417,739,1),(417,6080,1),(417,7465,1),(417,7835,1),(417,8174,1),(417,13818,1),(417,16872,1),(417,17664,1),(417,22268,1),(417,26249,1),(417,26730,1),(417,26731,1),(417,27063,1),(417,27064,1),(417,27065,1),(417,19910,2),(417,19914,2),(417,26744,2),(417,26747,2),(417,2247,3),(417,19893,3),(417,21239,3),(417,23136,3),(417,26627,3),(417,6074,6),(417,27059,6),(417,27060,6),(417,27061,6),(417,27062,6),(417,6089,7),(417,15405,7),(418,725,1),(418,6080,1),(418,6089,1),(418,7465,1),(418,9620,1),(418,11631,1),(418,16872,1),(418,23211,1),(418,26249,1),(418,26730,1),(418,26731,1),(418,27063,1),(418,19910,2),(418,19914,2),(418,26744,2),(418,26747,2),(418,2247,3),(418,19893,3),(418,21239,3),(418,23136,3),(418,26627,3),(418,18022,6),(418,6074,7),(418,15405,7),(419,725,1),(419,6088,1),(419,7465,1),(419,7835,1),(419,9620,1),(419,11629,1),(419,11631,1),(419,11669,1),(419,16872,1),(419,26249,1),(419,26730,1),(419,26731,1),(419,27063,1),(419,27111,1),(419,19910,2),(419,19914,2),(419,26744,2),(419,26747,2),(419,2247,3),(419,19893,3),(419,21239,3),(419,23136,3),(419,26627,3),(419,27110,6),(419,6089,7),(419,15405,7),(420,725,1),(420,7465,1),(420,9620,1),(420,15763,1),(420,16872,1),(420,16939,1),(420,26249,1),(420,26730,1),(420,26731,1),(420,27063,1),(420,27111,1),(420,19910,2),(420,19914,2),(420,26744,2),(420,26747,2),(420,2247,3),(420,19893,3),(420,21239,3),(420,23136,3),(420,26627,3),(420,6089,7),(420,9284,7),(420,11629,7),(420,15405,7),(421,725,1),(421,2203,1),(421,7465,1),(421,9620,1),(421,10741,1),(421,16872,1),(421,26249,1),(421,26730,1),(421,26731,1),(421,27063,1),(421,27111,1),(421,27160,1),(421,19910,2),(421,19914,2),(421,26744,2),(421,26747,2),(421,2247,3),(421,19893,3),(421,21239,3),(421,23136,3),(421,26627,3),(421,6089,7),(421,9224,7),(421,11629,7),(421,15405,7),(422,5771,1),(422,6089,1),(422,10741,1),(422,26249,1),(422,26730,1),(422,26731,1),(422,27111,1),(422,27186,1),(422,19910,2),(422,19914,2),(422,26744,2),(422,26747,2),(422,2247,3),(422,19893,3),(422,21239,3),(422,23136,3),(422,26627,3),(422,15405,7),(422,27185,7),(423,725,1),(423,5779,1),(423,5992,1),(423,6080,1),(423,7465,1),(423,7835,1),(423,9620,1),(423,10999,1),(423,12120,1),(423,16872,1),(423,17664,1),(423,22268,1),(423,23211,1),(423,26249,1),(423,26730,1),(423,26731,1),(423,27063,1),(423,27064,1),(423,27065,1),(423,19910,2),(423,19914,2),(423,26744,2),(423,26747,2),(423,2247,3),(423,19893,3),(423,21239,3),(423,23136,3),(423,26627,3),(423,27204,6),(423,27205,6),(423,6089,7),(423,15405,7),(424,7835,1),(424,9620,1),(424,10741,1),(424,11631,1),(424,16846,1),(424,26249,1),(424,26643,1),(424,26730,1),(424,26731,1),(424,19910,2),(424,19914,2),(424,26744,2),(424,26747,2),(424,2247,3),(424,19893,3),(424,21239,3),(424,23136,3),(424,26627,3),(424,27236,6),(424,6089,7),(424,11629,7),(424,15405,7),(425,2158,1),(425,2196,1),(425,5724,1),(425,5726,1),(425,5748,1),(425,5760,1),(425,5762,1),(425,6291,1),(425,6359,1),(425,6932,1),(425,9203,1),(425,9220,1),(425,9221,1),(425,9287,1),(425,9339,1),(425,9688,1),(425,11632,1),(425,11801,1),(425,12758,1),(425,13502,1),(425,15280,1),(425,16215,1),(425,19248,1),(425,25590,1),(425,27259,1),(425,27261,1),(425,27262,1),(425,27263,1),(425,27264,1),(425,27265,1),(425,27266,1),(425,27267,1),(425,27268,1),(425,27269,1),(425,27270,1),(425,27271,1),(425,27272,1),(425,27273,1),(425,18555,2),(425,27260,2),(425,2247,3),(425,21239,3),(425,23136,3),(425,27258,6),(425,10699,7),(425,6089,8),(426,2158,1),(426,2196,1),(426,5760,1),(426,5762,1),(426,6291,1),(426,6359,1),(426,9203,1),(426,9220,1),(426,9221,1),(426,9287,1),(426,9339,1),(426,9688,1),(426,9923,1),(426,11632,1),(426,11801,1),(426,12758,1),(426,13502,1),(426,15280,1),(426,16820,1),(426,19248,1),(426,25590,1),(426,27261,1),(426,27262,1),(426,27263,1),(426,27264,1),(426,27265,1),(426,27266,1),(426,27267,1),(426,27269,1),(426,27270,1),(426,27271,1),(426,27273,1),(426,5724,2),(426,5726,2),(426,6932,2),(426,18555,2),(426,27259,2),(426,27272,2),(426,27305,2),(426,2247,3),(426,21239,3),(426,23136,3),(426,10699,6),(426,27360,6),(426,6089,7),(427,2158,1),(427,2196,1),(427,5760,1),(427,5762,1),(427,6081,1),(427,6089,1),(427,6291,1),(427,6359,1),(427,6931,1),(427,6956,1),(427,8160,1),(427,9203,1),(427,9220,1),(427,9221,1),(427,9287,1),(427,9339,1),(427,9688,1),(427,11632,1),(427,11801,1),(427,12758,1),(427,13442,1),(427,13502,1),(427,15280,1),(427,15754,1),(427,16820,1),(427,19248,1),(427,19394,1),(427,25304,1),(427,25590,1),(427,27261,1),(427,27262,1),(427,27263,1),(427,27264,1),(427,27265,1),(427,27266,1),(427,27267,1),(427,27269,1),(427,27270,1),(427,27271,1),(427,27273,1),(427,27306,1),(427,27307,1),(427,5724,2),(427,5726,2),(427,6932,2),(427,9225,2),(427,9923,2),(427,18555,2),(427,27259,2),(427,27272,2),(427,27305,2),(427,2247,3),(427,21239,3),(427,23136,3),(427,10699,6),(427,27304,6),(428,725,1),(428,2158,1),(428,2196,1),(428,2210,1),(428,5760,1),(428,5762,1),(428,6214,1),(428,6291,1),(428,6359,1),(428,7057,1),(428,8160,1),(428,9203,1),(428,9220,1),(428,9221,1),(428,9287,1),(428,9339,1),(428,9688,1),(428,9923,1),(428,11632,1),(428,11801,1),(428,12758,1),(428,13502,1),(428,15245,1),(428,15280,1),(428,16820,1),(428,17300,1),(428,19248,1),(428,20259,1),(428,21471,1),(428,25590,1),(428,27259,1),(428,27261,1),(428,27262,1),(428,27263,1),(428,27264,1),(428,27265,1),(428,27266,1),(428,27267,1),(428,27268,1),(428,27269,1),(428,27270,1),(428,27271,1),(428,27273,1),(428,27410,1),(428,5724,2),(428,5726,2),(428,6932,2),(428,18555,2),(428,27272,2),(428,27408,2),(428,27409,2),(428,2247,3),(428,21239,3),(428,23136,3),(428,10699,6),(428,27405,6),(428,27406,6),(428,27407,6),(428,6089,7),(429,2158,1),(429,2196,1),(429,5760,1),(429,5765,1),(429,5985,1),(429,6000,1),(429,6089,1),(429,6291,1),(429,6359,1),(429,6935,1),(429,8371,1),(429,9203,1),(429,9220,1),(429,9221,1),(429,9287,1),(429,9339,1),(429,9565,1),(429,9688,1),(429,9691,1),(429,9809,1),(429,9923,1),(429,10347,1),(429,11632,1),(429,11801,1),(429,12758,1),(429,13502,1),(429,15280,1),(429,16215,1),(429,16820,1),(429,19248,1),(429,23285,1),(429,25259,1),(429,25590,1),(429,27261,1),(429,27262,1),(429,27263,1),(429,27264,1),(429,27265,1),(429,27266,1),(429,27267,1),(429,27269,1),(429,27270,1),(429,27271,1),(429,27273,1),(429,27465,1),(429,6932,2),(429,9561,2),(429,18555,2),(429,27259,2),(429,27305,2),(429,2247,3),(429,21239,3),(429,23136,3),(429,27464,6),(429,10699,7),(430,2158,1),(430,2196,1),(430,5724,1),(430,5726,1),(430,5760,1),(430,5762,1),(430,5828,1),(430,5993,1),(430,6291,1),(430,6359,1),(430,9203,1),(430,9220,1),(430,9221,1),(430,9225,1),(430,9287,1),(430,9339,1),(430,9688,1),(430,9923,1),(430,11632,1),(430,11801,1),(430,12758,1),(430,13502,1),(430,15280,1),(430,15717,1),(430,15754,1),(430,16820,1),(430,19248,1),(430,23211,1),(430,24351,1),(430,25590,1),(430,27261,1),(430,27262,1),(430,27263,1),(430,27264,1),(430,27265,1),(430,27266,1),(430,27267,1),(430,27269,1),(430,27270,1),(430,27271,1),(430,27273,1),(430,6932,2),(430,18555,2),(430,27259,2),(430,27305,2),(430,2247,3),(430,21239,3),(430,23136,3),(430,10699,6),(430,27519,6),(430,6089,7);

--
-- Table structure for table `bl_search_word`
--

CREATE TABLE `bl_search_word` (
  `id_word` int(10) unsigned NOT NULL AUTO_INCREMENT,
  `id_shop` int(11) unsigned NOT NULL DEFAULT '1',
  `id_lang` int(10) unsigned NOT NULL,
  `word` varchar(30) NOT NULL,
  PRIMARY KEY (`id_word`),
  UNIQUE KEY `id_lang` (`id_lang`,`id_shop`,`word`)
) ENGINE=InnoDB AUTO_INCREMENT=28939 DEFAULT CHARSET=utf8mb4;

--
-- Dumping data for table `bl_search_word`
--

INSERT INTO `bl_search_word` VALUES (2077,1,1,'---'),(24987,1,1,'000'),(733,1,1,'043kg'),(6384,1,1,'100'),(15711,1,1,'100g'),(21215,1,1,'101'),(22457,1,1,'102'),(21295,1,1,'103'),(22563,1,1,'104'),(22726,1,1,'105'),(22781,1,1,'106'),(21027,1,1,'106107'),(22825,1,1,'107'),(21432,1,1,'109'),(17701,1,1,'10g'),(20831,1,1,'10x'),(20216,1,1,'10x160g'),(20015,1,1,'10x180g'),(9471,1,1,'110'),(20979,1,1,'112'),(21470,1,1,'116'),(21388,1,1,'117'),(18156,1,1,'11g'),(22278,1,1,'120'),(22266,1,1,'121'),(22289,1,1,'123'),(22154,1,1,'124'),(15924,1,1,'125'),(13506,1,1,'125g'),(13242,1,1,'125ml'),(21504,1,1,'126'),(18100,1,1,'12g'),(7126,1,1,'135g'),(19584,1,1,'13cm'),(11002,1,1,'140'),(13817,1,1,'140g'),(19536,1,1,'14cm'),(20957,1,1,'150'),(11803,1,1,'150g'),(16209,1,1,'1546'),(20822,1,1,'157'),(7464,1,1,'160g'),(21923,1,1,'16x200g'),(20058,1,1,'172'),(20890,1,1,'173'),(20536,1,1,'174'),(20008,1,1,'175'),(19496,1,1,'175cm'),(20212,1,1,'177'),(8156,1,1,'180g'),(20722,1,1,'182'),(20772,1,1,'184'),(22072,1,1,'192'),(21732,1,1,'194'),(21612,1,1,'197'),(19842,1,1,'19cm'),(22265,1,1,'1kg'),(21829,1,1,'200'),(12752,1,1,'200g'),(7582,1,1,'200ml'),(24164,1,1,'2023'),(22103,1,1,'207'),(22023,1,1,'209'),(26248,1,1,'2125'),(6270,1,1,'212ml'),(8609,1,1,'220'),(6181,1,1,'220g'),(20256,1,1,'221'),(21553,1,1,'222'),(20704,1,1,'224'),(20151,1,1,'225'),(13936,1,1,'225g'),(21830,1,1,'227'),(19924,1,1,'227g'),(21302,1,1,'227kg'),(20123,1,1,'229'),(20102,1,1,'233'),(20492,1,1,'236'),(20401,1,1,'238'),(19920,1,1,'240'),(20312,1,1,'241'),(19965,1,1,'245'),(19396,1,1,'24cm'),(2668,1,1,'250'),(6350,1,1,'250g'),(5733,1,1,'250ml'),(19895,1,1,'270g'),(6937,1,1,'270ml'),(21238,1,1,'272kg'),(20830,1,1,'275g'),(19205,1,1,'295'),(21046,1,1,'2kg'),(19973,1,1,'2lbs'),(11675,1,1,'300g'),(21925,1,1,'3035'),(21922,1,1,'317'),(19879,1,1,'318'),(21116,1,1,'320'),(722,1,1,'325ml'),(19891,1,1,'350'),(24243,1,1,'350ml'),(16851,1,1,'3540'),(19841,1,1,'35cm'),(15967,1,1,'375'),(15886,1,1,'375ml'),(20337,1,1,'400'),(20978,1,1,'400g'),(7849,1,1,'40h'),(20538,1,1,'450g'),(25231,1,1,'473'),(19583,1,1,'48cm'),(20263,1,1,'4lb'),(19974,1,1,'4lbs'),(20539,1,1,'4x450g'),(2884,1,1,'500'),(13441,1,1,'500g'),(5623,1,1,'500ml'),(11636,1,1,'50g'),(8229,1,1,'50ml'),(27261,1,1,'550g'),(7025,1,1,'65g'),(9222,1,1,'725'),(16009,1,1,'750'),(15860,1,1,'750ml'),(22917,1,1,'7up'),(16876,1,1,'810'),(729,1,1,'82cm'),(20498,1,1,'8oz'),(19925,1,1,'8x227g'),(24314,1,1,'900g'),(16216,1,1,'90g'),(731,1,1,'95cm'),(21045,1,1,'aaa'),(21052,1,1,'abaisser'),(21520,1,1,'abattu'),(13444,1,1,'abeille'),(24706,1,1,'abeilles'),(24704,1,1,'abricot'),(17424,1,1,'abricots'),(20258,1,1,'absence'),(19927,1,1,'absolument'),(18019,1,1,'accents'),(738,1,1,'accessoires'),(13241,1,1,'accompagnateur'),(5992,1,1,'accompagne'),(10100,1,1,'accompagnee'),(14141,1,1,'accompagnement'),(5773,1,1,'accompagner'),(23205,1,1,'accompagnera'),(19969,1,1,'accompagnes'),(9343,1,1,'accompagnez'),(9618,1,1,'accompagnez-le'),(9617,1,1,'accompagnezle'),(16013,1,1,'accord'),(25394,1,1,'accorde'),(2226,1,1,'accueil'),(15965,1,1,'acer'),(26644,1,1,'achat'),(11695,1,1,'achetons'),(21507,1,1,'acia'),(7610,1,1,'acid'),(6293,1,1,'acide'),(2191,1,1,'acidite'),(10307,1,1,'acidule'),(6945,1,1,'acidulee'),(23796,1,1,'acidulees'),(23663,1,1,'active'),(21241,1,1,'adeptes'),(22459,1,1,'adorerez'),(24015,1,1,'adouci'),(13932,1,1,'adoucir'),(7874,1,1,'aerer'),(24872,1,1,'aerienne'),(20725,1,1,'affirmer'),(11687,1,1,'afin'),(23587,1,1,'africain'),(9516,1,1,'agar'),(9518,1,1,'agar-agar'),(9517,1,1,'agaragar'),(12911,1,1,'age'),(9266,1,1,'agence'),(9286,1,1,'agent'),(24441,1,1,'agents'),(16765,1,1,'agit'),(6017,1,1,'agiter'),(6004,1,1,'agneau'),(2216,1,1,'agreable'),(5975,1,1,'agreablement'),(2219,1,1,'agrementer'),(7587,1,1,'agressions'),(7829,1,1,'agrumes'),(26040,1,1,'ahhhh'),(26005,1,1,'aide'),(20255,1,1,'aiglefin'),(5755,1,1,'aigre'),(5788,1,1,'aigre-doux'),(5784,1,1,'aigredoux'),(6932,1,1,'ail'),(21503,1,1,'ailes'),(15555,1,1,'aime'),(25933,1,1,'aiment'),(25876,1,1,'aimerait'),(7842,1,1,'aimez'),(2193,1,1,'ainsi'),(7869,1,1,'air'),(18400,1,1,'airelle'),(23585,1,1,'ais'),(23282,1,1,'aji'),(8388,1,1,'ajout'),(8512,1,1,'ajoutant'),(5520,1,1,'ajoute'),(21522,1,1,'ajoutee'),(22384,1,1,'ajoutees'),(8383,1,1,'ajoutent'),(5998,1,1,'ajouter'),(6182,1,1,'ajoutera'),(22161,1,1,'ajoutes'),(9210,1,1,'ajoutez'),(10396,1,1,'ajoutez-le'),(9231,1,1,'ajoutez-y'),(10395,1,1,'ajoutezle'),(9230,1,1,'ajoutezy'),(19142,1,1,'ajustement'),(15869,1,1,'alc'),(25066,1,1,'alchimiste'),(7598,1,1,'alcohol'),(7614,1,1,'alcool'),(16767,1,1,'alcoolise'),(15913,1,1,'alcoolisee'),(23720,1,1,'ale'),(25194,1,1,'ales'),(15753,1,1,'algues'),(25412,1,1,'aliment'),(21233,1,1,'alimentaire'),(6382,1,1,'alimente'),(8398,1,1,'aliments'),(9208,1,1,'allant'),(7603,1,1,'allantoin'),(25168,1,1,'allemande'),(27258,1,1,'alliance'),(17298,1,1,'allie'),(18290,1,1,'allient'),(7859,1,1,'allumee'),(7722,1,1,'aloe'),(21211,1,1,'aloyaux'),(13320,1,1,'alternative'),(25671,1,1,'alveoles'),(8169,1,1,'amande'),(11669,1,1,'amandes'),(6374,1,1,'amateurs'),(8186,1,1,'ambiante'),(24767,1,1,'ambitieuse'),(15883,1,1,'ambre'),(5753,1,1,'ambree'),(17951,1,1,'amelanchier'),(23140,1,1,'amene'),(8177,1,1,'amer'),(24799,1,1,'americaine'),(24239,1,1,'americains'),(23381,1,1,'ameriques'),(9570,1,1,'amertume'),(6179,1,1,'amidon'),(25092,1,1,'amitie'),(17252,1,1,'amount'),(14956,1,1,'amour'),(20158,1,1,'amoureux'),(19529,1,1,'amusants'),(10828,1,1,'ananas'),(25393,1,1,'ancestraux'),(19057,1,1,'ancetres'),(24097,1,1,'ancho'),(14052,1,1,'ancienne'),(19966,1,1,'and'),(15150,1,1,'aneth'),(14985,1,1,'angeline'),(17366,1,1,'anglais'),(25709,1,1,'anglaise'),(21468,1,1,'angus'),(7480,1,1,'angustifolia'),(21513,1,1,'animale'),(7864,1,1,'animaux'),(18153,1,1,'anis'),(19246,1,1,'anneau'),(6383,1,1,'annuellement'),(5731,1,1,'ans'),(13284,1,1,'antan'),(24172,1,1,'antibiotique'),(24375,1,1,'antibiotiques'),(23541,1,1,'antilles'),(8510,1,1,'antioxydant'),(15098,1,1,'antipastos'),(24442,1,1,'antobiotique'),(27268,1,1,'aop'),(24662,1,1,'apaisant'),(24592,1,1,'apaise'),(9625,1,1,'apero'),(25012,1,1,'apiculteur'),(24205,1,1,'apparaissent'),(25095,1,1,'appels'),(6952,1,1,'appetit'),(25152,1,1,'apportant'),(15716,1,1,'apporte'),(21300,1,1,'apporter'),(6194,1,1,'apportera'),(18969,1,1,'apporteront'),(16763,1,1,'apprecie'),(9812,1,1,'appreciee'),(16769,1,1,'apprecier'),(15063,1,1,'approuvee'),(6019,1,1,'apres'),(11698,1,1,'apres-midi'),(11696,1,1,'apresmidi'),(7055,1,1,'aqua'),(7060,1,1,'arabica'),(10219,1,1,'arachides'),(24076,1,1,'arawak'),(23502,1,1,'arbol'),(9460,1,1,'archer'),(24705,1,1,'argan'),(9467,1,1,'argent'),(24709,1,1,'argile'),(18401,1,1,'argousier'),(6275,1,1,'aristo'),(23272,1,1,'aro'),(20775,1,1,'aromates'),(6184,1,1,'aromatique'),(23275,1,1,'aromatiques'),(10225,1,1,'aromatisante'),(13107,1,1,'aromatise'),(10044,1,1,'aromatisee'),(5766,1,1,'aromatiser'),(6085,1,1,'arome'),(9217,1,1,'aromes'),(9756,1,1,'artifice'),(22396,1,1,'artificiel'),(6277,1,1,'artisanal'),(6935,1,1,'artisanale'),(13570,1,1,'artisanales'),(16214,1,1,'artisans'),(6183,1,1,'artistique'),(7611,1,1,'ascorbic'),(9228,1,1,'ascorbique'),(7607,1,1,'ascorbyl'),(17143,1,1,'asiatique'),(16101,1,1,'asiatiques'),(5758,1,1,'aspect'),(15343,1,1,'asperge'),(15341,1,1,'asperges'),(14958,1,1,'assaisonne'),(22280,1,1,'assaisonnee'),(21617,1,1,'assaisonnees'),(10215,1,1,'assaisonnement'),(20494,1,1,'assaisonnements'),(10387,1,1,'assaisonner'),(10787,1,1,'assaisonnera'),(7044,1,1,'assechement'),(5965,1,1,'assemblage'),(21038,1,1,'assez'),(6207,1,1,'assiette'),(21733,1,1,'association'),(20823,1,1,'assortiment'),(16179,1,1,'assuree'),(8376,1,1,'assurement'),(24552,1,1,'atelier'),(19917,1,1,'atlantique'),(23716,1,1,'attaque'),(10833,1,1,'attendue'),(25037,1,1,'attributs'),(17104,1,1,'aubergine'),(17099,1,1,'aubergines'),(16501,1,1,'aucun'),(5750,1,1,'aucune'),(9977,1,1,'audacieuse'),(6278,1,1,'aujourd'),(17051,1,1,'aurait'),(20217,1,1,'aurez'),(8385,1,1,'autant'),(8499,1,1,'authenticite'),(15024,1,1,'authentique'),(5973,1,1,'authentiques'),(23584,1,1,'autochtone'),(22456,1,1,'automne'),(6364,1,1,'autres'),(2203,1,1,'aux'),(21439,1,1,'avantage'),(10868,1,1,'avantageusement'),(22826,1,1,'avez'),(24702,1,1,'avocat'),(19495,1,1,'avoine'),(16597,1,1,'avons'),(10707,1,1,'bacon'),(27270,1,1,'bacterienne'),(21525,1,1,'bacteries'),(24168,1,1,'badigeonnee'),(5899,1,1,'badigeonner'),(16714,1,1,'badum'),(17364,1,1,'bagel'),(9622,1,1,'baguette'),(17948,1,1,'baies'),(5747,1,1,'bain'),(5787,1,1,'bain-marie'),(5783,1,1,'bainmarie'),(20339,1,1,'baisser'),(27185,1,1,'baklava'),(24801,1,1,'balancee'),(25261,1,1,'balancees'),(5723,1,1,'balsamique'),(19206,1,1,'bambou'),(26676,1,1,'banane'),(26678,1,1,'bananes'),(19133,1,1,'bandana'),(24075,1,1,'barbacoa'),(7723,1,1,'barbadensis'),(17055,1,1,'barbecue'),(23658,1,1,'barbecues'),(7455,1,1,'barre'),(11637,1,1,'barres'),(5732,1,1,'barrique'),(15757,1,1,'bas'),(7465,1,1,'base'),(15450,1,1,'basilic'),(25281,1,1,'basse'),(24974,1,1,'bastien'),(18620,1,1,'baumier'),(21431,1,1,'bavette'),(23394,1,1,'bavette-a-la-ro'),(23392,1,1,'bavettealaroyal'),(21435,1,1,'bavettes'),(19132,1,1,'bavoir'),(10436,1,1,'bbq'),(4936,1,1,'be22'),(5510,1,1,'be25'),(5621,1,1,'be29'),(5880,1,1,'be34'),(5725,1,1,'be35'),(5821,1,1,'be37'),(6178,1,1,'be38'),(5963,1,1,'be44'),(6075,1,1,'be45'),(6265,1,1,'be47'),(6514,1,1,'be48'),(6934,1,1,'be50'),(8155,1,1,'be52'),(6346,1,1,'be54'),(7021,1,1,'be58'),(7125,1,1,'be59'),(7458,1,1,'be60'),(7710,1,1,'be61'),(7574,1,1,'be62'),(7826,1,1,'be67'),(8494,1,1,'be76'),(8608,1,1,'be77'),(8370,1,1,'be78'),(23389,1,1,'beam'),(18288,1,1,'beau'),(10439,1,1,'beaucoup'),(24563,1,1,'beaumier'),(25104,1,1,'beauparlant'),(15025,1,1,'beaux'),(19134,1,1,'bebe'),(19158,1,1,'bebes'),(14983,1,1,'bec'),(7597,1,1,'behenyl'),(19159,1,1,'beige'),(25039,1,1,'beigne'),(25029,1,1,'beignes'),(24943,1,1,'belge'),(2166,1,1,'belle'),(15347,1,1,'belle-maman'),(15346,1,1,'bellemaman'),(16602,1,1,'beneficier'),(23213,1,1,'benzoate'),(7482,1,1,'bergamia'),(7483,1,1,'bergamot'),(25107,1,1,'bergere'),(24986,1,1,'berthier'),(23576,1,1,'bes'),(21029,1,1,'besoin'),(19798,1,1,'besoins'),(7721,1,1,'betaine'),(15321,1,1,'betterave'),(6086,1,1,'betteraves'),(6005,1,1,'beurre'),(17303,1,1,'beurrees'),(15584,1,1,'beurres'),(23216,1,1,'bhut'),(6081,1,1,'bien'),(9561,1,1,'biere'),(9979,1,1,'bieres'),(21210,1,1,'bifteck'),(24821,1,1,'big'),(24307,1,1,'bines'),(9515,1,1,'bio'),(7715,1,1,'biodegradable'),(9511,1,1,'biologique'),(10036,1,1,'biologiques'),(9689,1,1,'biscotte'),(9337,1,1,'biscotti'),(15919,1,1,'biscuit'),(16872,1,1,'biscuits'),(9974,1,1,'bison'),(21467,1,1,'black'),(5724,1,1,'blanc'),(721,1,1,'blanche'),(16138,1,1,'blanches'),(6519,1,1,'blancs'),(16940,1,1,'ble'),(10742,1,1,'bleu'),(17301,1,1,'bleuet'),(12120,1,1,'bleuets'),(9693,1,1,'blonde'),(10214,1,1,'bloody'),(25210,1,1,'bock'),(10268,1,1,'boeuf'),(9807,1,1,'bois'),(16134,1,1,'boise'),(15917,1,1,'boisees'),(9347,1,1,'boisson'),(19894,1,1,'boite'),(20778,1,1,'bol'),(24013,1,1,'bollywood'),(14169,1,1,'bols'),(23493,1,1,'bomba'),(24906,1,1,'bombe'),(13948,1,1,'bonbon'),(13930,1,1,'bonbons'),(21212,1,1,'bone'),(6373,1,1,'bonheur'),(8511,1,1,'bonifiera'),(8617,1,1,'bonifieront'),(9571,1,1,'bonne'),(20155,1,1,'bonnes'),(23718,1,1,'bonnet'),(27264,1,1,'bons'),(16006,1,1,'bord'),(27064,1,1,'borde'),(6272,1,1,'bordure'),(25343,1,1,'boreal'),(25434,1,1,'boreale'),(23838,1,1,'boreales'),(10736,1,1,'boston'),(5519,1,1,'bouche'),(15209,1,1,'bouchee'),(13568,1,1,'bouchees'),(7825,1,1,'bougie'),(25035,1,1,'bouilloire'),(9576,1,1,'bouillon'),(25298,1,1,'boulettes'),(15964,1,1,'bourbon'),(26003,1,1,'bourrative'),(6192,1,1,'bouteille'),(21239,1,1,'boutique'),(19143,1,1,'boutons'),(21220,1,1,'bovins'),(16937,1,1,'bowl'),(19388,1,1,'bpa'),(25009,1,1,'braggot'),(23433,1,1,'braise'),(9975,1,1,'brandy'),(24773,1,1,'brassage'),(24945,1,1,'brasse'),(25149,1,1,'brassee'),(24972,1,1,'brasser'),(24877,1,1,'brasserie'),(25097,1,1,'brasseur'),(25032,1,1,'brasseurs'),(27464,1,1,'brassicole'),(17700,1,1,'brebis'),(12061,1,1,'bretzels'),(16766,1,1,'breuvage'),(10743,1,1,'brie'),(15719,1,1,'brin'),(9338,1,1,'brioche'),(6352,1,1,'brise'),(27065,1,1,'brisures'),(20310,1,1,'brochette'),(20402,1,1,'brochettes'),(10703,1,1,'brocolis'),(22162,1,1,'broil'),(27236,1,1,'brownie'),(16846,1,1,'brownies'),(24351,1,1,'broyees'),(25597,1,1,'broyes'),(7847,1,1,'brule'),(9329,1,1,'brulee'),(7870,1,1,'bruler'),(9350,1,1,'brun'),(25632,1,1,'brunch'),(16462,1,1,'brunchs'),(25193,1,1,'brune'),(25676,1,1,'bruschetta'),(13436,1,1,'brut'),(25516,1,1,'buche'),(16936,1,1,'buddha'),(9345,1,1,'bulles'),(6200,1,1,'burger'),(23957,1,1,'burgers'),(25171,1,1,'buveur'),(24848,1,1,'cabana'),(23390,1,1,'cacao'),(7035,1,1,'cadeau'),(7018,1,1,'cafe'),(22393,1,1,'cafeine'),(26123,1,1,'cajun'),(25592,1,1,'cajuns'),(24621,1,1,'cake'),(23494,1,1,'calabrese'),(5984,1,1,'calamansi'),(6363,1,1,'calcium'),(24797,1,1,'california'),(17255,1,1,'calories'),(23952,1,1,'calypso'),(18367,1,1,'camerise'),(25151,1,1,'camomille'),(18292,1,1,'campagne'),(21120,1,1,'camping'),(21216,1,1,'canadien'),(21505,1,1,'canadienne'),(22157,1,1,'canadiens'),(15890,1,1,'canapes'),(6096,1,1,'canard'),(6289,1,1,'cane'),(17824,1,1,'canelle'),(5988,1,1,'canne'),(18227,1,1,'canneberge'),(6015,1,1,'canneberges'),(17188,1,1,'cannelle'),(10227,1,1,'canola'),(13104,1,1,'capa'),(13123,1,1,'capa10'),(13142,1,1,'capa11'),(13164,1,1,'capa13'),(14986,1,1,'capa22'),(13259,1,1,'capaa19'),(11668,1,1,'cappuccino'),(14984,1,1,'caprices'),(16176,1,1,'captive'),(7836,1,1,'capuchon'),(15864,1,1,'caractere'),(2076,1,1,'caracteres'),(16056,1,1,'caracterise'),(21618,1,1,'caracterisees'),(23575,1,1,'carai'),(11629,1,1,'caramel'),(5751,1,1,'caramelisation'),(26623,1,1,'caramelisees'),(9340,1,1,'carameliser'),(17258,1,1,'carbohydrate'),(18017,1,1,'cardamome'),(10257,1,1,'cari'),(10260,1,1,'cari-coco'),(10259,1,1,'caricoco'),(26301,1,1,'carotte'),(9224,1,1,'carottes'),(19493,1,1,'carre'),(9513,1,1,'caseal'),(15808,1,1,'cassis'),(24316,1,1,'cassonade'),(9199,1,1,'cassoulet'),(7472,1,1,'castor'),(10442,1,1,'categorie'),(7045,1,1,'cause'),(23799,1,1,'cayenne'),(15342,1,1,'cbm01'),(15318,1,1,'cbm02'),(15238,1,1,'cbm03'),(15178,1,1,'cbm04'),(15141,1,1,'cbm05'),(15095,1,1,'cbm07'),(15023,1,1,'cbm08'),(15062,1,1,'cbm10'),(15274,1,1,'cbm11'),(15207,1,1,'cbm12'),(15377,1,1,'cbm14'),(15404,1,1,'cbm15'),(15425,1,1,'cbm16'),(15451,1,1,'cbm17'),(15482,1,1,'cbm18'),(15553,1,1,'cbm19'),(15583,1,1,'cbm20'),(15611,1,1,'cbm32'),(15675,1,1,'cbm33'),(15643,1,1,'cbm36'),(23384,1,1,'ceasar'),(15146,1,1,'ceasars'),(19919,1,1,'cedre'),(15868,1,1,'celebration'),(18802,1,1,'celebrer'),(15148,1,1,'celeri'),(15028,1,1,'celeris'),(8377,1,1,'celle'),(7841,1,1,'celles'),(8378,1,1,'celui'),(14319,1,1,'centre'),(9466,1,1,'cep'),(5822,1,1,'cepage'),(720,1,1,'ceramique'),(18623,1,1,'cerf'),(17662,1,1,'cerise'),(10702,1,1,'cerises'),(5979,1,1,'certainement'),(8397,1,1,'certains'),(7071,1,1,'certifie'),(24989,1,1,'certifiees'),(8497,1,1,'cet'),(7602,1,1,'ceteareth'),(2152,1,1,'cette'),(7601,1,1,'cetyl'),(16180,1,1,'ceviche'),(21616,1,1,'chacun'),(16603,1,1,'chacune'),(25411,1,1,'chaga'),(19922,1,1,'chair'),(20012,1,1,'chaire'),(22511,1,1,'chaleur'),(17192,1,1,'chaleureux'),(9342,1,1,'chalumeau'),(23500,1,1,'champignon'),(23496,1,1,'champignons'),(10740,1,1,'champs'),(20156,1,1,'chances'),(25302,1,1,'changera'),(24377,1,1,'chapelure'),(23662,1,1,'charbon'),(6204,1,1,'charcuteries'),(16130,1,1,'chardonnay'),(18016,1,1,'charentais'),(22518,1,1,'charme'),(5967,1,1,'charmer'),(25109,1,1,'charnu'),(12907,1,1,'chaud'),(17821,1,1,'chaude'),(18021,1,1,'chaudement'),(16005,1,1,'chaudes'),(6353,1,1,'chauds'),(12754,1,1,'chauffer'),(27266,1,1,'chauffez'),(24090,1,1,'che'),(18024,1,1,'cheddar'),(25098,1,1,'chef'),(8502,1,1,'chefs'),(24083,1,1,'chemin'),(15915,1,1,'chene'),(6090,1,1,'chevre'),(18370,1,1,'chevrefeuille'),(6091,1,1,'chez'),(8495,1,1,'chic'),(23435,1,1,'chili'),(10394,1,1,'chinois'),(25559,1,1,'chinoise'),(18147,1,1,'chinoises'),(10305,1,1,'chipotle'),(15144,1,1,'chips'),(7725,1,1,'chloride'),(15245,1,1,'chlorure'),(14072,1,1,'choco'),(16901,1,1,'choco-canneberg'),(14075,1,1,'choco-mel'),(26659,1,1,'choco-prestige'),(16900,1,1,'chococanneberge'),(11631,1,1,'chocolat'),(17555,1,1,'chocolatee'),(11642,1,1,'chocolatier'),(12910,1,1,'chocolats'),(14074,1,1,'chocomel'),(26658,1,1,'chocoprestige'),(21217,1,1,'choisies'),(2073,1,1,'choisir'),(2069,1,1,'choix'),(15101,1,1,'chou'),(15105,1,1,'chou-fleur'),(15104,1,1,'choufleur'),(16930,1,1,'choux'),(16933,1,1,'choux-fleurs'),(16932,1,1,'chouxfleurs'),(14139,1,1,'chutney'),(24591,1,1,'cicatrise'),(9283,1,1,'cidre'),(5882,1,1,'ciel'),(9348,1,1,'cinq'),(7827,1,1,'cire'),(2072,1,1,'citation'),(7609,1,1,'citric'),(6294,1,1,'citrique'),(5962,1,1,'citron'),(24561,1,1,'citronne'),(23791,1,1,'citronnee'),(16053,1,1,'citronnees'),(7846,1,1,'citronnelle'),(16058,1,1,'citronnes'),(17423,1,1,'citrons'),(7066,1,1,'citrus'),(18289,1,1,'clair'),(10217,1,1,'clamato'),(6094,1,1,'classique'),(13321,1,1,'classiques'),(25150,1,1,'clementines'),(2181,1,1,'climat'),(22671,1,1,'clou'),(22674,1,1,'clous'),(23664,1,1,'club'),(23666,1,1,'club-fumisterie'),(23665,1,1,'clubfumisterie'),(19792,1,1,'cm01'),(19494,1,1,'cm02'),(19582,1,1,'cm03'),(19840,1,1,'cm04'),(19347,1,1,'cm06'),(19201,1,1,'cm07'),(19135,1,1,'cm08'),(19245,1,1,'cm09'),(19526,1,1,'cm10'),(19387,1,1,'cm11'),(15182,1,1,'cocktail'),(22830,1,1,'cocktails'),(10258,1,1,'coco'),(7717,1,1,'cocoamphodiacet'),(7720,1,1,'cocomidopropyl'),(7053,1,1,'coconut'),(7051,1,1,'cocos'),(10262,1,1,'cocosuggestion'),(24667,1,1,'coeur'),(7059,1,1,'coffea'),(27307,1,1,'coffre'),(8369,1,1,'coffret'),(23339,1,1,'cois'),(23836,1,1,'cold'),(19797,1,1,'coliques'),(9465,1,1,'collaboration'),(11802,1,1,'collation'),(11676,1,1,'collection'),(23715,1,1,'colonel'),(23726,1,1,'colonels'),(23729,1,1,'colonels-gourme'),(23728,1,1,'colonelsgourmet'),(16995,1,1,'colorant'),(26073,1,1,'colore'),(19530,1,1,'colores'),(24165,1,1,'colossale'),(23154,1,1,'com'),(10870,1,1,'combien'),(5970,1,1,'combinaison'),(21242,1,1,'combinant'),(19881,1,1,'combination'),(18622,1,1,'combine'),(10788,1,1,'combinee'),(9685,1,1,'combinez'),(20825,1,1,'comblera'),(6948,1,1,'combles'),(18733,1,1,'comestibles'),(21044,1,1,'commander'),(22383,1,1,'commandez'),(22391,1,1,'commandez-la'),(22390,1,1,'commandezla'),(13322,1,1,'commerce'),(7471,1,1,'communis'),(15888,1,1,'compagnon'),(22077,1,1,'competitif'),(23201,1,1,'comple'),(26627,1,1,'complet'),(6954,1,1,'complete'),(24204,1,1,'completement'),(15483,1,1,'completent'),(22517,1,1,'completeront'),(24747,1,1,'complexe'),(15344,1,1,'compliments'),(25477,1,1,'compose'),(8371,1,1,'composee'),(22828,1,1,'composees'),(22460,1,1,'composent'),(18970,1,1,'composer'),(8613,1,1,'composes'),(23377,1,1,'composition'),(18962,1,1,'compote'),(25518,1,1,'comprenant'),(6193,1,1,'compressible'),(6936,1,1,'compromis'),(9468,1,1,'compte'),(21514,1,1,'compter'),(6083,1,1,'concentre'),(19054,1,1,'concentres'),(8387,1,1,'concocte'),(15185,1,1,'concombres'),(23839,1,1,'concord'),(9563,1,1,'concu'),(9464,1,1,'concue'),(15097,1,1,'condiment'),(9276,1,1,'condiments'),(14100,1,1,'confectionne'),(16549,1,1,'confectionnee'),(5887,1,1,'confere'),(5977,1,1,'confit'),(9861,1,1,'confite'),(15805,1,1,'confits'),(13121,1,1,'confiture'),(14988,1,1,'confitures'),(7851,1,1,'conforme'),(19141,1,1,'confortable'),(16852,1,1,'congelateur'),(19889,1,1,'congele'),(27273,1,1,'congeler'),(20061,1,1,'connu'),(18369,1,1,'connue'),(19061,1,1,'connues'),(9287,1,1,'conservation'),(6359,1,1,'conserve'),(21523,1,1,'conservees'),(5757,1,1,'conserver'),(6296,1,1,'conservera'),(8182,1,1,'conserveront'),(20124,1,1,'consideree'),(25670,1,1,'consistant'),(25934,1,1,'consistante'),(21032,1,1,'consommateurs'),(25845,1,1,'consommations'),(21564,1,1,'consomme'),(20125,1,1,'consommee'),(14992,1,1,'consommer'),(12433,1,1,'consommons'),(21229,1,1,'constant'),(8611,1,1,'constitue'),(8496,1,1,'contenant'),(6956,1,1,'contenir'),(24279,1,1,'contien'),(5761,1,1,'contient'),(16498,1,1,'contrairement'),(7586,1,1,'contre'),(21247,1,1,'contre-filet'),(21246,1,1,'contrefilet'),(20780,1,1,'convection'),(21519,1,1,'conventionnel'),(7078,1,1,'convient'),(6946,1,1,'convives'),(26039,1,1,'cookies'),(10790,1,1,'copeaux'),(24311,1,1,'copieux'),(26154,1,1,'coq'),(14317,1,1,'coques'),(20820,1,1,'coquille'),(23215,1,1,'coreen'),(23898,1,1,'coreennes'),(23141,1,1,'coriandre'),(19967,1,1,'cornet'),(15177,1,1,'cornichons'),(7585,1,1,'corps'),(5891,1,1,'corsee'),(16461,1,1,'cortland'),(7029,1,1,'cosmetiques'),(9982,1,1,'costauds'),(7076,1,1,'cote'),(16139,1,1,'cotelettes'),(19348,1,1,'cotes'),(24245,1,1,'cotes-levees'),(24244,1,1,'coteslevees'),(19145,1,1,'coton'),(27016,1,1,'couche'),(19150,1,1,'coucher'),(2202,1,1,'couleur'),(19539,1,1,'couleurs'),(10786,1,1,'coulis'),(25437,1,1,'coup'),(21037,1,1,'coupe'),(7854,1,1,'couper'),(7868,1,1,'courants'),(15100,1,1,'courges'),(15212,1,1,'courgette'),(15278,1,1,'courgettes'),(20213,1,1,'courte'),(23436,1,1,'couscous'),(18404,1,1,'cousine'),(5746,1,1,'couvert'),(19197,1,1,'couvre'),(19200,1,1,'couvre-epaule'),(19199,1,1,'couvreepaule'),(8389,1,1,'craquant'),(6367,1,1,'craquante'),(10099,1,1,'craquelin'),(9621,1,1,'craquelins'),(19051,1,1,'creant'),(12749,1,1,'creation'),(6196,1,1,'creations'),(18966,1,1,'creativite'),(9922,1,1,'creer'),(6177,1,1,'creme'),(12751,1,1,'cremeuse'),(9620,1,1,'cremeux'),(26257,1,1,'crepe'),(17664,1,1,'crepes'),(24374,1,1,'cretons'),(15920,1,1,'crevette'),(10267,1,1,'crevettes'),(17244,1,1,'croissant'),(17558,1,1,'croissants'),(15764,1,1,'croquant'),(6093,1,1,'croquante'),(15142,1,1,'croquantes'),(15179,1,1,'croquants'),(25673,1,1,'croque'),(25678,1,1,'croque-monsieur'),(25677,1,1,'croquemonsieur'),(22264,1,1,'croquette'),(22267,1,1,'croquettes'),(6280,1,1,'croquez'),(15807,1,1,'croustillant'),(19884,1,1,'croustillante'),(22268,1,1,'croustillantes'),(17881,1,1,'croute'),(15455,1,1,'crouton'),(9212,1,1,'croutons'),(2196,1,1,'cru'),(8614,1,1,'crus'),(10838,1,1,'cubes'),(25479,1,1,'cueilleur'),(2172,1,1,'cueillies'),(25435,1,1,'cueillis'),(9273,1,1,'cuillere'),(15427,1,1,'cuillerees'),(10264,1,1,'cuilleres'),(19923,1,1,'cuire'),(21555,1,1,'cuisent'),(7016,1,1,'cuisine'),(21562,1,1,'cuisiner'),(8500,1,1,'cuisines'),(21049,1,1,'cuisiniere'),(9860,1,1,'cuisse'),(2163,1,1,'cuisson'),(8391,1,1,'cuistots'),(5745,1,1,'cuit'),(6518,1,1,'cuites'),(6197,1,1,'culinaires'),(23542,1,1,'cultive'),(25590,1,1,'culture'),(18691,1,1,'curcuma'),(16102,1,1,'currys'),(19155,1,1,'cycle'),(7476,1,1,'cymbogogon'),(17253,1,1,'daily'),(25103,1,1,'damien'),(24752,1,1,'dangereusement'),(14166,1,1,'daniel'),(20496,1,1,'darnes'),(6298,1,1,'date'),(23387,1,1,'dattes'),(20956,1,1,'dauphinois'),(20958,1,1,'dauphinoise'),(19204,1,1,'debarbouillette'),(21030,1,1,'debattre'),(15885,1,1,'deborde'),(14989,1,1,'debuter'),(25451,1,1,'decadent'),(13319,1,1,'decadente'),(2155,1,1,'decante'),(25099,1,1,'decide'),(20265,1,1,'decongeler'),(20329,1,1,'decongeles'),(24711,1,1,'decoration'),(27186,1,1,'decore'),(9983,1,1,'decorer'),(25432,1,1,'decouvrez'),(16593,1,1,'decouvrir'),(10097,1,1,'decouvrirez'),(7718,1,1,'decyl'),(16177,1,1,'definit'),(19202,1,1,'degats'),(5768,1,1,'deglacer'),(2217,1,1,'degustation'),(17190,1,1,'deguste'),(20497,1,1,'degustent'),(10098,1,1,'deguster'),(9688,1,1,'degustez'),(16779,1,1,'deja'),(16552,1,1,'dejeuner'),(9754,1,1,'dejeuners'),(9681,1,1,'delicat'),(16453,1,1,'delicate'),(13303,1,1,'delicatement'),(6286,1,1,'delicatesse'),(18812,1,1,'delicats'),(9755,1,1,'delice'),(6940,1,1,'delicieuse'),(14987,1,1,'delicieuses'),(5775,1,1,'delicieux'),(21042,1,1,'demande'),(21031,1,1,'demandee'),(15809,1,1,'demarque'),(10836,1,1,'demeure'),(6,1,1,'demo'),(23540,1,1,'deniche'),(16503,1,1,'denomme'),(25239,1,1,'denote'),(25038,1,1,'dense'),(24750,1,1,'densite'),(19137,1,1,'dentaire'),(19247,1,1,'dentition'),(6208,1,1,'deposer'),(20324,1,1,'dernier'),(20159,1,1,'des'),(25013,1,1,'desalterant'),(25284,1,1,'desalterante'),(2164,1,1,'description'),(7046,1,1,'deshydratation'),(23725,1,1,'deshydrate'),(10222,1,1,'deshydrates'),(31,1,1,'design'),(25843,1,1,'desirent'),(6290,1,1,'dessert'),(17191,1,1,'desserts'),(14171,1,1,'dessus'),(23653,1,1,'developpee'),(17053,1,1,'devenir'),(24903,1,1,'devenu'),(16712,1,1,'deviendra'),(24874,1,1,'devoilant'),(20336,1,1,'devraient'),(12917,1,1,'devrez'),(728,1,1,'diametre'),(21235,1,1,'diete'),(7036,1,1,'dieux'),(20774,1,1,'differentes'),(21434,1,1,'differents'),(21561,1,1,'difficile'),(15969,1,1,'digestif'),(2194,1,1,'digne'),(21469,1,1,'dijonnaise'),(19349,1,1,'dimension'),(18291,1,1,'dinde'),(21614,1,1,'diner'),(24769,1,1,'dipa'),(9917,1,1,'dire'),(13438,1,1,'directement'),(11691,1,1,'disent'),(7716,1,1,'disodium'),(24207,1,1,'disparaitront'),(11690,1,1,'disponible'),(14170,1,1,'disposez'),(2201,1,1,'distinctifs'),(8505,1,1,'distingue'),(9746,1,1,'dit'),(20728,1,1,'divers'),(9692,1,1,'divin'),(17243,1,1,'divine'),(9976,1,1,'dmo09'),(9201,1,1,'dmo10'),(9265,1,1,'dmo13'),(9332,1,1,'dmo14'),(9803,1,1,'dmo16'),(9509,1,1,'dmo18'),(9461,1,1,'dmo21'),(9743,1,1,'dmo24'),(9916,1,1,'dmo27'),(10035,1,1,'dmo28'),(9616,1,1,'dmo30'),(9679,1,1,'dmo31'),(9562,1,1,'dmo33'),(10432,1,1,'dmo37'),(10386,1,1,'dmo38'),(10261,1,1,'dmo39'),(10558,1,1,'dmo40'),(10341,1,1,'dmo41'),(10303,1,1,'dmo44'),(10698,1,1,'dmo47'),(10997,1,1,'dmo49'),(10784,1,1,'dmo50'),(10867,1,1,'dmo51'),(10734,1,1,'dmo52'),(10830,1,1,'dmo55'),(10095,1,1,'dmp25'),(8165,1,1,'dodues'),(23727,1,1,'dog'),(15275,1,1,'dogs'),(21223,1,1,'doivent'),(14178,1,1,'domaine'),(8176,1,1,'donnant'),(6076,1,1,'donne'),(2187,1,1,'donnent'),(16775,1,1,'donner'),(12916,1,1,'donnera'),(6386,1,1,'dont'),(10431,1,1,'dor'),(9919,1,1,'dorado'),(20210,1,1,'dore'),(24169,1,1,'doree'),(2205,1,1,'dores'),(9753,1,1,'dose'),(20726,1,1,'dote'),(24873,1,1,'dotee'),(16847,1,1,'double'),(7461,1,1,'douce'),(12755,1,1,'doucement'),(7714,1,1,'douces'),(6515,1,1,'douceur'),(19243,1,1,'doudou'),(24587,1,1,'doudouceur'),(19795,1,1,'douleurs'),(20826,1,1,'doute'),(5514,1,1,'doux'),(15710,1,1,'dreche'),(15762,1,1,'dreches'),(24790,1,1,'dune'),(23841,1,1,'dunes'),(16547,1,1,'dur'),(2157,1,1,'durant'),(5985,1,1,'eau'),(17879,1,1,'eau-de-vie'),(17878,1,1,'eaudevie'),(6516,1,1,'echalote'),(6512,1,1,'echalotes'),(23283,1,1,'echalottes'),(19398,1,1,'eclair'),(19538,1,1,'eclairs'),(20325,1,1,'eclat'),(15210,1,1,'eclatant'),(13503,1,1,'eclate'),(22376,1,1,'eclats'),(19390,1,1,'ecole'),(5631,1,1,'ecologique'),(5630,1,1,'economique'),(13165,1,1,'ecorces'),(25192,1,1,'ecossaise'),(6379,1,1,'ecosysteme'),(24589,1,1,'eczema'),(27304,1,1,'edelweiss'),(8381,1,1,'effet'),(7047,1,1,'efficace'),(24167,1,1,'effiloche'),(23209,1,1,'effiloches'),(8375,1,1,'egaiera'),(10216,1,1,'egalement'),(6266,1,1,'elabore'),(25557,1,1,'elaboree'),(12497,1,1,'elaborees'),(7831,1,1,'elegant'),(24768,1,1,'elegante'),(6366,1,1,'elements'),(8175,1,1,'eleve'),(21048,1,1,'elever'),(21222,1,1,'eleveurs'),(7466,1,1,'elimine'),(2160,1,1,'eliminer'),(24553,1,1,'eloigne'),(21831,1,1,'embalees'),(7074,1,1,'emballage'),(20333,1,1,'emballages'),(25480,1,1,'emballe'),(20331,1,1,'emballes'),(25094,1,1,'embryonnaire'),(20776,1,1,'emerveilleront'),(27305,1,1,'emmental'),(9805,1,1,'emoustiller'),(8180,1,1,'empeche'),(24395,1,1,'emploie'),(8514,1,1,'employe'),(8386,1,1,'employee'),(6939,1,1,'emulsionnee'),(16052,1,1,'enchante'),(18811,1,1,'enchantement'),(21240,1,1,'enchantez'),(19146,1,1,'endos'),(22915,1,1,'endroit'),(21236,1,1,'energie'),(13287,1,1,'enfance'),(19151,1,1,'enfant'),(7863,1,1,'enfants'),(20321,1,1,'enfilent'),(9214,1,1,'enfournez'),(21218,1,1,'engagement'),(6378,1,1,'engendrent'),(9218,1,1,'enivrer'),(7022,1,1,'enleve'),(13935,1,1,'enrhumes'),(26694,1,1,'enrobe'),(10706,1,1,'enrobees'),(11671,1,1,'enrobes'),(22916,1,1,'ensoleille'),(25875,1,1,'ensoleillees'),(20779,1,1,'ensuite'),(20127,1,1,'entier'),(21510,1,1,'entierement'),(13816,1,1,'entieres'),(10999,1,1,'entiers'),(9809,1,1,'entre'),(9339,1,1,'entree'),(15713,1,1,'entreprise'),(19527,1,1,'entretien'),(6285,1,1,'envahi'),(25040,1,1,'enveloppant'),(25263,1,1,'enveloppante'),(18813,1,1,'enveloppent'),(21219,1,1,'envers'),(7848,1,1,'environ'),(24992,1,1,'environnement'),(18967,1,1,'envolees'),(10793,1,1,'epatant'),(18293,1,1,'epater'),(10739,1,1,'epatera'),(19198,1,1,'epaule'),(15319,1,1,'epice'),(9918,1,1,'epicee'),(15140,1,1,'epicees'),(9225,1,1,'epices'),(8374,1,1,'epicuriens'),(7043,1,1,'epiderme'),(10737,1,1,'epinards'),(17605,1,1,'eponge'),(9808,1,1,'equilibre'),(9281,1,1,'erable'),(9512,1,1,'erabliere'),(15619,1,1,'erythritol'),(15614,1,1,'erytritole'),(22562,1,1,'espace'),(23588,1,1,'espagnol'),(20735,1,1,'espece'),(6385,1,1,'especes'),(9514,1,1,'essayer'),(5991,1,1,'essayez'),(6021,1,1,'essayez-'),(6105,1,1,'essayez-le'),(15187,1,1,'essayez-les'),(6104,1,1,'essayezle'),(15186,1,1,'essayezles'),(17698,1,1,'essence'),(8607,1,1,'essentiel'),(24665,1,1,'essentielle'),(24560,1,1,'essentielles'),(23279,1,1,'estival'),(10835,1,1,'estivale'),(10783,1,1,'estragon'),(25093,1,1,'etait'),(25591,1,1,'etats'),(25594,1,1,'etats-unis'),(25593,1,1,'etatsunis'),(8399,1,1,'etc'),(7871,1,1,'eteindre'),(7875,1,1,'eteinte'),(9751,1,1,'etendez'),(19244,1,1,'etiquette'),(18154,1,1,'etoilee'),(18972,1,1,'etonnera'),(7845,1,1,'eucalyptus'),(18372,1,1,'eurasie'),(7049,1,1,'europaea'),(7853,1,1,'europeenne'),(18965,1,1,'eveiller'),(21526,1,1,'evitee'),(16454,1,1,'evolue'),(5830,1,1,'excellent'),(15276,1,1,'excellente'),(2186,1,1,'exceptionnelles'),(18968,1,1,'exclusifs'),(2167,1,1,'excuse'),(7456,1,1,'exfoliante'),(13124,1,1,'exotique'),(16099,1,1,'exotiques'),(22514,1,1,'exotisme'),(20153,1,1,'experience'),(6299,1,1,'expiration'),(18151,1,1,'explose'),(23497,1,1,'explosion'),(26625,1,1,'expresso'),(10744,1,1,'exquis'),(10391,1,1,'exquises'),(20317,1,1,'exterieur'),(2146,1,1,'extra'),(7605,1,1,'extract'),(10346,1,1,'extrait'),(15866,1,1,'exuberant'),(16213,1,1,'fabrique'),(11634,1,1,'fabriquees'),(5624,1,1,'fabuleux'),(6190,1,1,'facile'),(21556,1,1,'facilement'),(20313,1,1,'faciles'),(16449,1,1,'facon'),(25300,1,1,'fades'),(10795,1,1,'faible'),(5738,1,1,'faire'),(2168,1,1,'faite'),(23434,1,1,'fajitas'),(9747,1,1,'fallait'),(24282,1,1,'fameux'),(8162,1,1,'familial'),(19394,1,1,'famille'),(21221,1,1,'familles'),(16463,1,1,'fancy'),(10435,1,1,'fans'),(20211,1,1,'farci'),(15922,1,1,'farcie'),(15709,1,1,'farine'),(23346,1,1,'fashion'),(17257,1,1,'fat'),(23284,1,1,'fatali'),(9804,1,1,'faut'),(21389,1,1,'faux'),(21395,1,1,'faux-filet'),(21394,1,1,'fauxfilet'),(15722,1,1,'favori'),(15280,1,1,'fecule'),(7080,1,1,'femmes'),(18152,1,1,'fenouil'),(15213,1,1,'fera'),(7595,1,1,'ferment'),(15962,1,1,'fermentation'),(25010,1,1,'fermentee'),(23894,1,1,'fermentes'),(19397,1,1,'fermeture'),(19537,1,1,'fermetures'),(9626,1,1,'festif'),(21558,1,1,'festin'),(10789,1,1,'feta'),(15858,1,1,'fete'),(20270,1,1,'feu'),(15102,1,1,'feuilles'),(19883,1,1,'feuilletee'),(15138,1,1,'feves'),(21298,1,1,'fibre'),(25071,1,1,'fidele'),(24869,1,1,'fiere'),(9690,1,1,'figues'),(19972,1,1,'filet'),(18095,1,1,'filets'),(7596,1,1,'filtrate'),(2154,1,1,'filtree'),(2176,1,1,'fin'),(23276,1,1,'finale'),(9569,1,1,'fine'),(9623,1,1,'finement'),(5993,1,1,'fines'),(8513,1,1,'finesse'),(24802,1,1,'fini'),(6347,1,1,'finition'),(19962,1,1,'fish'),(6387,1,1,'flamants'),(6344,1,1,'fleur'),(17883,1,1,'fleurie'),(16931,1,1,'fleurs'),(15758,1,1,'fleuve'),(15149,1,1,'flocons'),(5515,1,1,'floral'),(24823,1,1,'florale'),(16054,1,1,'florales'),(25214,1,1,'floraux'),(23786,1,1,'fogo'),(9330,1,1,'foie'),(6099,1,1,'foies'),(25840,1,1,'folie'),(23203,1,1,'folles'),(8167,1,1,'fonce'),(6206,1,1,'fond'),(16452,1,1,'fondante'),(20322,1,1,'fondants'),(12915,1,1,'fondra'),(7857,1,1,'fondre'),(6102,1,1,'fonds'),(10699,1,1,'fondue'),(10312,1,1,'fondues'),(25433,1,1,'foret'),(19062,1,1,'forets'),(5628,1,1,'format'),(22519,1,1,'formats'),(8168,1,1,'forme'),(19921,1,1,'formidable'),(16717,1,1,'fort'),(23657,1,1,'fortes'),(6268,1,1,'fortifie'),(23145,1,1,'forts'),(12432,1,1,'fou'),(15426,1,1,'fouettee'),(23582,1,1,'foule'),(9209,1,1,'four'),(11693,1,1,'fous'),(7590,1,1,'fractionated'),(7487,1,1,'fragrance'),(23721,1,1,'fraiche'),(15763,1,1,'fraiches'),(15887,1,1,'fraicheur'),(5754,1,1,'frais'),(10733,1,1,'fraise'),(5779,1,1,'fraises'),(6074,1,1,'framboise'),(6080,1,1,'framboises'),(25537,1,1,'framboisiers'),(2207,1,1,'franc'),(6517,1,1,'francaise'),(6513,1,1,'francaises'),(5982,1,1,'france'),(24803,1,1,'franche'),(24082,1,1,'fraye'),(27260,1,1,'freddo'),(27409,1,1,'fribourgeois'),(16464,1,1,'fringales'),(15241,1,1,'frire'),(10310,1,1,'frites'),(6014,1,1,'frits'),(20128,1,1,'friture'),(2150,1,1,'froid'),(20267,1,1,'froide'),(6089,1,1,'fromage'),(5774,1,1,'fromages'),(5517,1,1,'fruit'),(17299,1,1,'fruite'),(17956,1,1,'fruite-boise'),(17955,1,1,'fruiteboise'),(22375,1,1,'fruitee'),(22381,1,1,'fruitees'),(5769,1,1,'fruits'),(24162,1,1,'full'),(5997,1,1,'fume'),(9811,1,1,'fumee'),(24439,1,1,'fumees'),(23656,1,1,'fumes'),(23652,1,1,'fumisterie'),(24315,1,1,'fumoir'),(25033,1,1,'fun'),(26041,1,1,'fureur'),(23379,1,1,'fusion'),(15963,1,1,'fut'),(15556,1,1,'gagnant'),(20736,1,1,'gagne'),(18294,1,1,'galerie'),(13571,1,1,'gamme'),(13565,1,1,'ganache'),(22075,1,1,'garantie'),(21227,1,1,'garantir'),(24908,1,1,'garantit'),(27306,1,1,'gardee'),(19138,1,1,'garder'),(26643,1,1,'garni'),(26712,1,1,'garnie'),(14318,1,1,'garnies'),(22831,1,1,'garnir'),(23155,1,1,'garnis'),(9211,1,1,'garnissez'),(13818,1,1,'garniture'),(10218,1,1,'gaspacho'),(15760,1,1,'gaspesienne'),(20011,1,1,'gastronome'),(19053,1,1,'gastronomes'),(23789,1,1,'gastronomie'),(25170,1,1,'gastronomique'),(15405,1,1,'gateau'),(27160,1,1,'gateaux'),(26058,1,1,'geant'),(5772,1,1,'gelee'),(9686,1,1,'gelees'),(16654,1,1,'gene'),(8164,1,1,'generation'),(23953,1,1,'genereuse'),(8174,1,1,'genereusement'),(22385,1,1,'genereuses'),(17953,1,1,'genereux'),(24985,1,1,'genevieve'),(15184,1,1,'genre'),(24707,1,1,'geranium'),(6098,1,1,'gesiers'),(16096,1,1,'gewurztraminer'),(25498,1,1,'ghost'),(10746,1,1,'gibier'),(18666,1,1,'gibiers'),(16873,1,1,'gingembre'),(23583,1,1,'gion'),(17425,1,1,'girofle'),(9865,1,1,'givre'),(6189,1,1,'glacee'),(18295,1,1,'glacer'),(22919,1,1,'glacons'),(15617,1,1,'glucides'),(7719,1,1,'glucoside'),(5522,1,1,'gluten'),(23281,1,1,'glutenberg'),(7591,1,1,'glycerin'),(7726,1,1,'glycerine'),(7599,1,1,'glyceryl'),(20821,1,1,'goberge'),(23149,1,1,'gomme'),(13933,1,1,'gorge'),(16050,1,1,'gorgee'),(18804,1,1,'gorgees'),(25167,1,1,'gose'),(23204,1,1,'gou'),(9204,1,1,'gourmand'),(11630,1,1,'gourmande'),(12496,1,1,'gourmandes'),(8610,1,1,'gourmet'),(17246,1,1,'gousse'),(2210,1,1,'gout'),(15348,1,1,'goute'),(22827,1,1,'goutees'),(20261,1,1,'gouter'),(20495,1,1,'gouteuse'),(18875,1,1,'goutez'),(5971,1,1,'gouts'),(5778,1,1,'gouttes'),(2180,1,1,'grace'),(27063,1,1,'graham'),(21509,1,1,'grain'),(25595,1,1,'graine'),(6955,1,1,'graines'),(10998,1,1,'grains'),(9627,1,1,'graisse'),(2195,1,1,'grand'),(19203,1,1,'grande'),(9749,1,1,'grandes'),(16764,1,1,'grands'),(24099,1,1,'granule'),(9331,1,1,'gras'),(21036,1,1,'grasse'),(20955,1,1,'gratin'),(20959,1,1,'gratine'),(14176,1,1,'gratiner'),(23437,1,1,'gratines'),(16777,1,1,'gravee'),(5995,1,1,'gravlax'),(25633,1,1,'grec'),(8493,1,1,'grecque'),(6377,1,1,'grecques'),(10389,1,1,'grelots'),(5825,1,1,'grenat'),(16267,1,1,'grenoble'),(21557,1,1,'gril'),(14175,1,1,'grill'),(6209,1,1,'grillade'),(2221,1,1,'grillades'),(9752,1,1,'grille'),(10794,1,1,'grillee'),(10345,1,1,'grillees'),(8618,1,1,'griller'),(5829,1,1,'grilles'),(25935,1,1,'grillez'),(16600,1,1,'griottes'),(16047,1,1,'gris'),(20126,1,1,'gros'),(9272,1,1,'grosse'),(26730,1,1,'grosses'),(18555,1,1,'gruyere'),(23144,1,1,'guacamole'),(23501,1,1,'guajillo'),(25362,1,1,'guerrier'),(12908,1,1,'guimauves'),(19964,1,1,'guinness'),(12920,1,1,'guise'),(7613,1,1,'gum'),(23595,1,1,'gumes'),(23378,1,1,'habanero'),(23438,1,1,'habaneros'),(9978,1,1,'habilement'),(25169,1,1,'habillement'),(20976,1,1,'hache'),(24240,1,1,'hachee'),(25299,1,1,'hamberger'),(15181,1,1,'hamburger'),(9277,1,1,'hamburgers'),(7612,1,1,'hanthan'),(9223,1,1,'haricots'),(24907,1,1,'harmonie'),(18876,1,1,'harmonieusement'),(23337,1,1,'harmonieux'),(18149,1,1,'harmonisation'),(20829,1,1,'hausser'),(8508,1,1,'haute'),(20729,1,1,'hautes'),(730,1,1,'hauteur'),(25372,1,1,'herbace'),(25283,1,1,'herbacee'),(24875,1,1,'herbacees'),(23592,1,1,'herbale'),(23955,1,1,'herbe'),(15754,1,1,'herbes'),(9573,1,1,'heure'),(20330,1,1,'heures'),(10700,1,1,'heureux'),(17362,1,1,'hibiscus'),(17367,1,1,'hibisus'),(21051,1,1,'high'),(23586,1,1,'hollandais'),(6006,1,1,'homard'),(7027,1,1,'homme'),(7079,1,1,'hommes'),(15214,1,1,'honneur'),(23271,1,1,'hop'),(24171,1,1,'hormone'),(15147,1,1,'hot'),(15282,1,1,'hot-dogs'),(15281,1,1,'hotdogs'),(16550,1,1,'hote'),(23285,1,1,'houblon'),(23277,1,1,'houblonne'),(24771,1,1,'houblonnee'),(23274,1,1,'houblons'),(23152,1,1,'https'),(6279,1,1,'hui'),(2143,1,1,'huile'),(21047,1,1,'huiler'),(24559,1,1,'huiles'),(23495,1,1,'huileuse'),(5620,1,1,'huilier'),(9219,1,1,'huit'),(25560,1,1,'huitres'),(2070,1,1,'humeur'),(10839,1,1,'hummm'),(15723,1,1,'hummus'),(24555,1,1,'hydratant'),(7579,1,1,'hydratation'),(24590,1,1,'hydrate'),(7463,1,1,'hydrater'),(14098,1,1,'hydromel'),(7058,1,1,'hydroxide'),(20065,1,1,'ici'),(23594,1,1,'ide'),(5895,1,1,'ideal'),(15889,1,1,'idealdes'),(13482,1,1,'ideale'),(18809,1,1,'ideales'),(21613,1,1,'idee'),(7616,1,1,'ifra'),(15378,1,1,'ile'),(23580,1,1,'image'),(16497,1,1,'impeccable'),(7712,1,1,'impeccablement'),(24791,1,1,'imperiale'),(19532,1,1,'impermeables'),(5734,1,1,'importation'),(16770,1,1,'importe'),(25036,1,1,'impressionnant'),(21436,1,1,'impressionneron'),(7467,1,1,'impuretes'),(18150,1,1,'inattendue'),(7589,1,1,'inci'),(21234,1,1,'incluant'),(17300,1,1,'incomparable'),(5763,1,1,'incontournable'),(16778,1,1,'incontournables'),(12762,1,1,'incorporer'),(27111,1,1,'incruste'),(21832,1,1,'ind'),(24017,1,1,'inde'),(14078,1,1,'indecis'),(24902,1,1,'india'),(23589,1,1,'indien'),(24014,1,1,'indienne'),(16935,1,1,'indiennes'),(20215,1,1,'individuel'),(20318,1,1,'individuelle'),(19886,1,1,'individuellemen'),(20319,1,1,'individuelles'),(18964,1,1,'inedites'),(25212,1,1,'influence'),(23579,1,1,'influences'),(23334,1,1,'infuse'),(23273,1,1,'infusion'),(24417,1,1,'ingredient'),(5760,1,1,'ingredients'),(24526,1,1,'ingredientshach'),(7861,1,1,'ininflammable'),(23593,1,1,'initie'),(16212,1,1,'innova01'),(16239,1,1,'innova02'),(16304,1,1,'innova03'),(16268,1,1,'innova04'),(16336,1,1,'innova05'),(16366,1,1,'innova06'),(16392,1,1,'innova07'),(16417,1,1,'innova08'),(25368,1,1,'innu'),(25370,1,1,'innus'),(6199,1,1,'inoubliable'),(24206,1,1,'inquitez'),(24554,1,1,'insectes'),(21506,1,1,'inspection'),(6950,1,1,'inspirant'),(17142,1,1,'inspiration'),(10831,1,1,'inspire'),(23788,1,1,'inspiree'),(5978,1,1,'inspirera'),(24870,1,1,'instigatrice'),(6077,1,1,'intense'),(6372,1,1,'interessant'),(20316,1,1,'interieur'),(24942,1,1,'interpretation'),(13143,1,1,'inusite'),(18801,1,1,'invitation'),(15867,1,1,'invite'),(9572,1,1,'ipa'),(7473,1,1,'iron'),(26677,1,1,'irresistible'),(24588,1,1,'irritee'),(25096,1,1,'isabelle'),(15961,1,1,'issus'),(5990,1,1,'italie'),(25596,1,1,'italien'),(14165,1,1,'jack'),(16303,1,1,'jack-'),(20723,1,1,'jacques'),(23139,1,1,'jalapeno'),(23840,1,1,'jalapenos'),(7865,1,1,'jamais'),(23347,1,1,'jambon'),(23351,1,1,'jambon-erable'),(23349,1,1,'jambonerable'),(15096,1,1,'jardin'),(15093,1,1,'jardiniere'),(25106,1,1,'jardins'),(19350,1,1,'jaune'),(23954,1,1,'jaunes'),(23574,1,1,'jerk'),(2173,1,1,'jeune'),(23388,1,1,'jim'),(22377,1,1,'joie'),(25211,1,1,'joliette'),(23217,1,1,'jolokia'),(22922,1,1,'joue'),(19153,1,1,'jouet'),(19535,1,1,'jouets'),(2179,1,1,'jour'),(14990,1,1,'journee'),(16004,1,1,'journees'),(9220,1,1,'jours'),(20724,1,1,'judicieux'),(7724,1,1,'juice'),(16817,1,1,'juls01'),(16902,1,1,'juls02'),(16875,1,1,'juls03'),(16848,1,1,'juls04'),(19386,1,1,'jumbo'),(6084,1,1,'jus'),(6297,1,1,'jusqu'),(21619,1,1,'juteuse'),(21039,1,1,'jutosite'),(8154,1,1,'kalamata'),(6288,1,1,'kampot'),(24557,1,1,'karite'),(15022,1,1,'ketchup'),(23792,1,1,'kick'),(14179,1,1,'kildare'),(24166,1,1,'kilos'),(9564,1,1,'kilt'),(26674,1,1,'king'),(27272,1,1,'kirsch'),(13122,1,1,'kiwis'),(26675,1,1,'kong'),(2171,1,1,'koroneiki'),(7618,1,1,'l-ascorbic'),(16548,1,1,'labeur'),(16760,1,1,'labonte'),(16448,1,1,'labp03'),(16495,1,1,'labp06'),(16546,1,1,'labp07'),(16651,1,1,'labp09'),(16592,1,1,'labp11'),(16711,1,1,'labp13'),(16762,1,1,'labp17'),(25535,1,1,'labrador'),(15918,1,1,'lactees'),(23212,1,1,'lactique'),(16302,1,1,'lactose'),(7580,1,1,'laissant'),(7711,1,1,'laisse'),(8184,1,1,'laissees'),(9862,1,1,'laissent'),(7856,1,1,'laisser'),(7459,1,1,'laissera'),(9216,1,1,'laissez'),(22566,1,1,'laissez-vous'),(22565,1,1,'laissezvous'),(11632,1,1,'lait'),(16502,1,1,'laitier'),(10220,1,1,'laitiers'),(10039,1,1,'laitue'),(5743,1,1,'lambrusco'),(5786,1,1,'lambrusco-trebb'),(5782,1,1,'lambruscotrebbi'),(24973,1,1,'lanaudiere'),(24317,1,1,'lanaudois'),(25034,1,1,'lancer'),(23578,1,1,'lange'),(24077,1,1,'langue'),(22279,1,1,'laniere'),(22277,1,1,'lanieres'),(23153,1,1,'lapimenterie'),(18099,1,1,'lapin'),(23895,1,1,'laquelle'),(24308,1,1,'lard'),(24770,1,1,'largement'),(24349,1,1,'lasagne'),(7617,1,1,'lascorbic'),(15103,1,1,'laurier'),(7844,1,1,'lavande'),(7479,1,1,'lavandula'),(734,1,1,'lave'),(737,1,1,'lave-vaisselle'),(17882,1,1,'lavee'),(7481,1,1,'lavender'),(19154,1,1,'laver'),(736,1,1,'lavevaisselle'),(20106,1,1,'lbs'),(7065,1,1,'leaf'),(25497,1,1,'legendaire'),(16653,1,1,'legendaires'),(13460,1,1,'leger'),(25262,1,1,'legere'),(2211,1,1,'legerement'),(2224,1,1,'legumes'),(7069,1,1,'lemon'),(7478,1,1,'lemongrass'),(24081,1,1,'lente'),(25841,1,1,'lentille'),(25838,1,1,'lentilles'),(25031,1,1,'lequel'),(7592,1,1,'leuconostoc'),(20332,1,1,'leurs'),(24242,1,1,'levees'),(10347,1,1,'levure'),(24909,1,1,'liberant'),(7837,1,1,'liege'),(21121,1,1,'lieux'),(10223,1,1,'lime'),(23142,1,1,'limes'),(10829,1,1,'limette'),(9748,1,1,'limiter'),(22392,1,1,'limonade'),(22829,1,1,'limonades'),(7068,1,1,'limonum'),(17256,1,1,'lipides'),(12760,1,1,'liqueur'),(27262,1,1,'liquide'),(9346,1,1,'liquoreux'),(9680,1,1,'lisse'),(6953,1,1,'liste'),(3217,1,1,'litres'),(24163,1,1,'load'),(21040,1,1,'loin'),(19581,1,1,'long'),(20703,1,1,'longe'),(20060,1,1,'longtemps'),(23722,1,1,'longueur'),(19140,1,1,'look'),(13934,1,1,'lors'),(7872,1,1,'lorsqu'),(21053,1,1,'low'),(21058,1,1,'low-medium'),(21056,1,1,'lowmedium'),(5886,1,1,'lui'),(7462,1,1,'lumineuse'),(16554,1,1,'lundi'),(24278,1,1,'luxe'),(24664,1,1,'macerat'),(8158,1,1,'macerent'),(25667,1,1,'machine'),(16365,1,1,'madagascar'),(22386,1,1,'magie'),(23491,1,1,'magma'),(6362,1,1,'magnesium'),(5888,1,1,'magnifique'),(25105,1,1,'magnifiques'),(9567,1,1,'magog'),(9806,1,1,'magret'),(20977,1,1,'maigre'),(6357,1,1,'main'),(7024,1,1,'mains'),(2198,1,1,'maintes'),(5980,1,1,'maints'),(13502,1,1,'mais'),(739,1,1,'maison'),(11641,1,1,'maitre'),(9510,1,1,'majorite'),(10996,1,1,'malabar'),(27465,1,1,'malt'),(15756,1,1,'malt01'),(15806,1,1,'malt02'),(15707,1,1,'malt03'),(25213,1,1,'malte'),(25260,1,1,'maltee'),(15345,1,1,'maman'),(15143,1,1,'mangent'),(12918,1,1,'manger'),(27265,1,1,'mangeurs'),(23959,1,1,'mangue'),(22512,1,1,'mangues'),(16133,1,1,'maniere'),(7578,1,1,'manque'),(24281,1,1,'manquera'),(10385,1,1,'maraicher'),(15065,1,1,'marcelle'),(24551,1,1,'marcheur'),(9691,1,1,'mariage'),(5748,1,1,'marie'),(5831,1,1,'marinade'),(5896,1,1,'marinades'),(15350,1,1,'marine'),(20311,1,1,'marinee'),(15139,1,1,'marinees'),(25558,1,1,'mariner'),(15094,1,1,'marines'),(15759,1,1,'maritime'),(13163,1,1,'marmelade'),(24238,1,1,'master'),(15064,1,1,'matante'),(21035,1,1,'matiere'),(11683,1,1,'matin'),(18803,1,1,'matinal'),(24376,1,1,'matinale'),(15863,1,1,'maturation'),(24698,1,1,'mature'),(2174,1,1,'maturite'),(19793,1,1,'maux'),(5512,1,1,'mavrolia'),(2075,1,1,'maximum'),(10043,1,1,'mayonnaise'),(15912,1,1,'mb01'),(15960,1,1,'mb02'),(15855,1,1,'mb03'),(15884,1,1,'mb04'),(16460,1,1,'mcintosh'),(24525,1,1,'meat'),(7855,1,1,'meche'),(7031,1,1,'medecine'),(7067,1,1,'medica'),(6345,1,1,'mediterranee'),(22071,1,1,'mediterraneen'),(21050,1,1,'medium'),(21057,1,1,'medium-high'),(21055,1,1,'mediumhigh'),(10837,1,1,'meilleur'),(21041,1,1,'meilleure'),(11635,1,1,'meilleurs'),(14073,1,1,'mel'),(9923,1,1,'melange'),(10304,1,1,'melanges'),(9269,1,1,'melangez'),(9577,1,1,'melasse'),(8616,1,1,'melon'),(5780,1,1,'melons'),(19393,1,1,'membres'),(7840,1,1,'memes'),(9566,1,1,'memphre'),(9745,1,1,'menage'),(7484,1,1,'mentha'),(13103,1,1,'menthe'),(25374,1,1,'mentholes'),(21122,1,1,'mention'),(18971,1,1,'menu'),(5770,1,1,'mer'),(8394,1,1,'merveille'),(19971,1,1,'mesclun'),(2071,1,1,'message'),(5776,1,1,'met'),(15861,1,1,'methode'),(8384,1,1,'mets'),(24849,1,1,'mettant'),(9267,1,1,'mettez'),(9289,1,1,'mettez-en'),(9288,1,1,'mettezen'),(9921,1,1,'mettre'),(16211,1,1,'mex'),(23341,1,1,'mexicain'),(23138,1,1,'mexicaine'),(24091,1,1,'mexicains'),(24084,1,1,'mexique'),(21127,1,1,'mi-cuisson'),(23492,1,1,'mia'),(15406,1,1,'miam'),(24710,1,1,'mica'),(22911,1,1,'michaela'),(6380,1,1,'micro'),(12765,1,1,'micro-ondes'),(6392,1,1,'micro-organisme'),(24905,1,1,'microbrassees'),(9565,1,1,'microbrasserie'),(12764,1,1,'microondes'),(6390,1,1,'microorganismes'),(21126,1,1,'micuisson'),(11686,1,1,'midi'),(10866,1,1,'miel'),(16055,1,1,'mielleuses'),(15244,1,1,'mieux'),(21026,1,1,'mignon'),(21117,1,1,'mignons'),(10340,1,1,'mijote'),(20014,1,1,'mijoter'),(23382,1,1,'mijotes'),(10344,1,1,'mijoteuse'),(15911,1,1,'mille'),(15856,1,1,'millebois'),(13837,1,1,'mimo'),(13437,1,1,'mimo03'),(13543,1,1,'mimo11'),(13793,1,1,'mimo12'),(13815,1,1,'mimo14'),(13884,1,1,'mimo17'),(13906,1,1,'mimo18'),(13859,1,1,'mimo19'),(13931,1,1,'mimo21'),(13949,1,1,'mimo22'),(13990,1,1,'mimo24'),(14011,1,1,'mimo25'),(14029,1,1,'mimo26'),(14053,1,1,'mimo28'),(14076,1,1,'mimo29'),(14099,1,1,'mimo31'),(14140,1,1,'mimo32'),(14117,1,1,'mimo33'),(16051,1,1,'mineral'),(6360,1,1,'mineraux'),(26038,1,1,'mini'),(21237,1,1,'minimum'),(19250,1,1,'minky'),(21624,1,1,'minute'),(9215,1,1,'minutes'),(25452,1,1,'minutieusement'),(9619,1,1,'mise'),(22379,1,1,'mishka'),(18805,1,1,'mitonnes'),(10735,1,1,'mixte'),(20264,1,1,'mode'),(5735,1,1,'modene'),(14993,1,1,'moderation'),(25067,1,1,'moderne'),(20164,1,1,'modes'),(6180,1,1,'modifie'),(20734,1,1,'moelleuse'),(25392,1,1,'moeurs'),(25390,1,1,'mohawk'),(2158,1,1,'mois'),(27405,1,1,'moitie'),(27407,1,1,'moitie-moitie'),(27406,1,1,'moitiemoitie'),(27110,1,1,'moka'),(16459,1,1,'moment'),(7026,1,1,'monde'),(25674,1,1,'monsieur'),(16301,1,1,'monterey'),(25011,1,1,'morand'),(10741,1,1,'morceaux'),(19152,1,1,'mordre'),(23661,1,1,'morita'),(19963,1,1,'morue'),(24772,1,1,'mosaic'),(19528,1,1,'motifs'),(11000,1,1,'moudre'),(5894,1,1,'mouillettes'),(25668,1,1,'moule'),(9271,1,1,'moulu'),(16938,1,1,'moulue'),(15811,1,1,'mousse'),(15854,1,1,'mousseux'),(5727,1,1,'mout'),(6931,1,1,'moutarde'),(15211,1,1,'moutardee'),(18730,1,1,'moutardes'),(21622,1,1,'mouvements'),(20271,1,1,'moyen'),(23386,1,1,'moyen-orient'),(19926,1,1,'moyenne'),(23385,1,1,'moyenorient'),(20827,1,1,'mozzarella'),(17365,1,1,'muffin'),(719,1,1,'mug'),(24098,1,1,'mulato'),(5518,1,1,'mur'),(6082,1,1,'mures'),(5890,1,1,'muri'),(5827,1,1,'murs'),(17189,1,1,'muscade'),(21299,1,1,'musculaire'),(19796,1,1,'musculaires'),(16780,1,1,'must'),(18619,1,1,'myrique'),(23956,1,1,'mystere'),(16994,1,1,'nachos'),(23161,1,1,'nachos-tout-gar'),(23158,1,1,'nachostoutgarni'),(25230,1,1,'nano'),(9678,1,1,'nature'),(5759,1,1,'naturel'),(5885,1,1,'naturelle'),(2156,1,1,'naturellement'),(6361,1,1,'naturels'),(23539,1,1,'nectar'),(25101,1,1,'nees'),(25140,1,1,'neipa'),(15618,1,1,'nets'),(27059,1,1,'new'),(27062,1,1,'new-york'),(23431,1,1,'newton'),(27061,1,1,'newyork'),(24440,1,1,'nitrite'),(16217,1,1,'nitrites'),(8171,1,1,'niveau'),(8503,1,1,'niveaux'),(7033,1,1,'noble'),(16465,1,1,'nocturnes'),(17419,1,1,'noel'),(9270,1,1,'noir'),(5509,1,1,'noire'),(5511,1,1,'noires'),(6961,1,1,'noisettes'),(6087,1,1,'noix'),(6949,1,1,'nom'),(25369,1,1,'nomade'),(2074,1,1,'nombre'),(20010,1,1,'nombreux'),(2153,1,1,'non'),(23159,1,1,'non-ogm'),(18158,1,1,'non-traitees'),(23156,1,1,'nonogm'),(18157,1,1,'nontraitees'),(23335,1,1,'nord'),(25371,1,1,'nordique'),(19060,1,1,'nordiques'),(21033,1,1,'normal'),(7852,1,1,'normes'),(8157,1,1,'nos'),(15485,1,1,'nostalgie'),(5516,1,1,'note'),(7838,1,1,'notes'),(23794,1,1,'notre'),(23897,1,1,'nouilles'),(23900,1,1,'nouilles-coreen'),(23899,1,1,'nouillescoreenn'),(21508,1,1,'nourri'),(24661,1,1,'nourrissant'),(24701,1,1,'nourrit'),(19533,1,1,'nourriture'),(15183,1,1,'nouveau'),(26004,1,1,'nouvelle'),(2177,1,1,'novembre'),(24703,1,1,'noyau'),(17697,1,1,'nuances'),(7052,1,1,'nucifera'),(2162,1,1,'nuisible'),(21028,1,1,'nul'),(20062,1,1,'nutritif'),(17248,1,1,'nutritive'),(19534,1,1,'objets'),(22672,1,1,'obtenir'),(10265,1,1,'obtiendrez'),(16771,1,1,'occasion'),(8507,1,1,'occasionne'),(8396,1,1,'occasionnees'),(9750,1,1,'occasions'),(15761,1,1,'ocean'),(5513,1,1,'octobre'),(7073,1,1,'odeur'),(7023,1,1,'odeurs'),(9349,1,1,'oeuf'),(6958,1,1,'oeufs'),(15966,1,1,'offert'),(7830,1,1,'offerte'),(21433,1,1,'offertes'),(24876,1,1,'officielle'),(7063,1,1,'officinalis'),(17952,1,1,'offre'),(24990,1,1,'offrent'),(15720,1,1,'offrir'),(8498,1,1,'offrira'),(10221,1,1,'ogm'),(8515,1,1,'oignions'),(6282,1,1,'oignon'),(6013,1,1,'oignons'),(7050,1,1,'oil'),(6375,1,1,'oiseaux'),(23345,1,1,'old'),(23350,1,1,'old-fashion'),(23348,1,1,'oldfashion'),(7048,1,1,'olea'),(7839,1,1,'olfactives'),(6365,1,1,'oligo'),(6391,1,1,'oligo-elements'),(6389,1,1,'oligoelements'),(2144,1,1,'olive'),(2169,1,1,'olives'),(25303,1,1,'ombelles'),(20103,1,1,'omega'),(6942,1,1,'onctueuse'),(13459,1,1,'onctueux'),(27410,1,1,'onctuosite'),(12757,1,1,'ondes'),(7075,1,1,'ont'),(22387,1,1,'opere'),(21391,1,1,'oppose'),(20161,1,1,'optez'),(19888,1,1,'optimale'),(13166,1,1,'orange'),(17422,1,1,'oranges'),(6381,1,1,'organismes'),(6957,1,1,'orge'),(23380,1,1,'orient'),(17103,1,1,'origan'),(18371,1,1,'originaire'),(5771,1,1,'original'),(6000,1,1,'originale'),(6195,1,1,'originalite'),(21512,1,1,'origine'),(24080,1,1,'originellement'),(10747,1,1,'orignal'),(15379,1,1,'orleans'),(25972,1,1,'orzo'),(22160,1,1,'otes'),(6274,1,1,'ouareau'),(8506,1,1,'oublier'),(20326,1,1,'oublierez'),(12066,1,1,'oubliez'),(24798,1,1,'ouest'),(16100,1,1,'oui'),(5883,1,1,'ouvert'),(6020,1,1,'ouverture'),(6951,1,1,'ouvre'),(7474,1,1,'oxide'),(8179,1,1,'oxydation'),(24564,1,1,'oxyde'),(26728,1,1,'pacane'),(16939,1,1,'pacanes'),(9213,1,1,'pain'),(9684,1,1,'palais'),(23719,1,1,'pale'),(23724,1,1,'pale-ale'),(23723,1,1,'paleale'),(26007,1,1,'palette'),(7056,1,1,'palm'),(24556,1,1,'palme'),(7608,1,1,'palminate'),(16012,1,1,'pamplemousse'),(17245,1,1,'pamplemousses'),(19970,1,1,'paniere'),(24749,1,1,'papaye'),(19968,1,1,'papier'),(5968,1,1,'papilles'),(10392,1,1,'papillote'),(24398,1,1,'paprika'),(22155,1,1,'paquet'),(7850,1,1,'parabenes'),(24766,1,1,'parasol'),(10211,1,1,'parer'),(5765,1,1,'parfait'),(10434,1,1,'parfaite'),(5889,1,1,'parfaitement'),(24310,1,1,'parfaites'),(2206,1,1,'parfum'),(6078,1,1,'parfume'),(22513,1,1,'parfumees'),(6205,1,1,'parfumer'),(23199,1,1,'parfums'),(10791,1,1,'parmesan'),(14172,1,1,'parsemez'),(26060,1,1,'partager'),(20315,1,1,'partages'),(18808,1,1,'partenaires'),(2189,1,1,'particuliere'),(20129,1,1,'particulieremen'),(21301,1,1,'particulieres'),(7584,1,1,'partie'),(21243,1,1,'parties'),(6267,1,1,'partir'),(9268,1,1,'partout'),(23391,1,1,'pasilla'),(7030,1,1,'passant'),(333,1,1,'passe'),(21124,1,1,'passe-partout'),(21123,1,1,'passepartout'),(6215,1,1,'passer'),(11640,1,1,'passion'),(12756,1,1,'pastilles'),(24234,1,1,'pat'),(10705,1,1,'patates'),(9560,1,1,'pate'),(2223,1,1,'pates'),(25030,1,1,'patissier'),(27039,1,1,'patissiere'),(19882,1,1,'patte'),(25538,1,1,'pause'),(18097,1,1,'paves'),(25898,1,1,'pavot'),(14177,1,1,'pdtl'),(7460,1,1,'peau'),(7040,1,1,'peaux'),(13141,1,1,'peches'),(6292,1,1,'pectine'),(7070,1,1,'peel'),(12758,1,1,'pendant'),(18814,1,1,'penetrant'),(10437,1,1,'pense'),(16500,1,1,'penser'),(26059,1,1,'pepites'),(25499,1,1,'pepper'),(24350,1,1,'pepperoni'),(17249,1,1,'per'),(20122,1,1,'perchaude'),(8612,1,1,'perfection'),(6264,1,1,'perles'),(2159,1,1,'permet'),(16135,1,1,'permettre'),(25304,1,1,'persil'),(21296,1,1,'persillage'),(2066,1,1,'personnalisable'),(2067,1,1,'personnalisez'),(16098,1,1,'petales'),(9344,1,1,'petillant'),(6281,1,1,'petit'),(6092,1,1,'petite'),(10704,1,1,'petites'),(9229,1,1,'petits'),(10309,1,1,'petoncles'),(25669,1,1,'petrissage'),(24079,1,1,'peuple'),(23581,1,1,'peuples'),(8392,1,1,'peur'),(12923,1,1,'peut-etre'),(12922,1,1,'peutetre'),(16768,1,1,'peuvent'),(20104,1,1,'phosphore'),(7615,1,1,'phtalates'),(20320,1,1,'pic'),(23343,1,1,'pice'),(23200,1,1,'pices'),(14991,1,1,'pied'),(24280,1,1,'pilee'),(16364,1,1,'pili'),(25282,1,1,'pilsner'),(23214,1,1,'piment'),(16992,1,1,'pimentee'),(15027,1,1,'piments'),(25517,1,1,'pin'),(6368,1,1,'pincee'),(16046,1,1,'pinot'),(24800,1,1,'pins'),(24871,1,1,'pionniere'),(10306,1,1,'piquant'),(16710,1,1,'piquante'),(23787,1,1,'piri'),(23798,1,1,'piri-piri'),(23797,1,1,'piripiri'),(16007,1,1,'piscine'),(6012,1,1,'pistaches'),(24237,1,1,'pit'),(23143,1,1,'pizza'),(23498,1,1,'pizzas'),(11682,1,1,'place'),(25346,1,1,'plaira'),(8373,1,1,'plaire'),(24751,1,1,'plaisante'),(16774,1,1,'plaisir'),(21563,1,1,'plait'),(19918,1,1,'planche'),(7860,1,1,'plane'),(18732,1,1,'plantes'),(19890,1,1,'plaque'),(20334,1,1,'plastique'),(5756,1,1,'plat'),(6203,1,1,'plateau'),(6007,1,1,'plats'),(5627,1,1,'plein'),(20162,1,1,'pleine'),(9508,1,1,'pleurotes'),(6214,1,1,'plus'),(24313,1,1,'plusieurs'),(15970,1,1,'poele'),(20269,1,1,'poelon'),(18807,1,1,'poemes'),(732,1,1,'poids'),(21244,1,1,'point'),(26626,1,1,'pointe'),(26731,1,1,'pointes'),(13566,1,1,'poire'),(15026,1,1,'poires'),(6960,1,1,'poisson'),(2220,1,1,'poissons'),(21731,1,1,'poitrine'),(21611,1,1,'poitrines'),(2212,1,1,'poivre'),(17949,1,1,'poivrees'),(9615,1,1,'poivres'),(10040,1,1,'poivrons'),(13443,1,1,'pollen'),(8173,1,1,'polyphenols'),(21554,1,1,'polyvalence'),(11001,1,1,'polyvalent'),(10865,1,1,'pomme'),(9284,1,1,'pommes'),(18286,1,1,'pommette'),(18297,1,1,'pommettes'),(21471,1,1,'populaire'),(9285,1,1,'porc'),(23208,1,1,'porcs'),(7862,1,1,'portee'),(15616,1,1,'portion'),(16818,1,1,'portions'),(9282,1,1,'porto'),(23499,1,1,'portugais'),(23790,1,1,'portugaise'),(24479,1,1,'portugaises'),(14174,1,1,'position'),(6271,1,1,'possedant'),(8380,1,1,'possede'),(19248,1,1,'possibilite'),(21043,1,1,'possible'),(7832,1,1,'pot'),(25839,1,1,'pots'),(24170,1,1,'pouces'),(23151,1,1,'poudre'),(21517,1,1,'poulailler'),(6003,1,1,'poulet'),(17052,1,1,'pourraient'),(16499,1,1,'pourrait'),(6213,1,1,'pourrez'),(21054,1,1,'poursuivre'),(10212,1,1,'pourtour'),(19136,1,1,'poussee'),(25536,1,1,'pousses'),(23383,1,1,'poutine'),(23395,1,1,'poutine-royal'),(23393,1,1,'poutineroyal'),(12759,1,1,'pouvez'),(24947,1,1,'pouvoir'),(8390,1,1,'pratique'),(23340,1,1,'pre'),(20781,1,1,'prechauffe'),(20268,1,1,'prechauffer'),(12763,1,1,'prefere'),(12761,1,1,'preferee'),(13260,1,1,'preferees'),(22458,1,1,'preference'),(20260,1,1,'preferent'),(13840,1,1,'preferes'),(21515,1,1,'premier'),(2148,1,1,'premiere'),(11674,1,1,'premium'),(15857,1,1,'prend'),(16136,1,1,'prendre'),(22462,1,1,'prenez'),(16820,1,1,'preparation'),(20064,1,1,'prepare'),(17557,1,1,'preparee'),(15613,1,1,'preparees'),(21621,1,1,'preparent'),(10869,1,1,'preparer'),(10343,1,1,'prepares'),(7867,1,1,'pres'),(6287,1,1,'presence'),(2190,1,1,'presentant'),(6185,1,1,'presentation'),(5752,1,1,'presente'),(16655,1,1,'presenter'),(15923,1,1,'presents'),(24804,1,1,'presque'),(2178,1,1,'pressees'),(2149,1,1,'pression'),(26240,1,1,'prestige'),(27271,1,1,'presure'),(2197,1,1,'prete'),(5981,1,1,'pretextes'),(9469,1,1,'prime'),(21438,1,1,'principal'),(15349,1,1,'printemps'),(20009,1,1,'prise'),(12065,1,1,'prises'),(20737,1,1,'privilege'),(22076,1,1,'prix'),(21225,1,1,'processus'),(18403,1,1,'proche'),(16596,1,1,'proches'),(25070,1,1,'procurant'),(21118,1,1,'procurent'),(6276,1,1,'producteur'),(21230,1,1,'producteurs'),(25100,1,1,'produire'),(2165,1,1,'produit'),(8400,1,1,'produits'),(11689,1,1,'profiter'),(16456,1,1,'progresse'),(24745,1,1,'projet'),(21524,1,1,'proliferation'),(21437,1,1,'promesse'),(20259,1,1,'prononce'),(13445,1,1,'propolis'),(2192,1,1,'propose'),(19139,1,1,'propre'),(7713,1,1,'propres'),(8172,1,1,'propriete'),(7038,1,1,'proprietes'),(7042,1,1,'protege'),(20163,1,1,'proteine'),(17259,1,1,'proteines'),(17260,1,1,'proteins'),(20063,1,1,'provenance'),(15708,1,1,'provenant'),(17819,1,1,'prune'),(17822,1,1,'prunes'),(24092,1,1,'public'),(21926,1,1,'puis'),(16457,1,1,'puisqu'),(21034,1,1,'puisque'),(25588,1,1,'puissance'),(2208,1,1,'puissant'),(23591,1,1,'puissante'),(11688,1,1,'puissiez'),(19389,1,1,'pul'),(23280,1,1,'pulpe'),(5983,1,1,'pulpes'),(25301,1,1,'punch'),(6079,1,1,'pur'),(23211,1,1,'puree'),(10390,1,1,'purees'),(7039,1,1,'purifie'),(13572,1,1,'purs'),(5969,1,1,'qualite'),(20730,1,1,'qualites'),(15239,1,1,'quartiers'),(16215,1,1,'quebec'),(16595,1,1,'quebecois'),(5777,1,1,'quelques'),(2214,1,1,'question'),(6010,1,1,'quinoa'),(19059,1,1,'quoi'),(8501,1,1,'quotidien'),(17251,1,1,'quotidienne'),(7588,1,1,'quotidiennes'),(23338,1,1,'rable'),(25672,1,1,'raclette'),(17140,1,1,'radis'),(7593,1,1,'radish'),(24699,1,1,'raffermit'),(20727,1,1,'raffine'),(6358,1,1,'raffinee'),(5521,1,1,'raffinement'),(22158,1,1,'raffolent'),(9279,1,1,'raffolerez'),(7709,1,1,'rafraichissant'),(7457,1,1,'rafraichissante'),(9202,1,1,'ragout'),(18663,1,1,'raifort'),(5728,1,1,'raisin'),(16874,1,1,'raisins'),(15554,1,1,'raison'),(14173,1,1,'rape'),(24018,1,1,'rapee'),(9206,1,1,'rapide'),(23896,1,1,'rapidement'),(20314,1,1,'rapides'),(25589,1,1,'rappelant'),(11694,1,1,'rappelez'),(11699,1,1,'rappelez-vous'),(11697,1,1,'rappelezvous'),(5976,1,1,'rappelle'),(26006,1,1,'rassasier'),(16989,1,1,'rassemble'),(19147,1,1,'ratine'),(23344,1,1,'ration'),(9683,1,1,'ravir'),(21615,1,1,'ravira'),(6097,1,1,'ravivent'),(23958,1,1,'rayon'),(6354,1,1,'rayons'),(23893,1,1,'reaction'),(12063,1,1,'realisee'),(24904,1,1,'realite'),(8160,1,1,'recette'),(24235,1,1,'recettes'),(16776,1,1,'recevoir'),(8379,1,1,'recevra'),(24208,1,1,'rechauffe'),(20773,1,1,'rechauffera'),(12912,1,1,'rechauffez'),(13439,1,1,'recolte'),(6356,1,1,'recoltee'),(25478,1,1,'recoltes'),(15454,1,1,'recommande'),(20328,1,1,'recommandons'),(12921,1,1,'recompense'),(14168,1,1,'reconfortant'),(22673,1,1,'reconfortante'),(22461,1,1,'reconfortera'),(25345,1,1,'reconfortez'),(25348,1,1,'reconfortez-vou'),(25347,1,1,'reconfortezvous'),(20257,1,1,'reconnu'),(7835,1,1,'recouvert'),(26729,1,1,'recouverte'),(11685,1,1,'recouvertes'),(8178,1,1,'recouvrons'),(22832,1,1,'redemanderez'),(5898,1,1,'reduction'),(25844,1,1,'reduire'),(5881,1,1,'reduit'),(5626,1,1,'refaite'),(2204,1,1,'reflets'),(9221,1,1,'refrigerateur'),(6295,1,1,'refrigere'),(6018,1,1,'refrigerer'),(21521,1,1,'refroidi'),(22463,1,1,'regal'),(10045,1,1,'regaler'),(7583,1,1,'regeneratrice'),(24700,1,1,'regenere'),(2184,1,1,'region'),(17957,1,1,'reglisse'),(16761,1,1,'regulier'),(10701,1,1,'rehausse'),(6943,1,1,'rehaussee'),(15099,1,1,'rehausser'),(10745,1,1,'rehaussera'),(19055,1,1,'reintroduire'),(21924,1,1,'rejouira'),(24663,1,1,'relax'),(9810,1,1,'releve'),(18665,1,1,'relevee'),(9980,1,1,'relevees'),(2218,1,1,'relever'),(7032,1,1,'religion'),(15206,1,1,'relish'),(23342,1,1,'rement'),(8181,1,1,'remonter'),(6348,1,1,'remplacant'),(5974,1,1,'remplace'),(9274,1,1,'remplacer'),(25436,1,1,'remplacera'),(22920,1,1,'remplacez'),(5622,1,1,'rempli'),(21392,1,1,'remplie'),(12914,1,1,'remuez'),(23336,1,1,'rencontre'),(24236,1,1,'rencontres'),(20152,1,1,'rend'),(25634,1,1,'rendement'),(9333,1,1,'rendez'),(9335,1,1,'rendez-vous'),(9334,1,1,'rendezvous'),(16553,1,1,'rendre'),(7037,1,1,'renommee'),(26693,1,1,'reodelight'),(9203,1,1,'repas'),(20059,1,1,'repute'),(14077,1,1,'reputes'),(25666,1,1,'requiert'),(2161,1,1,'residu'),(11643,1,1,'resister'),(7034,1,1,'respectable'),(5741,1,1,'respecte'),(21231,1,1,'respectent'),(12919,1,1,'restant'),(22516,1,1,'restants'),(7576,1,1,'restaurer'),(7873,1,1,'reste'),(22389,1,1,'resteront'),(10792,1,1,'resultat'),(20335,1,1,'resultats'),(19149,1,1,'retirer'),(15714,1,1,'retour'),(15320,1,1,'retrouve'),(16652,1,1,'retrouverez'),(13286,1,1,'retrouvez'),(16451,1,1,'reunit'),(16991,1,1,'reussi'),(7834,1,1,'reutilisable'),(22913,1,1,'revampee'),(24309,1,1,'reve'),(24946,1,1,'revisite'),(7728,1,1,'rfficinalis'),(15481,1,1,'rhubarbe'),(15486,1,1,'rhubarbes'),(9915,1,1,'rhum'),(5824,1,1,'riche'),(17302,1,1,'riches'),(2182,1,1,'richesse'),(24558,1,1,'ricin'),(7470,1,1,'ricinus'),(15243,1,1,'rien'),(16045,1,1,'riesling'),(16048,1,1,'riesling-'),(5740,1,1,'rigoureusement'),(18098,1,1,'rillette'),(9462,1,1,'rillettes'),(6212,1,1,'risotto'),(6273,1,1,'riviere'),(23207,1,1,'riz'),(10210,1,1,'robe'),(5826,1,1,'robuste'),(11633,1,1,'roc03'),(12829,1,1,'roc04'),(12868,1,1,'roc05'),(11865,1,1,'roc07'),(11800,1,1,'roc09'),(11736,1,1,'roc19'),(12122,1,1,'roc20'),(11670,1,1,'roc21'),(12062,1,1,'roc23'),(12593,1,1,'roc30'),(12671,1,1,'roc31'),(12632,1,1,'roc32'),(13750,1,1,'roc36'),(13703,1,1,'roc37'),(13612,1,1,'roc38'),(13656,1,1,'roc39'),(13567,1,1,'roc40'),(12750,1,1,'roc45'),(12789,1,1,'roc46'),(12951,1,1,'roc49'),(12909,1,1,'roc50'),(13002,1,1,'roc52'),(13051,1,1,'roc53'),(26620,1,1,'roche'),(26622,1,1,'roche-noire'),(11673,1,1,'rochef'),(26621,1,1,'rochenoire'),(7017,1,1,'romarin'),(7020,1,1,'romarin-citron-'),(7019,1,1,'romarincitronca'),(16132,1,1,'rond'),(5892,1,1,'ronde'),(15180,1,1,'rondelles'),(16057,1,1,'rondeur'),(7594,1,1,'root'),(10738,1,1,'roquette'),(24708,1,1,'rosat'),(9864,1,1,'rose'),(15810,1,1,'rosee'),(7064,1,1,'rosemary'),(6388,1,1,'roses'),(7062,1,1,'rosmarinus'),(6933,1,1,'roti'),(15484,1,1,'rotie'),(6088,1,1,'roties'),(10041,1,1,'rotis'),(5820,1,1,'rouge'),(25108,1,1,'rougeatre'),(5833,1,1,'rouges'),(20721,1,1,'roughy'),(25259,1,1,'rousse'),(5989,1,1,'roux'),(23376,1,1,'royal'),(20057,1,1,'royale'),(7072,1,1,'rspo'),(27204,1,1,'ruby'),(13440,1,1,'ruche'),(16455,1,1,'rythme'),(19385,1,1,'sac'),(11801,1,1,'sachet'),(27263,1,1,'sacideal'),(19975,1,1,'sacs'),(21245,1,1,'saignant'),(24984,1,1,'sainte'),(24994,1,1,'sainte-geneviev'),(24993,1,1,'saintegenevieve'),(20272,1,1,'saisir'),(20338,1,1,'saisissant'),(10834,1,1,'saison'),(6009,1,1,'salade'),(2222,1,1,'salades'),(10440,1,1,'sale'),(15755,1,1,'salees'),(6187,1,1,'sales'),(6376,1,1,'salines'),(8393,1,1,'salir'),(15712,1,1,'salsa'),(7469,1,1,'salt'),(10037,1,1,'sandwich'),(14030,1,1,'sandwiches'),(9278,1,1,'sandwichs'),(22912,1,1,'sangria'),(24562,1,1,'sapin'),(7581,1,1,'satinee'),(21393,1,1,'satisfaire'),(10266,1,1,'sauce'),(16137,1,1,'sauces'),(9226,1,1,'saucisse'),(6202,1,1,'saucisses'),(16208,1,1,'saucisson'),(25675,1,1,'saucissons'),(5996,1,1,'saumon'),(8159,1,1,'saumure'),(10308,1,1,'saupoudrer'),(15718,1,1,'saupoudrons'),(5966,1,1,'saura'),(9682,1,1,'sauront'),(23206,1,1,'saute'),(18296,1,1,'sautees'),(2225,1,1,'sautes'),(17695,1,1,'sauvage'),(16011,1,1,'sauvages'),(23432,1,1,'savant'),(2188,1,1,'saveur'),(6371,1,1,'saveurs'),(25792,1,1,'saveursbien'),(5737,1,1,'savoir'),(5785,1,1,'savoir-faire'),(5781,1,1,'savoirfaire'),(7015,1,1,'savon'),(9744,1,1,'savons'),(22564,1,1,'savoure'),(21623,1,1,'savourer'),(6938,1,1,'savoureuse'),(8183,1,1,'savoureuses'),(5897,1,1,'savoureux'),(9694,1,1,'savourez'),(19885,1,1,'scellees'),(7477,1,1,'schoenanthus'),(25556,1,1,'scorbut'),(23717,1,1,'scotch'),(7468,1,1,'sea'),(15916,1,1,'sec'),(15279,1,1,'seche'),(6351,1,1,'sechee'),(6016,1,1,'sechees'),(19156,1,1,'secher'),(12121,1,1,'seches'),(9341,1,1,'secondes'),(8161,1,1,'secret'),(11679,1,1,'secs'),(5739,1,1,'seculaire'),(22515,1,1,'seduira'),(9568,1,1,'seduit'),(7061,1,1,'seed'),(6291,1,1,'sel'),(23146,1,1,'selectionnes'),(5736,1,1,'selon'),(10096,1,1,'semblable'),(25630,1,1,'semi'),(24593,1,1,'sensible'),(7041,1,1,'sensibles'),(9575,1,1,'sept'),(2215,1,1,'sera'),(6284,1,1,'serez'),(15859,1,1,'serieux'),(6947,1,1,'seront'),(23543,1,1,'serres'),(17102,1,1,'servent'),(9336,1,1,'servez'),(15725,1,1,'servez-les'),(15724,1,1,'servezles'),(25631,1,1,'servi'),(16010,1,1,'service'),(22159,1,1,'servies'),(17250,1,1,'serving'),(10042,1,1,'servir'),(16941,1,1,'sesame'),(20824,1,1,'seul'),(16174,1,1,'seyval'),(16934,1,1,'sg01'),(16988,1,1,'sg02'),(17050,1,1,'sg03'),(17100,1,1,'sg05'),(17141,1,1,'sg06'),(17186,1,1,'sg07'),(21920,1,1,'shisk'),(18155,1,1,'sichuan'),(23198,1,1,'sichuanais'),(16505,1,1,'similaire'),(17242,1,1,'simon07'),(17297,1,1,'simon08'),(17696,1,1,'simon09'),(17767,1,1,'simon10'),(17556,1,1,'simon11'),(17604,1,1,'simon12'),(17820,1,1,'simon13'),(17663,1,1,'simon14'),(17363,1,1,'simon15'),(17420,1,1,'simon16'),(17880,1,1,'simon18'),(18148,1,1,'simon19'),(17950,1,1,'simon20'),(18018,1,1,'simon21'),(18094,1,1,'simon23'),(18228,1,1,'simon24'),(18287,1,1,'simon25'),(18368,1,1,'simon28'),(18402,1,1,'simon29'),(18554,1,1,'simon31'),(18621,1,1,'simon33'),(18690,1,1,'simon34'),(18664,1,1,'simon35'),(18800,1,1,'simon37'),(18874,1,1,'simon38'),(18963,1,1,'simon39'),(19050,1,1,'simon40'),(18731,1,1,'simon41'),(9205,1,1,'simple'),(8615,1,1,'simplement'),(24397,1,1,'simples'),(9470,1,1,'simplicite'),(9280,1,1,'sirop'),(6283,1,1,'sirupeux'),(20327,1,1,'sitot'),(24983,1,1,'situe'),(21390,1,1,'situee'),(22378,1,1,'sixieme'),(19839,1,1,'size'),(24524,1,1,'smoked'),(7057,1,1,'sodium'),(6186,1,1,'soient'),(18806,1,1,'soin'),(24660,1,1,'soir'),(17054,1,1,'soiree'),(16713,1,1,'soirees'),(6201,1,1,'soit'),(6959,1,1,'soja'),(6355,1,1,'soleil'),(5629,1,1,'solution'),(11692,1,1,'sommes'),(9574,1,1,'sonne'),(13377,1,1,'sorbet'),(16598,1,1,'sortes'),(21516,1,1,'sortie'),(24991,1,1,'soucieux'),(14957,1,1,'souffle'),(15240,1,1,'souhait'),(19052,1,1,'souhaitons'),(23654,1,1,'soupcon'),(10263,1,1,'soupe'),(24016,1,1,'soupes'),(20493,1,1,'source'),(15715,1,1,'sources'),(21528,1,1,'sous-produit'),(26260,1,1,'sous-vid'),(22074,1,1,'sous-vide'),(21527,1,1,'sousproduit'),(26259,1,1,'sousvid'),(22073,1,1,'sousvide'),(25069,1,1,'soutenue'),(22455,1,1,'souvenir'),(22153,1,1,'souvlaki'),(7828,1,1,'soya'),(24637,1,1,'spaghetti'),(7486,1,1,'spearmint'),(23270,1,1,'special'),(24241,1,1,'specialement'),(22156,1,1,'specialite'),(7028,1,1,'spheres'),(22918,1,1,'sprite'),(25111,1,1,'st-damien'),(20733,1,1,'st-jacques'),(21232,1,1,'standard'),(25110,1,1,'stdamien'),(10433,1,1,'steak'),(7600,1,1,'stearate'),(24638,1,1,'stella'),(15615,1,1,'stevia'),(20732,1,1,'stjacques'),(23659,1,1,'stout'),(21226,1,1,'strict'),(30,1,1,'studio'),(16599,1,1,'style'),(5884,1,1,'subir'),(5749,1,1,'subit'),(18022,1,1,'sublime'),(6369,1,1,'sublimera'),(10224,1,1,'substance'),(25842,1,1,'substitut'),(6944,1,1,'subtil'),(17954,1,1,'subtiles'),(16772,1,1,'succes'),(6211,1,1,'succulent'),(10785,1,1,'succulente'),(21620,1,1,'succulentes'),(19249,1,1,'suce'),(24396,1,1,'sucrant'),(5987,1,1,'sucre'),(21735,1,1,'sucre-sale'),(9687,1,1,'sucree'),(24312,1,1,'sucrees'),(6188,1,1,'sucres'),(21734,1,1,'sucresale'),(18020,1,1,'sud'),(12753,1,1,'suffit'),(15721,1,1,'suggestions'),(27259,1,1,'suisse'),(27360,1,1,'suissesse'),(5625,1,1,'suite'),(21224,1,1,'suivre'),(5762,1,1,'sulfites'),(23590,1,1,'sulte'),(23795,1,1,'sumac'),(19838,1,1,'super'),(25414,1,1,'super-aliment'),(25413,1,1,'superaliment'),(21518,1,1,'superieur'),(20007,1,1,'supreme'),(6198,1,1,'sur'),(25068,1,1,'sure'),(17606,1,1,'sureau'),(24822,1,1,'surf'),(7858,1,1,'surface'),(26249,1,1,'surgele'),(20403,1,1,'surgelees'),(26624,1,1,'surmonte'),(15452,1,1,'surprenant'),(18229,1,1,'surprenante'),(21119,1,1,'surprenants'),(15208,1,1,'surprendra'),(16496,1,1,'surprendre'),(22388,1,1,'surtout'),(7866,1,1,'surveillance'),(16103,1,1,'sushis'),(19157,1,1,'suspendre'),(21214,1,1,'t-bone'),(24247,1,1,'tabasco'),(6349,1,1,'table'),(12495,1,1,'tablette'),(8372,1,1,'tablier'),(6011,1,1,'taboule'),(8395,1,1,'taches'),(16993,1,1,'tacos'),(23961,1,1,'tacos-croustill'),(23960,1,1,'tacoscroustilla'),(24078,1,1,'tai'),(6002,1,1,'tajine'),(23278,1,1,'tale'),(23660,1,1,'tamarin'),(7843,1,1,'tant'),(21921,1,1,'taouk'),(6210,1,1,'tartare'),(23160,1,1,'tartare-de-saum'),(23157,1,1,'tartaredesaumon'),(6001,1,1,'tartares'),(24203,1,1,'tarte'),(13302,1,1,'tartinade'),(15612,1,1,'tartinades'),(13838,1,1,'tartiner'),(17958,1,1,'tasmanie'),(12913,1,1,'tasse'),(24085,1,1,'tats'),(24095,1,1,'tats-unis'),(24093,1,1,'tatsunis'),(19207,1,1,'taupe'),(16008,1,1,'taux'),(21213,1,1,'tbone'),(15242,1,1,'tel'),(22382,1,1,'telllllllement'),(23202,1,1,'tement'),(8185,1,1,'temperature'),(18815,1,1,'temporairement'),(16819,1,1,'temps'),(15921,1,1,'tempura'),(20013,1,1,'tendre'),(20323,1,1,'tendrete'),(8509,1,1,'teneur'),(20154,1,1,'tente'),(16504,1,1,'tenu'),(10388,1,1,'terre'),(9973,1,1,'terrine'),(9463,1,1,'terrines'),(25453,1,1,'territoire'),(2183,1,1,'terroir'),(19794,1,1,'tete'),(16210,1,1,'tex'),(24096,1,1,'tex-mex'),(24088,1,1,'texas'),(24094,1,1,'texmex'),(2068,1,1,'texte'),(6941,1,1,'texture'),(6008,1,1,'thai'),(10441,1,1,'the'),(22394,1,1,'theine'),(10871,1,1,'thon'),(17877,1,1,'thym'),(6095,1,1,'tiede'),(13285,1,1,'timo02'),(13318,1,1,'timo05'),(13301,1,1,'timo06'),(13376,1,1,'timo07'),(13458,1,1,'timo08'),(13481,1,1,'timo09'),(13504,1,1,'timo12'),(5742,1,1,'tire'),(22374,1,1,'tisane'),(22380,1,1,'tisanes'),(19144,1,1,'tissu'),(19531,1,1,'tissus'),(14167,1,1,'tn01'),(14221,1,1,'tn02'),(7606,1,1,'tocopherol'),(25195,1,1,'toffee'),(23210,1,1,'tofu'),(25495,1,1,'tomahawk'),(15717,1,1,'tomate'),(5828,1,1,'tomates'),(23147,1,1,'tomatillos'),(20157,1,1,'tombent'),(14955,1,1,'tomberez'),(18373,1,1,'tomme'),(10430,1,1,'torea'),(12064,1,1,'torrefie'),(23655,1,1,'torrefies'),(10393,1,1,'tortillas'),(5999,1,1,'touche'),(17187,1,1,'touches'),(19148,1,1,'toujours'),(9200,1,1,'toulousain'),(9227,1,1,'toulouse'),(25373,1,1,'toundra'),(22921,1,1,'tour'),(21919,1,1,'tournedos'),(21125,1,1,'tourner'),(9924,1,1,'tournesol'),(27267,1,1,'tournez'),(24161,1,1,'tourtiere'),(7577,1,1,'toute'),(6370,1,1,'toutes'),(22395,1,1,'trace'),(13442,1,1,'traces'),(19056,1,1,'tradition'),(5879,1,1,'traditionnel'),(15862,1,1,'traditionnelle'),(24944,1,1,'traditionnellem'),(16990,1,1,'traditionnelles'),(9275,1,1,'traditionnels'),(25496,1,1,'traditonnel'),(17768,1,1,'traitees'),(2200,1,1,'traits'),(16551,1,1,'tranche'),(9624,1,1,'tranchee'),(5994,1,1,'tranches'),(19058,1,1,'transformaient'),(8170,1,1,'transformation'),(24089,1,1,'transforme'),(8163,1,1,'transmis'),(19391,1,1,'travail'),(21297,1,1,'travers'),(5744,1,1,'trebbiano'),(13105,1,1,'trefle'),(13839,1,1,'tremper'),(15765,1,1,'trempette'),(10311,1,1,'trempettes'),(10302,1,1,'triade'),(2185,1,1,'trifilia'),(14982,1,1,'trio'),(5730,1,1,'trois'),(24746,1,1,'tropical'),(24748,1,1,'tropicaux'),(20731,1,1,'trouvent'),(22914,1,1,'trouver'),(13569,1,1,'truffes'),(18096,1,1,'truite'),(16715,1,1,'tss'),(27205,1,1,'tuesday'),(23837,1,1,'turkey'),(23793,1,1,'twist'),(16716,1,1,'type'),(16594,1,1,'typiquement'),(21228,1,1,'ultime'),(24666,1,1,'ultramarine'),(23197,1,1,'umami'),(725,1,1,'une'),(16097,1,1,'unil01'),(16175,1,1,'unil02'),(16049,1,1,'unil03'),(16131,1,1,'unil04'),(16003,1,1,'unil05'),(5823,1,1,'unique'),(5972,1,1,'uniques'),(24086,1,1,'unis'),(7077,1,1,'unisexe'),(9920,1,1,'unissent'),(21560,1,1,'unit'),(19893,1,1,'unite'),(20777,1,1,'unites'),(25793,1,1,'unpur'),(7604,1,1,'unsaponifiables'),(25391,1,1,'urbanisation'),(24416,1,1,'utilisant'),(2213,1,1,'utilisation'),(2199,1,1,'utilisations'),(10438,1,1,'utilise'),(8382,1,1,'utilisee'),(6191,1,1,'utiliser'),(15145,1,1,'utilisez'),(15152,1,1,'utilisez-les'),(15151,1,1,'utilisezles'),(11677,1,1,'utilisons'),(10832,1,1,'vacances'),(27269,1,1,'vache'),(27408,1,1,'vacherin'),(735,1,1,'vaisselle'),(27519,1,1,'valaisanne'),(25102,1,1,'vallee'),(17254,1,1,'value'),(13505,1,1,'vanille'),(18878,1,1,'variante'),(19540,1,1,'variees'),(18877,1,1,'varier'),(16458,1,1,'variete'),(16601,1,1,'varietes'),(6101,1,1,'veau'),(13860,1,1,'vedette'),(16849,1,1,'vegane'),(15812,1,1,'vegepate'),(21511,1,1,'vegetal'),(10226,1,1,'vegetale'),(17247,1,1,'vegetalien'),(16850,1,1,'vegetarienne'),(25973,1,1,'vegetariennes'),(23545,1,1,'vegetariens'),(20266,1,1,'veille'),(26710,1,1,'velour'),(26711,1,1,'velours'),(7575,1,1,'veloutee'),(20262,1,1,'vendu'),(21559,1,1,'vendue'),(19892,1,1,'vente'),(8504,1,1,'verdatre'),(2209,1,1,'verdure'),(16450,1,1,'verger'),(16773,1,1,'veritable'),(7833,1,1,'verre'),(10213,1,1,'verres'),(2175,1,1,'vers'),(13544,1,1,'verser'),(13106,1,1,'version'),(15061,1,1,'vert'),(2145,1,1,'verte'),(2170,1,1,'vertes'),(23137,1,1,'vertigo'),(23596,1,1,'verts'),(23577,1,1,'veut'),(24087,1,1,'via'),(6103,1,1,'viande'),(5832,1,1,'viandes'),(26258,1,1,'vid'),(19887,1,1,'vide'),(9207,1,1,'videz'),(5986,1,1,'vie'),(5729,1,1,'vieilli'),(15914,1,1,'vieillie'),(5964,1,1,'vieillis'),(20828,1,1,'vient'),(2147,1,1,'vierge'),(18023,1,1,'vieux'),(15865,1,1,'vif'),(24988,1,1,'vignes'),(6269,1,1,'vignoble'),(24744,1,1,'vilains'),(5726,1,1,'vin'),(5722,1,1,'vinaigre'),(17101,1,1,'vinaigrees'),(5764,1,1,'vinaigrette'),(5893,1,1,'vinaigrettes'),(9981,1,1,'vins'),(8166,1,1,'violet'),(7485,1,1,'viridis'),(20105,1,1,'vitamine'),(16178,1,1,'vivacite'),(20214,1,1,'vivre'),(10342,1,1,'voici'),(24941,1,1,'voilee'),(15870,1,1,'vol'),(6100,1,1,'volaille'),(18230,1,1,'volailles'),(9863,1,1,'volontiers'),(15968,1,1,'volume'),(17699,1,1,'volupte'),(5767,1,1,'vos'),(19395,1,1,'voudront'),(20160,1,1,'voulez'),(20166,1,1,'voulez-vous'),(20165,1,1,'voulezvous'),(8228,1,1,'voyage'),(19392,1,1,'voyages'),(19880,1,1,'vrai'),(11735,1,1,'vraies'),(15453,1,1,'vraiment'),(11678,1,1,'vrais'),(7054,1,1,'water'),(19878,1,1,'wellington'),(25344,1,1,'wih'),(25148,1,1,'witbier'),(24246,1,1,'worcestershire'),(20537,1,1,'wow'),(10038,1,1,'wrap'),(7727,1,1,'xanthan'),(23150,1,1,'xanthane'),(7475,1,1,'yellow'),(15380,1,1,'yogourt'),(18810,1,1,'yogourts'),(27060,1,1,'york'),(17823,1,1,'yunnan'),(23544,1,1,'zero'),(23148,1,1,'zeste'),(17421,1,1,'zestes'),(15277,1,1,'zucchinis'),(2108,1,2,'---'),(21286,1,2,'101'),(22507,1,2,'102'),(21379,1,2,'103'),(22616,1,2,'104'),(22777,1,2,'105'),(22821,1,2,'106'),(21112,1,2,'106107'),(22863,1,2,'107'),(21458,1,2,'109'),(21018,1,2,'112'),(21499,1,2,'116'),(21416,1,2,'117'),(22285,1,2,'120'),(22273,1,2,'121'),(22370,1,2,'123'),(22256,1,2,'124'),(21549,1,2,'126'),(20972,1,2,'150'),(16226,1,2,'1546'),(20882,1,2,'157'),(20094,1,2,'172'),(20951,1,2,'173'),(20555,1,2,'174'),(20049,1,2,'175'),(20247,1,2,'177'),(20764,1,2,'182'),(20812,1,2,'184'),(22095,1,2,'192'),(21825,1,2,'194'),(21722,1,2,'197'),(21915,1,2,'200'),(22149,1,2,'207'),(22063,1,2,'209'),(20306,1,2,'221'),(21607,1,2,'222'),(20717,1,2,'224'),(20206,1,2,'225'),(20147,1,2,'229'),(20118,1,2,'233'),(20528,1,2,'236'),(20484,1,2,'238'),(19954,1,2,'240'),(20393,1,2,'241'),(19999,1,2,'245'),(2754,1,2,'250ml'),(22015,1,2,'317'),(19909,1,2,'318'),(21202,1,2,'320'),(753,1,2,'325ml'),(2971,1,2,'500'),(21415,1,2,'aaa'),(768,1,2,'accessories'),(13174,1,2,'agrumes'),(6998,1,2,'ail'),(18426,1,2,'airelle'),(16805,1,2,'alcool'),(15793,1,2,'algues'),(21282,1,2,'aloyaux'),(11719,1,2,'amandes'),(15905,1,2,'ambre'),(10855,1,2,'anana'),(14064,1,2,'ancienne'),(15266,1,2,'aneth'),(15011,1,2,'angeline'),(13293,1,2,'antan'),(9501,1,2,'archer'),(18427,1,2,'argousier'),(15368,1,2,'asperges'),(17132,1,2,'aubergines'),(9549,1,2,'aux'),(16435,1,2,'bacon'),(18002,1,2,'baies'),(5811,1,2,'balsamique'),(19184,1,2,'bandana'),(7560,1,2,'barre'),(13849,1,2,'base'),(15471,1,2,'basilic'),(18652,1,2,'baumier'),(21457,1,2,'bavette'),(19183,1,2,'bavoir'),(5025,1,2,'be22'),(5597,1,2,'be25'),(5706,1,2,'be29'),(5953,1,2,'be34'),(5813,1,2,'be35'),(5871,1,2,'be37'),(6255,1,2,'be38'),(6063,1,2,'be44'),(6166,1,2,'be45'),(6333,1,2,'be47'),(6579,1,2,'be48'),(7000,1,2,'be50'),(8222,1,2,'be52'),(6421,1,2,'be54'),(7113,1,2,'be58'),(7217,1,2,'be59'),(7564,1,2,'be60'),(7816,1,2,'be61'),(7700,1,2,'be62'),(7918,1,2,'be67'),(8598,1,2,'be76'),(8744,1,2,'be77'),(8484,1,2,'be78'),(19185,1,2,'bebe'),(15008,1,2,'bec'),(19187,1,2,'beige'),(15333,1,2,'betteraves'),(13471,1,2,'beurre'),(9604,1,2,'biere'),(21281,1,2,'bifteck'),(16888,1,2,'biscuits'),(10022,1,2,'bison'),(5812,1,2,'blanc'),(16286,1,2,'bleu'),(12164,1,2,'bleuets'),(19188,1,2,'blue'),(21376,1,2,'boeuf'),(15997,1,2,'bois'),(19911,1,2,'boite'),(13959,1,2,'bonbon'),(13940,1,2,'bonbons'),(21283,1,2,'bone'),(7917,1,2,'bougie'),(10025,1,2,'brandy'),(12105,1,2,'bretzels'),(16862,1,2,'brownies'),(9382,1,2,'brulee'),(13450,1,2,'brut'),(8482,1,2,'cadeau'),(7110,1,2,'cafe'),(18392,1,2,'camerise'),(9792,1,2,'canard'),(18274,1,2,'canneberge'),(9962,1,2,'canneberges'),(13114,1,2,'capa'),(13133,1,2,'capa10'),(13154,1,2,'capa11'),(13175,1,2,'capa13'),(15012,1,2,'capa22'),(13274,1,2,'capaa19'),(11717,1,2,'cappuccino'),(15010,1,2,'caprices'),(11652,1,2,'caramel'),(18080,1,2,'cardamome'),(10290,1,2,'cari'),(10293,1,2,'cari-coco'),(10292,1,2,'caricoco'),(17174,1,2,'carottes'),(19509,1,2,'carre'),(9257,1,2,'cassoulet'),(15369,1,2,'cbm01'),(15334,1,2,'cbm02'),(15267,1,2,'cbm03'),(15200,1,2,'cbm04'),(15170,1,2,'cbm05'),(15131,1,2,'cbm07'),(15053,1,2,'cbm08'),(15086,1,2,'cbm10'),(15311,1,2,'cbm11'),(15231,1,2,'cbm12'),(15396,1,2,'cbm14'),(15418,1,2,'cbm15'),(15443,1,2,'cbm16'),(15472,1,2,'cbm17'),(15508,1,2,'cbm18'),(15575,1,2,'cbm19'),(15602,1,2,'cbm20'),(15636,1,2,'cbm32'),(15699,1,2,'cbm33'),(15667,1,2,'cbm36'),(752,1,2,'ceramic'),(5705,1,2,'ceramique'),(17685,1,2,'cerise'),(15417,1,2,'cerises'),(2107,1,2,'characters'),(16168,1,2,'chardonnay'),(18079,1,2,'charentais'),(12937,1,2,'chaud'),(18213,1,2,'chinoises'),(14086,1,2,'choco'),(16917,1,2,'choco-canneberg'),(14089,1,2,'choco-mel'),(16916,1,2,'chococanneberge'),(11655,1,2,'chocolat'),(17592,1,2,'chocolatee'),(14088,1,2,'chocomel'),(2102,1,2,'choice'),(16972,1,2,'choux'),(16975,1,2,'choux-fleurs'),(16974,1,2,'chouxfleurs'),(14153,1,2,'chutney'),(6062,1,2,'citron'),(19818,1,2,'cm01'),(19510,1,2,'cm02'),(19599,1,2,'cm03'),(19858,1,2,'cm04'),(19364,1,2,'cm06'),(19223,1,2,'cm07'),(19186,1,2,'cm08'),(19262,1,2,'cm09'),(19562,1,2,'cm10'),(19412,1,2,'cm11'),(10291,1,2,'coco'),(24692,1,2,'coeur'),(8481,1,2,'coffret'),(19361,1,2,'collection'),(26744,1,2,'complet'),(19041,1,2,'compote'),(6330,1,2,'confit'),(15844,1,2,'confits'),(13131,1,2,'confiture'),(18866,1,2,'confitures'),(21374,1,2,'contre'),(21378,1,2,'contre-filet'),(21377,1,2,'contrefilet'),(15198,1,2,'cornichons'),(17229,1,2,'courges'),(15310,1,2,'courgette'),(17091,1,2,'courgettes'),(19219,1,2,'couvre'),(19222,1,2,'couvre-epaule'),(19221,1,2,'couvreepaule'),(15743,1,2,'craquelins'),(12777,1,2,'creation'),(6254,1,2,'creme'),(12939,1,2,'cuillere'),(7108,1,2,'cuisine'),(2099,1,2,'customizable'),(2100,1,2,'customize'),(14212,1,2,'daniel'),(15996,1,2,'dans'),(62,1,2,'demo'),(82,1,2,'design'),(10026,1,2,'dmo09'),(9259,1,2,'dmo10'),(9321,1,2,'dmo13'),(9385,1,2,'dmo14'),(9851,1,2,'dmo16'),(9551,1,2,'dmo18'),(9502,1,2,'dmo21'),(9794,1,2,'dmo24'),(9963,1,2,'dmo27'),(10083,1,2,'dmo28'),(9667,1,2,'dmo30'),(9732,1,2,'dmo31'),(9605,1,2,'dmo33'),(10469,1,2,'dmo37'),(10423,1,2,'dmo38'),(10294,1,2,'dmo39'),(10602,1,2,'dmo40'),(10380,1,2,'dmo41'),(10335,1,2,'dmo44'),(10725,1,2,'dmo47'),(11020,1,2,'dmo49'),(10819,1,2,'dmo50'),(10896,1,2,'dmo51'),(10775,1,2,'dmo52'),(10856,1,2,'dmo55'),(10140,1,2,'dmp25'),(10468,1,2,'dor'),(16863,1,2,'double'),(19362,1,2,'douce'),(19260,1,2,'doudou'),(17926,1,2,'eau'),(17930,1,2,'eau-de-vie'),(17929,1,2,'eaudevie'),(6576,1,2,'echalotes'),(13512,1,2,'eclate'),(19409,1,2,'ecologique'),(11849,1,2,'enrobe'),(12108,1,2,'enrobes'),(19220,1,2,'epaule'),(15169,1,2,'epicees'),(14042,1,2,'epices'),(9548,1,2,'erable'),(8743,1,2,'essentiel'),(19261,1,2,'etiquette'),(7561,1,2,'exfoliante'),(2231,1,2,'extra'),(15167,1,2,'feves'),(21375,1,2,'filet'),(18791,1,2,'fines'),(6418,1,2,'fleur'),(16973,1,2,'fleurs'),(9383,1,2,'foie'),(12778,1,2,'fondue'),(8355,1,2,'format'),(11721,1,2,'four'),(18356,1,2,'frais'),(10774,1,2,'fraise'),(15442,1,2,'fraises'),(6165,1,2,'framboise'),(6578,1,2,'framboises'),(6577,1,2,'francaises'),(2235,1,2,'froid'),(16285,1,2,'fromage'),(18952,1,2,'fromages'),(15052,1,2,'fruits'),(9850,1,2,'fume'),(13596,1,2,'ganache'),(9500,1,2,'gelee'),(19040,1,2,'gelees'),(16124,1,2,'gewurztraminer'),(16889,1,2,'gingembre'),(12107,1,2,'gluten'),(11654,1,2,'gourmande'),(13513,1,2,'gourmet'),(9384,1,2,'gras'),(8597,1,2,'grecque'),(19366,1,2,'green'),(16288,1,2,'grenoble'),(19511,1,2,'grey'),(11720,1,2,'grillees'),(16086,1,2,'gris'),(12938,1,2,'guimauves'),(15794,1,2,'herbes'),(17409,1,2,'hibiscus'),(767,1,2,'home'),(2228,1,2,'huile'),(5704,1,2,'huilier'),(14107,1,2,'hydromel'),(16229,1,2,'innova01'),(16255,1,2,'innova02'),(16322,1,2,'innova03'),(16289,1,2,'innova04'),(16352,1,2,'innova05'),(16382,1,2,'innova06'),(16407,1,2,'innova07'),(16436,1,2,'innova08'),(14211,1,2,'jack'),(16321,1,2,'jack-'),(15128,1,2,'jardiniere'),(16836,1,2,'juls01'),(16918,1,2,'juls02'),(16892,1,2,'juls03'),(16864,1,2,'juls04'),(19411,1,2,'jumbo'),(8221,1,2,'kalamata'),(15051,1,2,'ketchup'),(13132,1,2,'kiwis'),(16803,1,2,'labonte'),(16488,1,2,'labp03'),(16538,1,2,'labp06'),(16584,1,2,'labp07'),(16700,1,2,'labp09'),(16641,1,2,'labp11'),(16751,1,2,'labp13'),(16806,1,2,'labp17'),(16320,1,2,'lactose'),(11656,1,2,'lait'),(15129,1,2,'legumes'),(15009,1,2,'les'),(19598,1,2,'long'),(16381,1,2,'madagascar'),(7699,1,2,'mains'),(13511,1,2,'mais'),(15796,1,2,'malt01'),(15845,1,2,'malt02'),(15744,1,2,'malt03'),(15168,1,2,'marinees'),(15130,1,2,'marines'),(13173,1,2,'marmelade'),(2105,1,2,'maximum'),(15955,1,2,'mb01'),(15998,1,2,'mb02'),(15878,1,2,'mb03'),(15906,1,2,'mb04'),(10773,1,2,'mechand'),(6420,1,2,'mediterranee'),(14087,1,2,'mel'),(18078,1,2,'melon'),(13113,1,2,'menthe'),(7563,1,2,'mer'),(2103,1,2,'message'),(16228,1,2,'mex'),(10818,1,2,'miel'),(10379,1,2,'mijote'),(15953,1,2,'mille'),(13850,1,2,'mimo'),(13451,1,2,'mimo03'),(13557,1,2,'mimo11'),(13807,1,2,'mimo12'),(13829,1,2,'mimo14'),(13896,1,2,'mimo17'),(13920,1,2,'mimo18'),(13874,1,2,'mimo19'),(13941,1,2,'mimo21'),(13960,1,2,'mimo22'),(14001,1,2,'mimo24'),(14021,1,2,'mimo25'),(14043,1,2,'mimo26'),(14065,1,2,'mimo28'),(14090,1,2,'mimo29'),(14108,1,2,'mimo31'),(14154,1,2,'mimo32'),(14125,1,2,'mimo33'),(19363,1,2,'minky'),(10422,1,2,'mix'),(16319,1,2,'monterey'),(926,1,2,'mood'),(15877,1,2,'mousseux'),(6997,1,2,'moutarde'),(18790,1,2,'moutardes'),(751,1,2,'mug'),(18651,1,2,'myrique'),(9731,1,2,'nature'),(17479,1,2,'noel'),(10024,1,2,'noir'),(5596,1,2,'noire'),(18003,1,2,'noires'),(13330,1,2,'noisettes'),(16287,1,2,'noix'),(2106,1,2,'number'),(14210,1,2,'oignon'),(6331,1,2,'oignons'),(2229,1,2,'olive'),(8220,1,2,'olives'),(13387,1,2,'orange'),(17285,1,2,'pamplemousse'),(16835,1,2,'parmesan'),(15954,1,2,'pas'),(9603,1,2,'pate'),(16834,1,2,'pates'),(13153,1,2,'peches'),(6332,1,2,'perles'),(16802,1,2,'petillant'),(19561,1,2,'petit'),(15601,1,2,'petits'),(16380,1,2,'pili'),(19512,1,2,'pink'),(16085,1,2,'pinot'),(16750,1,2,'piquante'),(9550,1,2,'pleurotes'),(13597,1,2,'poire'),(16536,1,2,'poires'),(21721,1,2,'poitrines'),(10023,1,2,'poivre'),(18004,1,2,'poivrees'),(9666,1,2,'poivres'),(13472,1,2,'pomme'),(16487,1,2,'pommes'),(18355,1,2,'pommette'),(13251,1,2,'porto'),(2233,1,2,'premiere'),(2234,1,2,'pression'),(17865,1,2,'prune'),(13734,1,2,'pur'),(16891,1,2,'quinoa'),(2104,1,2,'quote'),(17175,1,2,'radis'),(7815,1,2,'rafraichissant'),(7562,1,2,'rafraichissante'),(18682,1,2,'raifort'),(16890,1,2,'raisins'),(19508,1,2,'reconfortant'),(11718,1,2,'recouvert'),(11914,1,2,'recouvertes'),(19365,1,2,'red'),(16804,1,2,'regulier'),(15230,1,2,'relish'),(19410,1,2,'reutilisable'),(15507,1,2,'rhubarbe'),(9961,1,2,'rhum'),(16084,1,2,'riesling'),(16087,1,2,'riesling-'),(9791,1,2,'rillettes'),(10253,1,2,'robe'),(11657,1,2,'roc03'),(12852,1,2,'roc04'),(12891,1,2,'roc05'),(11915,1,2,'roc07'),(11850,1,2,'roc09'),(11784,1,2,'roc19'),(12166,1,2,'roc20'),(11722,1,2,'roc21'),(12109,1,2,'roc23'),(12617,1,2,'roc30'),(12694,1,2,'roc31'),(12656,1,2,'roc32'),(13779,1,2,'roc36'),(13735,1,2,'roc37'),(13642,1,2,'roc38'),(13687,1,2,'roc39'),(13598,1,2,'roc40'),(12779,1,2,'roc45'),(12817,1,2,'roc46'),(12985,1,2,'roc49'),(12940,1,2,'roc50'),(13034,1,2,'roc52'),(13084,1,2,'roc53'),(7109,1,2,'romarin'),(7112,1,2,'romarin-citron-'),(7111,1,2,'romarincitronca'),(16039,1,2,'rose'),(6999,1,2,'roti'),(5870,1,2,'rouge'),(19408,1,2,'sac'),(15367,1,2,'salade'),(11653,1,2,'sale'),(15795,1,2,'salees'),(17044,1,2,'salsa'),(12106,1,2,'sans'),(16225,1,2,'saucisson'),(17755,1,2,'sauvage'),(17350,1,2,'sauvages'),(8483,1,2,'saveurs'),(7107,1,2,'savon'),(10082,1,2,'sechees'),(12165,1,2,'seches'),(6419,1,2,'sel'),(16200,1,2,'seyval'),(16976,1,2,'sg01'),(17045,1,2,'sg02'),(17092,1,2,'sg03'),(17133,1,2,'sg05'),(17176,1,2,'sg06'),(17230,1,2,'sg07'),(23136,1,2,'shop'),(18275,1,2,'sichuan'),(17286,1,2,'simon07'),(17351,1,2,'simon08'),(17756,1,2,'simon09'),(17810,1,2,'simon10'),(17593,1,2,'simon11'),(17650,1,2,'simon12'),(17867,1,2,'simon13'),(17687,1,2,'simon14'),(17410,1,2,'simon15'),(17480,1,2,'simon16'),(17931,1,2,'simon18'),(18214,1,2,'simon19'),(18005,1,2,'simon20'),(18081,1,2,'simon21'),(18137,1,2,'simon23'),(18276,1,2,'simon24'),(18357,1,2,'simon25'),(18393,1,2,'simon28'),(18428,1,2,'simon29'),(18575,1,2,'simon31'),(18653,1,2,'simon33'),(18720,1,2,'simon34'),(18683,1,2,'simon35'),(18867,1,2,'simon37'),(18953,1,2,'simon38'),(19042,1,2,'simon39'),(19127,1,2,'simon40'),(18792,1,2,'simon41'),(9793,1,2,'sirop'),(19857,1,2,'size'),(14209,1,2,'soupe'),(81,1,2,'studio'),(12655,1,2,'sucre'),(17228,1,2,'sucree'),(15199,1,2,'sucres'),(19856,1,2,'super'),(12983,1,2,'sur'),(17809,1,2,'sureau'),(21285,1,2,'t-bone'),(12616,1,2,'tablette'),(15635,1,2,'tartinade'),(19224,1,2,'taupe'),(21284,1,2,'tbone'),(17686,1,2,'terre'),(10021,1,2,'terrine'),(16227,1,2,'tex'),(2101,1,2,'text'),(17866,1,2,'the'),(17928,1,2,'thym'),(13294,1,2,'timo02'),(13331,1,2,'timo05'),(13310,1,2,'timo06'),(13388,1,2,'timo07'),(13473,1,2,'timo08'),(13493,1,2,'timo09'),(13514,1,2,'timo12'),(14213,1,2,'tn01'),(14264,1,2,'tn02'),(10081,1,2,'tomates'),(10467,1,2,'torea'),(9258,1,2,'toulousain'),(5952,1,2,'traditionnel'),(10334,1,2,'triade'),(15007,1,2,'trio'),(12984,1,2,'une'),(16125,1,2,'unil01'),(16201,1,2,'unil02'),(16088,1,2,'unil03'),(16169,1,2,'unil04'),(16040,1,2,'unil05'),(19910,1,2,'unite'),(16537,1,2,'vanille'),(15085,1,2,'vert'),(2230,1,2,'verte'),(17927,1,2,'vie'),(16434,1,2,'vieilli'),(2232,1,2,'vierge'),(5869,1,2,'vin'),(5810,1,2,'vinaigre'),(13492,1,2,'vinaigrette'),(8356,1,2,'voyage'),(11783,1,2,'vraies'),(109,1,2,'white'),(19367,1,2,'yellow'),(2128,1,3,'---'),(21293,1,3,'101'),(22509,1,3,'102'),(21386,1,3,'103'),(22618,1,3,'104'),(22779,1,3,'105'),(22823,1,3,'106'),(21114,1,3,'106107'),(22865,1,3,'107'),(21463,1,3,'109'),(21022,1,3,'112'),(21501,1,3,'116'),(21424,1,3,'117'),(22287,1,3,'120'),(22275,1,3,'121'),(22372,1,3,'123'),(22260,1,3,'124'),(21551,1,3,'126'),(20974,1,3,'150'),(16233,1,3,'1546'),(20886,1,3,'157'),(20098,1,3,'172'),(20953,1,3,'173'),(20559,1,3,'174'),(20053,1,3,'175'),(20251,1,3,'177'),(20768,1,3,'182'),(20816,1,3,'184'),(22099,1,3,'192'),(21827,1,3,'194'),(21727,1,3,'197'),(21917,1,3,'200'),(22151,1,3,'207'),(22067,1,3,'209'),(20308,1,3,'221'),(21609,1,3,'222'),(20719,1,3,'224'),(20208,1,3,'225'),(20149,1,3,'229'),(20120,1,3,'233'),(20532,1,3,'236'),(20488,1,3,'238'),(19958,1,3,'240'),(20397,1,3,'241'),(20003,1,3,'245'),(2765,1,3,'250ml'),(22019,1,3,'317'),(19913,1,3,'318'),(21206,1,3,'320'),(779,1,3,'325ml'),(2983,1,3,'500'),(21423,1,3,'aaa'),(795,1,3,'accessories'),(2247,1,3,'accueil'),(13178,1,3,'agrumes'),(7007,1,3,'ail'),(18430,1,3,'airelle'),(16813,1,3,'alcool'),(15799,1,3,'algues'),(21289,1,3,'aloyaux'),(11728,1,3,'amandes'),(15908,1,3,'ambre'),(10860,1,3,'anana'),(14068,1,3,'ancienne'),(15270,1,3,'aneth'),(15018,1,3,'angeline'),(13297,1,3,'antan'),(9505,1,3,'archer'),(18431,1,3,'argousier'),(15373,1,3,'asperges'),(17136,1,3,'aubergines'),(9555,1,3,'aux'),(16442,1,3,'bacon'),(18009,1,3,'baies'),(5816,1,3,'balsamique'),(19191,1,3,'bandana'),(7567,1,3,'barre'),(13854,1,3,'base'),(15476,1,3,'basilic'),(18658,1,3,'baumier'),(21462,1,3,'bavette'),(19190,1,3,'bavoir'),(5039,1,3,'be22'),(5609,1,3,'be25'),(5715,1,3,'be29'),(5958,1,3,'be34'),(5818,1,3,'be35'),(5876,1,3,'be37'),(6260,1,3,'be38'),(6069,1,3,'be44'),(6172,1,3,'be45'),(6340,1,3,'be47'),(6586,1,3,'be48'),(7009,1,3,'be50'),(8226,1,3,'be52'),(6426,1,3,'be54'),(7122,1,3,'be58'),(7226,1,3,'be59'),(7571,1,3,'be60'),(7821,1,3,'be61'),(7705,1,3,'be62'),(7922,1,3,'be67'),(8603,1,3,'be76'),(8749,1,3,'be77'),(8490,1,3,'be78'),(19192,1,3,'bebe'),(15016,1,3,'bec'),(19194,1,3,'beige'),(15337,1,3,'betteraves'),(13476,1,3,'beurre'),(9610,1,3,'biere'),(21288,1,3,'bifteck'),(16894,1,3,'biscuits'),(10029,1,3,'bison'),(5817,1,3,'blanc'),(16294,1,3,'bleu'),(12171,1,3,'bleuets'),(21383,1,3,'boeuf'),(16000,1,3,'bois'),(19915,1,3,'boite'),(13964,1,3,'bonbon'),(13944,1,3,'bonbons'),(21290,1,3,'bone'),(7921,1,3,'bougie'),(10032,1,3,'brandy'),(12113,1,3,'bretzels'),(16867,1,3,'brownies'),(9388,1,3,'brulee'),(13454,1,3,'brut'),(8488,1,3,'cadeau'),(7119,1,3,'cafe'),(18396,1,3,'camerise'),(9798,1,3,'canard'),(18280,1,3,'canneberge'),(9968,1,3,'canneberges'),(13118,1,3,'capa'),(13138,1,3,'capa10'),(13159,1,3,'capa11'),(13179,1,3,'capa13'),(15019,1,3,'capa22'),(13279,1,3,'capaa19'),(11726,1,3,'cappuccino'),(15017,1,3,'caprices'),(11660,1,3,'caramel'),(18088,1,3,'cardamome'),(10296,1,3,'cari'),(10299,1,3,'cari-coco'),(10298,1,3,'caricoco'),(17180,1,3,'carottes'),(19518,1,3,'carre'),(9261,1,3,'cassoulet'),(15374,1,3,'cbm01'),(15338,1,3,'cbm02'),(15271,1,3,'cbm03'),(15204,1,3,'cbm04'),(15175,1,3,'cbm05'),(15136,1,3,'cbm07'),(15058,1,3,'cbm08'),(15090,1,3,'cbm10'),(15315,1,3,'cbm11'),(15235,1,3,'cbm12'),(15400,1,3,'cbm14'),(15422,1,3,'cbm15'),(15447,1,3,'cbm16'),(15477,1,3,'cbm17'),(15513,1,3,'cbm18'),(15579,1,3,'cbm19'),(15607,1,3,'cbm20'),(15640,1,3,'cbm32'),(15703,1,3,'cbm33'),(15671,1,3,'cbm36'),(778,1,3,'ceramic'),(5714,1,3,'ceramique'),(17690,1,3,'cerise'),(15421,1,3,'cerises'),(2127,1,3,'characters'),(16171,1,3,'chardonnay'),(18087,1,3,'charentais'),(12944,1,3,'chaud'),(18220,1,3,'chinoises'),(14092,1,3,'choco'),(16924,1,3,'choco-canneberg'),(14095,1,3,'choco-mel'),(16923,1,3,'chococanneberge'),(11663,1,3,'chocolat'),(17598,1,3,'chocolatee'),(14094,1,3,'chocomel'),(2122,1,3,'choice'),(16980,1,3,'choux'),(16983,1,3,'choux-fleurs'),(16982,1,3,'chouxfleurs'),(14159,1,3,'chutney'),(6068,1,3,'citron'),(19828,1,3,'cm01'),(19519,1,3,'cm02'),(19609,1,3,'cm03'),(19869,1,3,'cm04'),(19376,1,3,'cm06'),(19235,1,3,'cm07'),(19193,1,3,'cm08'),(19268,1,3,'cm09'),(19572,1,3,'cm10'),(19422,1,3,'cm11'),(10297,1,3,'coco'),(24695,1,3,'coeur'),(8487,1,3,'coffret'),(19373,1,3,'collection'),(26747,1,3,'complet'),(19046,1,3,'compote'),(6337,1,3,'confit'),(15849,1,3,'confits'),(13136,1,3,'confiture'),(18870,1,3,'confitures'),(21381,1,3,'contre'),(21385,1,3,'contre-filet'),(21384,1,3,'contrefilet'),(15202,1,3,'cornichons'),(17236,1,3,'courges'),(15314,1,3,'courgette'),(17095,1,3,'courgettes'),(19231,1,3,'couvre'),(19234,1,3,'couvre-epaule'),(19233,1,3,'couvreepaule'),(15748,1,3,'craquelins'),(12783,1,3,'creation'),(6259,1,3,'creme'),(12946,1,3,'cuillere'),(7117,1,3,'cuisine'),(2119,1,3,'customizable'),(2120,1,3,'customize'),(14218,1,3,'daniel'),(115,1,3,'demo'),(137,1,3,'design'),(10033,1,3,'dmo09'),(9263,1,3,'dmo10'),(9325,1,3,'dmo13'),(9391,1,3,'dmo14'),(9856,1,3,'dmo16'),(9557,1,3,'dmo18'),(9506,1,3,'dmo21'),(9800,1,3,'dmo24'),(9969,1,3,'dmo27'),(10090,1,3,'dmo28'),(9673,1,3,'dmo30'),(9738,1,3,'dmo31'),(9611,1,3,'dmo33'),(10473,1,3,'dmo37'),(10427,1,3,'dmo38'),(10300,1,3,'dmo39'),(10605,1,3,'dmo40'),(10383,1,3,'dmo41'),(10338,1,3,'dmo44'),(10729,1,3,'dmo47'),(11024,1,3,'dmo49'),(10824,1,3,'dmo50'),(10901,1,3,'dmo51'),(10780,1,3,'dmo52'),(10861,1,3,'dmo55'),(10145,1,3,'dmp25'),(10472,1,3,'dor'),(16868,1,3,'double'),(19374,1,3,'douce'),(19266,1,3,'doudou'),(17937,1,3,'eau'),(17941,1,3,'eau-de-vie'),(17940,1,3,'eaudevie'),(6583,1,3,'echalotes'),(13517,1,3,'eclate'),(19419,1,3,'ecologique'),(11857,1,3,'enrobe'),(12115,1,3,'enrobes'),(19232,1,3,'epaule'),(15174,1,3,'epicees'),(14047,1,3,'epices'),(9554,1,3,'erable'),(8748,1,3,'essentiel'),(19267,1,3,'etiquette'),(7568,1,3,'exfoliante'),(2241,1,3,'extra'),(15172,1,3,'feves'),(21382,1,3,'filet'),(18796,1,3,'fines'),(6423,1,3,'fleur'),(16981,1,3,'fleurs'),(9389,1,3,'foie'),(12784,1,3,'fondue'),(8362,1,3,'format'),(11730,1,3,'four'),(18362,1,3,'frais'),(10779,1,3,'fraise'),(15446,1,3,'fraises'),(6171,1,3,'framboise'),(6585,1,3,'framboises'),(6584,1,3,'francaises'),(2245,1,3,'froid'),(16293,1,3,'fromage'),(18957,1,3,'fromages'),(15057,1,3,'fruits'),(9855,1,3,'fume'),(13604,1,3,'ganache'),(9504,1,3,'gelee'),(19045,1,3,'gelees'),(16127,1,3,'gewurztraminer'),(16895,1,3,'gingembre'),(12114,1,3,'gluten'),(11662,1,3,'gourmande'),(13518,1,3,'gourmet'),(9390,1,3,'gras'),(8602,1,3,'grecque'),(16296,1,3,'grenoble'),(11729,1,3,'grillees'),(16092,1,3,'gris'),(12945,1,3,'guimauves'),(15800,1,3,'herbes'),(17414,1,3,'hibiscus'),(794,1,3,'home'),(2238,1,3,'huile'),(5713,1,3,'huilier'),(14112,1,3,'hydromel'),(16236,1,3,'innova01'),(16261,1,3,'innova02'),(16331,1,3,'innova03'),(16297,1,3,'innova04'),(16358,1,3,'innova05'),(16388,1,3,'innova06'),(16412,1,3,'innova07'),(16443,1,3,'innova08'),(14217,1,3,'jack'),(16330,1,3,'jack-'),(15133,1,3,'jardiniere'),(19377,1,3,'jaune'),(16842,1,3,'juls01'),(16925,1,3,'juls02'),(16898,1,3,'juls03'),(16869,1,3,'juls04'),(19421,1,3,'jumbo'),(8225,1,3,'kalamata'),(15056,1,3,'ketchup'),(13137,1,3,'kiwis'),(16811,1,3,'labonte'),(16492,1,3,'labp03'),(16543,1,3,'labp06'),(16588,1,3,'labp07'),(16705,1,3,'labp09'),(16646,1,3,'labp11'),(16756,1,3,'labp13'),(16814,1,3,'labp17'),(16329,1,3,'lactose'),(11664,1,3,'lait'),(15134,1,3,'legumes'),(19608,1,3,'long'),(16387,1,3,'madagascar'),(7704,1,3,'mains'),(13516,1,3,'mais'),(15802,1,3,'malt01'),(15850,1,3,'malt02'),(15749,1,3,'malt03'),(15173,1,3,'marinees'),(15135,1,3,'marines'),(13177,1,3,'marmelade'),(2125,1,3,'maximum'),(15958,1,3,'mb01'),(16001,1,3,'mb02'),(15881,1,3,'mb03'),(15909,1,3,'mb04'),(10778,1,3,'mechand'),(6425,1,3,'mediterranee'),(14093,1,3,'mel'),(18086,1,3,'melon'),(13117,1,3,'menthe'),(7570,1,3,'mer'),(2123,1,3,'message'),(16235,1,3,'mex'),(10823,1,3,'miel'),(10382,1,3,'mijote'),(15957,1,3,'mille'),(13855,1,3,'mimo'),(13455,1,3,'mimo03'),(13561,1,3,'mimo11'),(13811,1,3,'mimo12'),(13833,1,3,'mimo14'),(13901,1,3,'mimo17'),(13925,1,3,'mimo18'),(13879,1,3,'mimo19'),(13945,1,3,'mimo21'),(13965,1,3,'mimo22'),(14006,1,3,'mimo24'),(14025,1,3,'mimo25'),(14048,1,3,'mimo26'),(14069,1,3,'mimo28'),(14096,1,3,'mimo29'),(14113,1,3,'mimo31'),(14160,1,3,'mimo32'),(14132,1,3,'mimo33'),(19375,1,3,'minky'),(10426,1,3,'mix'),(16328,1,3,'monterey'),(954,1,3,'mood'),(15880,1,3,'mousseux'),(7006,1,3,'moutarde'),(18795,1,3,'moutardes'),(777,1,3,'mug'),(18657,1,3,'myrique'),(9737,1,3,'nature'),(17483,1,3,'noel'),(10031,1,3,'noir'),(5608,1,3,'noire'),(18010,1,3,'noires'),(13336,1,3,'noisettes'),(16295,1,3,'noix'),(2126,1,3,'number'),(14216,1,3,'oignon'),(6338,1,3,'oignons'),(2239,1,3,'olive'),(8224,1,3,'olives'),(13391,1,3,'orange'),(17291,1,3,'pamplemousse'),(16841,1,3,'parmesan'),(9609,1,3,'pate'),(16840,1,3,'pates'),(13158,1,3,'peches'),(6339,1,3,'perles'),(16810,1,3,'petillant'),(19571,1,3,'petit'),(15606,1,3,'petits'),(16386,1,3,'pili'),(16091,1,3,'pinot'),(16755,1,3,'piquante'),(9556,1,3,'pleurotes'),(13605,1,3,'poire'),(16541,1,3,'poires'),(21726,1,3,'poitrines'),(10030,1,3,'poivre'),(18011,1,3,'poivrees'),(9672,1,3,'poivres'),(13477,1,3,'pomme'),(16491,1,3,'pommes'),(18361,1,3,'pommette'),(13255,1,3,'porto'),(2243,1,3,'premiere'),(2244,1,3,'pression'),(17871,1,3,'prune'),(13742,1,3,'pur'),(16897,1,3,'quinoa'),(2124,1,3,'quote'),(17181,1,3,'radis'),(7820,1,3,'rafraichissant'),(7569,1,3,'rafraichissante'),(18686,1,3,'raifort'),(16896,1,3,'raisins'),(19517,1,3,'reconfortant'),(11727,1,3,'recouvert'),(11922,1,3,'recouvertes'),(16812,1,3,'regulier'),(15234,1,3,'relish'),(19420,1,3,'reutilisable'),(15512,1,3,'rhubarbe'),(9967,1,3,'rhum'),(16090,1,3,'riesling'),(16093,1,3,'riesling-'),(9797,1,3,'rillettes'),(10255,1,3,'robe'),(11665,1,3,'roc03'),(12860,1,3,'roc04'),(12899,1,3,'roc05'),(11923,1,3,'roc07'),(11858,1,3,'roc09'),(11792,1,3,'roc19'),(12173,1,3,'roc20'),(11731,1,3,'roc21'),(12116,1,3,'roc23'),(12625,1,3,'roc30'),(12702,1,3,'roc31'),(12664,1,3,'roc32'),(13786,1,3,'roc36'),(13743,1,3,'roc37'),(13649,1,3,'roc38'),(13695,1,3,'roc39'),(13606,1,3,'roc40'),(12785,1,3,'roc45'),(12823,1,3,'roc46'),(12994,1,3,'roc49'),(12947,1,3,'roc50'),(13043,1,3,'roc52'),(13094,1,3,'roc53'),(7118,1,3,'romarin'),(7121,1,3,'romarin-citron-'),(7120,1,3,'romarincitronca'),(16042,1,3,'rose'),(7008,1,3,'roti'),(5875,1,3,'rouge'),(19418,1,3,'sac'),(15372,1,3,'salade'),(11661,1,3,'sale'),(15801,1,3,'salees'),(17047,1,3,'salsa'),(16232,1,3,'saucisson'),(17761,1,3,'sauvage'),(17356,1,3,'sauvages'),(8489,1,3,'saveurs'),(7116,1,3,'savon'),(10089,1,3,'sechees'),(12172,1,3,'seches'),(6424,1,3,'sel'),(16204,1,3,'seyval'),(16984,1,3,'sg01'),(17048,1,3,'sg02'),(17096,1,3,'sg03'),(17137,1,3,'sg05'),(17182,1,3,'sg06'),(17237,1,3,'sg07'),(18281,1,3,'sichuan'),(17292,1,3,'simon07'),(17357,1,3,'simon08'),(17762,1,3,'simon09'),(17815,1,3,'simon10'),(17599,1,3,'simon11'),(17656,1,3,'simon12'),(17872,1,3,'simon13'),(17692,1,3,'simon14'),(17415,1,3,'simon15'),(17484,1,3,'simon16'),(17942,1,3,'simon18'),(18221,1,3,'simon19'),(18012,1,3,'simon20'),(18089,1,3,'simon21'),(18142,1,3,'simon23'),(18282,1,3,'simon24'),(18363,1,3,'simon25'),(18397,1,3,'simon28'),(18432,1,3,'simon29'),(18580,1,3,'simon31'),(18659,1,3,'simon33'),(18725,1,3,'simon34'),(18687,1,3,'simon35'),(18871,1,3,'simon37'),(18958,1,3,'simon38'),(19047,1,3,'simon39'),(19131,1,3,'simon40'),(18797,1,3,'simon41'),(9799,1,3,'sirop'),(19868,1,3,'size'),(14215,1,3,'soupe'),(136,1,3,'studio'),(12663,1,3,'sucre'),(17235,1,3,'sucree'),(15203,1,3,'sucres'),(19867,1,3,'super'),(17814,1,3,'sureau'),(21292,1,3,'t-bone'),(12624,1,3,'tablette'),(15639,1,3,'tartinade'),(19236,1,3,'taupe'),(21291,1,3,'tbone'),(17691,1,3,'terre'),(10028,1,3,'terrine'),(16234,1,3,'tex'),(2121,1,3,'text'),(132,1,3,'the'),(17939,1,3,'thym'),(13298,1,3,'timo02'),(13337,1,3,'timo05'),(13314,1,3,'timo06'),(13392,1,3,'timo07'),(13478,1,3,'timo08'),(13498,1,3,'timo09'),(13519,1,3,'timo12'),(14219,1,3,'tn01'),(14269,1,3,'tn02'),(10088,1,3,'tomates'),(10471,1,3,'torea'),(9262,1,3,'toulousain'),(5957,1,3,'traditionnel'),(10337,1,3,'triade'),(15015,1,3,'trio'),(12993,1,3,'une'),(16128,1,3,'unil01'),(16205,1,3,'unil02'),(16094,1,3,'unil03'),(16172,1,3,'unil04'),(16043,1,3,'unil05'),(19914,1,3,'unite'),(16542,1,3,'vanille'),(15089,1,3,'vert'),(2240,1,3,'verte'),(17938,1,3,'vie'),(16441,1,3,'vieilli'),(2242,1,3,'vierge'),(5874,1,3,'vin'),(5815,1,3,'vinaigre'),(13497,1,3,'vinaigrette'),(8363,1,3,'voyage'),(11791,1,3,'vraies'),(165,1,3,'white'),(143,1,3,'with'),(1399,1,3,'you'),(401,1,3,'your');

--
