--
-- Host: localhost    Database: dev_boutiquelaccopping
-- ------------------------------------------------------


--
-- Table structure for table `bl_access`
--

CREATE TABLE `bl_access` (
  `id_profile` int(10) unsigned NOT NULL,
  `id_authorization_role` int(10) unsigned NOT NULL,
  PRIMARY KEY (`id_profile`,`id_authorization_role`)
) ENGINE=InnoDB DEFAULT CHARSET=utf8mb4;

--
-- Dumping data for table `bl_access`
--

INSERT INTO `bl_access` VALUES (1,1),(1,2),(1,3),(1,4),(1,5),(1,6),(1,7),(1,8),(1,9),(1,10),(1,11),(1,12),(1,13),(1,14),(1,15),(1,16),(1,17),(1,18),(1,19),(1,20),(1,21),(1,22),(1,23),(1,24),(1,25),(1,26),(1,27),(1,28),(1,29),(1,30),(1,31),(1,32),(1,33),(1,34),(1,35),(1,36),(1,37),(1,38),(1,39),(1,40),(1,41),(1,42),(1,43),(1,44),(1,45),(1,46),(1,47),(1,48),(1,49),(1,50),(1,51),(1,52),(1,53),(1,54),(1,55),(1,56),(1,57),(1,58),(1,59),(1,60),(1,61),(1,62),(1,63),(1,64),(1,65),(1,66),(1,67),(1,68),(1,69),(1,70),(1,71),(1,72),(1,73),(1,74),(1,75),(1,76),(1,77),(1,78),(1,79),(1,80),(1,81),(1,82),(1,83),(1,84),(1,85),(1,86),(1,87),(1,88),(1,89),(1,90),(1,91),(1,92),(1,93),(1,94),(1,95),(1,96),(1,97),(1,98),(1,99),(1,100),(1,101),(1,102),(1,103),(1,104),(1,105),(1,106),(1,107),(1,108),(1,109),(1,110),(1,111),(1,112),(1,113),(1,114),(1,115),(1,116),(1,117),(1,118),(1,119),(1,120),(1,121),(1,122),(1,123),(1,124),(1,125),(1,126),(1,127),(1,128),(1,129),(1,130),(1,131),(1,132),(1,133),(1,134),(1,135),(1,136),(1,137),(1,138),(1,139),(1,140),(1,141),(1,142),(1,143),(1,144),(1,145),(1,146),(1,147),(1,148),(1,149),(1,150),(1,151),(1,152),(1,153),(1,154),(1,155),(1,156),(1,157),(1,158),(1,159),(1,160),(1,161),(1,162),(1,163),(1,164),(1,165),(1,166),(1,167),(1,168),(1,169),(1,170),(1,171),(1,172),(1,173),(1,174),(1,175),(1,176),(1,177),(1,178),(1,179),(1,180),(1,181),(1,182),(1,183),(1,184),(1,185),(1,186),(1,187),(1,188),(1,189),(1,190),(1,191),(1,192),(1,193),(1,194),(1,195),(1,196),(1,197),(1,198),(1,199),(1,200),(1,201),(1,202),(1,203),(1,204),(1,205),(1,206),(1,207),(1,208),(1,209),(1,210),(1,211),(1,212),(1,213),(1,214),(1,215),(1,216),(1,217),(1,218),(1,219),(1,220),(1,221),(1,222),(1,223),(1,224),(1,225),(1,226),(1,227),(1,228),(1,229),(1,230),(1,231),(1,232),(1,233),(1,234),(1,235),(1,236),(1,237),(1,238),(1,239),(1,240),(1,241),(1,242),(1,243),(1,244),(1,245),(1,246),(1,247),(1,248),(1,249),(1,250),(1,251),(1,252),(1,253),(1,254),(1,255),(1,256),(1,257),(1,258),(1,259),(1,260),(1,261),(1,262),(1,263),(1,264),(1,265),(1,266),(1,267),(1,268),(1,269),(1,270),(1,271),(1,272),(1,273),(1,274),(1,275),(1,276),(1,277),(1,278),(1,279),(1,280),(1,281),(1,282),(1,283),(1,284),(1,285),(1,286),(1,287),(1,288),(1,289),(1,290),(1,291),(1,292),(1,293),(1,294),(1,295),(1,296),(1,297),(1,298),(1,299),(1,300),(1,301),(1,302),(1,303),(1,304),(1,305),(1,306),(1,307),(1,308),(1,309),(1,310),(1,311),(1,312),(1,313),(1,314),(1,315),(1,316),(1,317),(1,318),(1,319),(1,320),(1,321),(1,322),(1,323),(1,324),(1,325),(1,326),(1,327),(1,328),(1,329),(1,330),(1,331),(1,332),(1,333),(1,334),(1,335),(1,336),(1,337),(1,338),(1,339),(1,340),(1,341),(1,342),(1,343),(1,344),(1,345),(1,346),(1,347),(1,348),(1,349),(1,350),(1,351),(1,352),(1,353),(1,354),(1,355),(1,356),(1,357),(1,358),(1,359),(1,360),(1,361),(1,362),(1,363),(1,364),(1,365),(1,366),(1,367),(1,368),(1,369),(1,370),(1,371),(1,372),(1,373),(1,374),(1,375),(1,376),(1,377),(1,378),(1,379),(1,380),(1,381),(1,382),(1,383),(1,384),(1,385),(1,386),(1,387),(1,388),(1,389),(1,390),(1,391),(1,392),(1,393),(1,394),(1,395),(1,396),(1,397),(1,398),(1,399),(1,400),(1,401),(1,402),(1,403),(1,404),(1,405),(1,406),(1,407),(1,408),(1,409),(1,410),(1,411),(1,412),(1,413),(1,414),(1,415),(1,416),(1,417),(1,418),(1,419),(1,420),(1,421),(1,422),(1,423),(1,424),(1,425),(1,426),(1,427),(1,428),(1,429),(1,430),(1,431),(1,432),(1,433),(1,434),(1,435),(1,436),(1,441),(1,442),(1,443),(1,444),(1,445),(1,446),(1,447),(1,448),(1,449),(1,450),(1,451),(1,452),(1,453),(1,454),(1,455),(1,456),(1,457),(1,458),(1,459),(1,460),(1,469),(1,470),(1,471),(1,472),(1,473),(1,474),(1,475),(1,476),(1,477),(1,478),(1,479),(1,480),(1,481),(1,482),(1,483),(1,484),(1,493),(1,494),(1,495),(1,496),(1,497),(1,498),(1,499),(1,500),(1,633),(1,634),(1,635),(1,636),(1,725),(1,726),(1,727),(1,728),(1,737),(1,738),(1,739),(1,740),(1,741),(1,742),(1,743),(1,744),(1,745),(1,746),(1,747),(1,748),(1,773),(1,774),(1,775),(1,776),(1,777),(1,778),(1,779),(1,780),(1,781),(1,782),(1,783),(1,784),(1,813),(1,814),(1,815),(1,816),(1,817),(1,818),(1,819),(1,820),(1,821),(1,822),(1,823),(1,824),(1,825),(1,826),(1,827),(1,828),(1,829),(1,830),(1,831),(1,832),(1,849),(1,850),(1,851),(1,852),(1,857),(1,858),(1,859),(1,860),(1,861),(1,862),(1,863),(1,864),(1,869),(1,870),(1,871),(1,872),(1,873),(1,874),(1,875),(1,876),(1,877),(1,878),(1,879),(1,880),(1,885),(1,886),(1,887),(1,888),(1,889),(1,890),(1,891),(1,892),(1,897),(1,898),(1,899),(1,900),(1,901),(1,902),(1,903),(1,904),(1,909),(1,910),(1,911),(1,912),(1,917),(1,918),(1,919),(1,920),(1,929),(1,930),(1,931),(1,932),(1,933),(1,934),(1,935),(1,936),(1,949),(1,950),(1,951),(1,952),(1,953),(1,954),(1,955),(1,956),(1,957),(1,958),(1,959),(1,960),(1,965),(1,966),(1,967),(1,968),(1,969),(1,970),(1,971),(1,972),(2,5),(2,6),(2,7),(2,8),(2,29),(2,30),(2,31),(2,32),(2,41),(2,42),(2,43),(2,44),(2,45),(2,46),(2,47),(2,48),(2,81),(2,82),(2,83),(2,84),(2,125),(2,126),(2,127),(2,128),(2,185),(2,186),(2,187),(2,188),(2,205),(2,206),(2,207),(2,208),(2,213),(2,214),(2,215),(2,216),(2,225),(2,226),(2,227),(2,228),(2,238),(2,239),(2,245),(2,246),(2,247),(2,248),(2,265),(2,266),(2,267),(2,268),(2,269),(2,270),(2,271),(2,272),(2,305),(2,306),(2,307),(2,308),(2,317),(2,318),(2,319),(2,320),(2,329),(2,330),(2,331),(2,332),(2,341),(2,342),(2,343),(2,344),(2,373),(2,374),(2,375),(2,376),(2,393),(2,394),(2,395),(2,396),(2,401),(2,402),(2,403),(2,404),(2,417),(2,418),(2,419),(2,420),(2,421),(2,422),(2,423),(2,424),(3,41),(3,42),(3,43),(3,44),(3,45),(3,46),(3,47),(3,48),(3,121),(3,122),(3,123),(3,124),(3,137),(3,138),(3,139),(3,140),(3,221),(3,222),(3,223),(3,224),(3,261),(3,262),(3,263),(3,264),(3,305),(3,306),(3,307),(3,308),(3,321),(3,322),(3,323),(3,324),(3,397),(3,398),(3,399),(3,400),(3,413),(3,414),(3,415),(3,416),(3,417),(3,418),(3,419),(3,420),(3,421),(3,422),(3,423),(3,424),(3,425),(3,426),(3,427),(3,428),(4,0),(4,17),(4,18),(4,19),(4,20),(4,21),(4,22),(4,23),(4,24),(4,41),(4,42),(4,43),(4,44),(4,45),(4,46),(4,47),(4,48),(4,149),(4,150),(4,151),(4,152),(4,193),(4,194),(4,195),(4,196),(4,225),(4,226),(4,227),(4,228),(4,238),(4,239),(4,245),(4,246),(4,247),(4,248),(4,305),(4,306),(4,307),(4,308),(4,353),(4,354),(4,355),(4,356),(4,361),(4,362),(4,363),(4,364),(4,365),(4,366),(4,367),(4,368),(4,373),(4,374),(4,375),(4,376),(4,421),(4,422),(4,423),(4,424);

--
-- Table structure for table `bl_accessory`
--

CREATE TABLE `bl_accessory` (
  `id_product_1` int(10) unsigned NOT NULL,
  `id_product_2` int(10) unsigned NOT NULL,
  KEY `accessory_product` (`id_product_1`,`id_product_2`)
) ENGINE=InnoDB DEFAULT CHARSET=utf8mb4;

--
-- Dumping data for table `bl_accessory`
--


--
-- Table structure for table `bl_address`
--

CREATE TABLE `bl_address` (
  `id_address` int(10) unsigned NOT NULL AUTO_INCREMENT,
  `id_country` int(10) unsigned NOT NULL,
  `id_state` int(10) unsigned DEFAULT NULL,
  `id_customer` int(10) unsigned NOT NULL DEFAULT '0',
  `id_manufacturer` int(10) unsigned NOT NULL DEFAULT '0',
  `id_supplier` int(10) unsigned NOT NULL DEFAULT '0',
  `id_warehouse` int(10) unsigned NOT NULL DEFAULT '0',
  `alias` varchar(32) NOT NULL,
  `company` varchar(255) DEFAULT NULL,
  `lastname` varchar(255) NOT NULL,
  `firstname` varchar(255) NOT NULL,
  `address1` varchar(128) NOT NULL,
  `address2` varchar(128) DEFAULT NULL,
  `postcode` varchar(12) DEFAULT NULL,
  `city` varchar(64) NOT NULL,
  `other` text,
  `phone` varchar(32) DEFAULT NULL,
  `phone_mobile` varchar(32) DEFAULT NULL,
  `vat_number` varchar(32) DEFAULT NULL,
  `dni` varchar(16) DEFAULT NULL,
  `date_add` datetime NOT NULL,
  `date_upd` datetime NOT NULL,
  `active` tinyint(1) unsigned NOT NULL DEFAULT '1',
  `deleted` tinyint(1) unsigned NOT NULL DEFAULT '0',
  PRIMARY KEY (`id_address`),
  KEY `address_customer` (`id_customer`),
  KEY `id_country` (`id_country`),
  KEY `id_state` (`id_state`),
  KEY `id_manufacturer` (`id_manufacturer`),
  KEY `id_supplier` (`id_supplier`),
  KEY `id_warehouse` (`id_warehouse`)
) ENGINE=InnoDB AUTO_INCREMENT=8 DEFAULT CHARSET=utf8mb4;

--
-- Dumping data for table `bl_address`
--

INSERT INTO `bl_address` VALUES (1,4,0,1,0,0,0,'Anonymous','Anonymous','Anonymous','Anonymous','Anonymous','','00000','Anonymous','','0000000000','0000000000','0000','0000','2023-04-06 11:25:56','2023-04-06 11:25:56',1,0),(2,8,0,2,0,0,0,'Mon adresse','My Company','DOE','John','16, Main street','2nd floor','75002','Paris ','','0102030405','','','','2023-04-06 11:26:33','2023-04-06 11:26:33',1,0),(3,21,35,0,0,1,0,'supplier','Fashion','supplier','supplier','767 Fifth Ave.','','10153','New York','','(212) 336-1440','','','','2023-04-06 11:26:33','2023-04-06 11:26:33',1,0),(4,21,35,0,1,0,0,'manufacturer','Fashion','manufacturer','manufacturer','767 Fifth Ave.','','10154','New York','','(212) 336-1666','','','','2023-04-06 11:26:33','2023-04-06 11:26:33',1,0),(5,21,12,2,0,0,0,'My address','My Company','DOE','John','16, Main street','2nd floor','33133','Miami','','0102030405','','','','2023-04-06 11:26:33','2023-04-06 11:26:33',1,0),(6,8,0,0,0,2,0,'accessories_supplier','Accessories and Co','accessories','accessories','42 Avenue Maréchal Soult','','64990','Bayonne','','0102030405','','','','2023-04-06 11:26:33','2023-04-06 11:26:33',1,0),(7,4,90,3,0,0,0,'Mon adresse','','Lapointe','Michel','3213 Carre Bochart','','G1X 1V5','Québec','','','','','','2023-05-04 02:30:27','2023-05-04 02:30:27',1,0);

--
-- Table structure for table `bl_address_format`
--

CREATE TABLE `bl_address_format` (
  `id_country` int(10) unsigned NOT NULL,
  `format` varchar(255) NOT NULL DEFAULT '',
  PRIMARY KEY (`id_country`)
) ENGINE=InnoDB DEFAULT CHARSET=utf8mb4;

--
-- Dumping data for table `bl_address_format`
--

INSERT INTO `bl_address_format` VALUES (1,'firstname lastname\ncompany\nvat_number\naddress1\naddress2\npostcode city\nCountry:name\nphone'),(2,'firstname lastname\ncompany\nvat_number\naddress1\naddress2\npostcode city\nCountry:name\nphone'),(3,'firstname lastname\ncompany\nvat_number\naddress1\naddress2\npostcode city\nCountry:name\nphone'),(4,'firstname lastname\ncompany\naddress1\naddress2\ncity State:name postcode\nCountry:name\nphone'),(5,'firstname lastname\ncompany\nvat_number\naddress1\naddress2\npostcode city\nCountry:name\nphone'),(6,'firstname lastname\ncompany\nvat_number\naddress1\naddress2\npostcode city\nCountry:name\nphone'),(7,'firstname lastname\ncompany\nvat_number\naddress1\naddress2\npostcode city\nCountry:name\nphone'),(8,'firstname lastname\ncompany\nvat_number\naddress1\naddress2\npostcode city\nCountry:name\nphone'),(9,'firstname lastname\ncompany\nvat_number\naddress1\naddress2\npostcode city\nCountry:name\nphone'),(10,'firstname lastname\ncompany\nvat_number\naddress1\naddress2\npostcode city\nState:name\nCountry:name\nphone'),(11,'firstname lastname\ncompany\nvat_number\naddress1\naddress2\npostcode city\nState:name\nCountry:name\nphone'),(12,'firstname lastname\ncompany\nvat_number\naddress1\naddress2\npostcode city\nCountry:name\nphone'),(13,'firstname lastname\ncompany\nvat_number\naddress1\naddress2\npostcode city\nCountry:name\nphone'),(14,'firstname lastname\ncompany\nvat_number\naddress1\naddress2\npostcode city\nCountry:name\nphone'),(15,'firstname lastname\ncompany\nvat_number\naddress1\naddress2\npostcode city\nCountry:name\nphone'),(16,'firstname lastname\ncompany\nvat_number\naddress1\naddress2\npostcode city\nCountry:name\nphone'),(17,'firstname lastname\ncompany\nvat_number\naddress1\naddress2\ncity\npostcode\nCountry:name\nphone'),(18,'firstname lastname\ncompany\nvat_number\naddress1\naddress2\npostcode city\nCountry:name\nphone'),(19,'firstname lastname\ncompany\nvat_number\naddress1\naddress2\npostcode city\nCountry:name\nphone'),(20,'firstname lastname\ncompany\nvat_number\naddress1\naddress2\npostcode city\nCountry:name\nphone'),(21,'firstname lastname\ncompany\naddress1 address2\ncity, State:name postcode\nCountry:name\nphone'),(22,'firstname lastname\ncompany\nvat_number\naddress1\naddress2\npostcode city\nCountry:name\nphone'),(23,'firstname lastname\ncompany\nvat_number\naddress1\naddress2\npostcode city\nCountry:name\nphone'),(24,'firstname lastname\ncompany\nvat_number\naddress1\naddress2\ncity State:iso_code postcode\nCountry:name\nphone'),(25,'firstname lastname\ncompany\nvat_number\naddress1\naddress2\npostcode city\nCountry:name\nphone'),(26,'firstname lastname\ncompany\nvat_number\naddress1\naddress2\npostcode city\nCountry:name\nphone'),(27,'firstname lastname\ncompany\nvat_number\naddress1\naddress2\npostcode city\nCountry:name\nphone'),(28,'firstname lastname\ncompany\nvat_number\naddress1\naddress2\npostcode city\nCountry:name\nphone'),(29,'firstname lastname\ncompany\nvat_number\naddress1\naddress2\npostcode city\nCountry:name\nphone'),(30,'firstname lastname\ncompany\nvat_number\naddress1\naddress2\npostcode city\nCountry:name\nphone'),(31,'firstname lastname\ncompany\nvat_number\naddress1\naddress2\npostcode city\nCountry:name\nphone'),(32,'firstname lastname\ncompany\nvat_number\naddress1\naddress2\npostcode city\nCountry:name\nphone'),(33,'firstname lastname\ncompany\nvat_number\naddress1\naddress2\npostcode city\nCountry:name\nphone'),(34,'firstname lastname\ncompany\nvat_number\naddress1\naddress2\npostcode city\nCountry:name\nphone'),(35,'firstname lastname\ncompany\nvat_number\naddress1\naddress2\npostcode city\nCountry:name\nphone'),(36,'firstname lastname\ncompany\nvat_number\naddress1\naddress2\npostcode city\nCountry:name\nphone'),(37,'firstname lastname\ncompany\nvat_number\naddress1\naddress2\npostcode city\nCountry:name\nphone'),(38,'firstname lastname\ncompany\nvat_number\naddress1\naddress2\npostcode city\nCountry:name\nphone'),(39,'firstname lastname\ncompany\nvat_number\naddress1\naddress2\npostcode city\nCountry:name\nphone'),(40,'firstname lastname\ncompany\nvat_number\naddress1\naddress2\npostcode city\nCountry:name\nphone'),(41,'firstname lastname\ncompany\nvat_number\naddress1\naddress2\npostcode city\nCountry:name\nphone'),(42,'firstname lastname\ncompany\nvat_number\naddress1\naddress2\npostcode city\nCountry:name\nphone'),(43,'firstname lastname\ncompany\nvat_number\naddress1\naddress2\npostcode city\nCountry:name\nphone'),(44,'firstname lastname\ncompany\nvat_number\naddress1\naddress2\npostcode city\nState:name\nCountry:name\nphone'),(45,'firstname lastname\ncompany\nvat_number\naddress1\naddress2\npostcode city\nCountry:name\nphone'),(46,'firstname lastname\ncompany\nvat_number\naddress1\naddress2\npostcode city\nCountry:name\nphone'),(47,'firstname lastname\ncompany\nvat_number\naddress1\naddress2\npostcode city\nCountry:name\nphone'),(48,'firstname lastname\ncompany\nvat_number\naddress1\naddress2\npostcode city\nCountry:name\nphone'),(49,'firstname lastname\ncompany\nvat_number\naddress1\naddress2\npostcode city\nCountry:name\nphone'),(50,'firstname lastname\ncompany\nvat_number\naddress1\naddress2\npostcode city\nCountry:name\nphone'),(51,'firstname lastname\ncompany\nvat_number\naddress1\naddress2\npostcode city\nCountry:name\nphone'),(52,'firstname lastname\ncompany\nvat_number\naddress1\naddress2\npostcode city\nCountry:name\nphone'),(53,'firstname lastname\ncompany\nvat_number\naddress1\naddress2\npostcode city\nCountry:name\nphone'),(54,'firstname lastname\ncompany\nvat_number\naddress1\naddress2\npostcode city\nCountry:name\nphone'),(55,'firstname lastname\ncompany\nvat_number\naddress1\naddress2\npostcode city\nCountry:name\nphone'),(56,'firstname lastname\ncompany\nvat_number\naddress1\naddress2\npostcode city\nCountry:name\nphone'),(57,'firstname lastname\ncompany\nvat_number\naddress1\naddress2\npostcode city\nCountry:name\nphone'),(58,'firstname lastname\ncompany\nvat_number\naddress1\naddress2\npostcode city\nCountry:name\nphone'),(59,'firstname lastname\ncompany\nvat_number\naddress1\naddress2\npostcode city\nCountry:name\nphone'),(60,'firstname lastname\ncompany\nvat_number\naddress1\naddress2\npostcode city\nCountry:name\nphone'),(61,'firstname lastname\ncompany\nvat_number\naddress1\naddress2\npostcode city\nCountry:name\nphone'),(62,'firstname lastname\ncompany\nvat_number\naddress1\naddress2\npostcode city\nCountry:name\nphone'),(63,'firstname lastname\ncompany\nvat_number\naddress1\naddress2\npostcode city\nCountry:name\nphone'),(64,'firstname lastname\ncompany\nvat_number\naddress1\naddress2\npostcode city\nCountry:name\nphone'),(65,'firstname lastname\ncompany\nvat_number\naddress1\naddress2\npostcode city\nCountry:name\nphone'),(66,'firstname lastname\ncompany\nvat_number\naddress1\naddress2\npostcode city\nCountry:name\nphone'),(67,'firstname lastname\ncompany\nvat_number\naddress1\naddress2\npostcode city\nCountry:name\nphone'),(68,'firstname lastname\ncompany\nvat_number\naddress1\naddress2\npostcode city\nCountry:name\nphone'),(69,'firstname lastname\ncompany\nvat_number\naddress1\naddress2\npostcode city\nCountry:name\nphone'),(70,'firstname lastname\ncompany\nvat_number\naddress1\naddress2\npostcode city\nCountry:name\nphone'),(71,'firstname lastname\ncompany\nvat_number\naddress1\naddress2\npostcode city\nCountry:name\nphone'),(72,'firstname lastname\ncompany\nvat_number\naddress1\naddress2\npostcode city\nCountry:name\nphone'),(73,'firstname lastname\ncompany\nvat_number\naddress1\naddress2\npostcode city\nCountry:name\nphone'),(74,'firstname lastname\ncompany\nvat_number\naddress1\naddress2\npostcode city\nCountry:name\nphone'),(75,'firstname lastname\ncompany\nvat_number\naddress1\naddress2\npostcode city\nCountry:name\nphone'),(76,'firstname lastname\ncompany\nvat_number\naddress1\naddress2\npostcode city\nCountry:name\nphone'),(77,'firstname lastname\ncompany\nvat_number\naddress1\naddress2\npostcode city\nCountry:name\nphone'),(78,'firstname lastname\ncompany\nvat_number\naddress1\naddress2\npostcode city\nCountry:name\nphone'),(79,'firstname lastname\ncompany\nvat_number\naddress1\naddress2\npostcode city\nCountry:name\nphone'),(80,'firstname lastname\ncompany\nvat_number\naddress1\naddress2\npostcode city\nCountry:name\nphone'),(81,'firstname lastname\ncompany\nvat_number\naddress1\naddress2\npostcode city\nCountry:name\nphone'),(82,'firstname lastname\ncompany\nvat_number\naddress1\naddress2\npostcode city\nCountry:name\nphone'),(83,'firstname lastname\ncompany\nvat_number\naddress1\naddress2\npostcode city\nCountry:name\nphone'),(84,'firstname lastname\ncompany\nvat_number\naddress1\naddress2\npostcode city\nCountry:name\nphone'),(85,'firstname lastname\ncompany\nvat_number\naddress1\naddress2\npostcode city\nCountry:name\nphone'),(86,'firstname lastname\ncompany\nvat_number\naddress1\naddress2\npostcode city\nCountry:name\nphone'),(87,'firstname lastname\ncompany\nvat_number\naddress1\naddress2\npostcode city\nCountry:name\nphone'),(88,'firstname lastname\ncompany\nvat_number\naddress1\naddress2\npostcode city\nCountry:name\nphone'),(89,'firstname lastname\ncompany\nvat_number\naddress1\naddress2\npostcode city\nCountry:name\nphone'),(90,'firstname lastname\ncompany\nvat_number\naddress1\naddress2\npostcode city\nCountry:name\nphone'),(91,'firstname lastname\ncompany\nvat_number\naddress1\naddress2\npostcode city\nCountry:name\nphone'),(92,'firstname lastname\ncompany\nvat_number\naddress1\naddress2\npostcode city\nCountry:name\nphone'),(93,'firstname lastname\ncompany\nvat_number\naddress1\naddress2\npostcode city\nCountry:name\nphone'),(94,'firstname lastname\ncompany\nvat_number\naddress1\naddress2\npostcode city\nCountry:name\nphone'),(95,'firstname lastname\ncompany\nvat_number\naddress1\naddress2\npostcode city\nCountry:name\nphone'),(96,'firstname lastname\ncompany\nvat_number\naddress1\naddress2\npostcode city\nCountry:name\nphone'),(97,'firstname lastname\ncompany\nvat_number\naddress1\naddress2\npostcode city\nCountry:name\nphone'),(98,'firstname lastname\ncompany\nvat_number\naddress1\naddress2\npostcode city\nCountry:name\nphone'),(99,'firstname lastname\ncompany\nvat_number\naddress1\naddress2\npostcode city\nCountry:name\nphone'),(100,'firstname lastname\ncompany\nvat_number\naddress1\naddress2\npostcode city\nCountry:name\nphone'),(101,'firstname lastname\ncompany\nvat_number\naddress1\naddress2\npostcode city\nCountry:name\nphone'),(102,'firstname lastname\ncompany\nvat_number\naddress1\naddress2\npostcode city\nCountry:name\nphone'),(103,'firstname lastname\ncompany\nvat_number\naddress1\naddress2\npostcode city\nCountry:name\nphone'),(104,'firstname lastname\ncompany\nvat_number\naddress1\naddress2\npostcode city\nCountry:name\nphone'),(105,'firstname lastname\ncompany\nvat_number\naddress1\naddress2\npostcode city\nCountry:name\nphone'),(106,'firstname lastname\ncompany\nvat_number\naddress1\naddress2\npostcode city\nCountry:name\nphone'),(107,'firstname lastname\ncompany\nvat_number\naddress1\naddress2\npostcode city\nCountry:name\nphone'),(108,'firstname lastname\ncompany\nvat_number\naddress1\naddress2\npostcode city\nCountry:name\nphone'),(109,'firstname lastname\ncompany\nvat_number\naddress1\naddress2\ncity\npostcode\nState:name\nCountry:name\nphone'),(110,'firstname lastname\ncompany\nvat_number\naddress1\naddress2\npostcode city\nState:name\nCountry:name\nphone'),(111,'firstname lastname\ncompany\nvat_number\naddress1\naddress2\npostcode city\nCountry:name\nphone'),(112,'firstname lastname\ncompany\nvat_number\naddress1\naddress2\npostcode city\nCountry:name\nphone'),(113,'firstname lastname\ncompany\nvat_number\naddress1\naddress2\npostcode city\nCountry:name\nphone'),(114,'firstname lastname\ncompany\nvat_number\naddress1\naddress2\npostcode city\nCountry:name\nphone'),(115,'firstname lastname\ncompany\nvat_number\naddress1\naddress2\npostcode city\nCountry:name\nphone'),(116,'firstname lastname\ncompany\nvat_number\naddress1\naddress2\npostcode city\nCountry:name\nphone'),(117,'firstname lastname\ncompany\nvat_number\naddress1\naddress2\npostcode city\nCountry:name\nphone'),(118,'firstname lastname\ncompany\nvat_number\naddress1\naddress2\npostcode city\nCountry:name\nphone'),(119,'firstname lastname\ncompany\nvat_number\naddress1\naddress2\npostcode city\nCountry:name\nphone'),(120,'firstname lastname\ncompany\nvat_number\naddress1\naddress2\npostcode city\nCountry:name\nphone'),(121,'firstname lastname\ncompany\nvat_number\naddress1\naddress2\npostcode city\nCountry:name\nphone'),(122,'firstname lastname\ncompany\nvat_number\naddress1\naddress2\npostcode city\nCountry:name\nphone'),(123,'firstname lastname\ncompany\nvat_number\naddress1\naddress2\npostcode city\nCountry:name\nphone'),(124,'firstname lastname\ncompany\nvat_number\naddress1\naddress2\npostcode city\nCountry:name\nphone'),(125,'firstname lastname\ncompany\nvat_number\naddress1\naddress2\npostcode city\nCountry:name\nphone'),(126,'firstname lastname\ncompany\nvat_number\naddress1\naddress2\npostcode city\nCountry:name\nphone'),(127,'firstname lastname\ncompany\nvat_number\naddress1\naddress2\npostcode city\nCountry:name\nphone'),(128,'firstname lastname\ncompany\nvat_number\naddress1\naddress2\npostcode city\nCountry:name\nphone'),(129,'firstname lastname\ncompany\nvat_number\naddress1\naddress2\npostcode city\nCountry:name\nphone'),(130,'firstname lastname\ncompany\nvat_number\naddress1\naddress2\npostcode city\nCountry:name\nphone'),(131,'firstname lastname\ncompany\nvat_number\naddress1\naddress2\npostcode city\nCountry:name\nphone'),(132,'firstname lastname\ncompany\nvat_number\naddress1\naddress2\npostcode city\nCountry:name\nphone'),(133,'firstname lastname\ncompany\nvat_number\naddress1\naddress2\npostcode city\nCountry:name\nphone'),(134,'firstname lastname\ncompany\nvat_number\naddress1\naddress2\npostcode city\nCountry:name\nphone'),(135,'firstname lastname\ncompany\nvat_number\naddress1\naddress2\npostcode city\nCountry:name\nphone'),(136,'firstname lastname\ncompany\nvat_number\naddress1\naddress2\npostcode city\nCountry:name\nphone'),(137,'firstname lastname\ncompany\nvat_number\naddress1\naddress2\npostcode city\nCountry:name\nphone'),(138,'firstname lastname\ncompany\nvat_number\naddress1\naddress2\npostcode city\nCountry:name\nphone'),(139,'firstname lastname\ncompany\nvat_number\naddress1\naddress2\npostcode city\nCountry:name\nphone'),(140,'firstname lastname\ncompany\nvat_number\naddress1\naddress2\npostcode city\nCountry:name\nphone'),(141,'firstname lastname\ncompany\nvat_number\naddress1\naddress2\npostcode city\nCountry:name\nphone'),(142,'firstname lastname\ncompany\nvat_number\naddress1\naddress2\npostcode city\nCountry:name\nphone'),(143,'firstname lastname\ncompany\nvat_number\naddress1\naddress2\npostcode city\nCountry:name\nphone'),(144,'firstname lastname\ncompany\nvat_number\naddress1\naddress2\npostcode city\nState:name\nCountry:name\nphone'),(145,'firstname lastname\ncompany\nvat_number\naddress1\naddress2\npostcode city\nCountry:name\nphone'),(146,'firstname lastname\ncompany\nvat_number\naddress1\naddress2\npostcode city\nCountry:name\nphone'),(147,'firstname lastname\ncompany\nvat_number\naddress1\naddress2\npostcode city\nCountry:name\nphone'),(148,'firstname lastname\ncompany\nvat_number\naddress1\naddress2\npostcode city\nCountry:name\nphone'),(149,'firstname lastname\ncompany\nvat_number\naddress1\naddress2\npostcode city\nCountry:name\nphone'),(150,'firstname lastname\ncompany\nvat_number\naddress1\naddress2\npostcode city\nCountry:name\nphone'),(151,'firstname lastname\ncompany\nvat_number\naddress1\naddress2\npostcode city\nCountry:name\nphone'),(152,'firstname lastname\ncompany\nvat_number\naddress1\naddress2\npostcode city\nCountry:name\nphone'),(153,'firstname lastname\ncompany\nvat_number\naddress1\naddress2\npostcode city\nCountry:name\nphone'),(154,'firstname lastname\ncompany\nvat_number\naddress1\naddress2\npostcode city\nCountry:name\nphone'),(155,'firstname lastname\ncompany\nvat_number\naddress1\naddress2\npostcode city\nCountry:name\nphone'),(156,'firstname lastname\ncompany\nvat_number\naddress1\naddress2\npostcode city\nCountry:name\nphone'),(157,'firstname lastname\ncompany\nvat_number\naddress1\naddress2\npostcode city\nCountry:name\nphone'),(158,'firstname lastname\ncompany\nvat_number\naddress1\naddress2\npostcode city\nCountry:name\nphone'),(159,'firstname lastname\ncompany\nvat_number\naddress1\naddress2\npostcode city\nCountry:name\nphone'),(160,'firstname lastname\ncompany\nvat_number\naddress1\naddress2\npostcode city\nCountry:name\nphone'),(161,'firstname lastname\ncompany\nvat_number\naddress1\naddress2\npostcode city\nCountry:name\nphone'),(162,'firstname lastname\ncompany\nvat_number\naddress1\naddress2\npostcode city\nCountry:name\nphone'),(163,'firstname lastname\ncompany\nvat_number\naddress1\naddress2\npostcode city\nCountry:name\nphone'),(164,'firstname lastname\ncompany\nvat_number\naddress1\naddress2\npostcode city\nCountry:name\nphone'),(165,'firstname lastname\ncompany\nvat_number\naddress1\naddress2\npostcode city\nCountry:name\nphone'),(166,'firstname lastname\ncompany\nvat_number\naddress1\naddress2\npostcode city\nCountry:name\nphone'),(167,'firstname lastname\ncompany\nvat_number\naddress1\naddress2\npostcode city\nCountry:name\nphone'),(168,'firstname lastname\ncompany\nvat_number\naddress1\naddress2\npostcode city\nCountry:name\nphone'),(169,'firstname lastname\ncompany\nvat_number\naddress1\naddress2\npostcode city\nCountry:name\nphone'),(170,'firstname lastname\ncompany\nvat_number\naddress1\naddress2\npostcode city\nCountry:name\nphone'),(171,'firstname lastname\ncompany\nvat_number\naddress1\naddress2\npostcode city\nCountry:name\nphone'),(172,'firstname lastname\ncompany\nvat_number\naddress1\naddress2\npostcode city\nCountry:name\nphone'),(173,'firstname lastname\ncompany\nvat_number\naddress1\naddress2\npostcode city\nCountry:name\nphone'),(174,'firstname lastname\ncompany\nvat_number\naddress1\naddress2\npostcode city\nCountry:name\nphone'),(175,'firstname lastname\ncompany\nvat_number\naddress1\naddress2\npostcode city\nCountry:name\nphone'),(176,'firstname lastname\ncompany\nvat_number\naddress1\naddress2\npostcode city\nCountry:name\nphone'),(177,'firstname lastname\ncompany\nvat_number\naddress1\naddress2\npostcode city\nCountry:name\nphone'),(178,'firstname lastname\ncompany\nvat_number\naddress1\naddress2\npostcode city\nCountry:name\nphone'),(179,'firstname lastname\ncompany\nvat_number\naddress1\naddress2\npostcode city\nCountry:name\nphone'),(180,'firstname lastname\ncompany\nvat_number\naddress1\naddress2\npostcode city\nCountry:name\nphone'),(181,'firstname lastname\ncompany\nvat_number\naddress1\naddress2\npostcode city\nCountry:name\nphone'),(182,'firstname lastname\ncompany\nvat_number\naddress1\naddress2\npostcode city\nCountry:name\nphone'),(183,'firstname lastname\ncompany\nvat_number\naddress1\naddress2\npostcode city\nCountry:name\nphone'),(184,'firstname lastname\ncompany\nvat_number\naddress1\naddress2\npostcode city\nCountry:name\nphone'),(185,'firstname lastname\ncompany\nvat_number\naddress1\naddress2\npostcode city\nCountry:name\nphone'),(186,'firstname lastname\ncompany\nvat_number\naddress1\naddress2\npostcode city\nCountry:name\nphone'),(187,'firstname lastname\ncompany\nvat_number\naddress1\naddress2\npostcode city\nCountry:name\nphone'),(188,'firstname lastname\ncompany\nvat_number\naddress1\naddress2\npostcode city\nCountry:name\nphone'),(189,'firstname lastname\ncompany\nvat_number\naddress1\naddress2\npostcode city\nCountry:name\nphone'),(190,'firstname lastname\ncompany\nvat_number\naddress1\naddress2\npostcode city\nCountry:name\nphone'),(191,'firstname lastname\ncompany\nvat_number\naddress1\naddress2\npostcode city\nCountry:name\nphone'),(192,'firstname lastname\ncompany\nvat_number\naddress1\naddress2\npostcode city\nCountry:name\nphone'),(193,'firstname lastname\ncompany\nvat_number\naddress1\naddress2\npostcode city\nCountry:name\nphone'),(194,'firstname lastname\ncompany\nvat_number\naddress1\naddress2\npostcode city\nCountry:name\nphone'),(195,'firstname lastname\ncompany\nvat_number\naddress1\naddress2\npostcode city\nCountry:name\nphone'),(196,'firstname lastname\ncompany\nvat_number\naddress1\naddress2\npostcode city\nCountry:name\nphone'),(197,'firstname lastname\ncompany\nvat_number\naddress1\naddress2\npostcode city\nCountry:name\nphone'),(198,'firstname lastname\ncompany\nvat_number\naddress1\naddress2\npostcode city\nCountry:name\nphone'),(199,'firstname lastname\ncompany\nvat_number\naddress1\naddress2\npostcode city\nCountry:name\nphone'),(200,'firstname lastname\ncompany\nvat_number\naddress1\naddress2\npostcode city\nCountry:name\nphone'),(201,'firstname lastname\ncompany\nvat_number\naddress1\naddress2\npostcode city\nCountry:name\nphone'),(202,'firstname lastname\ncompany\nvat_number\naddress1\naddress2\npostcode city\nCountry:name\nphone'),(203,'firstname lastname\ncompany\nvat_number\naddress1\naddress2\npostcode city\nCountry:name\nphone'),(204,'firstname lastname\ncompany\nvat_number\naddress1\naddress2\npostcode city\nCountry:name\nphone'),(205,'firstname lastname\ncompany\nvat_number\naddress1\naddress2\npostcode city\nCountry:name\nphone'),(206,'firstname lastname\ncompany\nvat_number\naddress1\naddress2\npostcode city\nCountry:name\nphone'),(207,'firstname lastname\ncompany\nvat_number\naddress1\naddress2\npostcode city\nCountry:name\nphone'),(208,'firstname lastname\ncompany\nvat_number\naddress1\naddress2\npostcode city\nCountry:name\nphone'),(209,'firstname lastname\ncompany\nvat_number\naddress1\naddress2\npostcode city\nCountry:name\nphone'),(210,'firstname lastname\ncompany\nvat_number\naddress1\naddress2\npostcode city\nCountry:name\nphone'),(211,'firstname lastname\ncompany\nvat_number\naddress1\naddress2\npostcode city\nCountry:name\nphone'),(212,'firstname lastname\ncompany\nvat_number\naddress1\naddress2\npostcode city\nCountry:name\nphone'),(213,'firstname lastname\ncompany\nvat_number\naddress1\naddress2\npostcode city\nCountry:name\nphone'),(214,'firstname lastname\ncompany\nvat_number\naddress1\naddress2\npostcode city\nCountry:name\nphone'),(215,'firstname lastname\ncompany\nvat_number\naddress1\naddress2\npostcode city\nCountry:name\nphone'),(216,'firstname lastname\ncompany\nvat_number\naddress1\naddress2\npostcode city\nCountry:name\nphone'),(217,'firstname lastname\ncompany\nvat_number\naddress1\naddress2\npostcode city\nCountry:name\nphone'),(218,'firstname lastname\ncompany\nvat_number\naddress1\naddress2\npostcode city\nCountry:name\nphone'),(219,'firstname lastname\ncompany\nvat_number\naddress1\naddress2\npostcode city\nCountry:name\nphone'),(220,'firstname lastname\ncompany\nvat_number\naddress1\naddress2\npostcode city\nCountry:name\nphone'),(221,'firstname lastname\ncompany\nvat_number\naddress1\naddress2\npostcode city\nCountry:name\nphone'),(222,'firstname lastname\ncompany\nvat_number\naddress1\naddress2\npostcode city\nCountry:name\nphone'),(223,'firstname lastname\ncompany\nvat_number\naddress1\naddress2\npostcode city\nCountry:name\nphone'),(224,'firstname lastname\ncompany\nvat_number\naddress1\naddress2\npostcode city\nCountry:name\nphone'),(225,'firstname lastname\ncompany\nvat_number\naddress1\naddress2\npostcode city\nCountry:name\nphone'),(226,'firstname lastname\ncompany\nvat_number\naddress1\naddress2\npostcode city\nCountry:name\nphone'),(227,'firstname lastname\ncompany\nvat_number\naddress1\naddress2\npostcode city\nCountry:name\nphone'),(228,'firstname lastname\ncompany\nvat_number\naddress1\naddress2\npostcode city\nCountry:name\nphone'),(229,'firstname lastname\ncompany\nvat_number\naddress1\naddress2\npostcode city\nCountry:name\nphone'),(230,'firstname lastname\ncompany\nvat_number\naddress1\naddress2\npostcode city\nCountry:name\nphone'),(231,'firstname lastname\ncompany\nvat_number\naddress1\naddress2\npostcode city\nCountry:name\nphone'),(232,'firstname lastname\ncompany\nvat_number\naddress1\naddress2\npostcode city\nCountry:name\nphone'),(233,'firstname lastname\ncompany\nvat_number\naddress1\naddress2\npostcode city\nCountry:name\nphone'),(234,'firstname lastname\ncompany\nvat_number\naddress1\naddress2\npostcode city\nCountry:name\nphone'),(235,'firstname lastname\ncompany\nvat_number\naddress1\naddress2\npostcode city\nCountry:name\nphone'),(236,'firstname lastname\ncompany\nvat_number\naddress1\naddress2\npostcode city\nCountry:name\nphone'),(237,'firstname lastname\ncompany\nvat_number\naddress1\naddress2\npostcode city\nCountry:name\nphone'),(238,'firstname lastname\ncompany\nvat_number\naddress1\naddress2\npostcode city\nCountry:name\nphone'),(239,'firstname lastname\ncompany\nvat_number\naddress1\naddress2\npostcode city\nCountry:name\nphone'),(240,'firstname lastname\ncompany\nvat_number\naddress1\naddress2\npostcode city\nCountry:name\nphone'),(241,'firstname lastname\ncompany\nvat_number\naddress1\naddress2\npostcode city\nCountry:name\nphone');

--
-- Table structure for table `bl_admin_filter`
--

CREATE TABLE `bl_admin_filter` (
  `id` int(11) NOT NULL AUTO_INCREMENT,
  `employee` int(11) NOT NULL,
  `shop` int(11) NOT NULL,
  `controller` varchar(60) COLLATE utf8mb4_unicode_ci NOT NULL,
  `action` varchar(100) COLLATE utf8mb4_unicode_ci NOT NULL,
  `filter` longtext COLLATE utf8mb4_unicode_ci NOT NULL,
  `filter_id` varchar(191) COLLATE utf8mb4_unicode_ci NOT NULL,
  PRIMARY KEY (`id`),
  UNIQUE KEY `admin_filter_search_id_idx` (`employee`,`shop`,`controller`,`action`,`filter_id`)
) ENGINE=InnoDB AUTO_INCREMENT=25 DEFAULT CHARSET=utf8mb4 COLLATE=utf8mb4_unicode_ci;

--
-- Dumping data for table `bl_admin_filter`
--

INSERT INTO `bl_admin_filter` VALUES (1,1,1,'','','{\"limit\":50,\"orderBy\":\"id_employee\",\"sortOrder\":\"asc\",\"filters\":[]}','employee'),(2,1,1,'ProductController','catalogAction','{\"filter_category\":\"\",\"filter_column_id_product\":\"\",\"filter_column_name\":\"\",\"filter_column_reference\":\"\",\"filter_column_name_category\":\"\",\"filter_column_price\":\"\",\"filter_column_sav_quantity\":\"\",\"filter_column_active\":\"\",\"last_offset\":\"20\",\"last_limit\":\"20\",\"last_orderBy\":\"id_product\",\"last_sortOrder\":\"desc\"}',''),(3,2,1,'','','{\"orderBy\":\"position\",\"sortOrder\":\"asc\",\"limit\":50,\"filters\":{\"id_category_parent\":2}}','category'),(4,2,1,'ProductController','catalogAction','{\"filter_category\":\"\",\"filter_column_id_product\":\"\",\"filter_column_name\":\"boeuf\",\"filter_column_reference\":\"\",\"filter_column_name_category\":\"\",\"filter_column_price\":\"\",\"filter_column_sav_quantity\":\"\",\"filter_column_active\":\"\",\"last_offset\":\"0\",\"last_limit\":\"300\",\"last_orderBy\":\"id_product\",\"last_sortOrder\":\"desc\"}',''),(5,2,1,'','','{\"limit\":50,\"orderBy\":\"id_employee\",\"sortOrder\":\"asc\",\"filters\":[]}','employee'),(6,5,1,'ProductController','catalogAction','{\"filter_category\":\"\",\"filter_column_id_product\":\"\",\"filter_column_name\":\"\",\"filter_column_reference\":\"\",\"filter_column_name_category\":\"\",\"filter_column_price\":\"\",\"filter_column_sav_quantity\":\"\",\"filter_column_active\":\"\",\"last_offset\":\"0\",\"last_limit\":\"300\",\"last_orderBy\":\"id_product\",\"last_sortOrder\":\"desc\"}',''),(7,5,1,'','','{\"orderBy\":\"position\",\"sortOrder\":\"asc\",\"limit\":50,\"filters\":{\"id_category_parent\":\"2\"}}','category'),(8,1,1,'','','{\"limit\":10,\"orderBy\":\"id_log\",\"sortOrder\":\"desc\",\"filters\":[]}','logs'),(9,3,1,'','','{\"limit\":50,\"orderBy\":\"id_employee\",\"sortOrder\":\"asc\",\"filters\":[]}','employee'),(10,3,1,'','','{\"orderBy\":\"position\",\"sortOrder\":\"asc\",\"limit\":50,\"filters\":{\"id_category_parent\":2}}','category'),(11,3,1,'','','{\"limit\":50,\"orderBy\":\"id_lang\",\"sortOrder\":\"ASC\",\"filters\":[]}','language'),(12,5,1,'','','{\"limit\":50,\"orderBy\":\"id_attachment\",\"sortOrder\":\"asc\",\"filters\":[]}','attachment'),(13,5,1,'','','{\"limit\":10,\"orderBy\":\"name\",\"sortOrder\":\"asc\",\"filters\":[]}','manufacturer'),(14,5,1,'','','{\"limit\":10,\"orderBy\":\"id_address\",\"sortOrder\":\"desc\",\"filters\":[]}','manufacturer_address'),(15,3,1,'','','{\"limit\":50,\"orderBy\":\"id_meta\",\"sortOrder\":\"asc\",\"filters\":[]}','meta'),(16,2,1,'','','{\"limit\":50,\"orderBy\":\"id_zone\",\"sortOrder\":\"asc\",\"filters\":[]}','zone'),(17,2,1,'','','{\"limit\":50,\"orderBy\":\"id_tax\",\"sortOrder\":\"asc\",\"filters\":[]}','tax'),(18,2,1,'','','{\"limit\":10,\"orderBy\":\"id_contact\",\"sortOrder\":\"asc\",\"filters\":[]}','contact'),(19,2,1,'','','{\"orderBy\":\"position\",\"sortOrder\":\"asc\",\"limit\":50,\"filters\":{\"id_cms_category_parent\":1}}','cms_page_category'),(20,2,1,'','','{\"orderBy\":\"position\",\"sortOrder\":\"asc\",\"limit\":50,\"filters\":{\"id_cms_category_parent\":1}}','cms_page'),(21,3,1,'ProductController','catalogAction','{\"filter_category\":\"\",\"filter_column_id_product\":\"\",\"filter_column_name\":\"\",\"filter_column_reference\":\"\",\"filter_column_name_category\":\"\",\"filter_column_price\":\"\",\"filter_column_sav_quantity\":\"\",\"filter_column_active\":\"\",\"last_offset\":\"300\",\"last_limit\":\"100\",\"last_orderBy\":\"id_product\",\"last_sortOrder\":\"desc\"}',''),(22,3,1,'','','{\"limit\":10,\"orderBy\":\"id_contact\",\"sortOrder\":\"asc\",\"filters\":[]}','contact'),(23,3,1,'','','{\"orderBy\":\"position\",\"sortOrder\":\"asc\",\"limit\":50,\"filters\":{\"id_cms_category_parent\":1}}','cms_page_category'),(24,3,1,'','','{\"orderBy\":\"position\",\"sortOrder\":\"asc\",\"limit\":50,\"filters\":{\"id_cms_category_parent\":1}}','cms_page');

--
-- Table structure for table `bl_alias`
--

CREATE TABLE `bl_alias` (
  `id_alias` int(10) unsigned NOT NULL AUTO_INCREMENT,
  `alias` varchar(191) NOT NULL,
  `search` varchar(255) NOT NULL,
  `active` tinyint(1) NOT NULL DEFAULT '1',
  PRIMARY KEY (`id_alias`),
  UNIQUE KEY `alias` (`alias`)
) ENGINE=InnoDB AUTO_INCREMENT=3 DEFAULT CHARSET=utf8mb4;

--
-- Dumping data for table `bl_alias`
--

INSERT INTO `bl_alias` VALUES (1,'bloose','blouse',1),(2,'blues','blouse',1);

--
-- Table structure for table `bl_an_advantages`
--

CREATE TABLE `bl_an_advantages` (
  `id_advantage` int(10) unsigned NOT NULL AUTO_INCREMENT,
  `image` varchar(255) NOT NULL,
  `active` tinyint(1) unsigned NOT NULL DEFAULT '1',
  `position` int(10) NOT NULL,
  PRIMARY KEY (`id_advantage`)
) ENGINE=InnoDB AUTO_INCREMENT=4 DEFAULT CHARSET=utf8;

--
-- Dumping data for table `bl_an_advantages`
--

INSERT INTO `bl_an_advantages` VALUES (1,'0e3bf7841e1141ad448539a3d0651138.svg',1,0),(2,'bf27c87949abdf12fcf8cf5e0ae391a3.svg',1,0),(3,'bdddf4ecdd41c10be3e18ccd3666f7ee.svg',1,0);

--
-- Table structure for table `bl_an_advantages_lang`
--

CREATE TABLE `bl_an_advantages_lang` (
  `id_advantage` int(10) unsigned NOT NULL,
  `title` varchar(255) NOT NULL,
  `link` varchar(255) NOT NULL,
  `text` text,
  `id_lang` varchar(255) NOT NULL,
  PRIMARY KEY (`id_advantage`,`id_lang`)
) ENGINE=InnoDB DEFAULT CHARSET=utf8;

--
-- Dumping data for table `bl_an_advantages_lang`
--

INSERT INTO `bl_an_advantages_lang` VALUES (1,'Free shipping','#','<p>Ut perspiciatis, unde omnis iste natus error sit voluptatem accusantium doloremque</p>','1'),(1,'Free shipping','#','<p>Ut perspiciatis, unde omnis iste natus error sit voluptatem accusantium doloremque</p>','2'),(1,'Free shipping','#','<p>Ut perspiciatis, unde omnis iste natus error sit voluptatem accusantium doloremque</p>','3'),(2,'Support 24/7','#','<p>Sed ut perspiciatis, unde omnis iste natus error sit voluptatem accusantium doloremque laudantium</p>','1'),(2,'Support 24/7','#','<p>Sed ut perspiciatis, unde omnis iste natus error sit voluptatem accusantium doloremque laudantium</p>','2'),(2,'Support 24/7','#','<p>Sed ut perspiciatis, unde omnis iste natus error sit voluptatem accusantium doloremque laudantium</p>','3'),(3,'money back guaranted','#','<p>Perspiciatis, unde omnis iste natus error sit voluptatem accusantium doloremque laudantium, totam rem aperiam</p>','1'),(3,'money back guaranted','#','<p>Perspiciatis, unde omnis iste natus error sit voluptatem accusantium doloremque laudantium, totam rem aperiam</p>','2'),(3,'money back guaranted','#','<p>Perspiciatis, unde omnis iste natus error sit voluptatem accusantium doloremque laudantium, totam rem aperiam</p>','3');

--
-- Table structure for table `bl_an_advantages_shop`
--

CREATE TABLE `bl_an_advantages_shop` (
  `id_advantage` int(10) unsigned NOT NULL,
  `id_shop` int(10) unsigned NOT NULL,
  PRIMARY KEY (`id_advantage`,`id_shop`)
) ENGINE=InnoDB DEFAULT CHARSET=utf8;

--
-- Dumping data for table `bl_an_advantages_shop`
--


--
-- Table structure for table `bl_an_banners`
--

CREATE TABLE `bl_an_banners` (
  `id_banner` int(10) unsigned NOT NULL AUTO_INCREMENT,
  `special_id_banner` varchar(50) NOT NULL,
  `hook` varchar(255) NOT NULL,
  `col` varchar(255) NOT NULL,
  `active` tinyint(1) unsigned NOT NULL DEFAULT '1',
  `position` int(10) NOT NULL,
  `template` varchar(255) NOT NULL,
  PRIMARY KEY (`id_banner`)
) ENGINE=InnoDB AUTO_INCREMENT=8 DEFAULT CHARSET=utf8;

--
-- Dumping data for table `bl_an_banners`
--

INSERT INTO `bl_an_banners` VALUES (1,'6346bee871259','displayHome','6',1,0,'default'),(2,'6346bf2ce1d44','displayHome','6',1,0,'default'),(3,'647f2d42099ed','displayHome','6',1,0,'default'),(4,'647f2d79ee5a3','displayHome','6',1,0,'default'),(5,'647f2da4de4ba','displayHome','6',1,0,'default'),(6,'647f2dd021e48','displayHome','6',1,0,'default'),(7,'647f3247dceed','displayFooter','12',1,0,'simple_text');

--
-- Table structure for table `bl_an_banners_lang`
--

CREATE TABLE `bl_an_banners_lang` (
  `id_banner` int(10) unsigned NOT NULL,
  `title` varchar(255) NOT NULL,
  `text` text,
  `link` varchar(255) NOT NULL,
  `image` varchar(255) NOT NULL,
  `id_lang` varchar(255) NOT NULL,
  PRIMARY KEY (`id_banner`,`id_lang`)
) ENGINE=InnoDB DEFAULT CHARSET=utf8;

--
-- Dumping data for table `bl_an_banners_lang`
--

INSERT INTO `bl_an_banners_lang` VALUES (1,'NOS ARTISANS','<p>Magasinez maintenant</p>','#','33770778e59063cd3c001d9709012caa_1.png','1'),(1,'L:A BRUKET','<p>best seller</p>','#','2_1e361cf5e3dba542218490d0fbd740d2_1.jpg','2'),(1,'L:A BRUKET','<p>best seller</p>','#','3_1e361cf5e3dba542218490d0fbd740d2_1.jpg','3'),(2,'ÉPICERIE FINE','<p>Magasinez maintenant</p>','/11-epicerie-fine','3aceda851de124130396d92b9cdc36c1_1.png','1'),(2,'Natural skincare','<p>new arrival</p>','#','2_31ff75d81d241cdc996990647480b1bd_1.jpg','2'),(2,'Natural skincare','<p>new arrival</p>','#','3_31ff75d81d241cdc996990647480b1bd_1.jpg','3'),(3,'SANS GLUTEN','<p>Magasinez maintenant</p>','/15-sans-gluten','ee8568f096c42666b3e0af947b06c9b7_1.png','1'),(3,'','','','','2'),(3,'','','','','3'),(4,'VIANDE','<p>Magasinez maintenant</p>','/12-viande','d0ac3ce165eb86146d096c15c6721c46_1.png','1'),(4,'','','','','2'),(4,'','','','','3'),(5,'BOISSON','<p>Magasinez maintenant</p>','/13-boisson','87b8f6ed27ac72f2c785116d66b4cc61_1.png','1'),(5,'','','','','2'),(5,'','','','','3'),(6,'PRODUIT DU TERROIR','<p>Magasinez maintenant</p>','/10-produit-du-terroir','70eae1bd14238a5b028003613e1c6da2_1.png','1'),(6,'','','','','2'),(6,'','','','','3'),(7,'','<p class=\"camping\">Visitez notre camping -  <a href=\"https://www.campinglaccopping.com\" target=\"_blank\" rel=\"noopener\">Camping Lac Copping</a></p>','','','1'),(7,'','','','','2'),(7,'','','','','3');

--
-- Table structure for table `bl_an_banners_shop`
--

CREATE TABLE `bl_an_banners_shop` (
  `id_banner` int(10) unsigned NOT NULL,
  `id_shop` int(10) unsigned NOT NULL,
  PRIMARY KEY (`id_banner`,`id_shop`)
) ENGINE=InnoDB DEFAULT CHARSET=utf8;

--
-- Dumping data for table `bl_an_banners_shop`
--


--
-- Table structure for table `bl_an_homeproducts_banners`
--

CREATE TABLE `bl_an_homeproducts_banners` (
  `id_banner` int(10) unsigned NOT NULL AUTO_INCREMENT,
  `special_id_banner` varchar(50) NOT NULL,
  `block` int(10) unsigned NOT NULL,
  `block_position` int(10) unsigned NOT NULL,
  `col` int(10) NOT NULL DEFAULT '12',
  `color_title` varchar(20) NOT NULL,
  `color_text` varchar(20) NOT NULL,
  `template` varchar(255) NOT NULL,
  `active` tinyint(1) unsigned NOT NULL DEFAULT '1',
  `position` int(10) NOT NULL,
  PRIMARY KEY (`id_banner`)
) ENGINE=InnoDB AUTO_INCREMENT=3 DEFAULT CHARSET=utf8;

--
-- Dumping data for table `bl_an_homeproducts_banners`
--

INSERT INTO `bl_an_homeproducts_banners` VALUES (1,'1',0,0,6,'','','default',0,0),(2,'2',0,0,6,'','','default',0,0);

--
-- Table structure for table `bl_an_homeproducts_banners_lang`
--

CREATE TABLE `bl_an_homeproducts_banners_lang` (
  `id_banner` int(10) unsigned NOT NULL,
  `title` varchar(255) NOT NULL,
  `text` text,
  `link` varchar(255) NOT NULL,
  `image` varchar(255) NOT NULL,
  `id_lang` varchar(255) NOT NULL,
  PRIMARY KEY (`id_banner`,`id_lang`)
) ENGINE=InnoDB DEFAULT CHARSET=utf8;

--
-- Dumping data for table `bl_an_homeproducts_banners_lang`
--

INSERT INTO `bl_an_homeproducts_banners_lang` VALUES (1,'Bath & body','<p>15 products</p>','#','f6d62e8b573c56b4a78eb3fbe3c36535_1.jpg','1'),(1,'Bath & body','<p>15 products</p>','#','2_f6d62e8b573c56b4a78eb3fbe3c36535_1.jpg','2'),(1,'Bath & body','<p>15 products</p>','#','188f78513e2d6b6c82614caf5fdbd376_3.jpg','3'),(2,'Skin care','<p>15 products</p>','#','ae8072c09c5d54492c0841c9e16ebc1c_1.jpg','1'),(2,'Skin care','<p>15 products</p>','#','2_ae8072c09c5d54492c0841c9e16ebc1c_1.jpg','2'),(2,'Skin care','<p>15 products</p>','#','bd06ec90cb5328fd7cb7b2b67be0b63a_3.jpg','3');

--
-- Table structure for table `bl_an_homeproducts_banners_shop`
--

CREATE TABLE `bl_an_homeproducts_banners_shop` (
  `id_banner` int(10) unsigned NOT NULL,
  `id_shop` int(10) unsigned NOT NULL,
  PRIMARY KEY (`id_banner`,`id_shop`)
) ENGINE=InnoDB DEFAULT CHARSET=utf8;

--
-- Dumping data for table `bl_an_homeproducts_banners_shop`
--


--
-- Table structure for table `bl_an_homeproducts_blocks`
--

CREATE TABLE `bl_an_homeproducts_blocks` (
  `id_block` int(10) unsigned NOT NULL AUTO_INCREMENT,
  `special_id_block` varchar(50) NOT NULL,
  `type` varchar(25) NOT NULL,
  `active` tinyint(1) unsigned NOT NULL DEFAULT '1',
  `show_sort` tinyint(1) unsigned NOT NULL DEFAULT '0',
  `products_display` int(10) NOT NULL DEFAULT '8',
  `id_category` int(10) NOT NULL DEFAULT '0',
  `show_sub_cat` tinyint(1) unsigned NOT NULL DEFAULT '0',
  `position` int(10) NOT NULL,
  PRIMARY KEY (`id_block`)
) ENGINE=InnoDB AUTO_INCREMENT=4 DEFAULT CHARSET=utf8;

--
-- Dumping data for table `bl_an_homeproducts_blocks`
--

INSERT INTO `bl_an_homeproducts_blocks` VALUES (1,'1','category',1,0,8,68,1,0),(2,'2','prices-drop',1,0,8,2,1,0),(3,'3','best-sales',1,0,8,10,0,0);

--
-- Table structure for table `bl_an_homeproducts_blocks_categories`
--

CREATE TABLE `bl_an_homeproducts_blocks_categories` (
  `id_block` int(10) unsigned NOT NULL,
  `id_category` int(10) unsigned NOT NULL,
  PRIMARY KEY (`id_block`,`id_category`)
) ENGINE=InnoDB DEFAULT CHARSET=utf8;

--
-- Dumping data for table `bl_an_homeproducts_blocks_categories`
--

INSERT INTO `bl_an_homeproducts_blocks_categories` VALUES (1,10),(1,11),(1,12),(1,13),(1,14),(1,15),(1,16),(1,17),(1,18),(1,19),(1,20),(1,21),(1,22),(1,23),(1,24),(1,25),(1,26),(1,27),(1,28),(1,29),(1,30),(1,31),(1,32),(1,33),(1,34),(1,35),(1,36),(1,37),(1,38),(1,39),(1,40),(1,41),(1,42),(1,43),(1,44),(1,45),(1,46),(1,47),(1,48),(1,49),(1,50),(1,51),(1,52),(1,53),(1,54),(1,55),(1,56),(1,57),(1,58),(1,59),(1,60),(1,61),(1,62),(1,63),(1,64),(1,65),(1,66),(1,67),(2,10),(2,11),(2,12),(2,13),(2,14),(2,15),(2,16),(3,0);

--
-- Table structure for table `bl_an_homeproducts_blocks_lang`
--

CREATE TABLE `bl_an_homeproducts_blocks_lang` (
  `id_block` int(10) unsigned NOT NULL,
  `title` varchar(255) NOT NULL,
  `text` text,
  `link` varchar(255) NOT NULL,
  `id_lang` varchar(255) NOT NULL,
  PRIMARY KEY (`id_block`,`id_lang`)
) ENGINE=InnoDB DEFAULT CHARSET=utf8;

--
-- Dumping data for table `bl_an_homeproducts_blocks_lang`
--

INSERT INTO `bl_an_homeproducts_blocks_lang` VALUES (1,'Découvrez nos produits','','','1'),(1,'New arrival','','','2'),(1,'New arrival','','','3'),(2,'Promotions','','','1'),(2,'Popular','','','2'),(2,'Popular','','','3'),(3,'Meilleures ventes','','','1'),(3,'Best sellers','','','2'),(3,'Best sellers','','','3');

--
-- Table structure for table `bl_an_homeproducts_blocks_products`
--

CREATE TABLE `bl_an_homeproducts_blocks_products` (
  `id_block` int(10) unsigned NOT NULL,
  `id_product` int(10) unsigned NOT NULL,
  PRIMARY KEY (`id_block`,`id_product`)
) ENGINE=InnoDB DEFAULT CHARSET=utf8;

--
-- Dumping data for table `bl_an_homeproducts_blocks_products`
--


--
-- Table structure for table `bl_an_homeproducts_blocks_shop`
--

CREATE TABLE `bl_an_homeproducts_blocks_shop` (
  `id_block` int(10) unsigned NOT NULL,
  `id_shop` int(10) unsigned NOT NULL,
  PRIMARY KEY (`id_block`,`id_shop`)
) ENGINE=InnoDB DEFAULT CHARSET=utf8;

--
-- Dumping data for table `bl_an_homeproducts_blocks_shop`
--


--
-- Table structure for table `bl_an_homeslider_sliders`
--

CREATE TABLE `bl_an_homeslider_sliders` (
  `id_slider` int(10) unsigned NOT NULL AUTO_INCREMENT,
  `active` tinyint(1) unsigned NOT NULL DEFAULT '1',
  `hook` varchar(255) NOT NULL,
  `preloader` tinyint(1) unsigned NOT NULL DEFAULT '1',
  `preloader_height_1920` int(10) unsigned NOT NULL,
  `preloader_height_1600` int(10) unsigned NOT NULL,
  `preloader_height_1366` int(10) unsigned NOT NULL,
  `preloader_height_991` int(10) unsigned NOT NULL,
  `preloader_height_767` int(10) unsigned NOT NULL,
  `lazy_load` tinyint(1) unsigned NOT NULL DEFAULT '1',
  `loop` tinyint(1) unsigned NOT NULL DEFAULT '1',
  `nav` tinyint(1) unsigned NOT NULL DEFAULT '1',
  `dots` tinyint(1) unsigned NOT NULL DEFAULT '1',
  `autoplay` tinyint(1) unsigned NOT NULL DEFAULT '1',
  `smartspeed` int(10) unsigned NOT NULL,
  `autoplay_timeout` int(10) unsigned NOT NULL,
  `responsive_image` tinyint(1) unsigned NOT NULL DEFAULT '1',
  `show_on` int(10) unsigned NOT NULL,
  `show_content_on` int(10) unsigned NOT NULL,
  PRIMARY KEY (`id_slider`)
) ENGINE=InnoDB AUTO_INCREMENT=4 DEFAULT CHARSET=utf8;

--
-- Dumping data for table `bl_an_homeslider_sliders`
--

INSERT INTO `bl_an_homeslider_sliders` VALUES (2,1,'displayHomeSliderFullWidth',1,595,495,422,300,300,0,1,1,1,1,1500,7000,1,1,1),(3,1,'displayHomeSliderFullWidth',1,595,495,422,300,300,0,1,1,1,1,1500,5000,1,2,2);

--
-- Table structure for table `bl_an_homeslider_sliders_lang`
--

CREATE TABLE `bl_an_homeslider_sliders_lang` (
  `id_slider` int(10) unsigned NOT NULL,
  `title_slider` varchar(255) NOT NULL,
  `id_lang` varchar(255) NOT NULL,
  PRIMARY KEY (`id_lang`,`id_slider`)
) ENGINE=InnoDB DEFAULT CHARSET=utf8;

--
-- Dumping data for table `bl_an_homeslider_sliders_lang`
--

INSERT INTO `bl_an_homeslider_sliders_lang` VALUES (2,'homeslider','1'),(3,'Mobile HomeSlider','1'),(2,'homeslider','2'),(3,'','2'),(2,'homeslider','3'),(3,'','3');

--
-- Table structure for table `bl_an_homeslider_sliders_shop`
--

CREATE TABLE `bl_an_homeslider_sliders_shop` (
  `id_slider` int(10) unsigned NOT NULL,
  `id_shop` int(10) unsigned NOT NULL,
  PRIMARY KEY (`id_slider`,`id_shop`)
) ENGINE=InnoDB DEFAULT CHARSET=utf8;

--
-- Dumping data for table `bl_an_homeslider_sliders_shop`
--


--
-- Table structure for table `bl_an_homeslider_slides`
--

CREATE TABLE `bl_an_homeslider_slides` (
  `id_slide` int(10) unsigned NOT NULL AUTO_INCREMENT,
  `id_parent` int(10) unsigned NOT NULL,
  `active` tinyint(1) unsigned NOT NULL DEFAULT '1',
  `show_button` tinyint(1) unsigned NOT NULL DEFAULT '1',
  `position` int(10) NOT NULL,
  PRIMARY KEY (`id_slide`)
) ENGINE=InnoDB AUTO_INCREMENT=10 DEFAULT CHARSET=utf8;

--
-- Dumping data for table `bl_an_homeslider_slides`
--

INSERT INTO `bl_an_homeslider_slides` VALUES (1,2,0,1,0),(2,2,1,1,0),(3,2,1,1,0),(4,2,1,1,0),(5,2,1,1,0),(6,3,1,1,0),(7,3,1,1,0),(8,3,1,1,0),(9,3,1,1,0);

--
-- Table structure for table `bl_an_homeslider_slides_lang`
--

CREATE TABLE `bl_an_homeslider_slides_lang` (
  `id_slide` int(10) unsigned NOT NULL,
  `title` varchar(255) NOT NULL,
  `text` text,
  `text_of_button` varchar(255) NOT NULL,
  `link` varchar(255) NOT NULL,
  `image` varchar(255) NOT NULL,
  `id_lang` varchar(255) NOT NULL,
  PRIMARY KEY (`id_slide`,`id_lang`)
) ENGINE=InnoDB DEFAULT CHARSET=utf8;

--
-- Dumping data for table `bl_an_homeslider_slides_lang`
--

INSERT INTO `bl_an_homeslider_slides_lang` VALUES (1,'Saveurs de la méditerranée','<p>Coffret cadeau «Saveurs de la méditerranée». <span>Petite escale en <em>Méditerranée</em>, terre aux <em>senteurs</em> ensoleillées, mer au milieu de nos terres.</span></p>','Magasinez maintenant','/boutique/49--coffret-cadeau-saveurs-de-la-mediterranee.html','e4240532abe90857b14c9b8c499d7f03_1.png','1'),(1,'Parsley Seed Facial Cleanser','<p>Score a wardrobe win no matter the dress code with our Instinct own-label collection. From polished prom to the after party, our London-based design team scour the globe to nail your new-season fashion goals with need-right-now dresses, outerwear, shoes and denim in the coolest shapes and fits.</p>','Shop now','#','2_838ef40f236cc975a81a320a8114cb21_1.jpg','2'),(1,'Parsley Seed Facial Cleanser','<p>Score a wardrobe win no matter the dress code with our Instinct own-label collection. From polished prom to the after party, our London-based design team scour the globe to nail your new-season fashion goals with need-right-now dresses, outerwear, shoes and denim in the coolest shapes and fits.</p>','Shop now','#','3_838ef40f236cc975a81a320a8114cb21_1.jpg','3'),(2,'Produits du terroir','<p><span>Encourager les artisans et producteurs d\'ici en dégustant leurs produits.<br /></span></p>','Magasinez maintenant','/10-produit-du-terroir','539771398dc7331e13cec46acee57b71_1.png','1'),(2,'Colour Protection Shampoo','<p>Score a wardrobe win no matter the dress code with our Instinct own-label collection. From polished prom to the after party, our London-based design team scour the globe to nail your new-season fashion goals with need-right-now dresses, outerwear, shoes and denim in the coolest shapes and fits.</p>','Shop now','#','2_14b81bcd843815c73b433ef5ba3767eb_1.jpg','2'),(2,'Colour Protection Shampoo','<p>Score a wardrobe win no matter the dress code with our Instinct own-label collection. From polished prom to the after party, our London-based design team scour the globe to nail your new-season fashion goals with need-right-now dresses, outerwear, shoes and denim in the coolest shapes and fits.</p>','Shop now','#','3_14b81bcd843815c73b433ef5ba3767eb_1.jpg','3'),(3,'Comme vous les aimez!','<p>Produits frais et de qualité, le meilleur des deux mondes.</p>','Magasinez maintenant','/12-viande','4288abb3aa6030fba7c6979441549762_1.jpg','1'),(3,'','','','','','2'),(3,'','','','','','3'),(4,'Fait à la main','<p>Nos artisans vous offrent leurs créations faites avec bonheur!</p>','Magasinez maintenant','/14-nos-artisans','71e312acbf9c7fab9dcc675561241734_1.jpg','1'),(4,'','','','','','2'),(4,'','','','','','3'),(5,'Vos papilles veulent du changement?','<p>Notre épicerie fine va les gâter avec des saveurs irrésistibles.</p>','Magasinez maintenant','/11-epicerie-fine','a77197d1eeaecea42cdfd48f6a5998fd_1.jpg','1'),(5,'','','','','','2'),(5,'','','','','','3'),(6,'Produits du terroir','<p>Encourager les artisans et producteurs d\'ici en dégustant leurs produits.</p>','Magasinez','/10-produit-du-terroir','f061519afc9ceb49602757d019bff9ba_1.jpg','1'),(6,'','','','','','2'),(6,'','','','','','3'),(7,'Comme vous les aimez!','<p>Produits frais et de qualité, le meilleur des deux mondes.</p>','Magasinez','/12-viande','4092a24aee3d763aa1864f9bb3941163_1.jpg','1'),(7,'','','','','','2'),(7,'','','','','','3'),(8,'Fait à la main','<p>Nos artisans vous offrent leurs créations faites avec bonheur!</p>','Magasinez','/14-nos-artisans','d4973d81deb92bb76109d173f330f746_1.jpg','1'),(8,'','','','','','2'),(8,'','','','','','3'),(9,'Vos papilles veulent du changement?','<p>Notre épicerie fine va les gâter avec des saveurs irrésistibles.</p>','Magasinez','/11-epicerie-fine','fc3bd389ebd880d572a93d5c040b6548_1.jpg','1'),(9,'','','','','','2'),(9,'','','','','','3');

--
-- Table structure for table `bl_an_homeslider_slides_shop`
--

CREATE TABLE `bl_an_homeslider_slides_shop` (
  `id_slide` int(10) unsigned NOT NULL,
  `id_shop` int(10) unsigned NOT NULL,
  PRIMARY KEY (`id_slide`,`id_shop`)
) ENGINE=InnoDB DEFAULT CHARSET=utf8;

--
-- Dumping data for table `bl_an_homeslider_slides_shop`
--


--
-- Table structure for table `bl_an_productextratabs`
--

CREATE TABLE `bl_an_productextratabs` (
  `id_tab` int(10) unsigned NOT NULL AUTO_INCREMENT,
  `active` tinyint(1) unsigned NOT NULL DEFAULT '1',
  `combinations` tinyint(1) unsigned NOT NULL DEFAULT '0',
  `contactform` tinyint(1) unsigned NOT NULL DEFAULT '0',
  `note` varchar(255) NOT NULL,
  `relation` int(10) NOT NULL,
  `position` int(10) NOT NULL,
  PRIMARY KEY (`id_tab`)
) ENGINE=InnoDB AUTO_INCREMENT=3 DEFAULT CHARSET=utf8;

--
-- Dumping data for table `bl_an_productextratabs`
--

INSERT INTO `bl_an_productextratabs` VALUES (1,0,0,0,'',0,0),(2,0,0,0,'',0,0);

--
-- Table structure for table `bl_an_productextratabs_lang`
--

CREATE TABLE `bl_an_productextratabs_lang` (
  `id_tab` int(10) unsigned NOT NULL,
  `tab_content` text NOT NULL,
  `tab_name` varchar(255) NOT NULL,
  `id_lang` varchar(255) NOT NULL,
  PRIMARY KEY (`id_tab`,`id_lang`)
) ENGINE=InnoDB DEFAULT CHARSET=utf8;

--
-- Dumping data for table `bl_an_productextratabs_lang`
--

INSERT INTO `bl_an_productextratabs_lang` VALUES (1,'<p>You can customize it or disable in the backoffice: <strong>Modules / Module manager / Product Extra Tabs</strong>.</p>\r\n<p>Lorem ipsum dolor sit amet, consectetur adipiscing elit, sed do eiusmod tempor incididunt ut labore et dolore magna aliqua. Ut enim ad minim veniam, quis nostrud exercitation ullamco laboris nisi ut aliquip ex ea commodo consequat. Duis aute irure dolor in reprehenderit in voluptate velit esse cillum dolore eu fugiat nulla pariatur. Excepteur sint occaecat cupidatat non proident, sunt in culpa qui officia deserunt mollit anim id est laborum.</p>\r\n<p><img src=\"https://demo.anvanto.com/pages/anvanto-logo-for-tabs.jpg\" alt=\"\" /></p>','Custom tab 1','1'),(1,'<p>You can customize it or disable in the backoffice: <strong>Modules / Module manager / Product Extra Tabs</strong>.</p>\r\n<p>Lorem ipsum dolor sit amet, consectetur adipiscing elit, sed do eiusmod tempor incididunt ut labore et dolore magna aliqua. Ut enim ad minim veniam, quis nostrud exercitation ullamco laboris nisi ut aliquip ex ea commodo consequat. Duis aute irure dolor in reprehenderit in voluptate velit esse cillum dolore eu fugiat nulla pariatur. Excepteur sint occaecat cupidatat non proident, sunt in culpa qui officia deserunt mollit anim id est laborum.</p>\r\n<p><img src=\"https://demo.anvanto.com/pages/anvanto-logo-for-tabs.jpg\" alt=\"\" /></p>','Custom tab 1','2'),(1,'<p>You can customize it or disable in the backoffice: <strong>Modules / Module manager / Product Extra Tabs</strong>.</p>\r\n<p>Lorem ipsum dolor sit amet, consectetur adipiscing elit, sed do eiusmod tempor incididunt ut labore et dolore magna aliqua. Ut enim ad minim veniam, quis nostrud exercitation ullamco laboris nisi ut aliquip ex ea commodo consequat. Duis aute irure dolor in reprehenderit in voluptate velit esse cillum dolore eu fugiat nulla pariatur. Excepteur sint occaecat cupidatat non proident, sunt in culpa qui officia deserunt mollit anim id est laborum.</p>\r\n<p><img src=\"https://demo.anvanto.com/pages/anvanto-logo-for-tabs.jpg\" alt=\"\" /></p>','Custom tab 1','3'),(2,'<p>Lorem ipsum dolor sit amet, consectetur adipiscing elit, sed do eiusmod tempor incididunt ut labore et dolore magna aliqua. Ut enim ad minim veniam, quis nostrud exercitation ullamco laboris nisi ut aliquip ex ea commodo consequat. Duis aute irure dolor in reprehenderit in voluptate velit esse cillum dolore eu fugiat nulla pariatur. Excepteur sint occaecat cupidatat non proident, sunt in culpa qui officia deserunt mollit anim id est laborum.</p>','Custom tab 2','1'),(2,'<p>Lorem ipsum dolor sit amet, consectetur adipiscing elit, sed do eiusmod tempor incididunt ut labore et dolore magna aliqua. Ut enim ad minim veniam, quis nostrud exercitation ullamco laboris nisi ut aliquip ex ea commodo consequat. Duis aute irure dolor in reprehenderit in voluptate velit esse cillum dolore eu fugiat nulla pariatur. Excepteur sint occaecat cupidatat non proident, sunt in culpa qui officia deserunt mollit anim id est laborum.</p>','Custom tab 2','2'),(2,'<p>Lorem ipsum dolor sit amet, consectetur adipiscing elit, sed do eiusmod tempor incididunt ut labore et dolore magna aliqua. Ut enim ad minim veniam, quis nostrud exercitation ullamco laboris nisi ut aliquip ex ea commodo consequat. Duis aute irure dolor in reprehenderit in voluptate velit esse cillum dolore eu fugiat nulla pariatur. Excepteur sint occaecat cupidatat non proident, sunt in culpa qui officia deserunt mollit anim id est laborum.</p>','Custom tab 2','3');

--
-- Table structure for table `bl_an_productextratabs_relations`
--

CREATE TABLE `bl_an_productextratabs_relations` (
  `id_relation` int(11) NOT NULL AUTO_INCREMENT,
  `type` tinyint(1) unsigned NOT NULL DEFAULT '0',
  `id_tab` int(11) NOT NULL,
  `id_type` int(11) NOT NULL,
  PRIMARY KEY (`id_relation`)
) ENGINE=InnoDB AUTO_INCREMENT=5 DEFAULT CHARSET=utf8;

--
-- Dumping data for table `bl_an_productextratabs_relations`
--

INSERT INTO `bl_an_productextratabs_relations` VALUES (3,0,2,0),(4,0,1,0);

--
-- Table structure for table `bl_an_productextratabs_shop`
--

CREATE TABLE `bl_an_productextratabs_shop` (
  `id_tab` int(10) unsigned NOT NULL,
  `id_shop` int(10) unsigned NOT NULL,
  PRIMARY KEY (`id_tab`,`id_shop`)
) ENGINE=InnoDB DEFAULT CHARSET=utf8;

--
-- Dumping data for table `bl_an_productextratabs_shop`
--


--
-- Table structure for table `bl_an_size_guide_widgets`
--

CREATE TABLE `bl_an_size_guide_widgets` (
  `id_widget` int(10) unsigned NOT NULL AUTO_INCREMENT,
  `active` tinyint(1) unsigned NOT NULL DEFAULT '1',
  `position` int(10) NOT NULL,
  `relation` int(10) NOT NULL,
  PRIMARY KEY (`id_widget`)
) ENGINE=InnoDB AUTO_INCREMENT=2 DEFAULT CHARSET=utf8;

--
-- Dumping data for table `bl_an_size_guide_widgets`
--

INSERT INTO `bl_an_size_guide_widgets` VALUES (1,0,0,0);

--
-- Table structure for table `bl_an_size_guide_widgets_lang`
--

CREATE TABLE `bl_an_size_guide_widgets_lang` (
  `id_widget` int(10) unsigned NOT NULL,
  `sizeguide_title` varchar(255) NOT NULL,
  `sizeguide_content` text,
  `id_lang` varchar(255) NOT NULL,
  PRIMARY KEY (`id_widget`,`id_lang`)
) ENGINE=InnoDB DEFAULT CHARSET=utf8;

--
-- Dumping data for table `bl_an_size_guide_widgets_lang`
--

INSERT INTO `bl_an_size_guide_widgets_lang` VALUES (1,'Guide des tailles','<h3>Size Guide</h3>\r\n<p><span style=\"text-align: center;\">You can customize it or disable in the backoffice: Modules / Module manager / Size Guide. Displaying is possible for all products or for selected products, for selected categories.</span></p>\r\n<p><span style=\"text-align: center;\">This is an approximate conversion table to help you find your size. If you have already purchased an item by our brand, we recommend you select the same size as indicated on its label.</span></p>\r\n<p></p>\r\n<div class=\"sizetable-wrap-woman\">\r\n<h4>Women\'s apparel sizing</h4>\r\n<div class=\"size-table-wrap\">\r\n<table class=\"size-table\">\r\n<tbody>\r\n<tr>\r\n<th>International</th>\r\n<th>XS</th>\r\n<th>S</th>\r\n<th>M</th>\r\n<th>L</th>\r\n<th>XL</th>\r\n<th>XXL</th>\r\n<th>XXXL</th>\r\n</tr>\r\n<tr>\r\n<td>Europe</td>\r\n<td>32</td>\r\n<td>34</td>\r\n<td>36</td>\r\n<td>38</td>\r\n<td>40</td>\r\n<td>42</td>\r\n<td>44</td>\r\n</tr>\r\n<tr>\r\n<td>US</td>\r\n<td>0</td>\r\n<td>2</td>\r\n<td>4</td>\r\n<td>6</td>\r\n<td>8</td>\r\n<td>10</td>\r\n<td>12</td>\r\n</tr>\r\n<tr>\r\n<td>Chest fit (inches)</td>\r\n<td>28\"</td>\r\n<td>30\"</td>\r\n<td>32\"</td>\r\n<td>34\"</td>\r\n<td>36\"</td>\r\n<td>38\"</td>\r\n<td>40\"</td>\r\n</tr>\r\n<tr>\r\n<td>Chest fit (cm)</td>\r\n<td>71</td>\r\n<td>76</td>\r\n<td>81</td>\r\n<td>86</td>\r\n<td>91.5</td>\r\n<td>96.5</td>\r\n<td>101.1</td>\r\n</tr>\r\n<tr>\r\n<td>Waist fir (inches)</td>\r\n<td>21\"</td>\r\n<td>23\"</td>\r\n<td>25\"</td>\r\n<td>27\"</td>\r\n<td>29\"</td>\r\n<td>31\"</td>\r\n<td>33\"</td>\r\n</tr>\r\n<tr>\r\n<td>Waist fir (cm)</td>\r\n<td>53.5</td>\r\n<td>58.5</td>\r\n<td>63.5</td>\r\n<td>68.5</td>\r\n<td>74</td>\r\n<td>79</td>\r\n<td>84</td>\r\n</tr>\r\n<tr>\r\n<td>Hips fir (inches)</td>\r\n<td>33\"</td>\r\n<td>34\"</td>\r\n<td>36\"</td>\r\n<td>38\"</td>\r\n<td>40\"</td>\r\n<td>42\"</td>\r\n<td>44\"</td>\r\n</tr>\r\n<tr>\r\n<td>Hips fir (cm)</td>\r\n<td>81.5</td>\r\n<td>86.5</td>\r\n<td>91.5</td>\r\n<td>96.5</td>\r\n<td>101</td>\r\n<td>106.5</td>\r\n<td>111.5</td>\r\n</tr>\r\n<tr>\r\n<td>Skort lengths (sm)</td>\r\n<td>36.5</td>\r\n<td>38</td>\r\n<td>39.5</td>\r\n<td>41</td>\r\n<td>42.5</td>\r\n<td>44</td>\r\n<td>45.5</td>\r\n</tr>\r\n</tbody>\r\n</table>\r\n</div>\r\n</div>\r\n<div class=\"sizetable-wrap-man\">\r\n<h4>Men\'s apparel sizing</h4>\r\n<div class=\"size-table-wrap\">\r\n<table class=\"size-table\">\r\n<tbody>\r\n<tr>\r\n<th>International</th>\r\n<th>XS</th>\r\n<th>S</th>\r\n<th>M</th>\r\n<th>L</th>\r\n<th>XL</th>\r\n<th>XXL</th>\r\n<th>XXXL</th>\r\n</tr>\r\n<tr>\r\n<td>Europe</td>\r\n<td>32</td>\r\n<td>34</td>\r\n<td>36</td>\r\n<td>38</td>\r\n<td>40</td>\r\n<td>42</td>\r\n<td>44</td>\r\n</tr>\r\n<tr>\r\n<td>US</td>\r\n<td>0</td>\r\n<td>2</td>\r\n<td>4</td>\r\n<td>6</td>\r\n<td>8</td>\r\n<td>10</td>\r\n<td>12</td>\r\n</tr>\r\n<tr>\r\n<td>Chest fit (inches)</td>\r\n<td>33-35\"</td>\r\n<td>36-38\"</td>\r\n<td>39-41\"</td>\r\n<td>42-44\"</td>\r\n<td>45-47\"</td>\r\n<td>48-50\"</td>\r\n<td>51-53\"</td>\r\n</tr>\r\n<tr>\r\n<td>Chest fit (cm)</td>\r\n<td>84-89</td>\r\n<td>91-97</td>\r\n<td>98-104</td>\r\n<td>107-112</td>\r\n<td>114-119</td>\r\n<td>122-127</td>\r\n<td>129-134</td>\r\n</tr>\r\n<tr>\r\n<td>Waist fir (inches)</td>\r\n<td>28\"</td>\r\n<td>30\"</td>\r\n<td>32\"</td>\r\n<td>34\"</td>\r\n<td>36\"</td>\r\n<td>38\"</td>\r\n<td>40\"</td>\r\n</tr>\r\n<tr>\r\n<td>Waist fir (cm)</td>\r\n<td>71</td>\r\n<td>76</td>\r\n<td>81</td>\r\n<td>86</td>\r\n<td>91.5</td>\r\n<td>96.5</td>\r\n<td>101.5</td>\r\n</tr>\r\n<tr>\r\n<td>Skort lengths (sm)</td>\r\n<td>76</td>\r\n<td>77.5</td>\r\n<td>79</td>\r\n<td>81</td>\r\n<td>82.5</td>\r\n<td>84</td>\r\n<td>85.5</td>\r\n</tr>\r\n</tbody>\r\n</table>\r\n</div>\r\n</div>','1'),(1,'Size Guide','<h3>Size Guide</h3>\r\n<p><span style=\"text-align: center;\">You can customize it or disable in the backoffice: Modules / Module manager / Size Guide. Displaying is possible for all products or for selected products, for selected categories.</span></p>\r\n<p><span style=\"text-align: center;\">This is an approximate conversion table to help you find your size. If you have already purchased an item by our brand, we recommend you select the same size as indicated on its label.</span></p>\r\n<p></p>\r\n<div class=\"sizetable-wrap-woman\">\r\n<h4>Women\'s apparel sizing</h4>\r\n<div class=\"size-table-wrap\">\r\n<table class=\"size-table\">\r\n<tbody>\r\n<tr>\r\n<th>International</th>\r\n<th>XS</th>\r\n<th>S</th>\r\n<th>M</th>\r\n<th>L</th>\r\n<th>XL</th>\r\n<th>XXL</th>\r\n<th>XXXL</th>\r\n</tr>\r\n<tr>\r\n<td>Europe</td>\r\n<td>32</td>\r\n<td>34</td>\r\n<td>36</td>\r\n<td>38</td>\r\n<td>40</td>\r\n<td>42</td>\r\n<td>44</td>\r\n</tr>\r\n<tr>\r\n<td>US</td>\r\n<td>0</td>\r\n<td>2</td>\r\n<td>4</td>\r\n<td>6</td>\r\n<td>8</td>\r\n<td>10</td>\r\n<td>12</td>\r\n</tr>\r\n<tr>\r\n<td>Chest fit (inches)</td>\r\n<td>28\"</td>\r\n<td>30\"</td>\r\n<td>32\"</td>\r\n<td>34\"</td>\r\n<td>36\"</td>\r\n<td>38\"</td>\r\n<td>40\"</td>\r\n</tr>\r\n<tr>\r\n<td>Chest fit (cm)</td>\r\n<td>71</td>\r\n<td>76</td>\r\n<td>81</td>\r\n<td>86</td>\r\n<td>91.5</td>\r\n<td>96.5</td>\r\n<td>101.1</td>\r\n</tr>\r\n<tr>\r\n<td>Waist fir (inches)</td>\r\n<td>21\"</td>\r\n<td>23\"</td>\r\n<td>25\"</td>\r\n<td>27\"</td>\r\n<td>29\"</td>\r\n<td>31\"</td>\r\n<td>33\"</td>\r\n</tr>\r\n<tr>\r\n<td>Waist fir (cm)</td>\r\n<td>53.5</td>\r\n<td>58.5</td>\r\n<td>63.5</td>\r\n<td>68.5</td>\r\n<td>74</td>\r\n<td>79</td>\r\n<td>84</td>\r\n</tr>\r\n<tr>\r\n<td>Hips fir (inches)</td>\r\n<td>33\"</td>\r\n<td>34\"</td>\r\n<td>36\"</td>\r\n<td>38\"</td>\r\n<td>40\"</td>\r\n<td>42\"</td>\r\n<td>44\"</td>\r\n</tr>\r\n<tr>\r\n<td>Hips fir (cm)</td>\r\n<td>81.5</td>\r\n<td>86.5</td>\r\n<td>91.5</td>\r\n<td>96.5</td>\r\n<td>101</td>\r\n<td>106.5</td>\r\n<td>111.5</td>\r\n</tr>\r\n<tr>\r\n<td>Skort lengths (sm)</td>\r\n<td>36.5</td>\r\n<td>38</td>\r\n<td>39.5</td>\r\n<td>41</td>\r\n<td>42.5</td>\r\n<td>44</td>\r\n<td>45.5</td>\r\n</tr>\r\n</tbody>\r\n</table>\r\n</div>\r\n</div>\r\n<div class=\"sizetable-wrap-man\">\r\n<h4>Men\'s apparel sizing</h4>\r\n<div class=\"size-table-wrap\">\r\n<table class=\"size-table\">\r\n<tbody>\r\n<tr>\r\n<th>International</th>\r\n<th>XS</th>\r\n<th>S</th>\r\n<th>M</th>\r\n<th>L</th>\r\n<th>XL</th>\r\n<th>XXL</th>\r\n<th>XXXL</th>\r\n</tr>\r\n<tr>\r\n<td>Europe</td>\r\n<td>32</td>\r\n<td>34</td>\r\n<td>36</td>\r\n<td>38</td>\r\n<td>40</td>\r\n<td>42</td>\r\n<td>44</td>\r\n</tr>\r\n<tr>\r\n<td>US</td>\r\n<td>0</td>\r\n<td>2</td>\r\n<td>4</td>\r\n<td>6</td>\r\n<td>8</td>\r\n<td>10</td>\r\n<td>12</td>\r\n</tr>\r\n<tr>\r\n<td>Chest fit (inches)</td>\r\n<td>33-35\"</td>\r\n<td>36-38\"</td>\r\n<td>39-41\"</td>\r\n<td>42-44\"</td>\r\n<td>45-47\"</td>\r\n<td>48-50\"</td>\r\n<td>51-53\"</td>\r\n</tr>\r\n<tr>\r\n<td>Chest fit (cm)</td>\r\n<td>84-89</td>\r\n<td>91-97</td>\r\n<td>98-104</td>\r\n<td>107-112</td>\r\n<td>114-119</td>\r\n<td>122-127</td>\r\n<td>129-134</td>\r\n</tr>\r\n<tr>\r\n<td>Waist fir (inches)</td>\r\n<td>28\"</td>\r\n<td>30\"</td>\r\n<td>32\"</td>\r\n<td>34\"</td>\r\n<td>36\"</td>\r\n<td>38\"</td>\r\n<td>40\"</td>\r\n</tr>\r\n<tr>\r\n<td>Waist fir (cm)</td>\r\n<td>71</td>\r\n<td>76</td>\r\n<td>81</td>\r\n<td>86</td>\r\n<td>91.5</td>\r\n<td>96.5</td>\r\n<td>101.5</td>\r\n</tr>\r\n<tr>\r\n<td>Skort lengths (sm)</td>\r\n<td>76</td>\r\n<td>77.5</td>\r\n<td>79</td>\r\n<td>81</td>\r\n<td>82.5</td>\r\n<td>84</td>\r\n<td>85.5</td>\r\n</tr>\r\n</tbody>\r\n</table>\r\n</div>\r\n</div>','2'),(1,'Size Guide','<h3>Size Guide</h3>\r\n<p><span style=\"text-align: center;\">You can customize it or disable in the backoffice: Modules / Module manager / Size Guide. Displaying is possible for all products or for selected products, for selected categories.</span></p>\r\n<p><span style=\"text-align: center;\">This is an approximate conversion table to help you find your size. If you have already purchased an item by our brand, we recommend you select the same size as indicated on its label.</span></p>\r\n<p></p>\r\n<div class=\"sizetable-wrap-woman\">\r\n<h4>Women\'s apparel sizing</h4>\r\n<div class=\"size-table-wrap\">\r\n<table class=\"size-table\">\r\n<tbody>\r\n<tr>\r\n<th>International</th>\r\n<th>XS</th>\r\n<th>S</th>\r\n<th>M</th>\r\n<th>L</th>\r\n<th>XL</th>\r\n<th>XXL</th>\r\n<th>XXXL</th>\r\n</tr>\r\n<tr>\r\n<td>Europe</td>\r\n<td>32</td>\r\n<td>34</td>\r\n<td>36</td>\r\n<td>38</td>\r\n<td>40</td>\r\n<td>42</td>\r\n<td>44</td>\r\n</tr>\r\n<tr>\r\n<td>US</td>\r\n<td>0</td>\r\n<td>2</td>\r\n<td>4</td>\r\n<td>6</td>\r\n<td>8</td>\r\n<td>10</td>\r\n<td>12</td>\r\n</tr>\r\n<tr>\r\n<td>Chest fit (inches)</td>\r\n<td>28\"</td>\r\n<td>30\"</td>\r\n<td>32\"</td>\r\n<td>34\"</td>\r\n<td>36\"</td>\r\n<td>38\"</td>\r\n<td>40\"</td>\r\n</tr>\r\n<tr>\r\n<td>Chest fit (cm)</td>\r\n<td>71</td>\r\n<td>76</td>\r\n<td>81</td>\r\n<td>86</td>\r\n<td>91.5</td>\r\n<td>96.5</td>\r\n<td>101.1</td>\r\n</tr>\r\n<tr>\r\n<td>Waist fir (inches)</td>\r\n<td>21\"</td>\r\n<td>23\"</td>\r\n<td>25\"</td>\r\n<td>27\"</td>\r\n<td>29\"</td>\r\n<td>31\"</td>\r\n<td>33\"</td>\r\n</tr>\r\n<tr>\r\n<td>Waist fir (cm)</td>\r\n<td>53.5</td>\r\n<td>58.5</td>\r\n<td>63.5</td>\r\n<td>68.5</td>\r\n<td>74</td>\r\n<td>79</td>\r\n<td>84</td>\r\n</tr>\r\n<tr>\r\n<td>Hips fir (inches)</td>\r\n<td>33\"</td>\r\n<td>34\"</td>\r\n<td>36\"</td>\r\n<td>38\"</td>\r\n<td>40\"</td>\r\n<td>42\"</td>\r\n<td>44\"</td>\r\n</tr>\r\n<tr>\r\n<td>Hips fir (cm)</td>\r\n<td>81.5</td>\r\n<td>86.5</td>\r\n<td>91.5</td>\r\n<td>96.5</td>\r\n<td>101</td>\r\n<td>106.5</td>\r\n<td>111.5</td>\r\n</tr>\r\n<tr>\r\n<td>Skort lengths (sm)</td>\r\n<td>36.5</td>\r\n<td>38</td>\r\n<td>39.5</td>\r\n<td>41</td>\r\n<td>42.5</td>\r\n<td>44</td>\r\n<td>45.5</td>\r\n</tr>\r\n</tbody>\r\n</table>\r\n</div>\r\n</div>\r\n<div class=\"sizetable-wrap-man\">\r\n<h4>Men\'s apparel sizing</h4>\r\n<div class=\"size-table-wrap\">\r\n<table class=\"size-table\">\r\n<tbody>\r\n<tr>\r\n<th>International</th>\r\n<th>XS</th>\r\n<th>S</th>\r\n<th>M</th>\r\n<th>L</th>\r\n<th>XL</th>\r\n<th>XXL</th>\r\n<th>XXXL</th>\r\n</tr>\r\n<tr>\r\n<td>Europe</td>\r\n<td>32</td>\r\n<td>34</td>\r\n<td>36</td>\r\n<td>38</td>\r\n<td>40</td>\r\n<td>42</td>\r\n<td>44</td>\r\n</tr>\r\n<tr>\r\n<td>US</td>\r\n<td>0</td>\r\n<td>2</td>\r\n<td>4</td>\r\n<td>6</td>\r\n<td>8</td>\r\n<td>10</td>\r\n<td>12</td>\r\n</tr>\r\n<tr>\r\n<td>Chest fit (inches)</td>\r\n<td>33-35\"</td>\r\n<td>36-38\"</td>\r\n<td>39-41\"</td>\r\n<td>42-44\"</td>\r\n<td>45-47\"</td>\r\n<td>48-50\"</td>\r\n<td>51-53\"</td>\r\n</tr>\r\n<tr>\r\n<td>Chest fit (cm)</td>\r\n<td>84-89</td>\r\n<td>91-97</td>\r\n<td>98-104</td>\r\n<td>107-112</td>\r\n<td>114-119</td>\r\n<td>122-127</td>\r\n<td>129-134</td>\r\n</tr>\r\n<tr>\r\n<td>Waist fir (inches)</td>\r\n<td>28\"</td>\r\n<td>30\"</td>\r\n<td>32\"</td>\r\n<td>34\"</td>\r\n<td>36\"</td>\r\n<td>38\"</td>\r\n<td>40\"</td>\r\n</tr>\r\n<tr>\r\n<td>Waist fir (cm)</td>\r\n<td>71</td>\r\n<td>76</td>\r\n<td>81</td>\r\n<td>86</td>\r\n<td>91.5</td>\r\n<td>96.5</td>\r\n<td>101.5</td>\r\n</tr>\r\n<tr>\r\n<td>Skort lengths (sm)</td>\r\n<td>76</td>\r\n<td>77.5</td>\r\n<td>79</td>\r\n<td>81</td>\r\n<td>82.5</td>\r\n<td>84</td>\r\n<td>85.5</td>\r\n</tr>\r\n</tbody>\r\n</table>\r\n</div>\r\n</div>','3');

--
-- Table structure for table `bl_an_size_guide_widgets_relations`
--

CREATE TABLE `bl_an_size_guide_widgets_relations` (
  `id_relation` int(11) NOT NULL AUTO_INCREMENT,
  `widget` int(11) NOT NULL,
  `id_type` int(11) NOT NULL,
  `type` tinyint(1) unsigned NOT NULL DEFAULT '0',
  PRIMARY KEY (`id_relation`)
) ENGINE=InnoDB AUTO_INCREMENT=3 DEFAULT CHARSET=utf8;

--
-- Dumping data for table `bl_an_size_guide_widgets_relations`
--

INSERT INTO `bl_an_size_guide_widgets_relations` VALUES (2,1,0,0);

--
-- Table structure for table `bl_an_size_guide_widgets_shop`
--

CREATE TABLE `bl_an_size_guide_widgets_shop` (
  `id_widget` int(10) unsigned NOT NULL,
  `id_shop` int(10) unsigned NOT NULL,
  PRIMARY KEY (`id_widget`,`id_shop`)
) ENGINE=InnoDB DEFAULT CHARSET=utf8;

--
-- Dumping data for table `bl_an_size_guide_widgets_shop`
--


--
-- Table structure for table `bl_an_trust_badges_icons`
--

CREATE TABLE `bl_an_trust_badges_icons` (
  `icon_id` int(10) unsigned NOT NULL AUTO_INCREMENT,
  `active` tinyint(1) unsigned NOT NULL DEFAULT '1',
  `position` int(10) NOT NULL,
  `icon_title` varchar(255) NOT NULL,
  `file_name` varchar(150) NOT NULL,
  `code` text NOT NULL,
  `type_icon` int(10) NOT NULL,
  PRIMARY KEY (`icon_id`)
) ENGINE=InnoDB AUTO_INCREMENT=6 DEFAULT CHARSET=utf8;

--
-- Dumping data for table `bl_an_trust_badges_icons`
--

INSERT INTO `bl_an_trust_badges_icons` VALUES (1,0,0,'','','<svg id=\"layer\" xmlns=\"http://www.w3.org/2000/svg\" width=\"82\" viewBox=\"0 0 600 114.7\"><defs><style>.cls-1{fill:#000101;}.cls-2{fill:#ffdb00;}.cls-3{fill:#fff;}</style></defs><title>western-union-vector-logo</title><path class=\"cls-1\" d=\"M600,105.5a9.18,9.18,0,0,1-9.2,9.2H9.2A9.24,9.24,0,0,1,0,105.5V9.2A9.18,9.18,0,0,1,9.2,0H590.7a9.24,9.24,0,0,1,9.2,9.2v96.3Z\"/><polygon class=\"cls-2\" points=\"19.8 14.4 33.4 14.4 36.6 38.4 36.7 38.4 40.3 14.4 55.9 14.4 59.4 38.4 59.6 38.4 62.8 14.4 76.3 14.4 68.1 52.6 51.7 52.6 48.1 27.8 48 27.8 44.5 52.6 28.1 52.6 19.8 14.4\"/><polygon class=\"cls-2\" points=\"85.2 14.4 114.2 14.4 114.2 24.3 99.7 24.3 99.7 28.4 113.1 28.4 113.1 38.3 99.7 38.3 99.7 42.6 114.7 42.6 114.7 52.6 85.2 52.6 85.2 14.4\"/><path class=\"cls-2\" d=\"M145.2,25.2c0-2.4-1.4-3.2-3.3-3.2-2.4,0-3.5,1.1-3.5,2.2,0,1.4.9,1.9,2.5,2.4,2.9.8,8.3,1.9,12.1,3.5,4.8,2,6.9,5.5,6.9,10.1,0,9.4-7.6,13.3-18.4,13.3-9.2,0-17.7-2.9-17.7-12.8h14.5a4.7,4.7,0,0,0,.8,2.9,3.66,3.66,0,0,0,3,1.2c2.2,0,3.7-1.4,3.7-3.1,0-1.4-1.1-2.2-2.5-2.6l-10.8-3.2c-5.9-1.8-7.9-5.3-7.9-10.2,0-8,6.4-12.5,17.6-12.5,9.5,0,16.7,3,16.7,11.9H145.2Z\"/><polygon class=\"cls-2\" points=\"177.6 24.6 168.1 24.6 168.1 14.4 202.1 14.4 202.1 24.6 192.7 24.6 192.7 52.6 177.6 52.6 177.6 24.6\"/><polygon class=\"cls-2\" points=\"212 14.4 241 14.4 241 24.3 226.5 24.3 226.5 28.4 239.9 28.4 239.9 38.3 226.5 38.3 226.5 42.6 241.5 42.6 241.5 52.6 212 52.6 212 14.4\"/><path class=\"cls-2\" d=\"M252.3,14.4h22.6c8.2,0,13,2.5,13,9.7,0,4.4-1.9,7.7-7.6,9.1v.1c3.7.3,5.7,1.9,6.5,4.9.8,3.3.7,8.7,2.5,14.4H274.5c-.9-2.9-1.4-7.7-1.9-10.9-.3-1.9-1.3-2.6-3.7-2.6h-1.7V52.7H252.4V14.4Zm16.1,15.9c2.9,0,5-1,5-3.9s-2-3.4-4.9-3.4h-1.4v7.2h1.3Z\"/><polygon class=\"cls-2\" points=\"299.4 14.4 317.5 14.4 325.6 37.5 325.7 37.5 325.7 14.4 338 14.4 338 52.6 319.9 52.6 311.8 29.3 311.7 29.3 311.7 52.6 299.4 52.6 299.4 14.4\"/><path class=\"cls-2\" d=\"M159.6,85.5c0,9.2-6.6,13.8-18.1,13.8s-18.1-4.6-18.1-13.8V60.1h15.1V84.9c0,3,1.4,4.2,3,4.2s3-1.2,3-4.2V60.1h15.1Z\"/><polygon class=\"cls-2\" points=\"171.7 60.1 189.9 60.1 198 83.3 198.1 83.3 198.1 60.1 210.4 60.1 210.4 98.3 192.2 98.3 184.1 75 184 75 184 98.3 171.7 98.3 171.7 60.1\"/><rect class=\"cls-2\" x=\"222.8\" y=\"60.1\" width=\"15.1\" height=\"38.2\"/><path class=\"cls-2\" d=\"M268.6,59.1c13.2,0,19.7,8.2,19.7,20.1s-6.6,20.1-19.7,20.1-19.7-8.2-19.7-20.1,6.5-20.1,19.7-20.1m0,30.3c2.3,0,4.1-1.3,4.1-10.2,0-8.6-1.6-10.2-4.1-10.2s-4.1,1.5-4.1,10.2c0,8.9,1.8,10.2,4.1,10.2\"/><polygon class=\"cls-2\" points=\"299.4 60.1 317.5 60.1 325.6 83.3 325.7 83.3 325.7 60.1 338 60.1 338 98.3 319.9 98.3 311.8 75 311.7 75 311.7 98.3 299.4 98.3 299.4 60.1\"/><path class=\"cls-2\" d=\"M480.4,13.8H474l-7.2,53.6h-.2l-7.9-53.6H423.8l-7.9,53.6h-.2l-7.2-53.6H378.2L396.6,99h36.6l7.9-55.2h.2L449.2,99h36.6l1.8-8.5c-4.7-5-7.2-11.6-7.2-20.1V13.8Z\"/><path class=\"cls-3\" d=\"M480.4,13.8V70.4c0,8.4,2.5,15.1,7.2,20.1l16.6-76.7Z\"/><path class=\"cls-2\" d=\"M527.7,13.8V69c0,6.7-3.2,9.3-6.7,9.3s-6.7-2.6-6.7-9.3V13.8h-7.2l-17,78.8c6.9,5.7,17.3,8.7,30.9,8.7,25.7,0,40.5-10.3,40.5-30.8V13.9H527.7Z\"/><polygon class=\"cls-2\" points=\"356 13.8 351 13.8 369.1 99 374.1 99 356 13.8\"/><polygon class=\"cls-2\" points=\"382.8 99 387.8 99 369.7 13.8 364.7 13.8 382.8 99\"/><path class=\"cls-2\" d=\"M571.6,17.9c0-.6-.3-.8-.9-.8-.4,0-.9.2-.9.7s.5.7,1,.8c.8.2,2.1.5,2.1,1.6,0,1.4-1.2,1.9-2.4,1.9s-2.2-.5-2.2-1.9h1.2c0,.6.3,1,.9,1s1.1-.1,1.1-.7-.8-.7-1.3-.8c-.8-.2-1.9-.5-1.9-1.6,0-1.3,1.2-1.9,2.4-1.9a1.69,1.69,0,0,1,1.9,1.7Z\"/><polygon class=\"cls-2\" points=\"577.4 21.9 576.4 21.9 574.9 17.1 574.9 17.1 574.9 21.9 573.7 21.9 573.7 16.3 575.7 16.3 576.9 20.4 578.2 16.3 580.1 16.3 580.1 21.9 579 21.9 579 17.1 579 17.1 577.4 21.9\"/></svg>',1),(2,1,0,'','','<svg id=\"71d22610-8caf-4290-8c8e-f1ca1bdbfaa1\" width=\"52\" data-name=\"Layer 1\" xmlns=\"http://www.w3.org/2000/svg\" viewBox=\"0 0 1000.05 323.65\"><defs><style>.d43b9943-4a99-41e7-b6b1-dc832d2a74ed{fill:#00579f;}.\\33 674d6d1-1247-441a-b897-23bfb4a39f7e{fill:#faa61a;}</style></defs><title>Visa</title><g id=\"75e14b05-63ba-4723-8cdd-395e5becef4d\" data-name=\"g4158\"><polygon id=\"d4900c31-ec1f-4be2-bc7d-44b97a40df34\" data-name=\"polygon9\" class=\"d43b9943-4a99-41e7-b6b1-dc832d2a74ed\" points=\"433.35 318.98 352.34 318.98 403.01 5.68 484.02 5.68 433.35 318.98\"/><path id=\"995745dd-d4f4-47e9-9269-335185fcc585\" data-name=\"path11\" class=\"d43b9943-4a99-41e7-b6b1-dc832d2a74ed\" d=\"M727,13.34A199.62,199.62,0,0,0,654.36,0C574.36,0,518,42.66,517.68,103.65c-.66,45,40.34,70,71,85,31.34,15.33,42,25.34,42,39-.32,21-25.33,30.66-48.65,30.66-32.35,0-49.68-5-76-16.67l-10.67-5L484,307c19,8.65,54,16.34,90.35,16.67,85,0,140.34-42,141-107,.32-35.67-21.33-63-68-85.33-28.33-14.33-45.69-24-45.69-38.67.34-13.33,14.68-27,46.66-27,26.34-.67,45.69,5.66,60.35,12L716,81l11-67.65Z\" transform=\"translate(0 0)\"/><path id=\"c9f10e56-f260-4caa-85f1-875205acc23c\" data-name=\"path13\" class=\"d43b9943-4a99-41e7-b6b1-dc832d2a74ed\" d=\"M834.69,208c6.68-18,32.35-87.66,32.35-87.66-.34.67,6.66-18.33,10.66-30l5.66,27S898.7,192.33,902,208Zm100-202.31H872c-19.32,0-34,5.66-42.34,26L709.36,319h85l17-47h104c2.33,11,9.67,47,9.67,47h75L934.69,5.68Z\" transform=\"translate(0 0)\"/><path id=\"94c3c7ae-2ba4-4490-a56c-a687f68564f2\" data-name=\"path15\" class=\"d43b9943-4a99-41e7-b6b1-dc832d2a74ed\" d=\"M284.68,5.68,205.34,219.32,196.67,176C182,126,136,71.68,84.67,44.67l72.67,274H243l127.33-313Z\" transform=\"translate(0 0)\"/><path id=\"5f12718c-6350-44dc-93b1-d9192dc92a3a\" data-name=\"path17\" class=\"3674d6d1-1247-441a-b897-23bfb4a39f7e\" d=\"M131.67,5.68H1.33L0,12c101.67,26,169,88.67,196.67,164L168.34,32c-4.67-20-19-25.68-36.67-26.34Z\" transform=\"translate(0 0)\"/></g></svg>',1),(3,0,0,'','','<svg id=\"b53b7330-7a28-4def-9932-329bf346c969\" width=\"82\" data-name=\"Layer 1\" xmlns=\"http://www.w3.org/2000/svg\" viewBox=\"0 0 123.59 30.18\"><defs><style>.f7b16378-bf7e-40f2-a37c-5605871c52c4{fill:#253b80;}.\\32 0ed65ed-7862-46d9-9318-fecee315d7bb{fill:#179bd7;}.\\30 1adf0ca-911c-4fa4-b14c-e82d60cebf6c{fill:#222d65;}</style></defs><title>PayPal</title><path class=\"f7b16378-bf7e-40f2-a37c-5605871c52c4\" d=\"M46.21,6.75H39.37a1,1,0,0,0-.94.8L35.67,25.09a.57.57,0,0,0,.56.66H39.5a.94.94,0,0,0,.93-.81l.75-4.73a1,1,0,0,1,.94-.8h2.16c4.51,0,7.11-2.18,7.79-6.5A5.29,5.29,0,0,0,51.2,8.5C50.22,7.35,48.5,6.75,46.21,6.75Zm.79,6.4c-.37,2.46-2.25,2.46-4.06,2.46h-1L42.63,11a.57.57,0,0,1,.56-.48h.48c1.23,0,2.4,0,3,.71A2.25,2.25,0,0,1,47,13.15Z\" transform=\"translate(0)\"/><path class=\"f7b16378-bf7e-40f2-a37c-5605871c52c4\" d=\"M66.65,13.07H63.38a.57.57,0,0,0-.56.49l-.15.91-.23-.33c-.71-1-2.29-1.37-3.87-1.37a7.53,7.53,0,0,0-7.31,6.58,6.17,6.17,0,0,0,1.22,5,5.13,5.13,0,0,0,4.13,1.67,6.28,6.28,0,0,0,4.53-1.87l-.15.91a.58.58,0,0,0,.57.66h3a.94.94,0,0,0,.93-.81l1.77-11.21A.57.57,0,0,0,66.65,13.07Zm-4.56,6.38a3.66,3.66,0,0,1-3.7,3.13,2.77,2.77,0,0,1-2.2-.89,2.81,2.81,0,0,1-.51-2.3,3.68,3.68,0,0,1,3.67-3.15,2.75,2.75,0,0,1,2.18.89A2.85,2.85,0,0,1,62.09,19.45Z\" transform=\"translate(0)\"/><path class=\"f7b16378-bf7e-40f2-a37c-5605871c52c4\" d=\"M84.1,13.07H80.81a1,1,0,0,0-.79.42l-4.54,6.69-1.93-6.43a1,1,0,0,0-.91-.68H69.41a.57.57,0,0,0-.54.76l3.62,10.64-3.41,4.81a.57.57,0,0,0,.47.9h3.29a1,1,0,0,0,.78-.41L84.56,14A.57.57,0,0,0,84.1,13.07Z\" transform=\"translate(0)\"/><path class=\"20ed65ed-7862-46d9-9318-fecee315d7bb\" d=\"M95,6.75H88.15a1,1,0,0,0-.94.8L84.45,25.09a.57.57,0,0,0,.56.66h3.51a.67.67,0,0,0,.66-.57l.78-5a1,1,0,0,1,.94-.8h2.16c4.51,0,7.11-2.18,7.79-6.5A5.26,5.26,0,0,0,100,8.5C99,7.35,97.28,6.75,95,6.75Zm.79,6.4c-.37,2.46-2.25,2.46-4.06,2.46h-1L91.41,11a.58.58,0,0,1,.56-.48h.48c1.23,0,2.4,0,3,.71A2.25,2.25,0,0,1,95.78,13.15Z\" transform=\"translate(0)\"/><path class=\"20ed65ed-7862-46d9-9318-fecee315d7bb\" d=\"M115.43,13.07h-3.27a.57.57,0,0,0-.56.49l-.15.91-.23-.33c-.71-1-2.29-1.37-3.86-1.37a7.53,7.53,0,0,0-7.31,6.58,6.14,6.14,0,0,0,1.22,5,5.11,5.11,0,0,0,4.12,1.67,6.25,6.25,0,0,0,4.53-1.87l-.14.91a.57.57,0,0,0,.56.66h3a1,1,0,0,0,.94-.81L116,13.73A.58.58,0,0,0,115.43,13.07Zm-4.56,6.38a3.65,3.65,0,0,1-3.7,3.13,2.74,2.74,0,0,1-2.19-.89,2.77,2.77,0,0,1-.52-2.3,3.68,3.68,0,0,1,3.67-3.15,2.79,2.79,0,0,1,2.19.89A2.84,2.84,0,0,1,110.87,19.45Z\" transform=\"translate(0)\"/><path class=\"20ed65ed-7862-46d9-9318-fecee315d7bb\" d=\"M119.29,7.23l-2.8,17.86a.57.57,0,0,0,.56.66h2.82a1,1,0,0,0,.94-.81l2.77-17.53a.57.57,0,0,0-.56-.66h-3.16A.58.58,0,0,0,119.29,7.23Z\" transform=\"translate(0)\"/><path class=\"f7b16378-bf7e-40f2-a37c-5605871c52c4\" d=\"M7.27,29.15l.52-3.32-1.17,0H1.06L4.93,1.29A.35.35,0,0,1,5,1.1.32.32,0,0,1,5.24,1h9.38C17.74,1,19.88,1.67,21,3a4.44,4.44,0,0,1,1,1.92,7,7,0,0,1,0,2.64l0,.08v.68l.53.29a3.83,3.83,0,0,1,1.07.82,3.73,3.73,0,0,1,.86,1.93,8.37,8.37,0,0,1-.12,2.82,9.78,9.78,0,0,1-1.16,3.18,6.48,6.48,0,0,1-1.82,2,7.49,7.49,0,0,1-2.46,1.11,12.52,12.52,0,0,1-3.07.35h-.73a2.22,2.22,0,0,0-1.43.53A2.18,2.18,0,0,0,13,22.62l-.06.3L12,28.78l0,.21a.18.18,0,0,1-.06.13.17.17,0,0,1-.1,0Z\" transform=\"translate(0)\"/><path class=\"20ed65ed-7862-46d9-9318-fecee315d7bb\" d=\"M23.05,7.67h0c0,.18-.06.36-.1.55-1.23,6.35-5.47,8.54-10.87,8.54H9.33A1.33,1.33,0,0,0,8,17.89H8L6.6,26.83l-.4,2.53a.7.7,0,0,0,.69.82h4.88a1.17,1.17,0,0,0,1.16-1l.05-.25.92-5.83.06-.32a1.17,1.17,0,0,1,1.16-1h.73c4.73,0,8.43-1.92,9.51-7.47.45-2.32.22-4.26-1-5.62A4.73,4.73,0,0,0,23.05,7.67Z\" transform=\"translate(0)\"/><path class=\"01adf0ca-911c-4fa4-b14c-e82d60cebf6c\" d=\"M21.75,7.15,21.17,7l-.62-.12a15.28,15.28,0,0,0-2.43-.17H10.77a1.18,1.18,0,0,0-.5.11,1.22,1.22,0,0,0-.66.88L8.05,17.6l0,.29a1.33,1.33,0,0,1,1.32-1.13h2.75c5.4,0,9.64-2.19,10.87-8.54,0-.19.07-.37.1-.55a5.9,5.9,0,0,0-1-.43Z\" transform=\"translate(0)\"/><path class=\"f7b16378-bf7e-40f2-a37c-5605871c52c4\" d=\"M9.61,7.7a1.21,1.21,0,0,1,.66-.88,1.18,1.18,0,0,1,.5-.11h7.35a15.22,15.22,0,0,1,2.43.18l.62.11.58.15.28.09a5.9,5.9,0,0,1,1,.43c.37-2.35,0-3.95-1.27-5.39C20.38.68,17.85,0,14.62,0H5.24A1.33,1.33,0,0,0,3.92,1.13L0,25.9a.8.8,0,0,0,.8.93H6.6L8.05,17.6Z\" transform=\"translate(0)\"/></svg>',1),(4,1,0,'','','<svg id=\"2a04528d-edb4-451c-9988-c5a9e35a9250\" data-name=\"svg2985\" width=\"44\" style=\"max-height: 26px\" xmlns=\"http://www.w3.org/2000/svg\" viewBox=\"0 0 1025.22 612.25\"><defs><style>.\\36 c7d616a-371a-4084-a46a-97797ffa1a2b{fill:#ff0018;}.\\37 3285dfd-e6a2-46cc-9d1d-0bf24fede2c4{fill:#ffaa18;}.\\31 0c9f345-5c65-4f32-9778-dad6f1c196fa{fill:#fff;}</style></defs><title>MasterCard</title><g id=\"aacc9d06-ae70-4eab-9fae-033531215d24\" data-name=\"g3478\"><g id=\"037923d5-4fc5-4e3e-94ac-44109d4f537a\" data-name=\"g3456\"><g id=\"3b569961-c5cf-4b60-a5fa-241ec511ffe0\" data-name=\"g3159\"><path id=\"63c952a3-a4c0-43c0-86e7-7e095390dfb1\" data-name=\"path3086\" class=\"6c7d616a-371a-4084-a46a-97797ffa1a2b\" d=\"M307.91,0C137.84,0,0,137.06,0,306.12S137.84,612.25,307.91,612.25a307.79,307.79,0,0,0,204.68-77.44q6.49-5.74,12.63-11.84c1.36-1.36,2.72-2.72,4.06-4.09H495.91q2,2.05,4.06,4.09c-1.37-1.35-2.73-2.72-4.06-4.09q-8.82-9.06-16.85-18.82c-1.18-1.43-2.37-2.88-3.53-4.34,1.16,1.46,2.35,2.9,3.53,4.34h67q7.13-8.64,13.63-17.78H465.47c2.16,3.05,4.36,6.07,6.62,9-2.27-3-4.46-6-6.62-9q-7.92-11.17-14.85-23.06a304.44,304.44,0,0,1-16.12-31.84c-1.31-3-2.57-6-3.78-9.1s-2.36-6.13-3.47-9.22c-2.22-6.18-4.27-12.45-6.09-18.81h182.9q2.6-9,4.63-18.28H416.53q1.53,6.93,3.38,13.75-1.85-6.83-3.38-13.75-3-13.64-4.78-27.69c-.12-1-.23-1.94-.34-2.9.11,1,.22,1.93.34,2.9.38,3,.79,5.93,1.25,8.88H612.22c.91-5.89,1.68-11.82,2.25-17.82H410.75c-.59-6.2-1-12.47-1.19-18.78-.06-1.73-.09-3.47-.12-5.22s-.06-3.47-.06-5.22c0,1.75,0,3.48.06,5.22s.06,3.49.12,5.22h206.1c.05-1.54.09-3.1.12-4.65v-.75c0-1.68.06-3.35.06-5q0-4.26-.12-8.5a308.22,308.22,0,0,0-2.44-30.9H411.94q-1.26,9.67-1.91,19.53c-.11,1.64-.2,3.29-.28,4.94-.07,1.37-.14,2.75-.19,4.12.05-1.38.12-2.75.19-4.12.08-1.65.18-3.3.28-4.94a304.52,304.52,0,0,1,9.06-56.63q2.48-9.52,5.53-18.81c.49-1.46,1-2.92,1.47-4.37s1-2.89,1.53-4.32c-.51,1.45-1,2.87-1.53,4.32s-1,2.91-1.47,4.37h176c-1.92-5.83-4-11.61-6.25-17.28H430.88c-.57,1.42-1.12,2.85-1.66,4.28.54-1.43,1.09-2.86,1.66-4.28,2.54-6.39,5.29-12.64,8.24-18.81.81-1.68,1.64-3.37,2.47-5s1.69-3.34,2.57-5c-.87,1.65-1.73,3.33-2.57,5s-1.66,3.34-2.47,5h147c-1.09-2.29-2.22-4.56-3.37-6.81-.55-1.07-1.07-2.13-1.63-3.19l-.43-.81-.5-.94c-.83-1.55-1.65-3.09-2.5-4.63-.65-1.16-1.31-2.31-2-3.46H449.53q5.52-9.65,11.72-18.82c1-1.44,1.95-2.86,2.94-4.28s2-2.82,3-4.22c2-2.8,4.07-5.55,6.19-8.28,5-6.46,10.29-12.74,15.81-18.78H536c-1.85-2-3.73-4-5.62-6q-8.55-8.88-17.79-17.06A307.79,307.79,0,0,0,307.91,0ZM473.38,119.28c-2.12,2.73-4.17,5.48-6.19,8.28-1,1.4-2,2.81-3,4.22s-2,2.85-2.94,4.28H563.94q-5.79-8.59-12.13-16.78ZM419.09,229.62q-2.34,9-4.12,18.29H610.25q-1.8-9.24-4.13-18.29Zm8.16,179.44q1.67,4.65,3.47,9.22c1.21,3.05,2.48,6.09,3.78,9.1H590.72q3.91-9,7.25-18.32Zm23.37,50.16c.84,1.42,1.68,2.84,2.54,4.25h118.9q5.12-8.48,9.69-17.28H443.47Q446.89,452.81,450.62,459.22ZM540.5,105.53l2.22,2.56Zm26.28,34.78c.6.92,1.2,1.83,1.78,2.75C568,142.14,567.38,141.23,566.78,140.31Zm4.25,6.75c.55.89,1.09,1.79,1.63,2.69C572.12,148.85,571.58,148,571,147.06ZM588,178.69c.56,1.21,1.11,2.43,1.65,3.65C589.08,181.12,588.53,179.9,588,178.69Zm-9,272.72-1.09,2Zm-10.62,18c-.53.83-1.06,1.67-1.6,2.5C567.32,471.11,567.84,470.27,568.38,469.44Zm-25.66,34.72-2.22,2.56Zm-4.84,5.53c-.89,1-1.77,2-2.66,2.93C536.11,511.65,537,510.67,537.88,509.69Zm-6,6.56c-.68.72-1.37,1.41-2.06,2.13C530.47,517.67,531.16,517,531.84,516.25Z\"></path><path id=\"e533350e-fcad-45e0-860f-b3bc7195fa86\" data-name=\"path3155\" class=\"73285dfd-e6a2-46cc-9d1d-0bf24fede2c4\" d=\"M717.31,0A307.84,307.84,0,0,0,512.62,77.44,306.47,306.47,0,0,1,536,100.5H489.19c-5.51,6-10.77,12.32-15.78,18.78h78.4q6.35,8.18,12.13,16.78H461.25q-6.18,9.18-11.72,18.82H575.69q5.55,9.69,10.4,19.84h-147c-2.94,6.16-5.71,12.43-8.24,18.81H594.34c2.26,5.67,4.33,11.45,6.25,17.28h-176a303.62,303.62,0,0,0-9.65,37.1q1.78-9.24,4.12-18.29h187q2.34,9,4.13,18.29H415q-2.27,11.68-3.63,23.65c.19-1.62.39-3.23.6-4.84H613.28a306.76,306.76,0,0,1,2.56,39.4c0,3.5-.07,7-.18,10.44H409.56q.33,9.48,1.22,18.78H614.47c-.57,6-1.34,11.93-2.25,17.82H413q1.47,9.51,3.53,18.81H608.69q-2,9.24-4.63,18.28H421.16c1.82,6.36,3.87,12.63,6.09,18.81H598q-3.35,9.3-7.25,18.32H434.5a303.14,303.14,0,0,0,18.66,36.09Q448,455,443.47,446.19H581.75q-4.57,8.81-9.69,17.28H453.16c3.88,6.42,8,12.71,12.31,18.81h94.25q-6.48,9.15-13.63,17.78h-67q8,9.75,16.85,18.82h33.37c-5.36,5.51-10.89,10.83-16.66,15.93a307.84,307.84,0,0,0,204.69,77.44c170.06,0,307.91-137.06,307.91-306.13S887.37,0,717.31,0ZM465.47,482.28q1.62,2.28,3.28,4.53C467.64,485.31,466.55,483.81,465.47,482.28Zm-31-54.9q-3.92-9-7.25-18.32Q430.6,418.36,434.5,427.38ZM409.56,316.56c-.06-1.73-.09-3.48-.12-5.22C409.47,313.08,409.5,314.83,409.56,316.56Zm-.12-5.22c0-1.74-.06-3.47-.06-5.22C409.38,307.87,409.41,309.6,409.44,311.34Zm1.9-39.78q-.54,4.88-.93,9.78C410.67,278.07,411,274.8,411.34,271.56Zm-.93,9.78c-.1,1.26-.2,2.52-.29,3.78C410.21,283.86,410.3,282.6,410.41,281.34Zm14.21-70.53c.49-1.46,1-2.92,1.47-4.37C425.59,207.89,425.11,209.35,424.62,210.81Zm6.26-17.28c-.47,1.16-.9,2.33-1.35,3.5C430,195.86,430.41,194.69,430.88,193.53Zm30.37-57.47c1-1.43,1.95-2.86,2.94-4.28Q462.71,133.91,461.25,136.06Zm2.94-4.28c1-1.41,2-2.82,3-4.22Q465.68,129.66,464.19,131.78Zm-20,32.91c-.79,1.5-1.55,3-2.32,4.53C442.6,167.71,443.37,166.19,444.16,164.69ZM429,198.41c-.47,1.23-.92,2.47-1.38,3.71C428.07,200.88,428.54,199.64,429,198.41Zm-19.25,92.78c-.08,1.57-.17,3.14-.22,4.72C409.58,294.33,409.67,292.75,409.75,291.19Zm2,53.09c.12,1,.25,1.9.37,2.84C412,346.18,411.87,345.23,411.75,344.28Zm4.81,27.84c.33,1.5.68,3,1,4.47C417.24,375.11,416.89,373.61,416.56,372.12Zm2.16,9c.37,1.46.73,2.92,1.12,4.37C419.45,384.08,419.09,382.62,418.72,381.16Zm77.56,138.09q1.83,1.88,3.69,3.72Q498.11,521.13,496.28,519.25Z\"></path></g><g id=\"9004355b-6b2a-442a-bd0f-3f5b108fa3b8\" data-name=\"g3442\"><path id=\"4b724fbe-cad2-4101-895b-b85934d7e6cc\" data-name=\"text9407\" class=\"73285dfd-e6a2-46cc-9d1d-0bf24fede2c4\" d=\"M991.34,481a14.69,14.69,0,0,1,7.15,1.89,13.16,13.16,0,0,1,5.45,5.39,14.62,14.62,0,0,1,0,14.52,13.51,13.51,0,0,1-5.38,5.4,14.65,14.65,0,0,1-14.5,0,13.57,13.57,0,0,1-5.38-5.4,14.56,14.56,0,0,1-1.94-7.23,14.7,14.7,0,0,1,2-7.29,13.31,13.31,0,0,1,5.46-5.39,14.88,14.88,0,0,1,7.17-1.89m0,2.4a12.34,12.34,0,0,0-6,1.59,11.08,11.08,0,0,0-4.55,4.5,12.17,12.17,0,0,0,0,12.1,11.56,11.56,0,0,0,4.53,4.51,12.25,12.25,0,0,0,12.07,0,11.52,11.52,0,0,0,4.49-4.51,12.14,12.14,0,0,0,0-12.1,10.9,10.9,0,0,0-4.55-4.5,12.18,12.18,0,0,0-5.95-1.59M985,503.58V487.91h5.4a12.79,12.79,0,0,1,4,.44,3.88,3.88,0,0,1,2,1.51,4,4,0,0,1,.74,2.3,4.14,4.14,0,0,1-1.24,3,4.7,4.7,0,0,1-3.24,1.43,4.51,4.51,0,0,1,1.33.83,18.4,18.4,0,0,1,2.32,3.1l1.91,3.07h-3.09l-1.38-2.46a12.65,12.65,0,0,0-2.65-3.65,3.24,3.24,0,0,0-2-.54h-1.48v6.66H985m2.54-8.82h3.07a4.83,4.83,0,0,0,3-.66,2.12,2.12,0,0,0,.82-1.74,2.09,2.09,0,0,0-.38-1.23,2.36,2.36,0,0,0-1.09-.83,7.89,7.89,0,0,0-2.53-.27H987.5v4.73\"></path></g></g><g id=\"2ad1e9b7-19d9-46e5-86b7-ddff7ef5bb72\" data-name=\"g3463\"><g id=\"8743a4f5-0270-4c27-a498-37801f6e5c38\" data-name=\"g3445\"><path id=\"3edaa603-8bca-4b0e-ab04-9fd874348243\" data-name=\"path3447\" class=\"10c9f345-5c65-4f32-9778-dad6f1c196fa\" d=\"M991.34,355.91a14.69,14.69,0,0,1,7.15,1.89,13.16,13.16,0,0,1,5.45,5.39,14.62,14.62,0,0,1,0,14.52,13.51,13.51,0,0,1-5.38,5.4,14.65,14.65,0,0,1-14.5,0,13.57,13.57,0,0,1-5.38-5.4,14.52,14.52,0,0,1,0-14.52,13.31,13.31,0,0,1,5.46-5.39,14.88,14.88,0,0,1,7.17-1.89m0,2.4a12.34,12.34,0,0,0-6,1.59,11,11,0,0,0-4.55,4.5,12.17,12.17,0,0,0,0,12.1,11.47,11.47,0,0,0,4.53,4.5,12.18,12.18,0,0,0,12.07,0,11.43,11.43,0,0,0,4.49-4.5,12.14,12.14,0,0,0,0-12.1,10.85,10.85,0,0,0-4.55-4.5,12.18,12.18,0,0,0-5.95-1.59M985,378.51V362.85h5.4a12.79,12.79,0,0,1,4,.44,3.88,3.88,0,0,1,2,1.51,4,4,0,0,1,.74,2.29,4.15,4.15,0,0,1-1.24,3,4.75,4.75,0,0,1-3.24,1.43,4.72,4.72,0,0,1,1.33.82,18.57,18.57,0,0,1,2.32,3.11l1.91,3.07h-3.09L993.67,376A12.71,12.71,0,0,0,991,372.4a3.18,3.18,0,0,0-2-.54h-1.48v6.66H985m2.54-8.81h3.07a4.83,4.83,0,0,0,3-.66,2.12,2.12,0,0,0,.82-1.74,2.09,2.09,0,0,0-.38-1.23,2.36,2.36,0,0,0-1.09-.83,7.89,7.89,0,0,0-2.53-.27H987.5v4.73\"></path></g></g></g><g id=\"dfd13e1b-0434-4eeb-8552-5a2d988f2629\" data-name=\"layer1\"><g id=\"71e84c83-6a1c-472c-9ab4-1b0bbec0ab71\" data-name=\"g16480\"><g id=\"09da2386-5d12-4525-8345-69c0682cf4bd\" data-name=\"g10289\"><path id=\"6bf18fd2-28f2-42cc-b28b-927078598dff\" data-name=\"path4157\" class=\"10c9f345-5c65-4f32-9778-dad6f1c196fa\" d=\"M416.47,379.19l4-23.37c-2.2,0-5.44.8-8.3.8-11.2,0-12.44-5.09-11.72-8.85l9-47.69h17l4.11-25.85H414.61l3.27-16.08H385.69c-.71.6-19,90.42-19,101.36,0,16.19,10.64,23.4,25.65,23.28A97.48,97.48,0,0,0,416.47,379.19Z\"></path><path id=\"9805eee4-cea2-4a54-b880-98f0d3ab246f\" data-name=\"path4155\" class=\"10c9f345-5c65-4f32-9778-dad6f1c196fa\" d=\"M426.67,334.63c0,38.86,30,48.09,55.61,48.09,23.61,0,34-4.51,34-4.51L522,351.69s-18,6.76-34.18,6.76c-34.57,0-28.51-22-28.51-22h65.41s4.23-17.82,4.23-25.08c0-18.12-10.56-40.2-45.9-40.2-32.37,0-56.33,29.8-56.33,63.47Zm56.45-38.84c18.17,0,14.82,17.44,14.82,18.85H462.2C462.2,312.84,465.58,295.79,483.12,295.79Z\"></path><path id=\"efbfc2b1-2b49-4933-8d1f-251f71304573\" data-name=\"path4151\" class=\"10c9f345-5c65-4f32-9778-dad6f1c196fa\" d=\"M687,379.18l5.76-30S676.93,356,666.09,356c-22.83,0-32-14.9-32-30.9,0-32.46,19.65-50.32,41.52-50.32a63.83,63.83,0,0,1,29.56,7.87l5.26-29.13s-19.52-6.75-36.26-6.75c-37.16,0-73.31,27.54-73.31,79.26,0,34.3,19.52,56.95,57.94,56.95,10.86,0,28.16-3.77,28.16-3.77Z\"></path><path id=\"dff6c2d7-6997-4de0-84e2-42ade9e38b27\" data-name=\"path4149\" class=\"10c9f345-5c65-4f32-9778-dad6f1c196fa\" d=\"M239.42,271.59a127.7,127.7,0,0,0-39,6.06l-4.68,23.69s14-4.85,35.08-4.85c12,0,20.76,1.15,20.76,9.47,0,5.06-1.08,6.92-1.08,6.92s-9.45-.67-13.83-.67c-27.84,0-57.09,10.15-57.09,40.75,0,24.11,19.19,29.64,31.08,29.64,22.71,0,32.5-12.59,33-12.63l-1.07,10.51H271l12.65-75.73C283.63,272.63,250.82,271.59,239.42,271.59Zm6.9,61.66c.61,4.63-3.4,26.31-22.78,26.31-10,0-12.6-6.53-12.6-10.38,0-7.53,4.79-16.57,28.38-16.57,5.49,0,6.07.51,7,.64Z\"></path><path id=\"89d401ba-0c33-4f8d-903f-c807a487909d\" data-name=\"path4145\" class=\"10c9f345-5c65-4f32-9778-dad6f1c196fa\" d=\"M313.75,382.05c7.25,0,48.7,1.57,48.7-35,0-34.16-38.37-27.41-38.37-41.13,0-6.83,6.26-9,17.69-9,4.54,0,22,1.23,22,1.23l4.06-24.28s-11.3-2.16-29.7-2.16c-23.81,0-48,8.12-48,35.9,0,31.49,40.31,28.33,40.31,41.59,0,8.85-11.26,9.57-19.94,9.57-15,0-28.54-4.4-28.59-4.19l-4.29,24c.78.21,9.12,3.39,36.12,3.39Z\"></path><path id=\"9fb626ee-7ec4-4ab2-b2c1-0eaa3ee50acf\" data-name=\"path4139\" class=\"10c9f345-5c65-4f32-9778-dad6f1c196fa\" d=\"M953.61,249.8l-6.94,36.81s-12.12-14.3-31.09-14.3c-29.49,0-54.08,30.38-54.08,65.28,0,22.53,13.12,44.61,39.92,44.61,19.29,0,30-11.48,30-11.48l-1.42,9.8h31.31l24.59-130.76Zm-14.94,71.76c0,14.53-8.42,33.93-25.88,33.93-11.58,0-17-8.31-17-21.35,0-21.31,11.21-35.38,25.35-35.38C932.72,298.76,938.67,305.56,938.67,321.56Z\"></path><path id=\"4e45d03b-f1e9-4181-8782-4338982a2edb\" data-name=\"path4133\" class=\"10c9f345-5c65-4f32-9778-dad6f1c196fa\" d=\"M65.12,380.64l19.6-98.73,2.87,98.73h22.18l41.38-98.73-18.33,98.73h33L191.15,249.7h-51L108.46,330,106.8,249.7h-47L34.08,380.64Z\"></path><path id=\"72680eb1-03ad-4bd3-a850-9f2fb3b17e3e\" data-name=\"path4131\" class=\"10c9f345-5c65-4f32-9778-dad6f1c196fa\" d=\"M561.09,380.82c9.37-45.52,11.11-82.48,33.47-75.71,3.91-17.62,7.69-24.43,12-31.89a39.34,39.34,0,0,0-6.2-.36c-14.42,0-25.1,16.83-25.1,16.83l2.87-15.46h-30L528,380.82Z\"></path><g id=\"e561d83e-ebfa-45d8-8c5e-016151df0b7d\" data-name=\"use8523\"><path id=\"611819f2-17a1-4ad1-8ec5-d7b9573d5098\" data-name=\"path4149\" class=\"10c9f345-5c65-4f32-9778-dad6f1c196fa\" d=\"M761.24,271.59a127.7,127.7,0,0,0-39,6.06l-4.67,23.69s14-4.85,35.08-4.85c12,0,20.75,1.15,20.75,9.47,0,5.06-1.07,6.92-1.07,6.92s-9.45-.67-13.84-.67c-27.83,0-57.08,10.15-57.08,40.75,0,24.11,19.19,29.64,31.08,29.64,22.71,0,32.5-12.59,33-12.63l-1.06,10.51h28.35l12.64-75.73c0-32.12-32.81-33.16-44.21-33.16Zm6.91,61.66c.61,4.63-3.4,26.31-22.79,26.31-10,0-12.59-6.53-12.59-10.38,0-7.53,4.79-16.57,28.38-16.57,5.48,0,6.07.51,7,.64Z\"></path></g><g id=\"a3f48445-ec1b-4916-87fa-bed3bdb485df\" data-name=\"use8525\"><path id=\"a9fd665a-0b96-4a3e-a76b-49c49e13a117\" data-name=\"path4131\" class=\"10c9f345-5c65-4f32-9778-dad6f1c196fa\" d=\"M831.36,380.82c9.37-45.52,11.11-82.48,33.46-75.71,3.92-17.62,7.7-24.43,12-31.89a39.42,39.42,0,0,0-6.21-.36c-14.41,0-25.09,16.83-25.09,16.83l2.87-15.46h-30L798.3,380.82Z\"></path></g></g></g></g></svg>',1),(5,0,0,'','','<?xml version=\"1.0\" encoding=\"utf-8\"?>\r\n<!-- Generator: Adobe Illustrator 23.0.3, SVG Export Plug-In . SVG Version: 6.00 Build 0)  -->\r\n<svg version=\"1.1\"\r\n	 id=\"svg2\" inkscape:version=\"0.91 r13725\" width=\"68\" sodipodi:docname=\"American_Express_2018.svg\" xmlns:cc=\"http://creativecommons.org/ns#\" xmlns:dc=\"http://purl.org/dc/elements/1.1/\" xmlns:inkscape=\"http://www.inkscape.org/namespaces/inkscape\" xmlns:rdf=\"http://www.w3.org/1999/02/22-rdf-syntax-ns#\" xmlns:sodipodi=\"http://sodipodi.sourceforge.net/DTD/sodipodi-0.dtd\" xmlns:svg=\"http://www.w3.org/2000/svg\"\r\n	 xmlns=\"http://www.w3.org/2000/svg\" xmlns:xlink=\"http://www.w3.org/1999/xlink\" x=\"0px\" y=\"0px\" viewBox=\"0 0 1000 361.8\"\r\n	 style=\"enable-background:new 0 0 1000 361.8;\" xml:space=\"preserve\">\r\n<style type=\"text/css\">\r\n	.st0{fill:#FFFFFF;}\r\n	.st1{fill:#016FD0;}\r\n</style>\r\n<sodipodi:namedview  bordercolor=\"#666666\" borderopacity=\"1.0\" fit-margin-bottom=\"0\" fit-margin-left=\"0\" fit-margin-right=\"0\" fit-margin-top=\"0\" id=\"base\" inkscape:current-layer=\"layer1\" inkscape:cx=\"850.2929\" inkscape:cy=\"357.59411\" inkscape:document-units=\"px\" inkscape:pageopacity=\"0.0\" inkscape:pageshadow=\"2\" inkscape:window-height=\"931\" inkscape:window-maximized=\"1\" inkscape:window-width=\"1680\" inkscape:window-x=\"0\" inkscape:window-y=\"1\" inkscape:zoom=\"0.125\" pagecolor=\"#ffffff\" showgrid=\"true\">\r\n	\r\n		<inkscape:grid  empspacing=\"5\" enabled=\"true\" id=\"grid2996\" originx=\"-55.5px\" originy=\"947.50002px\" snapvisiblegridlinesonly=\"true\" type=\"xygrid\" visible=\"true\">\r\n		</inkscape:grid>\r\n</sodipodi:namedview>\r\n<g id=\"layer1\" transform=\"translate(-55.5,-1002.3452)\" inkscape:groupmode=\"layer\" inkscape:label=\"Layer 1\">\r\n	<path id=\"path3082\" inkscape:connector-curvature=\"0\" sodipodi:nodetypes=\"cccccccccccccccccccc\" class=\"st0\" d=\"M249.1,1364.2\r\n		v-156.6H415l17.8,23.2l18.4-23.2H1053v145.8c0,0-15.7,10.6-33.9,10.8H685.8l-20.1-24.7v24.7H600V1322c0,0-9,5.9-28.4,5.9h-22.4\r\n		v36.3h-99.5l-17.8-23.7l-18,23.7H249.1z\"/>\r\n	\r\n		<path id=\"path3080\" inkscape:connector-curvature=\"0\" sodipodi:nodetypes=\"cccccccccccccccccccccccccccccccccccccc\" class=\"st0\" d=\"\r\n		M55.5,1089.5l37.4-87.2h64.7l21.2,48.8v-48.8h80.4l12.6,35.3l12.2-35.3h360.9v17.7c0,0,19-17.7,50.1-17.7l117.1,0.4l20.9,48.2\r\n		v-48.6h67.3l18.5,27.7v-27.7h67.9V1159h-67.9l-17.7-27.8v27.8h-98.8l-9.9-24.7h-26.6l-9.8,24.7h-67c-26.8,0-44-17.4-44-17.4v17.4\r\n		H543.8l-20.1-24.7v24.7H148l-9.9-24.7h-26.5l-9.9,24.7H55.5V1089.5z\"/>\r\n	<path id=\"path3046\" inkscape:connector-curvature=\"0\" class=\"st1\" d=\"M106.1,1021.7l-50.4,117.3h32.8l9.3-23.5h54.1l9.3,23.5h33.6\r\n		l-50.4-117.3L106.1,1021.7L106.1,1021.7z M124.8,1048.9l16.5,41h-33L124.8,1048.9z\"/>\r\n	<path id=\"path3048\" inkscape:connector-curvature=\"0\" sodipodi:nodetypes=\"cccccccccccccc\" class=\"st1\" d=\"M198.2,1138.9v-117.3\r\n		l46.7,0.2l27.1,75.6l26.5-75.8h46.3v117.3h-29.3v-86.4l-31.1,86.4h-25.7l-31.2-86.4v86.4H198.2z\"/>\r\n	<path id=\"path3050\" inkscape:connector-curvature=\"0\" sodipodi:nodetypes=\"ccccccccccccc\" class=\"st1\" d=\"M364.9,1138.9v-117.3\r\n		h95.7v26.2h-66v20.1H459v24.7h-64.5v20.8h66v25.5L364.9,1138.9z\"/>\r\n	<path id=\"path3052\" inkscape:connector-curvature=\"0\" class=\"st1\" d=\"M477.5,1021.7v117.3h29.3v-41.7h12.3l35.2,41.7h35.8\r\n		l-38.6-43.2c15.8-1.3,32.2-14.9,32.2-36c0-24.7-19.4-38-41-38L477.5,1021.7L477.5,1021.7z M506.8,1047.9h33.5\r\n		c8,0,13.9,6.3,13.9,12.3c0,7.8-7.6,12.3-13.5,12.3h-33.9L506.8,1047.9L506.8,1047.9z\"/>\r\n	<path id=\"path3054\" inkscape:connector-curvature=\"0\" sodipodi:nodetypes=\"ccccc\" class=\"st1\" d=\"M625.6,1138.9h-29.9v-117.3h29.9\r\n		V1138.9z\"/>\r\n	<path id=\"path3056\" inkscape:connector-curvature=\"0\" sodipodi:nodetypes=\"ccccccccccc\" class=\"st1\" d=\"M696.6,1138.9h-6.5\r\n		c-31.3,0-50.2-24.6-50.2-58.1c0-34.3,18.8-59.1,58.2-59.1h32.4v27.8H697c-16,0-27.4,12.5-27.4,31.6c0,22.7,13,32.2,31.6,32.2h7.7\r\n		L696.6,1138.9z\"/>\r\n	<path id=\"path3058\" inkscape:connector-curvature=\"0\" class=\"st1\" d=\"M760.4,1021.7L710,1138.9h32.8l9.3-23.5h54.1l9.3,23.5H849\r\n		l-50.4-117.3L760.4,1021.7L760.4,1021.7z M779,1048.9l16.5,41h-33L779,1048.9L779,1048.9z\"/>\r\n	<path id=\"path3060\" inkscape:connector-curvature=\"0\" sodipodi:nodetypes=\"ccccccccccc\" class=\"st1\" d=\"M852.4,1138.9v-117.3h37.3\r\n		l47.6,73.7v-73.7h29.3v117.3h-36.1l-48.8-75.6v75.6H852.4z\"/>\r\n	<path id=\"path3062\" inkscape:connector-curvature=\"0\" sodipodi:nodetypes=\"ccccccccccccc\" class=\"st1\" d=\"M269.2,1344.1v-117.3\r\n		h95.7v26.2h-66v20.1h64.5v24.7h-64.5v20.8h66v25.5L269.2,1344.1z\"/>\r\n	<path id=\"path3064\" inkscape:connector-curvature=\"0\" sodipodi:nodetypes=\"ccccccccccccc\" class=\"st1\" d=\"M737.9,1344.1v-117.3\r\n		h95.7v26.2h-66v20.1h64.2v24.7h-64.2v20.8h66v25.5L737.9,1344.1z\"/>\r\n	<path id=\"path3066\" inkscape:connector-curvature=\"0\" sodipodi:nodetypes=\"ccccccccccccc\" class=\"st1\" d=\"M368.6,1344.1l46.6-57.9\r\n		l-47.7-59.4h36.9l28.4,36.7l28.5-36.7h35.5l-47.1,58.6l46.7,58.6h-36.9l-27.6-36.1l-26.9,36.1L368.6,1344.1z\"/>\r\n	<path id=\"path3068\" inkscape:connector-curvature=\"0\" class=\"st1\" d=\"M499.9,1226.9v117.3H530v-37h30.9c26.1,0,45.9-13.9,45.9-40.8\r\n		c0-22.3-15.5-39.4-42.1-39.4H499.9L499.9,1226.9z M530,1253.4h32.5c8.4,0,14.5,5.2,14.5,13.5c0,7.8-6,13.5-14.6,13.5H530V1253.4\r\n		L530,1253.4z\"/>\r\n	<path id=\"path3072\" inkscape:connector-curvature=\"0\" class=\"st1\" d=\"M619.4,1226.8v117.3h29.3v-41.7h12.3l35.2,41.7h35.8\r\n		l-38.6-43.2c15.8-1.3,32.2-14.9,32.2-36c0-24.7-19.4-38-41-38L619.4,1226.8L619.4,1226.8z M648.8,1253.1h33.5\r\n		c8,0,13.9,6.3,13.9,12.3c0,7.8-7.6,12.3-13.5,12.3h-33.9V1253.1z\"/>\r\n	<path id=\"path3074\" inkscape:connector-curvature=\"0\" sodipodi:nodetypes=\"ccccccccccccccccc\" class=\"st1\" d=\"M847.2,1344.1v-25.5\r\n		h58.7c8.7,0,12.4-4.7,12.4-9.8c0-4.9-3.7-9.9-12.4-9.9h-26.5c-23,0-35.9-14-35.9-35.1c0-18.8,11.8-36.9,46-36.9h57.1l-12.3,26.4\r\n		h-49.4c-9.4,0-12.3,5-12.3,9.7c0,4.9,3.6,10.2,10.8,10.2h27.8c25.7,0,36.8,14.6,36.8,33.7c0,20.5-12.4,37.3-38.2,37.3H847.2z\"/>\r\n	<path id=\"path3076\" inkscape:connector-curvature=\"0\" sodipodi:nodetypes=\"ccccccccccccccccc\" class=\"st1\" d=\"M954.8,1344.1v-25.5\r\n		h58.7c8.7,0,12.4-4.7,12.4-9.8c0-4.9-3.7-9.9-12.4-9.9h-26.5c-23,0-35.9-14-35.9-35.1c0-18.8,11.8-36.9,46-36.9h57.1l-12.3,26.4\r\n		h-49.4c-9.4,0-12.3,5-12.3,9.7c0,4.9,3.6,10.2,10.8,10.2h27.8c25.7,0,36.8,14.6,36.8,33.7c0,20.5-12.4,37.3-38.2,37.3H954.8z\"/>\r\n</g>\r\n</svg>\r\n',1);

--
-- Table structure for table `bl_an_trust_badges_icons_shop`
--

CREATE TABLE `bl_an_trust_badges_icons_shop` (
  `icon_id` int(10) unsigned NOT NULL,
  `id_shop` int(10) unsigned NOT NULL,
  PRIMARY KEY (`icon_id`,`id_shop`)
) ENGINE=InnoDB DEFAULT CHARSET=utf8;

--
-- Dumping data for table `bl_an_trust_badges_icons_shop`
--


--
-- Table structure for table `bl_an_trust_badges_widgets`
--

CREATE TABLE `bl_an_trust_badges_widgets` (
  `id_widget` int(10) unsigned NOT NULL AUTO_INCREMENT,
  `active` tinyint(1) unsigned NOT NULL DEFAULT '1',
  `position` int(10) NOT NULL,
  `hook` varchar(255) NOT NULL,
  `class` varchar(255) NOT NULL,
  PRIMARY KEY (`id_widget`)
) ENGINE=InnoDB AUTO_INCREMENT=3 DEFAULT CHARSET=utf8;

--
-- Dumping data for table `bl_an_trust_badges_widgets`
--

INSERT INTO `bl_an_trust_badges_widgets` VALUES (1,1,0,'displayFooterAfter',''),(2,1,0,'displayProductGuarantee','');

--
-- Table structure for table `bl_an_trust_badges_widgets_lang`
--

CREATE TABLE `bl_an_trust_badges_widgets_lang` (
  `id_widget` int(10) unsigned NOT NULL,
  `widget_title` varchar(255) NOT NULL,
  `id_lang` varchar(255) NOT NULL,
  PRIMARY KEY (`id_widget`,`id_lang`)
) ENGINE=InnoDB DEFAULT CHARSET=utf8;

--
-- Dumping data for table `bl_an_trust_badges_widgets_lang`
--

INSERT INTO `bl_an_trust_badges_widgets_lang` VALUES (1,'','1'),(1,'','2'),(1,'','3'),(2,'','1'),(2,'','2'),(2,'','3');

--
-- Table structure for table `bl_an_trust_badges_widgets_shop`
--

CREATE TABLE `bl_an_trust_badges_widgets_shop` (
  `id_widget` int(10) unsigned NOT NULL,
  `id_shop` int(10) unsigned NOT NULL,
  PRIMARY KEY (`id_widget`,`id_shop`)
) ENGINE=InnoDB DEFAULT CHARSET=utf8;

--
-- Dumping data for table `bl_an_trust_badges_widgets_shop`
--


--
-- Table structure for table `bl_an_wishlist`
--

CREATE TABLE `bl_an_wishlist` (
  `id_wishlist` int(10) NOT NULL AUTO_INCREMENT,
  `id_customer` int(10) unsigned NOT NULL,
  `is_guest` int(10) unsigned NOT NULL DEFAULT '0',
  `id_shop` int(10) unsigned NOT NULL,
  `date_upd` datetime NOT NULL,
  PRIMARY KEY (`id_wishlist`)
) ENGINE=InnoDB AUTO_INCREMENT=3 DEFAULT CHARSET=utf8;

--
-- Dumping data for table `bl_an_wishlist`
--

INSERT INTO `bl_an_wishlist` VALUES (1,19,1,1,'2023-05-02 14:47:22'),(2,34,1,1,'2023-05-06 16:26:46');

--
-- Table structure for table `bl_an_wishlist_products`
--

CREATE TABLE `bl_an_wishlist_products` (
  `id_wishlist_products` int(10) NOT NULL AUTO_INCREMENT,
  `id_wishlist` int(11) NOT NULL,
  `id_product` int(10) unsigned NOT NULL,
  `id_product_attribute` int(10) unsigned NOT NULL,
  `date_add` datetime NOT NULL,
  PRIMARY KEY (`id_wishlist_products`)
) ENGINE=InnoDB DEFAULT CHARSET=utf8;

--
-- Dumping data for table `bl_an_wishlist_products`
--


--
-- Table structure for table `bl_anblog_blog`
--

CREATE TABLE `bl_anblog_blog` (
  `id_anblog_blog` int(11) NOT NULL AUTO_INCREMENT,
  `id_anblogcat` int(11) NOT NULL,
  `position` int(11) NOT NULL,
  `date_add` datetime NOT NULL,
  `active` tinyint(1) NOT NULL,
  `user_id` int(11) NOT NULL,
  `hits` int(11) NOT NULL,
  `image` varchar(255) DEFAULT NULL,
  `thumb` varchar(255) DEFAULT NULL,
  `date_upd` datetime NOT NULL,
  `video_code` text,
  `params` text,
  `products` text,
  `featured` tinyint(1) NOT NULL,
  `indexation` int(11) NOT NULL,
  `id_employee` int(11) NOT NULL,
  `product_ids` varchar(255) DEFAULT NULL,
  `author_name` varchar(255) DEFAULT NULL,
  PRIMARY KEY (`id_anblog_blog`)
) ENGINE=InnoDB AUTO_INCREMENT=10 DEFAULT CHARSET=utf8;

--
-- Dumping data for table `bl_anblog_blog`
--

INSERT INTO `bl_anblog_blog` VALUES (3,4,0,'2020-06-01 00:00:00',1,0,40,'b-blog-1_anblog_original.jpg','','2020-06-01 09:55:38','','','',0,1,1,'',NULL),(4,4,2,'2020-06-02 00:00:00',1,0,105,'b-blog-2_anblog_original.jpg','','2020-06-02 08:31:14','','','',0,1,1,'',NULL),(5,4,3,'2020-06-03 00:00:00',1,0,9,'b-blog-3_anblog_original.jpg','','2020-06-03 01:20:28','','','',0,0,1,'',NULL),(6,4,4,'2020-06-04 00:00:00',1,0,121,'b-blog-4_anblog_original.jpg','','2020-06-04 09:54:03','','','',0,0,1,'',NULL),(7,4,5,'2020-06-05 00:00:00',1,0,71,'b-blog-5_anblog_original.jpg','','2020-06-05 10:14:46','','','',0,0,1,'',NULL),(8,4,1,'2020-06-06 00:00:00',1,0,3,'b-blog-6_anblog_original.jpg','','2020-06-06 22:55:10','','','',0,0,1,'',NULL),(9,4,6,'2020-06-07 00:00:00',1,0,0,'b-blog-7_anblog_original.jpg','','2020-06-07 11:32:42','','','',0,1,1,'',NULL);

--
-- Table structure for table `bl_anblog_blog_categories`
--

CREATE TABLE `bl_anblog_blog_categories` (
  `id_anblog_blog` int(11) NOT NULL DEFAULT '0',
  `id_anblogcat` int(11) NOT NULL DEFAULT '0',
  `position` int(11) NOT NULL DEFAULT '0',
  PRIMARY KEY (`id_anblog_blog`,`id_anblogcat`)
) ENGINE=InnoDB DEFAULT CHARSET=utf8;

--
-- Dumping data for table `bl_anblog_blog_categories`
--

INSERT INTO `bl_anblog_blog_categories` VALUES (3,4,0),(4,4,2),(5,4,3),(6,4,4),(7,4,5),(8,3,1),(8,4,1),(9,4,6);

--
-- Table structure for table `bl_anblog_blog_lang`
--

CREATE TABLE `bl_anblog_blog_lang` (
  `id_anblog_blog` int(11) NOT NULL,
  `id_lang` int(11) NOT NULL,
  `meta_description` varchar(255) NOT NULL,
  `meta_keywords` varchar(250) NOT NULL,
  `meta_title` varchar(250) NOT NULL,
  `link_rewrite` varchar(255) NOT NULL,
  `content` text NOT NULL,
  `description` text NOT NULL,
  `tags` varchar(255) NOT NULL,
  PRIMARY KEY (`id_anblog_blog`,`id_lang`)
) ENGINE=InnoDB DEFAULT CHARSET=utf8;

--
-- Dumping data for table `bl_anblog_blog_lang`
--

INSERT INTO `bl_anblog_blog_lang` VALUES (3,1,'','','At risus pretium urna tortor metus fringilla','at-risus-pretium-urna-tortor-metus-fringilla','<p>Odio ut pretium ligula quam Vestibulum consequat convallis fringilla Vestibulum nulla. Accumsan morbi tristique auctor. At risus pretium urna tortor metus fringilla interdum mauris tempor congue Odio ut pretium ligula quam Vestibulum consequat convallis fringilla Vestibulum nulla. Accumsan morbi tristique auctor. At risus pretium urna tortor metus fringilla interdum mauris tempor congue Odio ut pretium ligula quam Vestibulum consequat convallis fringilla Vestibulum nulla. Accumsan morbi tristique auctor. At risus pretium urna tortor metus fringilla interdum mauris tempor congue</p>\r\n<p> </p>\r\n<p>Odio ut pretium ligula quam Vestibulum consequat convallis fringilla Vestibulum nulla. Accumsan morbi tristique auctor. At risus pretium urna tortor metus fringilla interdum mauris tempor congue</p>\r\n<p> </p>\r\n<p>Odio ut pretium ligula quam Vestibulum consequat convallis fringilla Vestibulum nulla. Accumsan morbi tristique auctor. At risus pretium urna tortor metus fringilla interdum mauris tempor congue Odio ut pretium ligula quam Vestibulum consequat convallis fringilla Vestibulum nulla. Accumsan morbi tristique auctor. At risus pretium urna tortor metus fringilla interdum mauris tempor congue</p>\r\n<p> </p>\r\n<p>Odio ut pretium ligula quam Vestibulum consequat convallis fringilla Vestibulum nulla. Accumsan morbi tristique auctor. At risus pretium urna tortor metus fringilla interdum mauris tempor congue Odio ut pretium ligula quam Vestibulum consequat convallis fringilla Vestibulum nulla. Accumsan morbi tristique auctor. At risus pretium urna tortor metus fringilla interdum mauris tempor congue</p>','<p>Odio ut pretium ligula quam Vestibulum consequat convallis fringilla Vestibulum nulla. Accumsan morbi tristique auctor. At risus pretium urna tortor metus fringilla interdum mauris tempor congue</p>','fashion,cosmetics'),(3,2,'','','At risus pretium urna tortor metus fringilla','at-risus-pretium-urna-tortor-metus-fringilla','<p>Odio ut pretium ligula quam Vestibulum consequat convallis fringilla Vestibulum nulla. Accumsan morbi tristique auctor. At risus pretium urna tortor metus fringilla interdum mauris tempor congue Odio ut pretium ligula quam Vestibulum consequat convallis fringilla Vestibulum nulla. Accumsan morbi tristique auctor. At risus pretium urna tortor metus fringilla interdum mauris tempor congue Odio ut pretium ligula quam Vestibulum consequat convallis fringilla Vestibulum nulla. Accumsan morbi tristique auctor. At risus pretium urna tortor metus fringilla interdum mauris tempor congue</p>\r\n<p> </p>\r\n<p>Odio ut pretium ligula quam Vestibulum consequat convallis fringilla Vestibulum nulla. Accumsan morbi tristique auctor. At risus pretium urna tortor metus fringilla interdum mauris tempor congue</p>\r\n<p> </p>\r\n<p>Odio ut pretium ligula quam Vestibulum consequat convallis fringilla Vestibulum nulla. Accumsan morbi tristique auctor. At risus pretium urna tortor metus fringilla interdum mauris tempor congue Odio ut pretium ligula quam Vestibulum consequat convallis fringilla Vestibulum nulla. Accumsan morbi tristique auctor. At risus pretium urna tortor metus fringilla interdum mauris tempor congue</p>\r\n<p> </p>\r\n<p>Odio ut pretium ligula quam Vestibulum consequat convallis fringilla Vestibulum nulla. Accumsan morbi tristique auctor. At risus pretium urna tortor metus fringilla interdum mauris tempor congue Odio ut pretium ligula quam Vestibulum consequat convallis fringilla Vestibulum nulla. Accumsan morbi tristique auctor. At risus pretium urna tortor metus fringilla interdum mauris tempor congue</p>','<p>Odio ut pretium ligula quam Vestibulum consequat convallis fringilla Vestibulum nulla. Accumsan morbi tristique auctor. At risus pretium urna tortor metus fringilla interdum mauris tempor congue</p>','fashion,cosmetics'),(3,3,'','','At risus pretium urna tortor metus fringilla','at-risus-pretium-urna-tortor-metus-fringilla','<p>Odio ut pretium ligula quam Vestibulum consequat convallis fringilla Vestibulum nulla. Accumsan morbi tristique auctor. At risus pretium urna tortor metus fringilla interdum mauris tempor congue Odio ut pretium ligula quam Vestibulum consequat convallis fringilla Vestibulum nulla. Accumsan morbi tristique auctor. At risus pretium urna tortor metus fringilla interdum mauris tempor congue Odio ut pretium ligula quam Vestibulum consequat convallis fringilla Vestibulum nulla. Accumsan morbi tristique auctor. At risus pretium urna tortor metus fringilla interdum mauris tempor congue</p>\r\n<p> </p>\r\n<p>Odio ut pretium ligula quam Vestibulum consequat convallis fringilla Vestibulum nulla. Accumsan morbi tristique auctor. At risus pretium urna tortor metus fringilla interdum mauris tempor congue</p>\r\n<p> </p>\r\n<p>Odio ut pretium ligula quam Vestibulum consequat convallis fringilla Vestibulum nulla. Accumsan morbi tristique auctor. At risus pretium urna tortor metus fringilla interdum mauris tempor congue Odio ut pretium ligula quam Vestibulum consequat convallis fringilla Vestibulum nulla. Accumsan morbi tristique auctor. At risus pretium urna tortor metus fringilla interdum mauris tempor congue</p>\r\n<p> </p>\r\n<p>Odio ut pretium ligula quam Vestibulum consequat convallis fringilla Vestibulum nulla. Accumsan morbi tristique auctor. At risus pretium urna tortor metus fringilla interdum mauris tempor congue Odio ut pretium ligula quam Vestibulum consequat convallis fringilla Vestibulum nulla. Accumsan morbi tristique auctor. At risus pretium urna tortor metus fringilla interdum mauris tempor congue</p>','<p>Odio ut pretium ligula quam Vestibulum consequat convallis fringilla Vestibulum nulla. Accumsan morbi tristique auctor. At risus pretium urna tortor metus fringilla interdum mauris tempor congue</p>','fashion,cosmetics'),(4,1,'','','Ipsum cursus vestibulum at interdum Vivamus','ipsum-cursus-vestibulum-at-interdum-vivamus','<p>Donec tellus Nulla lorem Nullam elit id ut elit feugiat lacus. Congue eget dapibus congue tincidunt senectus nibh risus Phasellus tristique justo. Justo Pellentesque Donec lobortis faucibus Vestibulum Praesent mauris volutpat vitae metus. Ipsum cursus vestibulum at interdum Vivamus nunc fringilla Curabitur ac quis. Nam lacinia wisi tortor orci quis vitae. Donec tellus Nulla lorem Nullam elit id ut elit feugiat lacus. Congue eget dapibus congue tincidunt senectus nibh risus Phasellus tristique justo. Justo Pellentesque Donec lobortis faucibus Vestibulum Praesent mauris volutpat vitae metus. Ipsum cursus vestibulum at interdum Vivamus nunc fringilla Curabitur ac quis. Nam lacinia wisi tortor orci quis vitae. Donec tellus Nulla lorem Nullam elit id ut elit feugiat lacus. Congue eget dapibus congue tincidunt senectus nibh risus Phasellus tristique justo. Justo Pellentesque Donec lobortis faucibus Vestibulum Praesent mauris volutpat vitae metus. Ipsum cursus vestibulum at interdum Vivamus nunc fringilla Curabitur ac quis. Nam lacinia wisi tortor orci quis vitae.</p>\r\n<p>Donec tellus Nulla lorem Nullam elit id ut elit feugiat lacus. Congue eget dapibus congue tincidunt senectus nibh risus Phasellus tristique justo. Justo Pellentesque Donec lobortis faucibus Vestibulum Praesent mauris volutpat vitae metus. Ipsum cursus vestibulum at interdum Vivamus nunc fringilla Curabitur ac quis. Nam lacinia wisi tortor orci quis vitae.Donec tellus Nulla lorem Nullam elit id ut elit feugiat lacus. Congue eget dapibus congue tincidunt senectus nibh risus Phasellus tristique justo. Justo Pellentesque Donec lobortis faucibus Vestibulum Praesent mauris volutpat vitae metus. Ipsum cursus vestibulum at interdum Vivamus nunc fringilla Curabitur ac quis. Nam lacinia wisi tortor orci quis vitae.Donec tellus Nulla lorem Nullam elit id ut elit feugiat lacus. Congue eget dapibus congue tincidunt senectus nibh risus Phasellus tristique justo. Justo Pellentesque Donec lobortis faucibus Vestibulum Praesent mauris volutpat vitae metus. Ipsum cursus vestibulum at interdum Vivamus nunc fringilla Curabitur ac quis. Nam lacinia wisi tortor orci quis vitae.</p>','<p>Donec tellus Nulla lorem Nullam elit id ut elit feugiat lacus. Congue eget dapibus congue tincidunt senectus nibh risus Phasellus tristique justo. Justo Pellentesque Donec lobortis faucibus</p>','fashion,prestashop,antheme'),(4,2,'','','Ipsum cursus vestibulum at interdum Vivamus','ipsum-cursus-vestibulum-at-interdum-vivamus','<p>Donec tellus Nulla lorem Nullam elit id ut elit feugiat lacus. Congue eget dapibus congue tincidunt senectus nibh risus Phasellus tristique justo. Justo Pellentesque Donec lobortis faucibus Vestibulum Praesent mauris volutpat vitae metus. Ipsum cursus vestibulum at interdum Vivamus nunc fringilla Curabitur ac quis. Nam lacinia wisi tortor orci quis vitae. Donec tellus Nulla lorem Nullam elit id ut elit feugiat lacus. Congue eget dapibus congue tincidunt senectus nibh risus Phasellus tristique justo. Justo Pellentesque Donec lobortis faucibus Vestibulum Praesent mauris volutpat vitae metus. Ipsum cursus vestibulum at interdum Vivamus nunc fringilla Curabitur ac quis. Nam lacinia wisi tortor orci quis vitae. Donec tellus Nulla lorem Nullam elit id ut elit feugiat lacus. Congue eget dapibus congue tincidunt senectus nibh risus Phasellus tristique justo. Justo Pellentesque Donec lobortis faucibus Vestibulum Praesent mauris volutpat vitae metus. Ipsum cursus vestibulum at interdum Vivamus nunc fringilla Curabitur ac quis. Nam lacinia wisi tortor orci quis vitae.</p>\r\n<p>Donec tellus Nulla lorem Nullam elit id ut elit feugiat lacus. Congue eget dapibus congue tincidunt senectus nibh risus Phasellus tristique justo. Justo Pellentesque Donec lobortis faucibus Vestibulum Praesent mauris volutpat vitae metus. Ipsum cursus vestibulum at interdum Vivamus nunc fringilla Curabitur ac quis. Nam lacinia wisi tortor orci quis vitae.Donec tellus Nulla lorem Nullam elit id ut elit feugiat lacus. Congue eget dapibus congue tincidunt senectus nibh risus Phasellus tristique justo. Justo Pellentesque Donec lobortis faucibus Vestibulum Praesent mauris volutpat vitae metus. Ipsum cursus vestibulum at interdum Vivamus nunc fringilla Curabitur ac quis. Nam lacinia wisi tortor orci quis vitae.Donec tellus Nulla lorem Nullam elit id ut elit feugiat lacus. Congue eget dapibus congue tincidunt senectus nibh risus Phasellus tristique justo. Justo Pellentesque Donec lobortis faucibus Vestibulum Praesent mauris volutpat vitae metus. Ipsum cursus vestibulum at interdum Vivamus nunc fringilla Curabitur ac quis. Nam lacinia wisi tortor orci quis vitae.</p>','<p>Donec tellus Nulla lorem Nullam elit id ut elit feugiat lacus. Congue eget dapibus congue tincidunt senectus nibh risus Phasellus tristique justo. Justo Pellentesque Donec lobortis faucibus</p>','fashion,prestashop,antheme'),(4,3,'','','Ipsum cursus vestibulum at interdum Vivamus','ipsum-cursus-vestibulum-at-interdum-vivamus','<p>Donec tellus Nulla lorem Nullam elit id ut elit feugiat lacus. Congue eget dapibus congue tincidunt senectus nibh risus Phasellus tristique justo. Justo Pellentesque Donec lobortis faucibus Vestibulum Praesent mauris volutpat vitae metus. Ipsum cursus vestibulum at interdum Vivamus nunc fringilla Curabitur ac quis. Nam lacinia wisi tortor orci quis vitae. Donec tellus Nulla lorem Nullam elit id ut elit feugiat lacus. Congue eget dapibus congue tincidunt senectus nibh risus Phasellus tristique justo. Justo Pellentesque Donec lobortis faucibus Vestibulum Praesent mauris volutpat vitae metus. Ipsum cursus vestibulum at interdum Vivamus nunc fringilla Curabitur ac quis. Nam lacinia wisi tortor orci quis vitae. Donec tellus Nulla lorem Nullam elit id ut elit feugiat lacus. Congue eget dapibus congue tincidunt senectus nibh risus Phasellus tristique justo. Justo Pellentesque Donec lobortis faucibus Vestibulum Praesent mauris volutpat vitae metus. Ipsum cursus vestibulum at interdum Vivamus nunc fringilla Curabitur ac quis. Nam lacinia wisi tortor orci quis vitae.</p>\r\n<p>Donec tellus Nulla lorem Nullam elit id ut elit feugiat lacus. Congue eget dapibus congue tincidunt senectus nibh risus Phasellus tristique justo. Justo Pellentesque Donec lobortis faucibus Vestibulum Praesent mauris volutpat vitae metus. Ipsum cursus vestibulum at interdum Vivamus nunc fringilla Curabitur ac quis. Nam lacinia wisi tortor orci quis vitae.Donec tellus Nulla lorem Nullam elit id ut elit feugiat lacus. Congue eget dapibus congue tincidunt senectus nibh risus Phasellus tristique justo. Justo Pellentesque Donec lobortis faucibus Vestibulum Praesent mauris volutpat vitae metus. Ipsum cursus vestibulum at interdum Vivamus nunc fringilla Curabitur ac quis. Nam lacinia wisi tortor orci quis vitae.Donec tellus Nulla lorem Nullam elit id ut elit feugiat lacus. Congue eget dapibus congue tincidunt senectus nibh risus Phasellus tristique justo. Justo Pellentesque Donec lobortis faucibus Vestibulum Praesent mauris volutpat vitae metus. Ipsum cursus vestibulum at interdum Vivamus nunc fringilla Curabitur ac quis. Nam lacinia wisi tortor orci quis vitae.</p>','<p>Donec tellus Nulla lorem Nullam elit id ut elit feugiat lacus. Congue eget dapibus congue tincidunt senectus nibh risus Phasellus tristique justo. Justo Pellentesque Donec lobortis faucibus</p>','fashion,prestashop,antheme'),(5,1,'','fashion,prestashop,antheme,prestashop theme','Urna pretium elit mauris cursus Curabitur at elit Vestibulum','urna-pretium-elit-mauris-cursus-curabitur-at-elit-vestibulum','<p>Mi vitae magnis Fusce laoreet nibh felis porttitor laoreet Vestibulum faucibus. At Nulla id tincidunt ut sed semper vel Lorem condimentum ornare. Laoreet Vestibulum lacinia massa a commodo habitasse velit Vestibulum tincidunt In. Turpis at eleifend an mi elit Aenean porta ac sed faucibus. Nunc urna Morbi fringilla vitae orci convallis condimentum auctor sit dui. Urna pretium elit mauris cursus Curabitur at elit Vestibulum.</p>','<p>Mi vitae magnis Fusce laoreet nibh felis porttitor laoreet Vestibulum faucibus. At Nulla id tincidunt ut sed semper vel Lorem condimentum ornare.</p>','fashion'),(5,2,'','fashion,prestashop,antheme,prestashop theme','Urna pretium elit mauris cursus Curabitur at elit Vestibulum','urna-pretium-elit-mauris-cursus-curabitur-at-elit-vestibulum','<p>Mi vitae magnis Fusce laoreet nibh felis porttitor laoreet Vestibulum faucibus. At Nulla id tincidunt ut sed semper vel Lorem condimentum ornare. Laoreet Vestibulum lacinia massa a commodo habitasse velit Vestibulum tincidunt In. Turpis at eleifend an mi elit Aenean porta ac sed faucibus. Nunc urna Morbi fringilla vitae orci convallis condimentum auctor sit dui. Urna pretium elit mauris cursus Curabitur at elit Vestibulum.</p>','<p>Mi vitae magnis Fusce laoreet nibh felis porttitor laoreet Vestibulum faucibus. At Nulla id tincidunt ut sed semper vel Lorem condimentum ornare.</p>','fashion'),(5,3,'','fashion,prestashop,antheme,prestashop theme','Urna pretium elit mauris cursus Curabitur at elit Vestibulum','urna-pretium-elit-mauris-cursus-curabitur-at-elit-vestibulum','<p>Mi vitae magnis Fusce laoreet nibh felis porttitor laoreet Vestibulum faucibus. At Nulla id tincidunt ut sed semper vel Lorem condimentum ornare. Laoreet Vestibulum lacinia massa a commodo habitasse velit Vestibulum tincidunt In. Turpis at eleifend an mi elit Aenean porta ac sed faucibus. Nunc urna Morbi fringilla vitae orci convallis condimentum auctor sit dui. Urna pretium elit mauris cursus Curabitur at elit Vestibulum.</p>','<p>Mi vitae magnis Fusce laoreet nibh felis porttitor laoreet Vestibulum faucibus. At Nulla id tincidunt ut sed semper vel Lorem condimentum ornare.</p>','fashion'),(6,1,'','','Urna pretium elit mauris cursus Curabitur at elit Vestibulum','urna-pretium-elit-mauris-cursus-curabitur-at-elit-vestibulum','<p>Mi vitae magnis Fusce laoreet nibh felis porttitor laoreet Vestibulum faucibus. At Nulla id tincidunt ut sed semper vel Lorem condimentum ornare. Laoreet Vestibulum lacinia massa a commodo habitasse velit Vestibulum tincidunt In. Turpis at eleifend an mi elit Aenean porta ac sed faucibus. Nunc urna Morbi fringilla vitae orci convallis condimentum auctor sit dui. Urna pretium elit mauris cursus Curabitur at elit Vestibulum. Mi vitae magnis Fusce laoreet nibh felis porttitor laoreet Vestibulum faucibus. At Nulla id tincidunt ut sed semper vel Lorem condimentum ornare. Laoreet Vestibulum lacinia massa a commodo habitasse velit Vestibulum tincidunt In. Turpis at eleifend an mi elit Aenean porta ac sed faucibus. Nunc urna Morbi fringilla vitae orci convallis condimentum auctor sit dui. Urna pretium elit mauris cursus Curabitur at elit Vestibulum.</p>','<p>Mi vitae magnis Fusce laoreet nibh felis porttitor laoreet Vestibulum faucibus. At Nulla id tincidunt ut sed semper vel Lorem condimentum ornare.</p>','antheme,prestashop,theme'),(6,2,'','','Urna pretium elit mauris cursus Curabitur at elit Vestibulum','urna-pretium-elit-mauris-cursus-curabitur-at-elit-vestibulum','<p>Mi vitae magnis Fusce laoreet nibh felis porttitor laoreet Vestibulum faucibus. At Nulla id tincidunt ut sed semper vel Lorem condimentum ornare. Laoreet Vestibulum lacinia massa a commodo habitasse velit Vestibulum tincidunt In. Turpis at eleifend an mi elit Aenean porta ac sed faucibus. Nunc urna Morbi fringilla vitae orci convallis condimentum auctor sit dui. Urna pretium elit mauris cursus Curabitur at elit Vestibulum. Mi vitae magnis Fusce laoreet nibh felis porttitor laoreet Vestibulum faucibus. At Nulla id tincidunt ut sed semper vel Lorem condimentum ornare. Laoreet Vestibulum lacinia massa a commodo habitasse velit Vestibulum tincidunt In. Turpis at eleifend an mi elit Aenean porta ac sed faucibus. Nunc urna Morbi fringilla vitae orci convallis condimentum auctor sit dui. Urna pretium elit mauris cursus Curabitur at elit Vestibulum.</p>','<p>Mi vitae magnis Fusce laoreet nibh felis porttitor laoreet Vestibulum faucibus. At Nulla id tincidunt ut sed semper vel Lorem condimentum ornare.</p>','antheme,prestashop,theme'),(6,3,'','','Urna pretium elit mauris cursus Curabitur at elit Vestibulum','urna-pretium-elit-mauris-cursus-curabitur-at-elit-vestibulum','<p>Mi vitae magnis Fusce laoreet nibh felis porttitor laoreet Vestibulum faucibus. At Nulla id tincidunt ut sed semper vel Lorem condimentum ornare. Laoreet Vestibulum lacinia massa a commodo habitasse velit Vestibulum tincidunt In. Turpis at eleifend an mi elit Aenean porta ac sed faucibus. Nunc urna Morbi fringilla vitae orci convallis condimentum auctor sit dui. Urna pretium elit mauris cursus Curabitur at elit Vestibulum. Mi vitae magnis Fusce laoreet nibh felis porttitor laoreet Vestibulum faucibus. At Nulla id tincidunt ut sed semper vel Lorem condimentum ornare. Laoreet Vestibulum lacinia massa a commodo habitasse velit Vestibulum tincidunt In. Turpis at eleifend an mi elit Aenean porta ac sed faucibus. Nunc urna Morbi fringilla vitae orci convallis condimentum auctor sit dui. Urna pretium elit mauris cursus Curabitur at elit Vestibulum.</p>','<p>Mi vitae magnis Fusce laoreet nibh felis porttitor laoreet Vestibulum faucibus. At Nulla id tincidunt ut sed semper vel Lorem condimentum ornare.</p>','antheme,prestashop,theme'),(7,1,'','','Morbi condimentum molestie Nam enim odio sodales','morbi-condimentum-molestie-nam-enim-odio-sodales','<p>Odio ut pretium ligula quam Vestibulum consequat convallis fringilla Vestibulum nulla. Accumsan morbi tristique auctor. At risus pretium urna tortor metus fringilla interdum mauris tempor congue.</p><p>Commodo laoreet semper tincidunt lorem Vestibulum nunc at In Curabitur magna. Euismod euismod Suspendisse tortor ante adipiscing risus Aenean Lorem vitae id. Odio ut pretium ligula quam Vestibulum consequat convallis fringilla Vestibulum nulla. Accumsan morbi tristique auctor Aenean nulla lacinia Nullam elit vel vel. At risus pretium urna tortor metus fringilla interdum mauris tempor congue.</p><p>Donec tellus Nulla lorem Nullam elit id ut elit feugiat lacus. Congue eget dapibus congue tincidunt senectus nibh risus Phasellus tristique justo. Justo Pellentesque Donec lobortis faucibus Vestibulum Praesent mauris volutpat vitae metus. Ipsum cursus vestibulum at interdum Vivamus nunc fringilla Curabitur ac quis. Nam lacinia wisi tortor orci quis vitae.</p><p>Sed mauris Pellentesque elit Aliquam at lacus interdum nascetur elit ipsum. Enim ipsum hendrerit Suspendisse turpis laoreet fames tempus ligula pede ac. Et Lorem penatibus orci eu ultrices egestas Nam quam Vivamus nibh. Morbi condimentum molestie Nam enim odio sodales pretium eros sem pellentesque. Sit tellus Integer elit egestas lacus turpis id auctor nascetur ut. Ac elit vitae.</p><p>Mi vitae magnis Fusce laoreet nibh felis porttitor laoreet Vestibulum faucibus. At Nulla id tincidunt ut sed semper vel Lorem condimentum ornare. Laoreet Vestibulum lacinia massa a commodo habitasse velit Vestibulum tincidunt In. Turpis at eleifend an mi elit Aenean porta ac sed faucibus. Nunc urna Morbi fringilla vitae orci convallis condimentum auctor sit dui. Urna pretium elit mauris cursus Curabitur at elit Vestibulum.</p>','<p>Sed mauris Pellentesque elit Aliquam at lacus interdum nascetur elit ipsum. Enim ipsum hendrerit Suspendisse turpis laoreet fames tempus ligula pede ac. Et Lorem penatibus orci eu ultrices egestas Nam quam Vivamus nibh.</p>','antheme,prestashop,charme,food'),(7,2,'','','Morbi condimentum molestie Nam enim odio sodales','morbi-condimentum-molestie-nam-enim-odio-sodales','<p>Odio ut pretium ligula quam Vestibulum consequat convallis fringilla Vestibulum nulla. Accumsan morbi tristique auctor. At risus pretium urna tortor metus fringilla interdum mauris tempor congue.</p><p>Commodo laoreet semper tincidunt lorem Vestibulum nunc at In Curabitur magna. Euismod euismod Suspendisse tortor ante adipiscing risus Aenean Lorem vitae id. Odio ut pretium ligula quam Vestibulum consequat convallis fringilla Vestibulum nulla. Accumsan morbi tristique auctor Aenean nulla lacinia Nullam elit vel vel. At risus pretium urna tortor metus fringilla interdum mauris tempor congue.</p><p>Donec tellus Nulla lorem Nullam elit id ut elit feugiat lacus. Congue eget dapibus congue tincidunt senectus nibh risus Phasellus tristique justo. Justo Pellentesque Donec lobortis faucibus Vestibulum Praesent mauris volutpat vitae metus. Ipsum cursus vestibulum at interdum Vivamus nunc fringilla Curabitur ac quis. Nam lacinia wisi tortor orci quis vitae.</p><p>Sed mauris Pellentesque elit Aliquam at lacus interdum nascetur elit ipsum. Enim ipsum hendrerit Suspendisse turpis laoreet fames tempus ligula pede ac. Et Lorem penatibus orci eu ultrices egestas Nam quam Vivamus nibh. Morbi condimentum molestie Nam enim odio sodales pretium eros sem pellentesque. Sit tellus Integer elit egestas lacus turpis id auctor nascetur ut. Ac elit vitae.</p><p>Mi vitae magnis Fusce laoreet nibh felis porttitor laoreet Vestibulum faucibus. At Nulla id tincidunt ut sed semper vel Lorem condimentum ornare. Laoreet Vestibulum lacinia massa a commodo habitasse velit Vestibulum tincidunt In. Turpis at eleifend an mi elit Aenean porta ac sed faucibus. Nunc urna Morbi fringilla vitae orci convallis condimentum auctor sit dui. Urna pretium elit mauris cursus Curabitur at elit Vestibulum.</p>','<p>Sed mauris Pellentesque elit Aliquam at lacus interdum nascetur elit ipsum. Enim ipsum hendrerit Suspendisse turpis laoreet fames tempus ligula pede ac. Et Lorem penatibus orci eu ultrices egestas Nam quam Vivamus nibh.</p>','antheme,prestashop,charme,food'),(7,3,'','','Morbi condimentum molestie Nam enim odio sodales','morbi-condimentum-molestie-nam-enim-odio-sodales','<p>Odio ut pretium ligula quam Vestibulum consequat convallis fringilla Vestibulum nulla. Accumsan morbi tristique auctor. At risus pretium urna tortor metus fringilla interdum mauris tempor congue.</p><p>Commodo laoreet semper tincidunt lorem Vestibulum nunc at In Curabitur magna. Euismod euismod Suspendisse tortor ante adipiscing risus Aenean Lorem vitae id. Odio ut pretium ligula quam Vestibulum consequat convallis fringilla Vestibulum nulla. Accumsan morbi tristique auctor Aenean nulla lacinia Nullam elit vel vel. At risus pretium urna tortor metus fringilla interdum mauris tempor congue.</p><p>Donec tellus Nulla lorem Nullam elit id ut elit feugiat lacus. Congue eget dapibus congue tincidunt senectus nibh risus Phasellus tristique justo. Justo Pellentesque Donec lobortis faucibus Vestibulum Praesent mauris volutpat vitae metus. Ipsum cursus vestibulum at interdum Vivamus nunc fringilla Curabitur ac quis. Nam lacinia wisi tortor orci quis vitae.</p><p>Sed mauris Pellentesque elit Aliquam at lacus interdum nascetur elit ipsum. Enim ipsum hendrerit Suspendisse turpis laoreet fames tempus ligula pede ac. Et Lorem penatibus orci eu ultrices egestas Nam quam Vivamus nibh. Morbi condimentum molestie Nam enim odio sodales pretium eros sem pellentesque. Sit tellus Integer elit egestas lacus turpis id auctor nascetur ut. Ac elit vitae.</p><p>Mi vitae magnis Fusce laoreet nibh felis porttitor laoreet Vestibulum faucibus. At Nulla id tincidunt ut sed semper vel Lorem condimentum ornare. Laoreet Vestibulum lacinia massa a commodo habitasse velit Vestibulum tincidunt In. Turpis at eleifend an mi elit Aenean porta ac sed faucibus. Nunc urna Morbi fringilla vitae orci convallis condimentum auctor sit dui. Urna pretium elit mauris cursus Curabitur at elit Vestibulum.</p>','<p>Sed mauris Pellentesque elit Aliquam at lacus interdum nascetur elit ipsum. Enim ipsum hendrerit Suspendisse turpis laoreet fames tempus ligula pede ac. Et Lorem penatibus orci eu ultrices egestas Nam quam Vivamus nibh.</p>','antheme,prestashop,charme,food'),(8,1,'','','Turpis at eleifend an mi elit Aenean porta ac sed faucibus','turpis-at-eleifend-an-mi-elit-aenean-porta-ac-sed-faucibus','<p>Odio ut pretium ligula quam Vestibulum consequat convallis fringilla Vestibulum nulla. Accumsan morbi tristique auctor. At risus pretium urna tortor metus fringilla interdum mauris tempor congue.</p><p>Commodo laoreet semper tincidunt lorem Vestibulum nunc at In Curabitur magna. Euismod euismod Suspendisse tortor ante adipiscing risus Aenean Lorem vitae id. Odio ut pretium ligula quam Vestibulum consequat convallis fringilla Vestibulum nulla. Accumsan morbi tristique auctor Aenean nulla lacinia Nullam elit vel vel. At risus pretium urna tortor metus fringilla interdum mauris tempor congue.</p>\r\n<p>Donec tellus Nulla lorem Nullam elit id ut elit feugiat lacus. Congue eget dapibus congue tincidunt senectus nibh risus Phasellus tristique justo. Justo Pellentesque Donec lobortis faucibus Vestibulum Praesent mauris volutpat vitae metus. Ipsum cursus vestibulum at interdum Vivamus nunc fringilla Curabitur ac quis. Nam lacinia wisi tortor orci quis vitae.</p>\r\n<p>Sed mauris Pellentesque elit Aliquam at lacus interdum nascetur elit ipsum. Enim ipsum hendrerit Suspendisse turpis laoreet fames tempus ligula pede ac. Et Lorem penatibus orci eu ultrices egestas Nam quam Vivamus nibh. Morbi condimentum molestie Nam enim odio sodales pretium eros sem pellentesque. Sit tellus Integer elit egestas lacus turpis id auctor nascetur ut. Ac elit vitae.</p>\r\n<p>Mi vitae magnis Fusce laoreet nibh felis porttitor laoreet Vestibulum faucibus. At Nulla id tincidunt ut sed semper vel Lorem condimentum ornare. Laoreet Vestibulum lacinia massa a commodo habitasse velit Vestibulum tincidunt In. Turpis at eleifend an mi elit Aenean porta ac sed faucibus. Nunc urna Morbi fringilla vitae orci convallis condimentum auctor sit dui. Urna pretium elit mauris cursus Curabitur at elit Vestibulum.</p>','<p>Turpis at eleifend an mi elit Aenean porta ac sed faucibus. Nunc urna Morbi fringilla vitae orci convallis condimentum auctor sit dui. Urna pretium elit mauris cursus Curabitur at elit Vestibulum</p>','charme,food,template'),(8,2,'','','Turpis at eleifend an mi elit Aenean porta ac sed faucibus','turpis-at-eleifend-an-mi-elit-aenean-porta-ac-sed-faucibus','<p>Odio ut pretium ligula quam Vestibulum consequat convallis fringilla Vestibulum nulla. Accumsan morbi tristique auctor. At risus pretium urna tortor metus fringilla interdum mauris tempor congue.</p><p>Commodo laoreet semper tincidunt lorem Vestibulum nunc at In Curabitur magna. Euismod euismod Suspendisse tortor ante adipiscing risus Aenean Lorem vitae id. Odio ut pretium ligula quam Vestibulum consequat convallis fringilla Vestibulum nulla. Accumsan morbi tristique auctor Aenean nulla lacinia Nullam elit vel vel. At risus pretium urna tortor metus fringilla interdum mauris tempor congue.</p>\r\n<p>Donec tellus Nulla lorem Nullam elit id ut elit feugiat lacus. Congue eget dapibus congue tincidunt senectus nibh risus Phasellus tristique justo. Justo Pellentesque Donec lobortis faucibus Vestibulum Praesent mauris volutpat vitae metus. Ipsum cursus vestibulum at interdum Vivamus nunc fringilla Curabitur ac quis. Nam lacinia wisi tortor orci quis vitae.</p>\r\n<p>Sed mauris Pellentesque elit Aliquam at lacus interdum nascetur elit ipsum. Enim ipsum hendrerit Suspendisse turpis laoreet fames tempus ligula pede ac. Et Lorem penatibus orci eu ultrices egestas Nam quam Vivamus nibh. Morbi condimentum molestie Nam enim odio sodales pretium eros sem pellentesque. Sit tellus Integer elit egestas lacus turpis id auctor nascetur ut. Ac elit vitae.</p>\r\n<p>Mi vitae magnis Fusce laoreet nibh felis porttitor laoreet Vestibulum faucibus. At Nulla id tincidunt ut sed semper vel Lorem condimentum ornare. Laoreet Vestibulum lacinia massa a commodo habitasse velit Vestibulum tincidunt In. Turpis at eleifend an mi elit Aenean porta ac sed faucibus. Nunc urna Morbi fringilla vitae orci convallis condimentum auctor sit dui. Urna pretium elit mauris cursus Curabitur at elit Vestibulum.</p>','<p>Turpis at eleifend an mi elit Aenean porta ac sed faucibus. Nunc urna Morbi fringilla vitae orci convallis condimentum auctor sit dui. Urna pretium elit mauris cursus Curabitur at elit Vestibulum</p>','charme,food,template'),(8,3,'','','Turpis at eleifend an mi elit Aenean porta ac sed faucibus','turpis-at-eleifend-an-mi-elit-aenean-porta-ac-sed-faucibus','<p>Odio ut pretium ligula quam Vestibulum consequat convallis fringilla Vestibulum nulla. Accumsan morbi tristique auctor. At risus pretium urna tortor metus fringilla interdum mauris tempor congue.</p><p>Commodo laoreet semper tincidunt lorem Vestibulum nunc at In Curabitur magna. Euismod euismod Suspendisse tortor ante adipiscing risus Aenean Lorem vitae id. Odio ut pretium ligula quam Vestibulum consequat convallis fringilla Vestibulum nulla. Accumsan morbi tristique auctor Aenean nulla lacinia Nullam elit vel vel. At risus pretium urna tortor metus fringilla interdum mauris tempor congue.</p>\r\n<p>Donec tellus Nulla lorem Nullam elit id ut elit feugiat lacus. Congue eget dapibus congue tincidunt senectus nibh risus Phasellus tristique justo. Justo Pellentesque Donec lobortis faucibus Vestibulum Praesent mauris volutpat vitae metus. Ipsum cursus vestibulum at interdum Vivamus nunc fringilla Curabitur ac quis. Nam lacinia wisi tortor orci quis vitae.</p>\r\n<p>Sed mauris Pellentesque elit Aliquam at lacus interdum nascetur elit ipsum. Enim ipsum hendrerit Suspendisse turpis laoreet fames tempus ligula pede ac. Et Lorem penatibus orci eu ultrices egestas Nam quam Vivamus nibh. Morbi condimentum molestie Nam enim odio sodales pretium eros sem pellentesque. Sit tellus Integer elit egestas lacus turpis id auctor nascetur ut. Ac elit vitae.</p>\r\n<p>Mi vitae magnis Fusce laoreet nibh felis porttitor laoreet Vestibulum faucibus. At Nulla id tincidunt ut sed semper vel Lorem condimentum ornare. Laoreet Vestibulum lacinia massa a commodo habitasse velit Vestibulum tincidunt In. Turpis at eleifend an mi elit Aenean porta ac sed faucibus. Nunc urna Morbi fringilla vitae orci convallis condimentum auctor sit dui. Urna pretium elit mauris cursus Curabitur at elit Vestibulum.</p>','<p>Turpis at eleifend an mi elit Aenean porta ac sed faucibus. Nunc urna Morbi fringilla vitae orci convallis condimentum auctor sit dui. Urna pretium elit mauris cursus Curabitur at elit Vestibulum</p>','charme,food,template'),(9,1,'','','Nullam ullamcorper nisl quis ornare molestie','nullam-ullamcorper-nisl-quis-ornare-molestie','<p>Sed ut perspiciatis unde omnis iste natus error sit voluptatem accusantium doloremque laudantium, totam rem aperiam, eaque ipsa quae ab illo inventore veritatis et quas.</p><p>Suspendisse posuere, diam in bibendum lobortis, turpis ipsum aliquam risus, sit amet dictum ligula lorem non nisl. Ut vitae nibh id massa vulputate euismod ut quis justo. Ut bibendum sem at massa lacinia, eget elementum ante consectetur. Nulla id pharetra dui, at rhoncus urna. Maecenas non porttitor purus. Nullam ullamcorper nisl quis ornare molestie.</p>\r\n<p>Etiam eget erat est. Phasellus elit justo, mattis non lorem non, aliquam aliquam an. Sed fermentum consectetur magna, eget semper ante. Aliquam scelerisque justo velit. Fusce cursus blandit dolor, in sodales urna vulputate lobortis. Nulla ut tellus turpis. Nullam lacus sem, volutpat id odio sed, cursus tristique eros. Duis at pellentesque magna. Donec magna nisi, vulputate ac nulla eu, ultricies tincidunt tellus. Nunc tincidunt sem urna, nec venenatis libero vehicula ut.</p>\r\n<p>Vestibulum ante ipsum primis in faucibus orci luctus et ultrices posuere cubilia Curae; Curabitur faucibus aliquam pulvinar. Vivamus mattis volutpat erat, et congue nisi semper quis. Cras vehicula dignissim libero in elementum. Mauris sit amet dolor justo. Morbi consequat velit vel est fermentum euismod. Curabitur in magna augue.</p>','<p>Suspendisse posuere, diam in bibendum lobortis, turpis ipsum aliquam risus, sit amet dictum ligula lorem non nisl Urna pretium elit mauris cursus Curabitur at elit Vestibulum</p>','food,theme'),(9,2,'','','Nullam ullamcorper nisl quis ornare molestie','nullam-ullamcorper-nisl-quis-ornare-molestie','<p>Sed ut perspiciatis unde omnis iste natus error sit voluptatem accusantium doloremque laudantium, totam rem aperiam, eaque ipsa quae ab illo inventore veritatis et quas.</p><p>Suspendisse posuere, diam in bibendum lobortis, turpis ipsum aliquam risus, sit amet dictum ligula lorem non nisl. Ut vitae nibh id massa vulputate euismod ut quis justo. Ut bibendum sem at massa lacinia, eget elementum ante consectetur. Nulla id pharetra dui, at rhoncus urna. Maecenas non porttitor purus. Nullam ullamcorper nisl quis ornare molestie.</p>\r\n<p>Etiam eget erat est. Phasellus elit justo, mattis non lorem non, aliquam aliquam an. Sed fermentum consectetur magna, eget semper ante. Aliquam scelerisque justo velit. Fusce cursus blandit dolor, in sodales urna vulputate lobortis. Nulla ut tellus turpis. Nullam lacus sem, volutpat id odio sed, cursus tristique eros. Duis at pellentesque magna. Donec magna nisi, vulputate ac nulla eu, ultricies tincidunt tellus. Nunc tincidunt sem urna, nec venenatis libero vehicula ut.</p>\r\n<p>Vestibulum ante ipsum primis in faucibus orci luctus et ultrices posuere cubilia Curae; Curabitur faucibus aliquam pulvinar. Vivamus mattis volutpat erat, et congue nisi semper quis. Cras vehicula dignissim libero in elementum. Mauris sit amet dolor justo. Morbi consequat velit vel est fermentum euismod. Curabitur in magna augue.</p>','<p>Suspendisse posuere, diam in bibendum lobortis, turpis ipsum aliquam risus, sit amet dictum ligula lorem non nisl Urna pretium elit mauris cursus Curabitur at elit Vestibulum</p>','food,theme'),(9,3,'','','Nullam ullamcorper nisl quis ornare molestie','nullam-ullamcorper-nisl-quis-ornare-molestie','<p>Sed ut perspiciatis unde omnis iste natus error sit voluptatem accusantium doloremque laudantium, totam rem aperiam, eaque ipsa quae ab illo inventore veritatis et quas.</p><p>Suspendisse posuere, diam in bibendum lobortis, turpis ipsum aliquam risus, sit amet dictum ligula lorem non nisl. Ut vitae nibh id massa vulputate euismod ut quis justo. Ut bibendum sem at massa lacinia, eget elementum ante consectetur. Nulla id pharetra dui, at rhoncus urna. Maecenas non porttitor purus. Nullam ullamcorper nisl quis ornare molestie.</p>\r\n<p>Etiam eget erat est. Phasellus elit justo, mattis non lorem non, aliquam aliquam an. Sed fermentum consectetur magna, eget semper ante. Aliquam scelerisque justo velit. Fusce cursus blandit dolor, in sodales urna vulputate lobortis. Nulla ut tellus turpis. Nullam lacus sem, volutpat id odio sed, cursus tristique eros. Duis at pellentesque magna. Donec magna nisi, vulputate ac nulla eu, ultricies tincidunt tellus. Nunc tincidunt sem urna, nec venenatis libero vehicula ut.</p>\r\n<p>Vestibulum ante ipsum primis in faucibus orci luctus et ultrices posuere cubilia Curae; Curabitur faucibus aliquam pulvinar. Vivamus mattis volutpat erat, et congue nisi semper quis. Cras vehicula dignissim libero in elementum. Mauris sit amet dolor justo. Morbi consequat velit vel est fermentum euismod. Curabitur in magna augue.</p>','<p>Suspendisse posuere, diam in bibendum lobortis, turpis ipsum aliquam risus, sit amet dictum ligula lorem non nisl Urna pretium elit mauris cursus Curabitur at elit Vestibulum</p>','food,theme');

--
-- Table structure for table `bl_anblog_blog_shop`
--

CREATE TABLE `bl_anblog_blog_shop` (
  `id_anblog_blog` int(11) NOT NULL DEFAULT '0',
  `id_shop` int(11) NOT NULL DEFAULT '0',
  PRIMARY KEY (`id_anblog_blog`,`id_shop`)
) ENGINE=InnoDB DEFAULT CHARSET=utf8;

--
-- Dumping data for table `bl_anblog_blog_shop`
--

INSERT INTO `bl_anblog_blog_shop` VALUES (3,1),(4,1),(5,1),(6,1),(7,1),(8,1),(9,1);

--
-- Table structure for table `bl_anblog_comment`
--

CREATE TABLE `bl_anblog_comment` (
  `id_anblog_comment` int(11) unsigned NOT NULL AUTO_INCREMENT,
  `id_shop` int(11) NOT NULL DEFAULT '0',
  `id_anblog_blog` int(11) unsigned NOT NULL,
  `comment` text NOT NULL,
  `active` tinyint(1) NOT NULL DEFAULT '0',
  `date_add` datetime DEFAULT NULL,
  `user` varchar(255) NOT NULL,
  `email` varchar(255) NOT NULL,
  PRIMARY KEY (`id_anblog_comment`,`id_shop`),
  KEY `FK_blog_comment` (`id_anblog_blog`)
) ENGINE=InnoDB DEFAULT CHARSET=utf8;

--
-- Dumping data for table `bl_anblog_comment`
--


--
-- Table structure for table `bl_anblog_hooks`
--

CREATE TABLE `bl_anblog_hooks` (
  `id` varchar(255) NOT NULL,
  `id_hook` int(10) NOT NULL,
  `post_count` int(10) NOT NULL,
  `status` int(1) NOT NULL,
  `id_shop` int(10) NOT NULL,
  PRIMARY KEY (`id`)
) ENGINE=InnoDB DEFAULT CHARSET=utf8;

--
-- Dumping data for table `bl_anblog_hooks`
--


--
-- Table structure for table `bl_anblogcat`
--

CREATE TABLE `bl_anblogcat` (
  `id_anblogcat` int(11) NOT NULL AUTO_INCREMENT,
  `image` varchar(255) NOT NULL,
  `id_parent` int(11) NOT NULL,
  `item` varchar(255) DEFAULT NULL,
  `level_depth` smallint(6) NOT NULL,
  `active` tinyint(1) NOT NULL,
  `show_title` tinyint(1) NOT NULL,
  `position` int(11) NOT NULL,
  `submenu_content` text NOT NULL,
  `privacy` smallint(6) DEFAULT NULL,
  `position_type` varchar(25) DEFAULT NULL,
  `menu_class` varchar(25) DEFAULT NULL,
  `content` text,
  `icon_class` varchar(255) DEFAULT NULL,
  `level` int(11) NOT NULL,
  `left` int(11) NOT NULL,
  `right` int(11) NOT NULL,
  `date_add` datetime DEFAULT NULL,
  `date_upd` datetime DEFAULT NULL,
  `template` varchar(200) NOT NULL,
  `randkey` varchar(255) DEFAULT NULL,
  `groups` text,
  PRIMARY KEY (`id_anblogcat`)
) ENGINE=InnoDB AUTO_INCREMENT=6 DEFAULT CHARSET=utf8;

--
-- Dumping data for table `bl_anblogcat`
--

INSERT INTO `bl_anblogcat` VALUES (1,'',0,NULL,0,0,1,0,'',NULL,NULL,NULL,NULL,NULL,0,0,0,NULL,NULL,'','ad30975ab88db9db59a40e3edfca0ab0',''),(3,'',1,'',1,1,0,0,'',0,'','','','',0,0,0,'2020-06-01 07:06:52','2020-06-01 11:07:22','default','5577844800e55bda2c0540af22ba96ce',''),(4,'',3,'',2,1,1,0,'',0,'','','','',0,0,0,'2020-06-02 07:07:34','2020-06-02 12:07:50','default','0abc8c406b64fa2f13f5a7cbecbfb67f',''),(5,'',3,NULL,2,1,0,1,'',0,NULL,'',NULL,'',0,0,0,'2020-06-03 08:44:07','2020-06-03 09:05:46','default','1dcae6f22c5962b687451c98c27946f0','');

--
-- Table structure for table `bl_anblogcat_lang`
--

CREATE TABLE `bl_anblogcat_lang` (
  `id_anblogcat` int(11) NOT NULL,
  `id_lang` int(11) NOT NULL,
  `title` varchar(255) DEFAULT NULL,
  `meta_title` varchar(255) DEFAULT NULL,
  `content_text` text,
  `description` varchar(200) NOT NULL,
  `meta_keywords` varchar(255) NOT NULL,
  `meta_description` varchar(255) NOT NULL,
  `link_rewrite` varchar(250) NOT NULL,
  PRIMARY KEY (`id_anblogcat`,`id_lang`)
) ENGINE=InnoDB DEFAULT CHARSET=utf8;

--
-- Dumping data for table `bl_anblogcat_lang`
--

INSERT INTO `bl_anblogcat_lang` VALUES (1,1,'Root','Root',NULL,'','','',''),(1,2,'Root','Root',NULL,'','','',''),(1,3,'Root','Root',NULL,'','','',''),(3,1,'Category 1','Category 1','<p>Odio ut pretium ligula quam Vestibulum consequat convallis fringilla Vestibulum nulla. Accumsan morbi tristique auctor. At risus pretium urna tortor metus fringilla interdum mauris tempor congue</p>','','','\r\n','category-1'),(3,2,'Category 1','Category 1','<p>Odio ut pretium ligula quam Vestibulum consequat convallis fringilla Vestibulum nulla. Accumsan morbi tristique auctor. At risus pretium urna tortor metus fringilla interdum mauris tempor congue</p>','','','\r\n','category-1'),(3,3,'Category 1','Category 1','<p>Odio ut pretium ligula quam Vestibulum consequat convallis fringilla Vestibulum nulla. Accumsan morbi tristique auctor. At risus pretium urna tortor metus fringilla interdum mauris tempor congue</p>','','','\r\n','category-1'),(4,1,'Sub Category 1','SubCategory 1','<p>Odio ut pretium ligula quam Vestibulum consequat convallis fringilla Vestibulum nulla. Accumsan morbi tristique auctor. At risus pretium urna tortor metus fringilla interdum mauris tempor congue</p>','','fashion,prestashop,antheme,pavothemes','','sub-category-1'),(4,2,'Sub Category 1','SubCategory 1','<p>Odio ut pretium ligula quam Vestibulum consequat convallis fringilla Vestibulum nulla. Accumsan morbi tristique auctor. At risus pretium urna tortor metus fringilla interdum mauris tempor congue</p>','','fashion,prestashop,antheme,pavothemes','','sub-category-1'),(4,3,'Sub Category 1','SubCategory 1','<p>Odio ut pretium ligula quam Vestibulum consequat convallis fringilla Vestibulum nulla. Accumsan morbi tristique auctor. At risus pretium urna tortor metus fringilla interdum mauris tempor congue</p>','','fashion,prestashop,antheme,pavothemes','','sub-category-1'),(5,1,'Sub Category 2','SubCategory 2','<p>Odio ut pretium ligula quam Vestibulum consequat convallis fringilla Vestibulum nulla. Accumsan morbi tristique auctor. At risus pretium urna tortor metus fringilla interdum mauris tempor congue</p>','','haha,fashion,charme','gogogoel','sub-category-2'),(5,2,'Sub Category 2','SubCategory 2','<p>Odio ut pretium ligula quam Vestibulum consequat convallis fringilla Vestibulum nulla. Accumsan morbi tristique auctor. At risus pretium urna tortor metus fringilla interdum mauris tempor congue</p>','','haha,fashion,charme','gogogoel','sub-category-2'),(5,3,'Sub Category 2','SubCategory 2','<p>Odio ut pretium ligula quam Vestibulum consequat convallis fringilla Vestibulum nulla. Accumsan morbi tristique auctor. At risus pretium urna tortor metus fringilla interdum mauris tempor congue</p>','','haha,fashion,charme','gogogoel','sub-category-2');

--
-- Table structure for table `bl_anblogcat_shop`
--

CREATE TABLE `bl_anblogcat_shop` (
  `id_anblogcat` int(11) NOT NULL DEFAULT '0',
  `id_shop` int(11) NOT NULL DEFAULT '0',
  PRIMARY KEY (`id_anblogcat`,`id_shop`)
) ENGINE=InnoDB DEFAULT CHARSET=utf8;

--
-- Dumping data for table `bl_anblogcat_shop`
--

INSERT INTO `bl_anblogcat_shop` VALUES (1,1),(3,1),(4,1),(5,1);

--
-- Table structure for table `bl_andropdown`
--

CREATE TABLE `bl_andropdown` (
  `id_andropdown` int(10) unsigned NOT NULL AUTO_INCREMENT,
  `id_anmenu` int(10) unsigned NOT NULL,
  `active` tinyint(1) unsigned NOT NULL DEFAULT '1',
  `position` int(10) unsigned NOT NULL DEFAULT '0',
  `column` int(10) DEFAULT '0',
  `content_type` varchar(50) NOT NULL,
  `categories` text,
  `products` text,
  `manufacturers` text,
  `drop_bgimage` varchar(128) DEFAULT NULL,
  PRIMARY KEY (`id_andropdown`)
) ENGINE=InnoDB AUTO_INCREMENT=2 DEFAULT CHARSET=utf8;

--
-- Dumping data for table `bl_andropdown`
--

INSERT INTO `bl_andropdown` VALUES (1,2,1,1,1,'category','a:9:{i:0;s:2:\"10\";i:1;s:2:\"11\";i:2;s:2:\"12\";i:3;s:2:\"13\";i:4;s:2:\"14\";i:5;s:2:\"15\";i:6;s:2:\"17\";i:7;s:2:\"60\";i:8;s:2:\"68\";}','a:0:{}','a:0:{}','');

--
-- Table structure for table `bl_andropdown_lang`
--

CREATE TABLE `bl_andropdown_lang` (
  `id_andropdown` int(10) unsigned NOT NULL,
  `id_lang` int(10) unsigned NOT NULL,
  `static_content` text,
  `title` varchar(254) NOT NULL,
  PRIMARY KEY (`id_andropdown`,`id_lang`)
) ENGINE=InnoDB DEFAULT CHARSET=utf8;

--
-- Dumping data for table `bl_andropdown_lang`
--

INSERT INTO `bl_andropdown_lang` VALUES (1,1,'',''),(1,2,'',''),(1,3,'','');

--
-- Table structure for table `bl_anmenu`
--

CREATE TABLE `bl_anmenu` (
  `id_anmenu` int(10) unsigned NOT NULL AUTO_INCREMENT,
  `id_shop` int(10) unsigned NOT NULL DEFAULT '1',
  `active` tinyint(1) unsigned NOT NULL DEFAULT '1',
  `position` int(10) unsigned NOT NULL DEFAULT '0',
  `label_color` varchar(32) DEFAULT NULL,
  `drop_column` int(10) DEFAULT '0',
  `drop_bgcolor` varchar(32) DEFAULT NULL,
  `drop_bgimage` varchar(128) DEFAULT NULL,
  `bgimage_position` varchar(50) DEFAULT NULL,
  `position_x` int(10) DEFAULT '0',
  `position_y` int(10) DEFAULT '0',
  PRIMARY KEY (`id_anmenu`)
) ENGINE=InnoDB AUTO_INCREMENT=7 DEFAULT CHARSET=utf8;

--
-- Dumping data for table `bl_anmenu`
--

INSERT INTO `bl_anmenu` VALUES (1,1,1,2,'#17cf00',0,'#ffffff','','right bottom',0,0),(2,1,1,3,'#7da62c',1,'#ffffff','','right bottom',0,0),(3,1,1,4,'#99cc33',0,'#ffffff','','right bottom',0,0),(5,1,1,5,'#486e01',0,'#ffffff','','right bottom',0,0),(6,1,1,1,'#17cf00',0,'#ffffff','','right bottom',0,0);

--
-- Table structure for table `bl_anmenu_lang`
--

CREATE TABLE `bl_anmenu_lang` (
  `id_anmenu` int(10) unsigned NOT NULL,
  `id_lang` int(10) unsigned NOT NULL,
  `name` varchar(254) NOT NULL,
  `link` varchar(254) NOT NULL DEFAULT '',
  `label` varchar(128) DEFAULT NULL,
  PRIMARY KEY (`id_anmenu`,`id_lang`)
) ENGINE=InnoDB DEFAULT CHARSET=utf8;

--
-- Dumping data for table `bl_anmenu_lang`
--

INSERT INTO `bl_anmenu_lang` VALUES (1,1,'Boutique','/2-boutique',''),(1,2,'Test 1','/2-boutique',''),(1,3,'Test 1','/2-boutique',''),(2,1,'Catégories','',''),(2,2,'Test 2','',''),(2,3,'Test 2','',''),(3,1,'Cadeaux','/16-cadeaux',''),(3,2,'Test 3','/16-cadeaux',''),(3,3,'Test 3','/16-cadeaux',''),(5,1,'Contact','/nous-contacter',''),(5,2,'Test 5','/nous-contacter',''),(5,3,'Test 5','/nous-contacter',''),(6,1,'Accueil','/',''),(6,2,'Home','/',''),(6,3,'Accueil','/','');

--
-- Table structure for table `bl_attachment`
--

CREATE TABLE `bl_attachment` (
  `id_attachment` int(10) unsigned NOT NULL AUTO_INCREMENT,
  `file` varchar(40) NOT NULL,
  `file_name` varchar(128) NOT NULL,
  `file_size` bigint(10) unsigned NOT NULL DEFAULT '0',
  `mime` varchar(128) NOT NULL,
  PRIMARY KEY (`id_attachment`)
) ENGINE=InnoDB DEFAULT CHARSET=utf8mb4;

--
-- Dumping data for table `bl_attachment`
--


--
-- Table structure for table `bl_attachment_lang`
--

CREATE TABLE `bl_attachment_lang` (
  `id_attachment` int(10) unsigned NOT NULL AUTO_INCREMENT,
  `id_lang` int(10) unsigned NOT NULL,
  `name` varchar(32) DEFAULT NULL,
  `description` text,
  PRIMARY KEY (`id_attachment`,`id_lang`)
) ENGINE=InnoDB DEFAULT CHARSET=utf8mb4;

--
-- Dumping data for table `bl_attachment_lang`
--


--
-- Table structure for table `bl_attribute`
--

CREATE TABLE `bl_attribute` (
  `id_attribute` int(11) NOT NULL AUTO_INCREMENT,
  `id_attribute_group` int(11) NOT NULL,
  `color` varchar(32) COLLATE utf8mb4_unicode_ci NOT NULL,
  `position` int(11) NOT NULL,
  PRIMARY KEY (`id_attribute`),
  KEY `attribute_group` (`id_attribute_group`)
) ENGINE=InnoDB AUTO_INCREMENT=45 DEFAULT CHARSET=utf8mb4 COLLATE=utf8mb4_unicode_ci;

--
-- Dumping data for table `bl_attribute`
--

INSERT INTO `bl_attribute` VALUES (1,1,'',0),(2,1,'',1),(3,1,'',2),(4,1,'',3),(5,2,'#AAB2BD',0),(6,2,'#CFC4A6',1),(7,2,'#f5f5dc',2),(8,2,'#ffffff',3),(9,2,'#faebd7',4),(10,2,'#E84C3D',5),(11,2,'#434A54',6),(12,2,'#C19A6B',7),(13,2,'#F39C11',8),(14,2,'#5D9CEC',9),(15,2,'#A0D468',10),(16,2,'#F1C40F',11),(17,2,'#964B00',12),(18,2,'#FCCACD',13),(26,5,'',0),(27,5,'',1),(28,5,'',2),(29,5,'',3),(30,6,'',0),(31,6,'',1),(32,6,'',2),(33,6,'',3),(34,6,'',4),(35,6,'',5),(36,6,'',6),(37,6,'',7),(38,1,'',4),(39,6,'',8),(40,6,'',9),(41,7,'',0),(42,7,'',1),(43,7,'',2),(44,6,'',10);

--
-- Table structure for table `bl_attribute_group`
--

CREATE TABLE `bl_attribute_group` (
  `id_attribute_group` int(11) NOT NULL AUTO_INCREMENT,
  `is_color_group` tinyint(1) NOT NULL,
  `group_type` varchar(255) COLLATE utf8mb4_unicode_ci NOT NULL,
  `position` int(11) NOT NULL,
  PRIMARY KEY (`id_attribute_group`)
) ENGINE=InnoDB AUTO_INCREMENT=8 DEFAULT CHARSET=utf8mb4 COLLATE=utf8mb4_unicode_ci;

--
-- Dumping data for table `bl_attribute_group`
--

INSERT INTO `bl_attribute_group` VALUES (1,0,'select',0),(2,1,'color',1),(5,0,'select',2),(6,0,'select',3),(7,0,'select',4);

--
-- Table structure for table `bl_attribute_group_lang`
--

CREATE TABLE `bl_attribute_group_lang` (
  `id_attribute_group` int(11) NOT NULL,
  `id_lang` int(11) NOT NULL,
  `name` varchar(128) COLLATE utf8mb4_unicode_ci NOT NULL,
  `public_name` varchar(64) COLLATE utf8mb4_unicode_ci NOT NULL,
  PRIMARY KEY (`id_attribute_group`,`id_lang`),
  KEY `IDX_DFDA75C867A664FB` (`id_attribute_group`),
  KEY `IDX_DFDA75C8BA299860` (`id_lang`)
) ENGINE=InnoDB DEFAULT CHARSET=utf8mb4 COLLATE=utf8mb4_unicode_ci;

--
-- Dumping data for table `bl_attribute_group_lang`
--

INSERT INTO `bl_attribute_group_lang` VALUES (1,1,'Taille','Taille'),(1,2,'Size','Size'),(1,3,'Taille','Taille'),(2,1,'Couleur','Couleur'),(2,2,'Color','Color'),(2,3,'Couleur','Couleur'),(5,1,'Poid','Format'),(5,2,'Format','Format'),(5,3,'Format','Format'),(6,1,'Format','Poid'),(6,2,'Poid','Poid'),(6,3,'Poid','Poid'),(7,1,'Forme','coeur '),(7,2,'Forme','coeur '),(7,3,'Forme','coeur ');

--
-- Table structure for table `bl_attribute_group_shop`
--

CREATE TABLE `bl_attribute_group_shop` (
  `id_attribute_group` int(11) NOT NULL,
  `id_shop` int(11) NOT NULL,
  PRIMARY KEY (`id_attribute_group`,`id_shop`),
  KEY `IDX_42B9BD0867A664FB` (`id_attribute_group`),
  KEY `IDX_42B9BD08274A50A0` (`id_shop`)
) ENGINE=InnoDB DEFAULT CHARSET=utf8mb4 COLLATE=utf8mb4_unicode_ci;

--
-- Dumping data for table `bl_attribute_group_shop`
--

INSERT INTO `bl_attribute_group_shop` VALUES (1,1),(2,1),(5,1),(6,1),(7,1);

--
-- Table structure for table `bl_attribute_lang`
--

CREATE TABLE `bl_attribute_lang` (
  `id_attribute` int(11) NOT NULL,
  `id_lang` int(11) NOT NULL,
  `name` varchar(128) COLLATE utf8mb4_unicode_ci NOT NULL,
  PRIMARY KEY (`id_attribute`,`id_lang`),
  KEY `IDX_911E16B97A4F53DC` (`id_attribute`),
  KEY `IDX_911E16B9BA299860` (`id_lang`)
) ENGINE=InnoDB DEFAULT CHARSET=utf8mb4 COLLATE=utf8mb4_unicode_ci;

--
-- Dumping data for table `bl_attribute_lang`
--

INSERT INTO `bl_attribute_lang` VALUES (1,1,'S'),(1,2,'S'),(1,3,'S'),(2,1,'M'),(2,2,'M'),(2,3,'M'),(3,1,'L'),(3,2,'L'),(3,3,'L'),(4,1,'XL'),(4,2,'XL'),(4,3,'XL'),(5,1,'Gris'),(5,2,'Grey'),(5,3,'Gris'),(6,1,'Taupe'),(6,2,'Taupe'),(6,3,'Taupe'),(7,1,'Beige'),(7,2,'Beige'),(7,3,'Beige'),(8,1,'Blanc'),(8,2,'White'),(8,3,'Blanc'),(9,1,'Blanc cassé'),(9,2,'Off White'),(9,3,'Blanc cassé'),(10,1,'Rouge'),(10,2,'Red'),(10,3,'Rouge'),(11,1,'Noir'),(11,2,'Black'),(11,3,'Noir'),(12,1,'Camel'),(12,2,'Camel'),(12,3,'Camel'),(13,1,'Orange'),(13,2,'Orange'),(13,3,'Orange'),(14,1,'Bleu'),(14,2,'Blue'),(14,3,'Bleu'),(15,1,'Vert'),(15,2,'Green'),(15,3,'Vert'),(16,1,'Jaune'),(16,2,'Yellow'),(16,3,'Jaune'),(17,1,'Marron'),(17,2,'Brown'),(17,3,'Marron'),(18,1,'Rose'),(18,2,'Pink'),(18,3,'Rose'),(26,1,'Kilo'),(26,2,'Kg'),(26,3,'Kg'),(27,1,'Livre'),(27,2,'Lbs'),(27,3,'Lbs'),(28,1,'Gramme'),(28,2,'Gramme'),(28,3,'Gramme'),(29,1,'Once'),(29,2,'Once'),(29,3,'Once'),(30,1,'Litre'),(30,2,'Litre'),(30,3,'Litre'),(31,1,'ML'),(31,2,'ML'),(31,3,'ML'),(32,1,'CL'),(32,2,'CL'),(32,3,'CL'),(33,1,'Pinte'),(33,2,'Pinte'),(33,3,'Pinte'),(34,1,'Gallon'),(34,2,'Gallon'),(34,3,'Gallon'),(35,1,'250 ml'),(35,2,'250ml'),(35,3,'250ml'),(36,1,'500 ml'),(36,2,'500 ml'),(36,3,'500 ml'),(37,1,'2 litres'),(37,2,'2 litres'),(37,3,'2 litres'),(38,1,'XXL'),(38,2,'XXL'),(38,3,'XXL'),(39,1,'Unité'),(39,2,'Unité'),(39,3,'Unité'),(40,1,'Boîte'),(40,2,'Boîte'),(40,3,'Boîte'),(41,1,'coeur'),(41,2,'coeur'),(41,3,'coeur'),(42,1,'carré'),(42,2,'carré'),(42,3,'carré'),(43,1,'rectangle'),(43,2,'rectangle'),(43,3,'rectangle'),(44,1,'Complet '),(44,2,'Complet '),(44,3,'Complet ');

--
-- Table structure for table `bl_attribute_shop`
--

CREATE TABLE `bl_attribute_shop` (
  `id_attribute` int(11) NOT NULL,
  `id_shop` int(11) NOT NULL,
  PRIMARY KEY (`id_attribute`,`id_shop`),
  KEY `IDX_C7DDE797A4F53DC` (`id_attribute`),
  KEY `IDX_C7DDE79274A50A0` (`id_shop`)
) ENGINE=InnoDB DEFAULT CHARSET=utf8mb4 COLLATE=utf8mb4_unicode_ci;

--
-- Dumping data for table `bl_attribute_shop`
--

INSERT INTO `bl_attribute_shop` VALUES (1,1),(2,1),(3,1),(4,1),(5,1),(6,1),(7,1),(8,1),(9,1),(10,1),(11,1),(12,1),(13,1),(14,1),(15,1),(16,1),(17,1),(18,1),(26,1),(27,1),(28,1),(29,1),(30,1),(31,1),(32,1),(33,1),(34,1),(35,1),(36,1),(37,1),(38,1),(39,1),(40,1),(41,1),(42,1),(43,1),(44,1);

--
-- Table structure for table `bl_authorization_role`
--

CREATE TABLE `bl_authorization_role` (
  `id_authorization_role` int(10) unsigned NOT NULL AUTO_INCREMENT,
  `slug` varchar(191) NOT NULL,
  PRIMARY KEY (`id_authorization_role`),
  UNIQUE KEY `slug` (`slug`)
) ENGINE=InnoDB AUTO_INCREMENT=973 DEFAULT CHARSET=utf8mb4;

--
-- Dumping data for table `bl_authorization_role`
--

INSERT INTO `bl_authorization_role` VALUES (941,'ROLE_MOD_MODULE_AMOUNTBEFOREFREEDELIVERY_CREATE'),(944,'ROLE_MOD_MODULE_AMOUNTBEFOREFREEDELIVERY_DELETE'),(942,'ROLE_MOD_MODULE_AMOUNTBEFOREFREEDELIVERY_READ'),(943,'ROLE_MOD_MODULE_AMOUNTBEFOREFREEDELIVERY_UPDATE'),(809,'ROLE_MOD_MODULE_ANBLOG_CREATE'),(812,'ROLE_MOD_MODULE_ANBLOG_DELETE'),(810,'ROLE_MOD_MODULE_ANBLOG_READ'),(811,'ROLE_MOD_MODULE_ANBLOG_UPDATE'),(789,'ROLE_MOD_MODULE_ANSCROLLTOP_CREATE'),(792,'ROLE_MOD_MODULE_ANSCROLLTOP_DELETE'),(790,'ROLE_MOD_MODULE_ANSCROLLTOP_READ'),(791,'ROLE_MOD_MODULE_ANSCROLLTOP_UPDATE'),(893,'ROLE_MOD_MODULE_AN_ADVANTAGES_CREATE'),(896,'ROLE_MOD_MODULE_AN_ADVANTAGES_DELETE'),(894,'ROLE_MOD_MODULE_AN_ADVANTAGES_READ'),(895,'ROLE_MOD_MODULE_AN_ADVANTAGES_UPDATE'),(913,'ROLE_MOD_MODULE_AN_BANNERS_CREATE'),(916,'ROLE_MOD_MODULE_AN_BANNERS_DELETE'),(914,'ROLE_MOD_MODULE_AN_BANNERS_READ'),(915,'ROLE_MOD_MODULE_AN_BANNERS_UPDATE'),(841,'ROLE_MOD_MODULE_AN_COOKIE_POPUP_CREATE'),(844,'ROLE_MOD_MODULE_AN_COOKIE_POPUP_DELETE'),(842,'ROLE_MOD_MODULE_AN_COOKIE_POPUP_READ'),(843,'ROLE_MOD_MODULE_AN_COOKIE_POPUP_UPDATE'),(845,'ROLE_MOD_MODULE_AN_COPYRIGHT_CREATE'),(848,'ROLE_MOD_MODULE_AN_COPYRIGHT_DELETE'),(846,'ROLE_MOD_MODULE_AN_COPYRIGHT_READ'),(847,'ROLE_MOD_MODULE_AN_COPYRIGHT_UPDATE'),(881,'ROLE_MOD_MODULE_AN_HOMEPRODUCTS_CREATE'),(884,'ROLE_MOD_MODULE_AN_HOMEPRODUCTS_DELETE'),(882,'ROLE_MOD_MODULE_AN_HOMEPRODUCTS_READ'),(883,'ROLE_MOD_MODULE_AN_HOMEPRODUCTS_UPDATE'),(905,'ROLE_MOD_MODULE_AN_HOMESLIDER_CREATE'),(908,'ROLE_MOD_MODULE_AN_HOMESLIDER_DELETE'),(906,'ROLE_MOD_MODULE_AN_HOMESLIDER_READ'),(907,'ROLE_MOD_MODULE_AN_HOMESLIDER_UPDATE'),(805,'ROLE_MOD_MODULE_AN_HURRY_UP_CREATE'),(808,'ROLE_MOD_MODULE_AN_HURRY_UP_DELETE'),(806,'ROLE_MOD_MODULE_AN_HURRY_UP_READ'),(807,'ROLE_MOD_MODULE_AN_HURRY_UP_UPDATE'),(833,'ROLE_MOD_MODULE_AN_LOGO_CREATE'),(836,'ROLE_MOD_MODULE_AN_LOGO_DELETE'),(834,'ROLE_MOD_MODULE_AN_LOGO_READ'),(835,'ROLE_MOD_MODULE_AN_LOGO_UPDATE'),(793,'ROLE_MOD_MODULE_AN_MEGAMENU_CREATE'),(796,'ROLE_MOD_MODULE_AN_MEGAMENU_DELETE'),(794,'ROLE_MOD_MODULE_AN_MEGAMENU_READ'),(795,'ROLE_MOD_MODULE_AN_MEGAMENU_UPDATE'),(797,'ROLE_MOD_MODULE_AN_PRODUCTATTRIBUTES_CREATE'),(800,'ROLE_MOD_MODULE_AN_PRODUCTATTRIBUTES_DELETE'),(798,'ROLE_MOD_MODULE_AN_PRODUCTATTRIBUTES_READ'),(799,'ROLE_MOD_MODULE_AN_PRODUCTATTRIBUTES_UPDATE'),(785,'ROLE_MOD_MODULE_AN_PRODUCTEXTRATABS_CREATE'),(788,'ROLE_MOD_MODULE_AN_PRODUCTEXTRATABS_DELETE'),(786,'ROLE_MOD_MODULE_AN_PRODUCTEXTRATABS_READ'),(787,'ROLE_MOD_MODULE_AN_PRODUCTEXTRATABS_UPDATE'),(921,'ROLE_MOD_MODULE_AN_SIMPLE_CONTACT_CREATE'),(924,'ROLE_MOD_MODULE_AN_SIMPLE_CONTACT_DELETE'),(922,'ROLE_MOD_MODULE_AN_SIMPLE_CONTACT_READ'),(923,'ROLE_MOD_MODULE_AN_SIMPLE_CONTACT_UPDATE'),(853,'ROLE_MOD_MODULE_AN_SIZEGUIDE_CREATE'),(856,'ROLE_MOD_MODULE_AN_SIZEGUIDE_DELETE'),(854,'ROLE_MOD_MODULE_AN_SIZEGUIDE_READ'),(855,'ROLE_MOD_MODULE_AN_SIZEGUIDE_UPDATE'),(837,'ROLE_MOD_MODULE_AN_STICKYADDTOCART_CREATE'),(840,'ROLE_MOD_MODULE_AN_STICKYADDTOCART_DELETE'),(838,'ROLE_MOD_MODULE_AN_STICKYADDTOCART_READ'),(839,'ROLE_MOD_MODULE_AN_STICKYADDTOCART_UPDATE'),(925,'ROLE_MOD_MODULE_AN_THEME_CREATE'),(937,'ROLE_MOD_MODULE_AN_THEME_DASHBOARD_CREATE'),(940,'ROLE_MOD_MODULE_AN_THEME_DASHBOARD_DELETE'),(938,'ROLE_MOD_MODULE_AN_THEME_DASHBOARD_READ'),(939,'ROLE_MOD_MODULE_AN_THEME_DASHBOARD_UPDATE'),(928,'ROLE_MOD_MODULE_AN_THEME_DELETE'),(926,'ROLE_MOD_MODULE_AN_THEME_READ'),(927,'ROLE_MOD_MODULE_AN_THEME_UPDATE'),(865,'ROLE_MOD_MODULE_AN_TRUST_BADGES_CREATE'),(868,'ROLE_MOD_MODULE_AN_TRUST_BADGES_DELETE'),(866,'ROLE_MOD_MODULE_AN_TRUST_BADGES_READ'),(867,'ROLE_MOD_MODULE_AN_TRUST_BADGES_UPDATE'),(801,'ROLE_MOD_MODULE_AN_WISHLIST_CREATE'),(804,'ROLE_MOD_MODULE_AN_WISHLIST_DELETE'),(802,'ROLE_MOD_MODULE_AN_WISHLIST_READ'),(803,'ROLE_MOD_MODULE_AN_WISHLIST_UPDATE'),(465,'ROLE_MOD_MODULE_BLOCKREASSURANCE_CREATE'),(468,'ROLE_MOD_MODULE_BLOCKREASSURANCE_DELETE'),(466,'ROLE_MOD_MODULE_BLOCKREASSURANCE_READ'),(467,'ROLE_MOD_MODULE_BLOCKREASSURANCE_UPDATE'),(485,'ROLE_MOD_MODULE_BLOCKWISHLIST_CREATE'),(488,'ROLE_MOD_MODULE_BLOCKWISHLIST_DELETE'),(486,'ROLE_MOD_MODULE_BLOCKWISHLIST_READ'),(487,'ROLE_MOD_MODULE_BLOCKWISHLIST_UPDATE'),(581,'ROLE_MOD_MODULE_CONTACTFORM_CREATE'),(584,'ROLE_MOD_MODULE_CONTACTFORM_DELETE'),(582,'ROLE_MOD_MODULE_CONTACTFORM_READ'),(583,'ROLE_MOD_MODULE_CONTACTFORM_UPDATE'),(717,'ROLE_MOD_MODULE_DASHACTIVITY_CREATE'),(720,'ROLE_MOD_MODULE_DASHACTIVITY_DELETE'),(718,'ROLE_MOD_MODULE_DASHACTIVITY_READ'),(719,'ROLE_MOD_MODULE_DASHACTIVITY_UPDATE'),(637,'ROLE_MOD_MODULE_DASHGOALS_CREATE'),(640,'ROLE_MOD_MODULE_DASHGOALS_DELETE'),(638,'ROLE_MOD_MODULE_DASHGOALS_READ'),(639,'ROLE_MOD_MODULE_DASHGOALS_UPDATE'),(705,'ROLE_MOD_MODULE_DASHPRODUCTS_CREATE'),(708,'ROLE_MOD_MODULE_DASHPRODUCTS_DELETE'),(706,'ROLE_MOD_MODULE_DASHPRODUCTS_READ'),(707,'ROLE_MOD_MODULE_DASHPRODUCTS_UPDATE'),(601,'ROLE_MOD_MODULE_DASHTRENDS_CREATE'),(604,'ROLE_MOD_MODULE_DASHTRENDS_DELETE'),(602,'ROLE_MOD_MODULE_DASHTRENDS_READ'),(603,'ROLE_MOD_MODULE_DASHTRENDS_UPDATE'),(649,'ROLE_MOD_MODULE_GRAPHNVD3_CREATE'),(652,'ROLE_MOD_MODULE_GRAPHNVD3_DELETE'),(650,'ROLE_MOD_MODULE_GRAPHNVD3_READ'),(651,'ROLE_MOD_MODULE_GRAPHNVD3_UPDATE'),(697,'ROLE_MOD_MODULE_GRIDHTML_CREATE'),(700,'ROLE_MOD_MODULE_GRIDHTML_DELETE'),(698,'ROLE_MOD_MODULE_GRIDHTML_READ'),(699,'ROLE_MOD_MODULE_GRIDHTML_UPDATE'),(605,'ROLE_MOD_MODULE_GSITEMAP_CREATE'),(608,'ROLE_MOD_MODULE_GSITEMAP_DELETE'),(606,'ROLE_MOD_MODULE_GSITEMAP_READ'),(607,'ROLE_MOD_MODULE_GSITEMAP_UPDATE'),(693,'ROLE_MOD_MODULE_PAGESNOTFOUND_CREATE'),(696,'ROLE_MOD_MODULE_PAGESNOTFOUND_DELETE'),(694,'ROLE_MOD_MODULE_PAGESNOTFOUND_READ'),(695,'ROLE_MOD_MODULE_PAGESNOTFOUND_UPDATE'),(569,'ROLE_MOD_MODULE_PRODUCTCOMMENTS_CREATE'),(572,'ROLE_MOD_MODULE_PRODUCTCOMMENTS_DELETE'),(570,'ROLE_MOD_MODULE_PRODUCTCOMMENTS_READ'),(571,'ROLE_MOD_MODULE_PRODUCTCOMMENTS_UPDATE'),(489,'ROLE_MOD_MODULE_PSGDPR_CREATE'),(492,'ROLE_MOD_MODULE_PSGDPR_DELETE'),(490,'ROLE_MOD_MODULE_PSGDPR_READ'),(491,'ROLE_MOD_MODULE_PSGDPR_UPDATE'),(537,'ROLE_MOD_MODULE_PS_BANNER_CREATE'),(540,'ROLE_MOD_MODULE_PS_BANNER_DELETE'),(538,'ROLE_MOD_MODULE_PS_BANNER_READ'),(539,'ROLE_MOD_MODULE_PS_BANNER_UPDATE'),(553,'ROLE_MOD_MODULE_PS_BESTSELLERS_CREATE'),(556,'ROLE_MOD_MODULE_PS_BESTSELLERS_DELETE'),(554,'ROLE_MOD_MODULE_PS_BESTSELLERS_READ'),(555,'ROLE_MOD_MODULE_PS_BESTSELLERS_UPDATE'),(613,'ROLE_MOD_MODULE_PS_BRANDLIST_CREATE'),(616,'ROLE_MOD_MODULE_PS_BRANDLIST_DELETE'),(614,'ROLE_MOD_MODULE_PS_BRANDLIST_READ'),(615,'ROLE_MOD_MODULE_PS_BRANDLIST_UPDATE'),(661,'ROLE_MOD_MODULE_PS_CASHONDELIVERY_CREATE'),(664,'ROLE_MOD_MODULE_PS_CASHONDELIVERY_DELETE'),(662,'ROLE_MOD_MODULE_PS_CASHONDELIVERY_READ'),(663,'ROLE_MOD_MODULE_PS_CASHONDELIVERY_UPDATE'),(713,'ROLE_MOD_MODULE_PS_CATEGORYPRODUCTS_CREATE'),(716,'ROLE_MOD_MODULE_PS_CATEGORYPRODUCTS_DELETE'),(714,'ROLE_MOD_MODULE_PS_CATEGORYPRODUCTS_READ'),(715,'ROLE_MOD_MODULE_PS_CATEGORYPRODUCTS_UPDATE'),(573,'ROLE_MOD_MODULE_PS_CATEGORYTREE_CREATE'),(576,'ROLE_MOD_MODULE_PS_CATEGORYTREE_DELETE'),(574,'ROLE_MOD_MODULE_PS_CATEGORYTREE_READ'),(575,'ROLE_MOD_MODULE_PS_CATEGORYTREE_UPDATE'),(593,'ROLE_MOD_MODULE_PS_CHECKPAYMENT_CREATE'),(596,'ROLE_MOD_MODULE_PS_CHECKPAYMENT_DELETE'),(594,'ROLE_MOD_MODULE_PS_CHECKPAYMENT_READ'),(595,'ROLE_MOD_MODULE_PS_CHECKPAYMENT_UPDATE'),(501,'ROLE_MOD_MODULE_PS_CONTACTINFO_CREATE'),(504,'ROLE_MOD_MODULE_PS_CONTACTINFO_DELETE'),(502,'ROLE_MOD_MODULE_PS_CONTACTINFO_READ'),(503,'ROLE_MOD_MODULE_PS_CONTACTINFO_UPDATE'),(609,'ROLE_MOD_MODULE_PS_CROSSSELLING_CREATE'),(612,'ROLE_MOD_MODULE_PS_CROSSSELLING_DELETE'),(610,'ROLE_MOD_MODULE_PS_CROSSSELLING_READ'),(611,'ROLE_MOD_MODULE_PS_CROSSSELLING_UPDATE'),(509,'ROLE_MOD_MODULE_PS_CURRENCYSELECTOR_CREATE'),(512,'ROLE_MOD_MODULE_PS_CURRENCYSELECTOR_DELETE'),(510,'ROLE_MOD_MODULE_PS_CURRENCYSELECTOR_READ'),(511,'ROLE_MOD_MODULE_PS_CURRENCYSELECTOR_UPDATE'),(565,'ROLE_MOD_MODULE_PS_CUSTOMERACCOUNTLINKS_CREATE'),(568,'ROLE_MOD_MODULE_PS_CUSTOMERACCOUNTLINKS_DELETE'),(566,'ROLE_MOD_MODULE_PS_CUSTOMERACCOUNTLINKS_READ'),(567,'ROLE_MOD_MODULE_PS_CUSTOMERACCOUNTLINKS_UPDATE'),(513,'ROLE_MOD_MODULE_PS_CUSTOMERSIGNIN_CREATE'),(516,'ROLE_MOD_MODULE_PS_CUSTOMERSIGNIN_DELETE'),(514,'ROLE_MOD_MODULE_PS_CUSTOMERSIGNIN_READ'),(515,'ROLE_MOD_MODULE_PS_CUSTOMERSIGNIN_UPDATE'),(541,'ROLE_MOD_MODULE_PS_CUSTOMTEXT_CREATE'),(544,'ROLE_MOD_MODULE_PS_CUSTOMTEXT_DELETE'),(542,'ROLE_MOD_MODULE_PS_CUSTOMTEXT_READ'),(543,'ROLE_MOD_MODULE_PS_CUSTOMTEXT_UPDATE'),(641,'ROLE_MOD_MODULE_PS_DATAPRIVACY_CREATE'),(644,'ROLE_MOD_MODULE_PS_DATAPRIVACY_DELETE'),(642,'ROLE_MOD_MODULE_PS_DATAPRIVACY_READ'),(643,'ROLE_MOD_MODULE_PS_DATAPRIVACY_UPDATE'),(653,'ROLE_MOD_MODULE_PS_DISTRIBUTIONAPICLIENT_CREATE'),(656,'ROLE_MOD_MODULE_PS_DISTRIBUTIONAPICLIENT_DELETE'),(654,'ROLE_MOD_MODULE_PS_DISTRIBUTIONAPICLIENT_READ'),(655,'ROLE_MOD_MODULE_PS_DISTRIBUTIONAPICLIENT_UPDATE'),(617,'ROLE_MOD_MODULE_PS_EMAILALERTS_CREATE'),(620,'ROLE_MOD_MODULE_PS_EMAILALERTS_DELETE'),(618,'ROLE_MOD_MODULE_PS_EMAILALERTS_READ'),(619,'ROLE_MOD_MODULE_PS_EMAILALERTS_UPDATE'),(557,'ROLE_MOD_MODULE_PS_EMAILSUBSCRIPTION_CREATE'),(560,'ROLE_MOD_MODULE_PS_EMAILSUBSCRIPTION_DELETE'),(558,'ROLE_MOD_MODULE_PS_EMAILSUBSCRIPTION_READ'),(559,'ROLE_MOD_MODULE_PS_EMAILSUBSCRIPTION_UPDATE'),(769,'ROLE_MOD_MODULE_PS_FACETEDSEARCH_CREATE'),(772,'ROLE_MOD_MODULE_PS_FACETEDSEARCH_DELETE'),(770,'ROLE_MOD_MODULE_PS_FACETEDSEARCH_READ'),(771,'ROLE_MOD_MODULE_PS_FACETEDSEARCH_UPDATE'),(721,'ROLE_MOD_MODULE_PS_FAVICONNOTIFICATIONBO_CREATE'),(724,'ROLE_MOD_MODULE_PS_FAVICONNOTIFICATIONBO_DELETE'),(722,'ROLE_MOD_MODULE_PS_FAVICONNOTIFICATIONBO_READ'),(723,'ROLE_MOD_MODULE_PS_FAVICONNOTIFICATIONBO_UPDATE'),(533,'ROLE_MOD_MODULE_PS_FEATUREDPRODUCTS_CREATE'),(536,'ROLE_MOD_MODULE_PS_FEATUREDPRODUCTS_DELETE'),(534,'ROLE_MOD_MODULE_PS_FEATUREDPRODUCTS_READ'),(535,'ROLE_MOD_MODULE_PS_FEATUREDPRODUCTS_UPDATE'),(729,'ROLE_MOD_MODULE_PS_GOOGLEANALYTICS_CREATE'),(732,'ROLE_MOD_MODULE_PS_GOOGLEANALYTICS_DELETE'),(730,'ROLE_MOD_MODULE_PS_GOOGLEANALYTICS_READ'),(731,'ROLE_MOD_MODULE_PS_GOOGLEANALYTICS_UPDATE'),(529,'ROLE_MOD_MODULE_PS_IMAGESLIDER_CREATE'),(532,'ROLE_MOD_MODULE_PS_IMAGESLIDER_DELETE'),(530,'ROLE_MOD_MODULE_PS_IMAGESLIDER_READ'),(531,'ROLE_MOD_MODULE_PS_IMAGESLIDER_UPDATE'),(505,'ROLE_MOD_MODULE_PS_LANGUAGESELECTOR_CREATE'),(508,'ROLE_MOD_MODULE_PS_LANGUAGESELECTOR_DELETE'),(506,'ROLE_MOD_MODULE_PS_LANGUAGESELECTOR_READ'),(507,'ROLE_MOD_MODULE_PS_LANGUAGESELECTOR_UPDATE'),(461,'ROLE_MOD_MODULE_PS_LINKLIST_CREATE'),(464,'ROLE_MOD_MODULE_PS_LINKLIST_DELETE'),(462,'ROLE_MOD_MODULE_PS_LINKLIST_READ'),(463,'ROLE_MOD_MODULE_PS_LINKLIST_UPDATE'),(521,'ROLE_MOD_MODULE_PS_MAINMENU_CREATE'),(524,'ROLE_MOD_MODULE_PS_MAINMENU_DELETE'),(522,'ROLE_MOD_MODULE_PS_MAINMENU_READ'),(523,'ROLE_MOD_MODULE_PS_MAINMENU_UPDATE'),(549,'ROLE_MOD_MODULE_PS_NEWPRODUCTS_CREATE'),(552,'ROLE_MOD_MODULE_PS_NEWPRODUCTS_DELETE'),(550,'ROLE_MOD_MODULE_PS_NEWPRODUCTS_READ'),(551,'ROLE_MOD_MODULE_PS_NEWPRODUCTS_UPDATE'),(525,'ROLE_MOD_MODULE_PS_SEARCHBAR_CREATE'),(528,'ROLE_MOD_MODULE_PS_SEARCHBAR_DELETE'),(526,'ROLE_MOD_MODULE_PS_SEARCHBAR_READ'),(527,'ROLE_MOD_MODULE_PS_SEARCHBAR_UPDATE'),(585,'ROLE_MOD_MODULE_PS_SHAREBUTTONS_CREATE'),(588,'ROLE_MOD_MODULE_PS_SHAREBUTTONS_DELETE'),(586,'ROLE_MOD_MODULE_PS_SHAREBUTTONS_READ'),(587,'ROLE_MOD_MODULE_PS_SHAREBUTTONS_UPDATE'),(517,'ROLE_MOD_MODULE_PS_SHOPPINGCART_CREATE'),(520,'ROLE_MOD_MODULE_PS_SHOPPINGCART_DELETE'),(518,'ROLE_MOD_MODULE_PS_SHOPPINGCART_READ'),(519,'ROLE_MOD_MODULE_PS_SHOPPINGCART_UPDATE'),(561,'ROLE_MOD_MODULE_PS_SOCIALFOLLOW_CREATE'),(564,'ROLE_MOD_MODULE_PS_SOCIALFOLLOW_DELETE'),(562,'ROLE_MOD_MODULE_PS_SOCIALFOLLOW_READ'),(563,'ROLE_MOD_MODULE_PS_SOCIALFOLLOW_UPDATE'),(545,'ROLE_MOD_MODULE_PS_SPECIALS_CREATE'),(548,'ROLE_MOD_MODULE_PS_SPECIALS_DELETE'),(546,'ROLE_MOD_MODULE_PS_SPECIALS_READ'),(547,'ROLE_MOD_MODULE_PS_SPECIALS_UPDATE'),(701,'ROLE_MOD_MODULE_PS_SUPPLIERLIST_CREATE'),(704,'ROLE_MOD_MODULE_PS_SUPPLIERLIST_DELETE'),(702,'ROLE_MOD_MODULE_PS_SUPPLIERLIST_READ'),(703,'ROLE_MOD_MODULE_PS_SUPPLIERLIST_UPDATE'),(733,'ROLE_MOD_MODULE_PS_THEMECUSTO_CREATE'),(736,'ROLE_MOD_MODULE_PS_THEMECUSTO_DELETE'),(734,'ROLE_MOD_MODULE_PS_THEMECUSTO_READ'),(735,'ROLE_MOD_MODULE_PS_THEMECUSTO_UPDATE'),(589,'ROLE_MOD_MODULE_PS_VIEWEDPRODUCT_CREATE'),(592,'ROLE_MOD_MODULE_PS_VIEWEDPRODUCT_DELETE'),(590,'ROLE_MOD_MODULE_PS_VIEWEDPRODUCT_READ'),(591,'ROLE_MOD_MODULE_PS_VIEWEDPRODUCT_UPDATE'),(689,'ROLE_MOD_MODULE_PS_WIREPAYMENT_CREATE'),(692,'ROLE_MOD_MODULE_PS_WIREPAYMENT_DELETE'),(690,'ROLE_MOD_MODULE_PS_WIREPAYMENT_READ'),(691,'ROLE_MOD_MODULE_PS_WIREPAYMENT_UPDATE'),(673,'ROLE_MOD_MODULE_STATSBESTCATEGORIES_CREATE'),(676,'ROLE_MOD_MODULE_STATSBESTCATEGORIES_DELETE'),(674,'ROLE_MOD_MODULE_STATSBESTCATEGORIES_READ'),(675,'ROLE_MOD_MODULE_STATSBESTCATEGORIES_UPDATE'),(685,'ROLE_MOD_MODULE_STATSBESTCUSTOMERS_CREATE'),(688,'ROLE_MOD_MODULE_STATSBESTCUSTOMERS_DELETE'),(686,'ROLE_MOD_MODULE_STATSBESTCUSTOMERS_READ'),(687,'ROLE_MOD_MODULE_STATSBESTCUSTOMERS_UPDATE'),(677,'ROLE_MOD_MODULE_STATSBESTMANUFACTURERS_CREATE'),(680,'ROLE_MOD_MODULE_STATSBESTMANUFACTURERS_DELETE'),(678,'ROLE_MOD_MODULE_STATSBESTMANUFACTURERS_READ'),(679,'ROLE_MOD_MODULE_STATSBESTMANUFACTURERS_UPDATE'),(621,'ROLE_MOD_MODULE_STATSBESTPRODUCTS_CREATE'),(624,'ROLE_MOD_MODULE_STATSBESTPRODUCTS_DELETE'),(622,'ROLE_MOD_MODULE_STATSBESTPRODUCTS_READ'),(623,'ROLE_MOD_MODULE_STATSBESTPRODUCTS_UPDATE'),(765,'ROLE_MOD_MODULE_STATSBESTSUPPLIERS_CREATE'),(768,'ROLE_MOD_MODULE_STATSBESTSUPPLIERS_DELETE'),(766,'ROLE_MOD_MODULE_STATSBESTSUPPLIERS_READ'),(767,'ROLE_MOD_MODULE_STATSBESTSUPPLIERS_UPDATE'),(625,'ROLE_MOD_MODULE_STATSBESTVOUCHERS_CREATE'),(628,'ROLE_MOD_MODULE_STATSBESTVOUCHERS_DELETE'),(626,'ROLE_MOD_MODULE_STATSBESTVOUCHERS_READ'),(627,'ROLE_MOD_MODULE_STATSBESTVOUCHERS_UPDATE'),(681,'ROLE_MOD_MODULE_STATSCARRIER_CREATE'),(684,'ROLE_MOD_MODULE_STATSCARRIER_DELETE'),(682,'ROLE_MOD_MODULE_STATSCARRIER_READ'),(683,'ROLE_MOD_MODULE_STATSCARRIER_UPDATE'),(597,'ROLE_MOD_MODULE_STATSCATALOG_CREATE'),(600,'ROLE_MOD_MODULE_STATSCATALOG_DELETE'),(598,'ROLE_MOD_MODULE_STATSCATALOG_READ'),(599,'ROLE_MOD_MODULE_STATSCATALOG_UPDATE'),(669,'ROLE_MOD_MODULE_STATSCHECKUP_CREATE'),(672,'ROLE_MOD_MODULE_STATSCHECKUP_DELETE'),(670,'ROLE_MOD_MODULE_STATSCHECKUP_READ'),(671,'ROLE_MOD_MODULE_STATSCHECKUP_UPDATE'),(757,'ROLE_MOD_MODULE_STATSDATA_CREATE'),(760,'ROLE_MOD_MODULE_STATSDATA_DELETE'),(758,'ROLE_MOD_MODULE_STATSDATA_READ'),(759,'ROLE_MOD_MODULE_STATSDATA_UPDATE'),(753,'ROLE_MOD_MODULE_STATSFORECAST_CREATE'),(756,'ROLE_MOD_MODULE_STATSFORECAST_DELETE'),(754,'ROLE_MOD_MODULE_STATSFORECAST_READ'),(755,'ROLE_MOD_MODULE_STATSFORECAST_UPDATE'),(657,'ROLE_MOD_MODULE_STATSNEWSLETTER_CREATE'),(660,'ROLE_MOD_MODULE_STATSNEWSLETTER_DELETE'),(658,'ROLE_MOD_MODULE_STATSNEWSLETTER_READ'),(659,'ROLE_MOD_MODULE_STATSNEWSLETTER_UPDATE'),(761,'ROLE_MOD_MODULE_STATSPERSONALINFOS_CREATE'),(764,'ROLE_MOD_MODULE_STATSPERSONALINFOS_DELETE'),(762,'ROLE_MOD_MODULE_STATSPERSONALINFOS_READ'),(763,'ROLE_MOD_MODULE_STATSPERSONALINFOS_UPDATE'),(665,'ROLE_MOD_MODULE_STATSPRODUCT_CREATE'),(668,'ROLE_MOD_MODULE_STATSPRODUCT_DELETE'),(666,'ROLE_MOD_MODULE_STATSPRODUCT_READ'),(667,'ROLE_MOD_MODULE_STATSPRODUCT_UPDATE'),(749,'ROLE_MOD_MODULE_STATSREGISTRATIONS_CREATE'),(752,'ROLE_MOD_MODULE_STATSREGISTRATIONS_DELETE'),(750,'ROLE_MOD_MODULE_STATSREGISTRATIONS_READ'),(751,'ROLE_MOD_MODULE_STATSREGISTRATIONS_UPDATE'),(629,'ROLE_MOD_MODULE_STATSSALES_CREATE'),(632,'ROLE_MOD_MODULE_STATSSALES_DELETE'),(630,'ROLE_MOD_MODULE_STATSSALES_READ'),(631,'ROLE_MOD_MODULE_STATSSALES_UPDATE'),(645,'ROLE_MOD_MODULE_STATSSEARCH_CREATE'),(648,'ROLE_MOD_MODULE_STATSSEARCH_DELETE'),(646,'ROLE_MOD_MODULE_STATSSEARCH_READ'),(647,'ROLE_MOD_MODULE_STATSSEARCH_UPDATE'),(709,'ROLE_MOD_MODULE_STATSSTOCK_CREATE'),(712,'ROLE_MOD_MODULE_STATSSTOCK_DELETE'),(710,'ROLE_MOD_MODULE_STATSSTOCK_READ'),(711,'ROLE_MOD_MODULE_STATSSTOCK_UPDATE'),(961,'ROLE_MOD_MODULE_STRIPE_OFFICIAL_CREATE'),(964,'ROLE_MOD_MODULE_STRIPE_OFFICIAL_DELETE'),(962,'ROLE_MOD_MODULE_STRIPE_OFFICIAL_READ'),(963,'ROLE_MOD_MODULE_STRIPE_OFFICIAL_UPDATE'),(945,'ROLE_MOD_MODULE_WKCUSTOMPAYMENT_CREATE'),(948,'ROLE_MOD_MODULE_WKCUSTOMPAYMENT_DELETE'),(946,'ROLE_MOD_MODULE_WKCUSTOMPAYMENT_READ'),(947,'ROLE_MOD_MODULE_WKCUSTOMPAYMENT_UPDATE'),(1,'ROLE_MOD_TAB_ADMINACCESS_CREATE'),(4,'ROLE_MOD_TAB_ADMINACCESS_DELETE'),(2,'ROLE_MOD_TAB_ADMINACCESS_READ'),(3,'ROLE_MOD_TAB_ADMINACCESS_UPDATE'),(5,'ROLE_MOD_TAB_ADMINADDRESSES_CREATE'),(8,'ROLE_MOD_TAB_ADMINADDRESSES_DELETE'),(6,'ROLE_MOD_TAB_ADMINADDRESSES_READ'),(7,'ROLE_MOD_TAB_ADMINADDRESSES_UPDATE'),(9,'ROLE_MOD_TAB_ADMINADMINPREFERENCES_CREATE'),(12,'ROLE_MOD_TAB_ADMINADMINPREFERENCES_DELETE'),(10,'ROLE_MOD_TAB_ADMINADMINPREFERENCES_READ'),(11,'ROLE_MOD_TAB_ADMINADMINPREFERENCES_UPDATE'),(13,'ROLE_MOD_TAB_ADMINADVANCEDPARAMETERS_CREATE'),(16,'ROLE_MOD_TAB_ADMINADVANCEDPARAMETERS_DELETE'),(14,'ROLE_MOD_TAB_ADMINADVANCEDPARAMETERS_READ'),(15,'ROLE_MOD_TAB_ADMINADVANCEDPARAMETERS_UPDATE'),(493,'ROLE_MOD_TAB_ADMINAJAXPSGDPR_CREATE'),(496,'ROLE_MOD_TAB_ADMINAJAXPSGDPR_DELETE'),(494,'ROLE_MOD_TAB_ADMINAJAXPSGDPR_READ'),(495,'ROLE_MOD_TAB_ADMINAJAXPSGDPR_UPDATE'),(889,'ROLE_MOD_TAB_ADMINANADVANTAGESBLOCKTEXT_CREATE'),(892,'ROLE_MOD_TAB_ADMINANADVANTAGESBLOCKTEXT_DELETE'),(890,'ROLE_MOD_TAB_ADMINANADVANTAGESBLOCKTEXT_READ'),(891,'ROLE_MOD_TAB_ADMINANADVANTAGESBLOCKTEXT_UPDATE'),(885,'ROLE_MOD_TAB_ADMINANADVANTAGES_CREATE'),(888,'ROLE_MOD_TAB_ADMINANADVANTAGES_DELETE'),(886,'ROLE_MOD_TAB_ADMINANADVANTAGES_READ'),(887,'ROLE_MOD_TAB_ADMINANADVANTAGES_UPDATE'),(909,'ROLE_MOD_TAB_ADMINANBANNERS_CREATE'),(912,'ROLE_MOD_TAB_ADMINANBANNERS_DELETE'),(910,'ROLE_MOD_TAB_ADMINANBANNERS_READ'),(911,'ROLE_MOD_TAB_ADMINANBANNERS_UPDATE'),(817,'ROLE_MOD_TAB_ADMINANBLOGBLOGS_CREATE'),(820,'ROLE_MOD_TAB_ADMINANBLOGBLOGS_DELETE'),(818,'ROLE_MOD_TAB_ADMINANBLOGBLOGS_READ'),(819,'ROLE_MOD_TAB_ADMINANBLOGBLOGS_UPDATE'),(821,'ROLE_MOD_TAB_ADMINANBLOGCATEGORIES_CREATE'),(824,'ROLE_MOD_TAB_ADMINANBLOGCATEGORIES_DELETE'),(822,'ROLE_MOD_TAB_ADMINANBLOGCATEGORIES_READ'),(823,'ROLE_MOD_TAB_ADMINANBLOGCATEGORIES_UPDATE'),(825,'ROLE_MOD_TAB_ADMINANBLOGCOMMENTS_CREATE'),(828,'ROLE_MOD_TAB_ADMINANBLOGCOMMENTS_DELETE'),(826,'ROLE_MOD_TAB_ADMINANBLOGCOMMENTS_READ'),(827,'ROLE_MOD_TAB_ADMINANBLOGCOMMENTS_UPDATE'),(813,'ROLE_MOD_TAB_ADMINANBLOGMANAGEMENT_CREATE'),(816,'ROLE_MOD_TAB_ADMINANBLOGMANAGEMENT_DELETE'),(814,'ROLE_MOD_TAB_ADMINANBLOGMANAGEMENT_READ'),(815,'ROLE_MOD_TAB_ADMINANBLOGMANAGEMENT_UPDATE'),(829,'ROLE_MOD_TAB_ADMINANBLOGSETTINGS_CREATE'),(832,'ROLE_MOD_TAB_ADMINANBLOGSETTINGS_DELETE'),(830,'ROLE_MOD_TAB_ADMINANBLOGSETTINGS_READ'),(831,'ROLE_MOD_TAB_ADMINANBLOGSETTINGS_UPDATE'),(917,'ROLE_MOD_TAB_ADMINANCONTACT_CREATE'),(920,'ROLE_MOD_TAB_ADMINANCONTACT_DELETE'),(918,'ROLE_MOD_TAB_ADMINANCONTACT_READ'),(919,'ROLE_MOD_TAB_ADMINANCONTACT_UPDATE'),(877,'ROLE_MOD_TAB_ADMINANHOMEPRODUCTSBANNERS_CREATE'),(880,'ROLE_MOD_TAB_ADMINANHOMEPRODUCTSBANNERS_DELETE'),(878,'ROLE_MOD_TAB_ADMINANHOMEPRODUCTSBANNERS_READ'),(879,'ROLE_MOD_TAB_ADMINANHOMEPRODUCTSBANNERS_UPDATE'),(869,'ROLE_MOD_TAB_ADMINANHOMEPRODUCTSBLOCKS_CREATE'),(872,'ROLE_MOD_TAB_ADMINANHOMEPRODUCTSBLOCKS_DELETE'),(870,'ROLE_MOD_TAB_ADMINANHOMEPRODUCTSBLOCKS_READ'),(871,'ROLE_MOD_TAB_ADMINANHOMEPRODUCTSBLOCKS_UPDATE'),(873,'ROLE_MOD_TAB_ADMINANHOMEPRODUCTSSETTINGS_CREATE'),(876,'ROLE_MOD_TAB_ADMINANHOMEPRODUCTSSETTINGS_DELETE'),(874,'ROLE_MOD_TAB_ADMINANHOMEPRODUCTSSETTINGS_READ'),(875,'ROLE_MOD_TAB_ADMINANHOMEPRODUCTSSETTINGS_UPDATE'),(901,'ROLE_MOD_TAB_ADMINANHOMESLIDERS_CREATE'),(904,'ROLE_MOD_TAB_ADMINANHOMESLIDERS_DELETE'),(902,'ROLE_MOD_TAB_ADMINANHOMESLIDERS_READ'),(903,'ROLE_MOD_TAB_ADMINANHOMESLIDERS_UPDATE'),(897,'ROLE_MOD_TAB_ADMINANHOMESLIDES_CREATE'),(900,'ROLE_MOD_TAB_ADMINANHOMESLIDES_DELETE'),(898,'ROLE_MOD_TAB_ADMINANHOMESLIDES_READ'),(899,'ROLE_MOD_TAB_ADMINANHOMESLIDES_UPDATE'),(849,'ROLE_MOD_TAB_ADMINANSIZEGUIDEWIDGETS_CREATE'),(852,'ROLE_MOD_TAB_ADMINANSIZEGUIDEWIDGETS_DELETE'),(850,'ROLE_MOD_TAB_ADMINANSIZEGUIDEWIDGETS_READ'),(851,'ROLE_MOD_TAB_ADMINANSIZEGUIDEWIDGETS_UPDATE'),(857,'ROLE_MOD_TAB_ADMINANTRUSTBADGESICONS_CREATE'),(860,'ROLE_MOD_TAB_ADMINANTRUSTBADGESICONS_DELETE'),(858,'ROLE_MOD_TAB_ADMINANTRUSTBADGESICONS_READ'),(859,'ROLE_MOD_TAB_ADMINANTRUSTBADGESICONS_UPDATE'),(861,'ROLE_MOD_TAB_ADMINANTRUSTBADGESWIDGETS_CREATE'),(864,'ROLE_MOD_TAB_ADMINANTRUSTBADGESWIDGETS_DELETE'),(862,'ROLE_MOD_TAB_ADMINANTRUSTBADGESWIDGETS_READ'),(863,'ROLE_MOD_TAB_ADMINANTRUSTBADGESWIDGETS_UPDATE'),(929,'ROLE_MOD_TAB_ADMINAN_THEME_CREATE'),(933,'ROLE_MOD_TAB_ADMINAN_THEME_DASHBOARD_CREATE'),(936,'ROLE_MOD_TAB_ADMINAN_THEME_DASHBOARD_DELETE'),(934,'ROLE_MOD_TAB_ADMINAN_THEME_DASHBOARD_READ'),(935,'ROLE_MOD_TAB_ADMINAN_THEME_DASHBOARD_UPDATE'),(932,'ROLE_MOD_TAB_ADMINAN_THEME_DELETE'),(930,'ROLE_MOD_TAB_ADMINAN_THEME_READ'),(931,'ROLE_MOD_TAB_ADMINAN_THEME_UPDATE'),(17,'ROLE_MOD_TAB_ADMINATTACHMENTS_CREATE'),(20,'ROLE_MOD_TAB_ADMINATTACHMENTS_DELETE'),(18,'ROLE_MOD_TAB_ADMINATTACHMENTS_READ'),(19,'ROLE_MOD_TAB_ADMINATTACHMENTS_UPDATE'),(21,'ROLE_MOD_TAB_ADMINATTRIBUTESGROUPS_CREATE'),(24,'ROLE_MOD_TAB_ADMINATTRIBUTESGROUPS_DELETE'),(22,'ROLE_MOD_TAB_ADMINATTRIBUTESGROUPS_READ'),(23,'ROLE_MOD_TAB_ADMINATTRIBUTESGROUPS_UPDATE'),(25,'ROLE_MOD_TAB_ADMINBACKUP_CREATE'),(28,'ROLE_MOD_TAB_ADMINBACKUP_DELETE'),(26,'ROLE_MOD_TAB_ADMINBACKUP_READ'),(27,'ROLE_MOD_TAB_ADMINBACKUP_UPDATE'),(469,'ROLE_MOD_TAB_ADMINBLOCKLISTING_CREATE'),(472,'ROLE_MOD_TAB_ADMINBLOCKLISTING_DELETE'),(470,'ROLE_MOD_TAB_ADMINBLOCKLISTING_READ'),(471,'ROLE_MOD_TAB_ADMINBLOCKLISTING_UPDATE'),(29,'ROLE_MOD_TAB_ADMINCARRIERS_CREATE'),(32,'ROLE_MOD_TAB_ADMINCARRIERS_DELETE'),(30,'ROLE_MOD_TAB_ADMINCARRIERS_READ'),(31,'ROLE_MOD_TAB_ADMINCARRIERS_UPDATE'),(33,'ROLE_MOD_TAB_ADMINCARTRULES_CREATE'),(36,'ROLE_MOD_TAB_ADMINCARTRULES_DELETE'),(34,'ROLE_MOD_TAB_ADMINCARTRULES_READ'),(35,'ROLE_MOD_TAB_ADMINCARTRULES_UPDATE'),(37,'ROLE_MOD_TAB_ADMINCARTS_CREATE'),(40,'ROLE_MOD_TAB_ADMINCARTS_DELETE'),(38,'ROLE_MOD_TAB_ADMINCARTS_READ'),(39,'ROLE_MOD_TAB_ADMINCARTS_UPDATE'),(41,'ROLE_MOD_TAB_ADMINCATALOG_CREATE'),(44,'ROLE_MOD_TAB_ADMINCATALOG_DELETE'),(42,'ROLE_MOD_TAB_ADMINCATALOG_READ'),(43,'ROLE_MOD_TAB_ADMINCATALOG_UPDATE'),(45,'ROLE_MOD_TAB_ADMINCATEGORIES_CREATE'),(48,'ROLE_MOD_TAB_ADMINCATEGORIES_DELETE'),(46,'ROLE_MOD_TAB_ADMINCATEGORIES_READ'),(47,'ROLE_MOD_TAB_ADMINCATEGORIES_UPDATE'),(49,'ROLE_MOD_TAB_ADMINCMSCONTENT_CREATE'),(52,'ROLE_MOD_TAB_ADMINCMSCONTENT_DELETE'),(50,'ROLE_MOD_TAB_ADMINCMSCONTENT_READ'),(51,'ROLE_MOD_TAB_ADMINCMSCONTENT_UPDATE'),(725,'ROLE_MOD_TAB_ADMINCONFIGUREFAVICONBO_CREATE'),(728,'ROLE_MOD_TAB_ADMINCONFIGUREFAVICONBO_DELETE'),(726,'ROLE_MOD_TAB_ADMINCONFIGUREFAVICONBO_READ'),(727,'ROLE_MOD_TAB_ADMINCONFIGUREFAVICONBO_UPDATE'),(53,'ROLE_MOD_TAB_ADMINCONTACTS_CREATE'),(56,'ROLE_MOD_TAB_ADMINCONTACTS_DELETE'),(54,'ROLE_MOD_TAB_ADMINCONTACTS_READ'),(55,'ROLE_MOD_TAB_ADMINCONTACTS_UPDATE'),(57,'ROLE_MOD_TAB_ADMINCOUNTRIES_CREATE'),(60,'ROLE_MOD_TAB_ADMINCOUNTRIES_DELETE'),(58,'ROLE_MOD_TAB_ADMINCOUNTRIES_READ'),(59,'ROLE_MOD_TAB_ADMINCOUNTRIES_UPDATE'),(61,'ROLE_MOD_TAB_ADMINCURRENCIES_CREATE'),(64,'ROLE_MOD_TAB_ADMINCURRENCIES_DELETE'),(62,'ROLE_MOD_TAB_ADMINCURRENCIES_READ'),(63,'ROLE_MOD_TAB_ADMINCURRENCIES_UPDATE'),(65,'ROLE_MOD_TAB_ADMINCUSTOMERPREFERENCES_CREATE'),(68,'ROLE_MOD_TAB_ADMINCUSTOMERPREFERENCES_DELETE'),(66,'ROLE_MOD_TAB_ADMINCUSTOMERPREFERENCES_READ'),(67,'ROLE_MOD_TAB_ADMINCUSTOMERPREFERENCES_UPDATE'),(69,'ROLE_MOD_TAB_ADMINCUSTOMERS_CREATE'),(72,'ROLE_MOD_TAB_ADMINCUSTOMERS_DELETE'),(70,'ROLE_MOD_TAB_ADMINCUSTOMERS_READ'),(71,'ROLE_MOD_TAB_ADMINCUSTOMERS_UPDATE'),(73,'ROLE_MOD_TAB_ADMINCUSTOMERTHREADS_CREATE'),(76,'ROLE_MOD_TAB_ADMINCUSTOMERTHREADS_DELETE'),(74,'ROLE_MOD_TAB_ADMINCUSTOMERTHREADS_READ'),(75,'ROLE_MOD_TAB_ADMINCUSTOMERTHREADS_UPDATE'),(957,'ROLE_MOD_TAB_ADMINCUSTOMPAYMENTBANNERSETTING_CREATE'),(960,'ROLE_MOD_TAB_ADMINCUSTOMPAYMENTBANNERSETTING_DELETE'),(958,'ROLE_MOD_TAB_ADMINCUSTOMPAYMENTBANNERSETTING_READ'),(959,'ROLE_MOD_TAB_ADMINCUSTOMPAYMENTBANNERSETTING_UPDATE'),(949,'ROLE_MOD_TAB_ADMINCUSTOMPAYMENTLIST_CREATE'),(952,'ROLE_MOD_TAB_ADMINCUSTOMPAYMENTLIST_DELETE'),(950,'ROLE_MOD_TAB_ADMINCUSTOMPAYMENTLIST_READ'),(951,'ROLE_MOD_TAB_ADMINCUSTOMPAYMENTLIST_UPDATE'),(953,'ROLE_MOD_TAB_ADMINCUSTOMPAYMENT_CREATE'),(956,'ROLE_MOD_TAB_ADMINCUSTOMPAYMENT_DELETE'),(954,'ROLE_MOD_TAB_ADMINCUSTOMPAYMENT_READ'),(955,'ROLE_MOD_TAB_ADMINCUSTOMPAYMENT_UPDATE'),(77,'ROLE_MOD_TAB_ADMINDASHBOARD_CREATE'),(80,'ROLE_MOD_TAB_ADMINDASHBOARD_DELETE'),(78,'ROLE_MOD_TAB_ADMINDASHBOARD_READ'),(79,'ROLE_MOD_TAB_ADMINDASHBOARD_UPDATE'),(633,'ROLE_MOD_TAB_ADMINDASHGOALS_CREATE'),(636,'ROLE_MOD_TAB_ADMINDASHGOALS_DELETE'),(634,'ROLE_MOD_TAB_ADMINDASHGOALS_READ'),(635,'ROLE_MOD_TAB_ADMINDASHGOALS_UPDATE'),(81,'ROLE_MOD_TAB_ADMINDELIVERYSLIP_CREATE'),(84,'ROLE_MOD_TAB_ADMINDELIVERYSLIP_DELETE'),(82,'ROLE_MOD_TAB_ADMINDELIVERYSLIP_READ'),(83,'ROLE_MOD_TAB_ADMINDELIVERYSLIP_UPDATE'),(497,'ROLE_MOD_TAB_ADMINDOWNLOADINVOICESPSGDPR_CREATE'),(500,'ROLE_MOD_TAB_ADMINDOWNLOADINVOICESPSGDPR_DELETE'),(498,'ROLE_MOD_TAB_ADMINDOWNLOADINVOICESPSGDPR_READ'),(499,'ROLE_MOD_TAB_ADMINDOWNLOADINVOICESPSGDPR_UPDATE'),(85,'ROLE_MOD_TAB_ADMINEMAILS_CREATE'),(88,'ROLE_MOD_TAB_ADMINEMAILS_DELETE'),(86,'ROLE_MOD_TAB_ADMINEMAILS_READ'),(87,'ROLE_MOD_TAB_ADMINEMAILS_UPDATE'),(89,'ROLE_MOD_TAB_ADMINEMPLOYEES_CREATE'),(92,'ROLE_MOD_TAB_ADMINEMPLOYEES_DELETE'),(90,'ROLE_MOD_TAB_ADMINEMPLOYEES_READ'),(91,'ROLE_MOD_TAB_ADMINEMPLOYEES_UPDATE'),(441,'ROLE_MOD_TAB_ADMINFEATUREFLAG_CREATE'),(444,'ROLE_MOD_TAB_ADMINFEATUREFLAG_DELETE'),(442,'ROLE_MOD_TAB_ADMINFEATUREFLAG_READ'),(443,'ROLE_MOD_TAB_ADMINFEATUREFLAG_UPDATE'),(93,'ROLE_MOD_TAB_ADMINFEATURES_CREATE'),(96,'ROLE_MOD_TAB_ADMINFEATURES_DELETE'),(94,'ROLE_MOD_TAB_ADMINFEATURES_READ'),(95,'ROLE_MOD_TAB_ADMINFEATURES_UPDATE'),(97,'ROLE_MOD_TAB_ADMINGENDERS_CREATE'),(100,'ROLE_MOD_TAB_ADMINGENDERS_DELETE'),(98,'ROLE_MOD_TAB_ADMINGENDERS_READ'),(99,'ROLE_MOD_TAB_ADMINGENDERS_UPDATE'),(101,'ROLE_MOD_TAB_ADMINGEOLOCATION_CREATE'),(104,'ROLE_MOD_TAB_ADMINGEOLOCATION_DELETE'),(102,'ROLE_MOD_TAB_ADMINGEOLOCATION_READ'),(103,'ROLE_MOD_TAB_ADMINGEOLOCATION_UPDATE'),(105,'ROLE_MOD_TAB_ADMINGROUPS_CREATE'),(108,'ROLE_MOD_TAB_ADMINGROUPS_DELETE'),(106,'ROLE_MOD_TAB_ADMINGROUPS_READ'),(107,'ROLE_MOD_TAB_ADMINGROUPS_UPDATE'),(109,'ROLE_MOD_TAB_ADMINIMAGES_CREATE'),(112,'ROLE_MOD_TAB_ADMINIMAGES_DELETE'),(110,'ROLE_MOD_TAB_ADMINIMAGES_READ'),(111,'ROLE_MOD_TAB_ADMINIMAGES_UPDATE'),(113,'ROLE_MOD_TAB_ADMINIMPORT_CREATE'),(116,'ROLE_MOD_TAB_ADMINIMPORT_DELETE'),(114,'ROLE_MOD_TAB_ADMINIMPORT_READ'),(115,'ROLE_MOD_TAB_ADMINIMPORT_UPDATE'),(117,'ROLE_MOD_TAB_ADMININFORMATION_CREATE'),(120,'ROLE_MOD_TAB_ADMININFORMATION_DELETE'),(118,'ROLE_MOD_TAB_ADMININFORMATION_READ'),(119,'ROLE_MOD_TAB_ADMININFORMATION_UPDATE'),(121,'ROLE_MOD_TAB_ADMININTERNATIONAL_CREATE'),(124,'ROLE_MOD_TAB_ADMININTERNATIONAL_DELETE'),(122,'ROLE_MOD_TAB_ADMININTERNATIONAL_READ'),(123,'ROLE_MOD_TAB_ADMININTERNATIONAL_UPDATE'),(125,'ROLE_MOD_TAB_ADMININVOICES_CREATE'),(128,'ROLE_MOD_TAB_ADMININVOICES_DELETE'),(126,'ROLE_MOD_TAB_ADMININVOICES_READ'),(127,'ROLE_MOD_TAB_ADMININVOICES_UPDATE'),(129,'ROLE_MOD_TAB_ADMINLANGUAGES_CREATE'),(132,'ROLE_MOD_TAB_ADMINLANGUAGES_DELETE'),(130,'ROLE_MOD_TAB_ADMINLANGUAGES_READ'),(131,'ROLE_MOD_TAB_ADMINLANGUAGES_UPDATE'),(133,'ROLE_MOD_TAB_ADMINLINKWIDGET_CREATE'),(136,'ROLE_MOD_TAB_ADMINLINKWIDGET_DELETE'),(134,'ROLE_MOD_TAB_ADMINLINKWIDGET_READ'),(135,'ROLE_MOD_TAB_ADMINLINKWIDGET_UPDATE'),(137,'ROLE_MOD_TAB_ADMINLOCALIZATION_CREATE'),(140,'ROLE_MOD_TAB_ADMINLOCALIZATION_DELETE'),(138,'ROLE_MOD_TAB_ADMINLOCALIZATION_READ'),(139,'ROLE_MOD_TAB_ADMINLOCALIZATION_UPDATE'),(141,'ROLE_MOD_TAB_ADMINLOGS_CREATE'),(144,'ROLE_MOD_TAB_ADMINLOGS_DELETE'),(142,'ROLE_MOD_TAB_ADMINLOGS_READ'),(143,'ROLE_MOD_TAB_ADMINLOGS_UPDATE'),(433,'ROLE_MOD_TAB_ADMINMAILTHEME_CREATE'),(436,'ROLE_MOD_TAB_ADMINMAILTHEME_DELETE'),(434,'ROLE_MOD_TAB_ADMINMAILTHEME_READ'),(435,'ROLE_MOD_TAB_ADMINMAILTHEME_UPDATE'),(145,'ROLE_MOD_TAB_ADMINMAINTENANCE_CREATE'),(148,'ROLE_MOD_TAB_ADMINMAINTENANCE_DELETE'),(146,'ROLE_MOD_TAB_ADMINMAINTENANCE_READ'),(147,'ROLE_MOD_TAB_ADMINMAINTENANCE_UPDATE'),(149,'ROLE_MOD_TAB_ADMINMANUFACTURERS_CREATE'),(152,'ROLE_MOD_TAB_ADMINMANUFACTURERS_DELETE'),(150,'ROLE_MOD_TAB_ADMINMANUFACTURERS_READ'),(151,'ROLE_MOD_TAB_ADMINMANUFACTURERS_UPDATE'),(153,'ROLE_MOD_TAB_ADMINMETA_CREATE'),(156,'ROLE_MOD_TAB_ADMINMETA_DELETE'),(154,'ROLE_MOD_TAB_ADMINMETA_READ'),(155,'ROLE_MOD_TAB_ADMINMETA_UPDATE'),(437,'ROLE_MOD_TAB_ADMINMODULESMANAGE_CREATE'),(440,'ROLE_MOD_TAB_ADMINMODULESMANAGE_DELETE'),(438,'ROLE_MOD_TAB_ADMINMODULESMANAGE_READ'),(439,'ROLE_MOD_TAB_ADMINMODULESMANAGE_UPDATE'),(169,'ROLE_MOD_TAB_ADMINMODULESNOTIFICATIONS_CREATE'),(172,'ROLE_MOD_TAB_ADMINMODULESNOTIFICATIONS_DELETE'),(170,'ROLE_MOD_TAB_ADMINMODULESNOTIFICATIONS_READ'),(171,'ROLE_MOD_TAB_ADMINMODULESNOTIFICATIONS_UPDATE'),(161,'ROLE_MOD_TAB_ADMINMODULESPOSITIONS_CREATE'),(164,'ROLE_MOD_TAB_ADMINMODULESPOSITIONS_DELETE'),(162,'ROLE_MOD_TAB_ADMINMODULESPOSITIONS_READ'),(163,'ROLE_MOD_TAB_ADMINMODULESPOSITIONS_UPDATE'),(173,'ROLE_MOD_TAB_ADMINMODULESSF_CREATE'),(176,'ROLE_MOD_TAB_ADMINMODULESSF_DELETE'),(174,'ROLE_MOD_TAB_ADMINMODULESSF_READ'),(175,'ROLE_MOD_TAB_ADMINMODULESSF_UPDATE'),(165,'ROLE_MOD_TAB_ADMINMODULESUPDATES_CREATE'),(168,'ROLE_MOD_TAB_ADMINMODULESUPDATES_DELETE'),(166,'ROLE_MOD_TAB_ADMINMODULESUPDATES_READ'),(167,'ROLE_MOD_TAB_ADMINMODULESUPDATES_UPDATE'),(157,'ROLE_MOD_TAB_ADMINMODULES_CREATE'),(160,'ROLE_MOD_TAB_ADMINMODULES_DELETE'),(158,'ROLE_MOD_TAB_ADMINMODULES_READ'),(159,'ROLE_MOD_TAB_ADMINMODULES_UPDATE'),(177,'ROLE_MOD_TAB_ADMINORDERMESSAGE_CREATE'),(180,'ROLE_MOD_TAB_ADMINORDERMESSAGE_DELETE'),(178,'ROLE_MOD_TAB_ADMINORDERMESSAGE_READ'),(179,'ROLE_MOD_TAB_ADMINORDERMESSAGE_UPDATE'),(181,'ROLE_MOD_TAB_ADMINORDERPREFERENCES_CREATE'),(184,'ROLE_MOD_TAB_ADMINORDERPREFERENCES_DELETE'),(182,'ROLE_MOD_TAB_ADMINORDERPREFERENCES_READ'),(183,'ROLE_MOD_TAB_ADMINORDERPREFERENCES_UPDATE'),(185,'ROLE_MOD_TAB_ADMINORDERS_CREATE'),(188,'ROLE_MOD_TAB_ADMINORDERS_DELETE'),(186,'ROLE_MOD_TAB_ADMINORDERS_READ'),(187,'ROLE_MOD_TAB_ADMINORDERS_UPDATE'),(189,'ROLE_MOD_TAB_ADMINOUTSTANDING_CREATE'),(192,'ROLE_MOD_TAB_ADMINOUTSTANDING_DELETE'),(190,'ROLE_MOD_TAB_ADMINOUTSTANDING_READ'),(191,'ROLE_MOD_TAB_ADMINOUTSTANDING_UPDATE'),(193,'ROLE_MOD_TAB_ADMINPARENTATTRIBUTESGROUPS_CREATE'),(196,'ROLE_MOD_TAB_ADMINPARENTATTRIBUTESGROUPS_DELETE'),(194,'ROLE_MOD_TAB_ADMINPARENTATTRIBUTESGROUPS_READ'),(195,'ROLE_MOD_TAB_ADMINPARENTATTRIBUTESGROUPS_UPDATE'),(197,'ROLE_MOD_TAB_ADMINPARENTCARTRULES_CREATE'),(200,'ROLE_MOD_TAB_ADMINPARENTCARTRULES_DELETE'),(198,'ROLE_MOD_TAB_ADMINPARENTCARTRULES_READ'),(199,'ROLE_MOD_TAB_ADMINPARENTCARTRULES_UPDATE'),(201,'ROLE_MOD_TAB_ADMINPARENTCOUNTRIES_CREATE'),(204,'ROLE_MOD_TAB_ADMINPARENTCOUNTRIES_DELETE'),(202,'ROLE_MOD_TAB_ADMINPARENTCOUNTRIES_READ'),(203,'ROLE_MOD_TAB_ADMINPARENTCOUNTRIES_UPDATE'),(209,'ROLE_MOD_TAB_ADMINPARENTCUSTOMERPREFERENCES_CREATE'),(212,'ROLE_MOD_TAB_ADMINPARENTCUSTOMERPREFERENCES_DELETE'),(210,'ROLE_MOD_TAB_ADMINPARENTCUSTOMERPREFERENCES_READ'),(211,'ROLE_MOD_TAB_ADMINPARENTCUSTOMERPREFERENCES_UPDATE'),(213,'ROLE_MOD_TAB_ADMINPARENTCUSTOMERTHREADS_CREATE'),(216,'ROLE_MOD_TAB_ADMINPARENTCUSTOMERTHREADS_DELETE'),(214,'ROLE_MOD_TAB_ADMINPARENTCUSTOMERTHREADS_READ'),(215,'ROLE_MOD_TAB_ADMINPARENTCUSTOMERTHREADS_UPDATE'),(205,'ROLE_MOD_TAB_ADMINPARENTCUSTOMER_CREATE'),(208,'ROLE_MOD_TAB_ADMINPARENTCUSTOMER_DELETE'),(206,'ROLE_MOD_TAB_ADMINPARENTCUSTOMER_READ'),(207,'ROLE_MOD_TAB_ADMINPARENTCUSTOMER_UPDATE'),(217,'ROLE_MOD_TAB_ADMINPARENTEMPLOYEES_CREATE'),(220,'ROLE_MOD_TAB_ADMINPARENTEMPLOYEES_DELETE'),(218,'ROLE_MOD_TAB_ADMINPARENTEMPLOYEES_READ'),(219,'ROLE_MOD_TAB_ADMINPARENTEMPLOYEES_UPDATE'),(221,'ROLE_MOD_TAB_ADMINPARENTLOCALIZATION_CREATE'),(224,'ROLE_MOD_TAB_ADMINPARENTLOCALIZATION_DELETE'),(222,'ROLE_MOD_TAB_ADMINPARENTLOCALIZATION_READ'),(223,'ROLE_MOD_TAB_ADMINPARENTLOCALIZATION_UPDATE'),(429,'ROLE_MOD_TAB_ADMINPARENTMAILTHEME_CREATE'),(432,'ROLE_MOD_TAB_ADMINPARENTMAILTHEME_DELETE'),(430,'ROLE_MOD_TAB_ADMINPARENTMAILTHEME_READ'),(431,'ROLE_MOD_TAB_ADMINPARENTMAILTHEME_UPDATE'),(225,'ROLE_MOD_TAB_ADMINPARENTMANUFACTURERS_CREATE'),(228,'ROLE_MOD_TAB_ADMINPARENTMANUFACTURERS_DELETE'),(226,'ROLE_MOD_TAB_ADMINPARENTMANUFACTURERS_READ'),(227,'ROLE_MOD_TAB_ADMINPARENTMANUFACTURERS_UPDATE'),(233,'ROLE_MOD_TAB_ADMINPARENTMETA_CREATE'),(236,'ROLE_MOD_TAB_ADMINPARENTMETA_DELETE'),(234,'ROLE_MOD_TAB_ADMINPARENTMETA_READ'),(235,'ROLE_MOD_TAB_ADMINPARENTMETA_UPDATE'),(229,'ROLE_MOD_TAB_ADMINPARENTMODULESSF_CREATE'),(232,'ROLE_MOD_TAB_ADMINPARENTMODULESSF_DELETE'),(230,'ROLE_MOD_TAB_ADMINPARENTMODULESSF_READ'),(231,'ROLE_MOD_TAB_ADMINPARENTMODULESSF_UPDATE'),(237,'ROLE_MOD_TAB_ADMINPARENTMODULES_CREATE'),(240,'ROLE_MOD_TAB_ADMINPARENTMODULES_DELETE'),(238,'ROLE_MOD_TAB_ADMINPARENTMODULES_READ'),(239,'ROLE_MOD_TAB_ADMINPARENTMODULES_UPDATE'),(241,'ROLE_MOD_TAB_ADMINPARENTORDERPREFERENCES_CREATE'),(244,'ROLE_MOD_TAB_ADMINPARENTORDERPREFERENCES_DELETE'),(242,'ROLE_MOD_TAB_ADMINPARENTORDERPREFERENCES_READ'),(243,'ROLE_MOD_TAB_ADMINPARENTORDERPREFERENCES_UPDATE'),(245,'ROLE_MOD_TAB_ADMINPARENTORDERS_CREATE'),(248,'ROLE_MOD_TAB_ADMINPARENTORDERS_DELETE'),(246,'ROLE_MOD_TAB_ADMINPARENTORDERS_READ'),(247,'ROLE_MOD_TAB_ADMINPARENTORDERS_UPDATE'),(249,'ROLE_MOD_TAB_ADMINPARENTPAYMENT_CREATE'),(252,'ROLE_MOD_TAB_ADMINPARENTPAYMENT_DELETE'),(250,'ROLE_MOD_TAB_ADMINPARENTPAYMENT_READ'),(251,'ROLE_MOD_TAB_ADMINPARENTPAYMENT_UPDATE'),(253,'ROLE_MOD_TAB_ADMINPARENTPREFERENCES_CREATE'),(256,'ROLE_MOD_TAB_ADMINPARENTPREFERENCES_DELETE'),(254,'ROLE_MOD_TAB_ADMINPARENTPREFERENCES_READ'),(255,'ROLE_MOD_TAB_ADMINPARENTPREFERENCES_UPDATE'),(257,'ROLE_MOD_TAB_ADMINPARENTREQUESTSQL_CREATE'),(260,'ROLE_MOD_TAB_ADMINPARENTREQUESTSQL_DELETE'),(258,'ROLE_MOD_TAB_ADMINPARENTREQUESTSQL_READ'),(259,'ROLE_MOD_TAB_ADMINPARENTREQUESTSQL_UPDATE'),(261,'ROLE_MOD_TAB_ADMINPARENTSEARCHCONF_CREATE'),(264,'ROLE_MOD_TAB_ADMINPARENTSEARCHCONF_DELETE'),(262,'ROLE_MOD_TAB_ADMINPARENTSEARCHCONF_READ'),(263,'ROLE_MOD_TAB_ADMINPARENTSEARCHCONF_UPDATE'),(445,'ROLE_MOD_TAB_ADMINPARENTSECURITY_CREATE'),(448,'ROLE_MOD_TAB_ADMINPARENTSECURITY_DELETE'),(446,'ROLE_MOD_TAB_ADMINPARENTSECURITY_READ'),(447,'ROLE_MOD_TAB_ADMINPARENTSECURITY_UPDATE'),(265,'ROLE_MOD_TAB_ADMINPARENTSHIPPING_CREATE'),(268,'ROLE_MOD_TAB_ADMINPARENTSHIPPING_DELETE'),(266,'ROLE_MOD_TAB_ADMINPARENTSHIPPING_READ'),(267,'ROLE_MOD_TAB_ADMINPARENTSHIPPING_UPDATE'),(269,'ROLE_MOD_TAB_ADMINPARENTSTOCKMANAGEMENT_CREATE'),(272,'ROLE_MOD_TAB_ADMINPARENTSTOCKMANAGEMENT_DELETE'),(270,'ROLE_MOD_TAB_ADMINPARENTSTOCKMANAGEMENT_READ'),(271,'ROLE_MOD_TAB_ADMINPARENTSTOCKMANAGEMENT_UPDATE'),(273,'ROLE_MOD_TAB_ADMINPARENTSTORES_CREATE'),(276,'ROLE_MOD_TAB_ADMINPARENTSTORES_DELETE'),(274,'ROLE_MOD_TAB_ADMINPARENTSTORES_READ'),(275,'ROLE_MOD_TAB_ADMINPARENTSTORES_UPDATE'),(277,'ROLE_MOD_TAB_ADMINPARENTTAXES_CREATE'),(280,'ROLE_MOD_TAB_ADMINPARENTTAXES_DELETE'),(278,'ROLE_MOD_TAB_ADMINPARENTTAXES_READ'),(279,'ROLE_MOD_TAB_ADMINPARENTTAXES_UPDATE'),(281,'ROLE_MOD_TAB_ADMINPARENTTHEMES_CREATE'),(284,'ROLE_MOD_TAB_ADMINPARENTTHEMES_DELETE'),(282,'ROLE_MOD_TAB_ADMINPARENTTHEMES_READ'),(283,'ROLE_MOD_TAB_ADMINPARENTTHEMES_UPDATE'),(289,'ROLE_MOD_TAB_ADMINPAYMENTPREFERENCES_CREATE'),(292,'ROLE_MOD_TAB_ADMINPAYMENTPREFERENCES_DELETE'),(290,'ROLE_MOD_TAB_ADMINPAYMENTPREFERENCES_READ'),(291,'ROLE_MOD_TAB_ADMINPAYMENTPREFERENCES_UPDATE'),(285,'ROLE_MOD_TAB_ADMINPAYMENT_CREATE'),(288,'ROLE_MOD_TAB_ADMINPAYMENT_DELETE'),(286,'ROLE_MOD_TAB_ADMINPAYMENT_READ'),(287,'ROLE_MOD_TAB_ADMINPAYMENT_UPDATE'),(293,'ROLE_MOD_TAB_ADMINPERFORMANCE_CREATE'),(296,'ROLE_MOD_TAB_ADMINPERFORMANCE_DELETE'),(294,'ROLE_MOD_TAB_ADMINPERFORMANCE_READ'),(295,'ROLE_MOD_TAB_ADMINPERFORMANCE_UPDATE'),(297,'ROLE_MOD_TAB_ADMINPPREFERENCES_CREATE'),(300,'ROLE_MOD_TAB_ADMINPPREFERENCES_DELETE'),(298,'ROLE_MOD_TAB_ADMINPPREFERENCES_READ'),(299,'ROLE_MOD_TAB_ADMINPPREFERENCES_UPDATE'),(301,'ROLE_MOD_TAB_ADMINPREFERENCES_CREATE'),(304,'ROLE_MOD_TAB_ADMINPREFERENCES_DELETE'),(302,'ROLE_MOD_TAB_ADMINPREFERENCES_READ'),(303,'ROLE_MOD_TAB_ADMINPREFERENCES_UPDATE'),(305,'ROLE_MOD_TAB_ADMINPRODUCTS_CREATE'),(308,'ROLE_MOD_TAB_ADMINPRODUCTS_DELETE'),(306,'ROLE_MOD_TAB_ADMINPRODUCTS_READ'),(307,'ROLE_MOD_TAB_ADMINPRODUCTS_UPDATE'),(781,'ROLE_MOD_TAB_ADMINPRODUCTTABSAJAX_CREATE'),(784,'ROLE_MOD_TAB_ADMINPRODUCTTABSAJAX_DELETE'),(782,'ROLE_MOD_TAB_ADMINPRODUCTTABSAJAX_READ'),(783,'ROLE_MOD_TAB_ADMINPRODUCTTABSAJAX_UPDATE'),(777,'ROLE_MOD_TAB_ADMINPRODUCTTABSSETTINGS_CREATE'),(780,'ROLE_MOD_TAB_ADMINPRODUCTTABSSETTINGS_DELETE'),(778,'ROLE_MOD_TAB_ADMINPRODUCTTABSSETTINGS_READ'),(779,'ROLE_MOD_TAB_ADMINPRODUCTTABSSETTINGS_UPDATE'),(773,'ROLE_MOD_TAB_ADMINPRODUCTTABS_CREATE'),(776,'ROLE_MOD_TAB_ADMINPRODUCTTABS_DELETE'),(774,'ROLE_MOD_TAB_ADMINPRODUCTTABS_READ'),(775,'ROLE_MOD_TAB_ADMINPRODUCTTABS_UPDATE'),(309,'ROLE_MOD_TAB_ADMINPROFILES_CREATE'),(312,'ROLE_MOD_TAB_ADMINPROFILES_DELETE'),(310,'ROLE_MOD_TAB_ADMINPROFILES_READ'),(311,'ROLE_MOD_TAB_ADMINPROFILES_UPDATE'),(745,'ROLE_MOD_TAB_ADMINPSTHEMECUSTOADVANCED_CREATE'),(748,'ROLE_MOD_TAB_ADMINPSTHEMECUSTOADVANCED_DELETE'),(746,'ROLE_MOD_TAB_ADMINPSTHEMECUSTOADVANCED_READ'),(747,'ROLE_MOD_TAB_ADMINPSTHEMECUSTOADVANCED_UPDATE'),(741,'ROLE_MOD_TAB_ADMINPSTHEMECUSTOCONFIGURATION_CREATE'),(744,'ROLE_MOD_TAB_ADMINPSTHEMECUSTOCONFIGURATION_DELETE'),(742,'ROLE_MOD_TAB_ADMINPSTHEMECUSTOCONFIGURATION_READ'),(743,'ROLE_MOD_TAB_ADMINPSTHEMECUSTOCONFIGURATION_UPDATE'),(313,'ROLE_MOD_TAB_ADMINREQUESTSQL_CREATE'),(316,'ROLE_MOD_TAB_ADMINREQUESTSQL_DELETE'),(314,'ROLE_MOD_TAB_ADMINREQUESTSQL_READ'),(315,'ROLE_MOD_TAB_ADMINREQUESTSQL_UPDATE'),(317,'ROLE_MOD_TAB_ADMINRETURN_CREATE'),(320,'ROLE_MOD_TAB_ADMINRETURN_DELETE'),(318,'ROLE_MOD_TAB_ADMINRETURN_READ'),(319,'ROLE_MOD_TAB_ADMINRETURN_UPDATE'),(321,'ROLE_MOD_TAB_ADMINSEARCHCONF_CREATE'),(324,'ROLE_MOD_TAB_ADMINSEARCHCONF_DELETE'),(322,'ROLE_MOD_TAB_ADMINSEARCHCONF_READ'),(323,'ROLE_MOD_TAB_ADMINSEARCHCONF_UPDATE'),(325,'ROLE_MOD_TAB_ADMINSEARCHENGINES_CREATE'),(328,'ROLE_MOD_TAB_ADMINSEARCHENGINES_DELETE'),(326,'ROLE_MOD_TAB_ADMINSEARCHENGINES_READ'),(327,'ROLE_MOD_TAB_ADMINSEARCHENGINES_UPDATE'),(457,'ROLE_MOD_TAB_ADMINSECURITYSESSIONCUSTOMER_CREATE'),(460,'ROLE_MOD_TAB_ADMINSECURITYSESSIONCUSTOMER_DELETE'),(458,'ROLE_MOD_TAB_ADMINSECURITYSESSIONCUSTOMER_READ'),(459,'ROLE_MOD_TAB_ADMINSECURITYSESSIONCUSTOMER_UPDATE'),(453,'ROLE_MOD_TAB_ADMINSECURITYSESSIONEMPLOYEE_CREATE'),(456,'ROLE_MOD_TAB_ADMINSECURITYSESSIONEMPLOYEE_DELETE'),(454,'ROLE_MOD_TAB_ADMINSECURITYSESSIONEMPLOYEE_READ'),(455,'ROLE_MOD_TAB_ADMINSECURITYSESSIONEMPLOYEE_UPDATE'),(449,'ROLE_MOD_TAB_ADMINSECURITY_CREATE'),(452,'ROLE_MOD_TAB_ADMINSECURITY_DELETE'),(450,'ROLE_MOD_TAB_ADMINSECURITY_READ'),(451,'ROLE_MOD_TAB_ADMINSECURITY_UPDATE'),(329,'ROLE_MOD_TAB_ADMINSHIPPING_CREATE'),(332,'ROLE_MOD_TAB_ADMINSHIPPING_DELETE'),(330,'ROLE_MOD_TAB_ADMINSHIPPING_READ'),(331,'ROLE_MOD_TAB_ADMINSHIPPING_UPDATE'),(333,'ROLE_MOD_TAB_ADMINSHOPGROUP_CREATE'),(336,'ROLE_MOD_TAB_ADMINSHOPGROUP_DELETE'),(334,'ROLE_MOD_TAB_ADMINSHOPGROUP_READ'),(335,'ROLE_MOD_TAB_ADMINSHOPGROUP_UPDATE'),(337,'ROLE_MOD_TAB_ADMINSHOPURL_CREATE'),(340,'ROLE_MOD_TAB_ADMINSHOPURL_DELETE'),(338,'ROLE_MOD_TAB_ADMINSHOPURL_READ'),(339,'ROLE_MOD_TAB_ADMINSHOPURL_UPDATE'),(341,'ROLE_MOD_TAB_ADMINSLIP_CREATE'),(344,'ROLE_MOD_TAB_ADMINSLIP_DELETE'),(342,'ROLE_MOD_TAB_ADMINSLIP_READ'),(343,'ROLE_MOD_TAB_ADMINSLIP_UPDATE'),(345,'ROLE_MOD_TAB_ADMINSPECIFICPRICERULE_CREATE'),(348,'ROLE_MOD_TAB_ADMINSPECIFICPRICERULE_DELETE'),(346,'ROLE_MOD_TAB_ADMINSPECIFICPRICERULE_READ'),(347,'ROLE_MOD_TAB_ADMINSPECIFICPRICERULE_UPDATE'),(349,'ROLE_MOD_TAB_ADMINSTATES_CREATE'),(352,'ROLE_MOD_TAB_ADMINSTATES_DELETE'),(350,'ROLE_MOD_TAB_ADMINSTATES_READ'),(351,'ROLE_MOD_TAB_ADMINSTATES_UPDATE'),(353,'ROLE_MOD_TAB_ADMINSTATS_CREATE'),(356,'ROLE_MOD_TAB_ADMINSTATS_DELETE'),(354,'ROLE_MOD_TAB_ADMINSTATS_READ'),(355,'ROLE_MOD_TAB_ADMINSTATS_UPDATE'),(357,'ROLE_MOD_TAB_ADMINSTATUSES_CREATE'),(360,'ROLE_MOD_TAB_ADMINSTATUSES_DELETE'),(358,'ROLE_MOD_TAB_ADMINSTATUSES_READ'),(359,'ROLE_MOD_TAB_ADMINSTATUSES_UPDATE'),(365,'ROLE_MOD_TAB_ADMINSTOCKMANAGEMENT_CREATE'),(368,'ROLE_MOD_TAB_ADMINSTOCKMANAGEMENT_DELETE'),(366,'ROLE_MOD_TAB_ADMINSTOCKMANAGEMENT_READ'),(367,'ROLE_MOD_TAB_ADMINSTOCKMANAGEMENT_UPDATE'),(361,'ROLE_MOD_TAB_ADMINSTOCK_CREATE'),(364,'ROLE_MOD_TAB_ADMINSTOCK_DELETE'),(362,'ROLE_MOD_TAB_ADMINSTOCK_READ'),(363,'ROLE_MOD_TAB_ADMINSTOCK_UPDATE'),(369,'ROLE_MOD_TAB_ADMINSTORES_CREATE'),(372,'ROLE_MOD_TAB_ADMINSTORES_DELETE'),(370,'ROLE_MOD_TAB_ADMINSTORES_READ'),(371,'ROLE_MOD_TAB_ADMINSTORES_UPDATE'),(969,'ROLE_MOD_TAB_ADMINSTRIPE_OFFICIALPAYMENTINTENT_CREATE'),(972,'ROLE_MOD_TAB_ADMINSTRIPE_OFFICIALPAYMENTINTENT_DELETE'),(970,'ROLE_MOD_TAB_ADMINSTRIPE_OFFICIALPAYMENTINTENT_READ'),(971,'ROLE_MOD_TAB_ADMINSTRIPE_OFFICIALPAYMENTINTENT_UPDATE'),(965,'ROLE_MOD_TAB_ADMINSTRIPE_OFFICIALPROCESSLOGGER_CREATE'),(968,'ROLE_MOD_TAB_ADMINSTRIPE_OFFICIALPROCESSLOGGER_DELETE'),(966,'ROLE_MOD_TAB_ADMINSTRIPE_OFFICIALPROCESSLOGGER_READ'),(967,'ROLE_MOD_TAB_ADMINSTRIPE_OFFICIALPROCESSLOGGER_UPDATE'),(373,'ROLE_MOD_TAB_ADMINSUPPLIERS_CREATE'),(376,'ROLE_MOD_TAB_ADMINSUPPLIERS_DELETE'),(374,'ROLE_MOD_TAB_ADMINSUPPLIERS_READ'),(375,'ROLE_MOD_TAB_ADMINSUPPLIERS_UPDATE'),(377,'ROLE_MOD_TAB_ADMINTAGS_CREATE'),(380,'ROLE_MOD_TAB_ADMINTAGS_DELETE'),(378,'ROLE_MOD_TAB_ADMINTAGS_READ'),(379,'ROLE_MOD_TAB_ADMINTAGS_UPDATE'),(381,'ROLE_MOD_TAB_ADMINTAXES_CREATE'),(384,'ROLE_MOD_TAB_ADMINTAXES_DELETE'),(382,'ROLE_MOD_TAB_ADMINTAXES_READ'),(383,'ROLE_MOD_TAB_ADMINTAXES_UPDATE'),(385,'ROLE_MOD_TAB_ADMINTAXRULESGROUP_CREATE'),(388,'ROLE_MOD_TAB_ADMINTAXRULESGROUP_DELETE'),(386,'ROLE_MOD_TAB_ADMINTAXRULESGROUP_READ'),(387,'ROLE_MOD_TAB_ADMINTAXRULESGROUP_UPDATE'),(737,'ROLE_MOD_TAB_ADMINTHEMESPARENT_CREATE'),(740,'ROLE_MOD_TAB_ADMINTHEMESPARENT_DELETE'),(738,'ROLE_MOD_TAB_ADMINTHEMESPARENT_READ'),(739,'ROLE_MOD_TAB_ADMINTHEMESPARENT_UPDATE'),(389,'ROLE_MOD_TAB_ADMINTHEMES_CREATE'),(392,'ROLE_MOD_TAB_ADMINTHEMES_DELETE'),(390,'ROLE_MOD_TAB_ADMINTHEMES_READ'),(391,'ROLE_MOD_TAB_ADMINTHEMES_UPDATE'),(393,'ROLE_MOD_TAB_ADMINTRACKING_CREATE'),(396,'ROLE_MOD_TAB_ADMINTRACKING_DELETE'),(394,'ROLE_MOD_TAB_ADMINTRACKING_READ'),(395,'ROLE_MOD_TAB_ADMINTRACKING_UPDATE'),(397,'ROLE_MOD_TAB_ADMINTRANSLATIONS_CREATE'),(400,'ROLE_MOD_TAB_ADMINTRANSLATIONS_DELETE'),(398,'ROLE_MOD_TAB_ADMINTRANSLATIONS_READ'),(399,'ROLE_MOD_TAB_ADMINTRANSLATIONS_UPDATE'),(401,'ROLE_MOD_TAB_ADMINWAREHOUSES_CREATE'),(404,'ROLE_MOD_TAB_ADMINWAREHOUSES_DELETE'),(402,'ROLE_MOD_TAB_ADMINWAREHOUSES_READ'),(403,'ROLE_MOD_TAB_ADMINWAREHOUSES_UPDATE'),(405,'ROLE_MOD_TAB_ADMINWEBSERVICE_CREATE'),(408,'ROLE_MOD_TAB_ADMINWEBSERVICE_DELETE'),(406,'ROLE_MOD_TAB_ADMINWEBSERVICE_READ'),(407,'ROLE_MOD_TAB_ADMINWEBSERVICE_UPDATE'),(409,'ROLE_MOD_TAB_ADMINZONES_CREATE'),(412,'ROLE_MOD_TAB_ADMINZONES_DELETE'),(410,'ROLE_MOD_TAB_ADMINZONES_READ'),(411,'ROLE_MOD_TAB_ADMINZONES_UPDATE'),(413,'ROLE_MOD_TAB_CONFIGURE_CREATE'),(416,'ROLE_MOD_TAB_CONFIGURE_DELETE'),(414,'ROLE_MOD_TAB_CONFIGURE_READ'),(415,'ROLE_MOD_TAB_CONFIGURE_UPDATE'),(417,'ROLE_MOD_TAB_IMPROVE_CREATE'),(420,'ROLE_MOD_TAB_IMPROVE_DELETE'),(418,'ROLE_MOD_TAB_IMPROVE_READ'),(419,'ROLE_MOD_TAB_IMPROVE_UPDATE'),(421,'ROLE_MOD_TAB_SELL_CREATE'),(424,'ROLE_MOD_TAB_SELL_DELETE'),(422,'ROLE_MOD_TAB_SELL_READ'),(423,'ROLE_MOD_TAB_SELL_UPDATE'),(425,'ROLE_MOD_TAB_SHOPPARAMETERS_CREATE'),(428,'ROLE_MOD_TAB_SHOPPARAMETERS_DELETE'),(426,'ROLE_MOD_TAB_SHOPPARAMETERS_READ'),(427,'ROLE_MOD_TAB_SHOPPARAMETERS_UPDATE'),(477,'ROLE_MOD_TAB_WISHLISTCONFIGURATIONADMINCONTROLLER_CREATE'),(480,'ROLE_MOD_TAB_WISHLISTCONFIGURATIONADMINCONTROLLER_DELETE'),(478,'ROLE_MOD_TAB_WISHLISTCONFIGURATIONADMINCONTROLLER_READ'),(479,'ROLE_MOD_TAB_WISHLISTCONFIGURATIONADMINCONTROLLER_UPDATE'),(473,'ROLE_MOD_TAB_WISHLISTCONFIGURATIONADMINPARENTCONTROLLER_CREATE'),(476,'ROLE_MOD_TAB_WISHLISTCONFIGURATIONADMINPARENTCONTROLLER_DELETE'),(474,'ROLE_MOD_TAB_WISHLISTCONFIGURATIONADMINPARENTCONTROLLER_READ'),(475,'ROLE_MOD_TAB_WISHLISTCONFIGURATIONADMINPARENTCONTROLLER_UPDATE'),(481,'ROLE_MOD_TAB_WISHLISTSTATISTICSADMINCONTROLLER_CREATE'),(484,'ROLE_MOD_TAB_WISHLISTSTATISTICSADMINCONTROLLER_DELETE'),(482,'ROLE_MOD_TAB_WISHLISTSTATISTICSADMINCONTROLLER_READ'),(483,'ROLE_MOD_TAB_WISHLISTSTATISTICSADMINCONTROLLER_UPDATE');

--
-- Table structure for table `bl_blockwishlist_statistics`
--

CREATE TABLE `bl_blockwishlist_statistics` (
  `id_statistics` int(10) unsigned NOT NULL AUTO_INCREMENT,
  `id_cart` int(10) unsigned DEFAULT NULL,
  `id_product` int(10) unsigned NOT NULL,
  `id_product_attribute` int(10) unsigned NOT NULL,
  `date_add` datetime NOT NULL,
  `id_shop` int(10) unsigned DEFAULT '1',
  PRIMARY KEY (`id_statistics`)
) ENGINE=InnoDB DEFAULT CHARSET=utf8;

--
-- Dumping data for table `bl_blockwishlist_statistics`
--


--
-- Table structure for table `bl_carrier`
--

CREATE TABLE `bl_carrier` (
  `id_carrier` int(10) unsigned NOT NULL AUTO_INCREMENT,
  `id_reference` int(10) unsigned NOT NULL,
  `name` varchar(64) NOT NULL,
  `url` varchar(255) DEFAULT NULL,
  `active` tinyint(1) unsigned NOT NULL DEFAULT '0',
  `deleted` tinyint(1) unsigned NOT NULL DEFAULT '0',
  `shipping_handling` tinyint(1) unsigned NOT NULL DEFAULT '1',
  `range_behavior` tinyint(1) unsigned NOT NULL DEFAULT '0',
  `is_module` tinyint(1) unsigned NOT NULL DEFAULT '0',
  `is_free` tinyint(1) unsigned NOT NULL DEFAULT '0',
  `shipping_external` tinyint(1) unsigned NOT NULL DEFAULT '0',
  `need_range` tinyint(1) unsigned NOT NULL DEFAULT '0',
  `external_module_name` varchar(64) DEFAULT NULL,
  `shipping_method` int(2) NOT NULL DEFAULT '0',
  `position` int(10) unsigned NOT NULL DEFAULT '0',
  `max_width` int(10) DEFAULT '0',
  `max_height` int(10) DEFAULT '0',
  `max_depth` int(10) DEFAULT '0',
  `max_weight` decimal(20,6) DEFAULT '0.000000',
  `grade` int(10) DEFAULT '0',
  PRIMARY KEY (`id_carrier`),
  KEY `deleted` (`deleted`,`active`),
  KEY `reference` (`id_reference`,`deleted`,`active`)
) ENGINE=InnoDB AUTO_INCREMENT=11 DEFAULT CHARSET=utf8mb4;

--
-- Dumping data for table `bl_carrier`
--

INSERT INTO `bl_carrier` VALUES (1,1,'Click and collect','',1,1,0,0,0,1,0,0,'',1,0,0,0,0,0.000000,0),(2,2,'My carrier','',1,1,1,0,0,0,0,0,'',1,1,0,0,0,0.000000,0),(3,3,'My cheap carrier','',0,0,1,0,0,0,0,0,'',2,2,0,0,0,0.000000,0),(4,4,'My light carrier','',0,0,1,0,0,0,0,0,'',1,3,0,0,0,0.000000,0),(5,1,'Retrait en magasin','',1,1,0,0,0,1,0,0,'',2,0,0,0,0,0.000000,0),(6,2,'Notre transporteur','',1,1,1,0,0,0,0,0,'',1,1,0,0,0,0.000000,0),(7,2,'Notre transporteur','',1,0,0,0,0,0,0,0,'',2,1,0,0,0,0.000000,0),(8,8,'Retrait en magasin seulement','',1,1,1,0,0,1,0,0,'',1,4,0,0,0,0.000000,0),(9,1,'Retrait en magasin','',1,0,0,0,0,0,0,0,'',2,0,0,0,0,0.000000,0),(10,8,'Retrait en magasin seulement','',1,0,0,0,0,0,0,0,'',1,4,0,0,0,0.000000,0);

--
-- Table structure for table `bl_carrier_group`
--

CREATE TABLE `bl_carrier_group` (
  `id_carrier` int(10) unsigned NOT NULL,
  `id_group` int(10) unsigned NOT NULL,
  PRIMARY KEY (`id_carrier`,`id_group`)
) ENGINE=InnoDB DEFAULT CHARSET=utf8mb4;

--
-- Dumping data for table `bl_carrier_group`
--

INSERT INTO `bl_carrier_group` VALUES (1,1),(1,2),(1,3),(2,1),(2,2),(2,3),(3,1),(3,2),(3,3),(4,1),(4,2),(4,3),(5,1),(5,2),(5,3),(6,1),(6,2),(6,3),(7,1),(7,2),(7,3),(8,1),(8,2),(8,3),(9,1),(9,2),(9,3),(10,1),(10,2),(10,3);

--
-- Table structure for table `bl_carrier_lang`
--

CREATE TABLE `bl_carrier_lang` (
  `id_carrier` int(10) unsigned NOT NULL,
  `id_shop` int(11) unsigned NOT NULL DEFAULT '1',
  `id_lang` int(10) unsigned NOT NULL,
  `delay` varchar(512) DEFAULT NULL,
  PRIMARY KEY (`id_lang`,`id_shop`,`id_carrier`)
) ENGINE=InnoDB DEFAULT CHARSET=utf8mb4;

--
-- Dumping data for table `bl_carrier_lang`
--

INSERT INTO `bl_carrier_lang` VALUES (1,1,1,'Retrait en magasin'),(2,1,1,'Livraison le lendemain !'),(3,1,1,'Achetez plus vous paierez moins!'),(4,1,1,'Panier léger, prix allégé!'),(5,1,1,'Retrait en magasin'),(6,1,1,'3 à 5 jours ouvrables'),(7,1,1,'3 à 5 jours ouvrables'),(8,1,1,'Retrait en magasin seulement'),(9,1,1,'Retrait en magasin'),(10,1,1,'Retrait en magasin seulement'),(1,1,2,'Pick up in-store'),(2,1,2,'Delivery next day!'),(3,1,2,'Buy more to pay less!'),(4,1,2,'The lighter the cheaper!'),(5,1,2,'Pick up in-store'),(6,1,2,'Delivery next day!'),(7,1,2,'Delivery next day!'),(8,1,2,'Retrait en magasin seulement'),(9,1,2,'Pick up in-store'),(10,1,2,'Retrait en magasin seulement'),(1,1,3,'Ramasser en magasin'),(2,1,3,'Livraison le lendemain !'),(3,1,3,'Buy more to pay less!'),(4,1,3,'The lighter the cheaper!'),(5,1,3,'Ramasser en magasin'),(6,1,3,'Livraison le lendemain !'),(7,1,3,'Livraison le lendemain !'),(8,1,3,'Retrait en magasin seulement'),(9,1,3,'Ramasser en magasin'),(10,1,3,'Retrait en magasin seulement');

--
-- Table structure for table `bl_carrier_shop`
--

CREATE TABLE `bl_carrier_shop` (
  `id_carrier` int(11) unsigned NOT NULL,
  `id_shop` int(11) unsigned NOT NULL,
  PRIMARY KEY (`id_carrier`,`id_shop`),
  KEY `id_shop` (`id_shop`)
) ENGINE=InnoDB DEFAULT CHARSET=utf8mb4;

--
-- Dumping data for table `bl_carrier_shop`
--

INSERT INTO `bl_carrier_shop` VALUES (1,1),(2,1),(3,1),(4,1),(5,1),(6,1),(7,1),(8,1),(9,1),(10,1);

--
-- Table structure for table `bl_carrier_tax_rules_group_shop`
--

CREATE TABLE `bl_carrier_tax_rules_group_shop` (
  `id_carrier` int(11) unsigned NOT NULL,
  `id_tax_rules_group` int(11) unsigned NOT NULL,
  `id_shop` int(11) unsigned NOT NULL,
  PRIMARY KEY (`id_carrier`,`id_tax_rules_group`,`id_shop`)
) ENGINE=InnoDB DEFAULT CHARSET=utf8mb4;

--
-- Dumping data for table `bl_carrier_tax_rules_group_shop`
--

INSERT INTO `bl_carrier_tax_rules_group_shop` VALUES (1,1,1),(2,1,1),(3,1,1),(4,1,1),(5,1,1),(6,1,1),(7,1,1),(8,1,1),(9,1,1),(10,1,1);

--
-- Table structure for table `bl_carrier_zone`
--

CREATE TABLE `bl_carrier_zone` (
  `id_carrier` int(10) unsigned NOT NULL,
  `id_zone` int(10) unsigned NOT NULL,
  PRIMARY KEY (`id_carrier`,`id_zone`)
) ENGINE=InnoDB DEFAULT CHARSET=utf8mb4;

--
-- Dumping data for table `bl_carrier_zone`
--

INSERT INTO `bl_carrier_zone` VALUES (1,1),(2,1),(2,2),(3,1),(3,2),(4,1),(4,2),(5,2),(6,1),(6,2),(7,2),(8,2),(9,2),(10,2);

--
-- Table structure for table `bl_cart`
--

CREATE TABLE `bl_cart` (
  `id_cart` int(10) unsigned NOT NULL AUTO_INCREMENT,
  `id_shop_group` int(11) unsigned NOT NULL DEFAULT '1',
  `id_shop` int(11) unsigned NOT NULL DEFAULT '1',
  `id_carrier` int(10) unsigned NOT NULL,
  `delivery_option` text NOT NULL,
  `id_lang` int(10) unsigned NOT NULL,
  `id_address_delivery` int(10) unsigned NOT NULL,
  `id_address_invoice` int(10) unsigned NOT NULL,
  `id_currency` int(10) unsigned NOT NULL,
  `id_customer` int(10) unsigned NOT NULL,
  `id_guest` int(10) unsigned NOT NULL,
  `secure_key` varchar(32) NOT NULL DEFAULT '-1',
  `recyclable` tinyint(1) unsigned NOT NULL DEFAULT '1',
  `gift` tinyint(1) unsigned NOT NULL DEFAULT '0',
  `gift_message` text,
  `mobile_theme` tinyint(1) NOT NULL DEFAULT '0',
  `allow_seperated_package` tinyint(1) unsigned NOT NULL DEFAULT '0',
  `date_add` datetime NOT NULL,
  `date_upd` datetime NOT NULL,
  `checkout_session_data` mediumtext,
  PRIMARY KEY (`id_cart`),
  KEY `cart_customer` (`id_customer`),
  KEY `id_address_delivery` (`id_address_delivery`),
  KEY `id_address_invoice` (`id_address_invoice`),
  KEY `id_carrier` (`id_carrier`),
  KEY `id_lang` (`id_lang`),
  KEY `id_currency` (`id_currency`),
  KEY `id_guest` (`id_guest`),
  KEY `id_shop_group` (`id_shop_group`),
  KEY `id_shop_2` (`id_shop`,`date_upd`),
  KEY `id_shop` (`id_shop`,`date_add`)
) ENGINE=InnoDB AUTO_INCREMENT=12 DEFAULT CHARSET=utf8mb4;

--
-- Dumping data for table `bl_cart`
--

INSERT INTO `bl_cart` VALUES (1,1,1,2,'{\"3\":\"2,\"}',1,5,5,1,2,1,'b44a6d9efd7a0076a0fbce6b15eaf3b1',0,0,'',0,0,'2023-04-06 11:26:33','2023-04-06 11:26:33',NULL),(2,1,1,2,'{\"3\":\"2,\"}',1,5,5,1,2,1,'b44a6d9efd7a0076a0fbce6b15eaf3b1',0,0,'',0,0,'2023-04-06 11:26:33','2023-04-06 11:26:33',NULL),(3,1,1,2,'{\"3\":\"2,\"}',1,5,5,1,2,1,'b44a6d9efd7a0076a0fbce6b15eaf3b1',0,0,'',0,0,'2023-04-06 11:26:33','2023-04-06 11:26:33',NULL),(4,1,1,2,'{\"3\":\"2,\"}',1,5,5,1,2,1,'b44a6d9efd7a0076a0fbce6b15eaf3b1',0,0,'',0,0,'2023-04-06 11:26:33','2023-04-06 11:26:33',NULL),(5,1,1,2,'{\"3\":\"2,\"}',1,5,5,1,2,1,'b44a6d9efd7a0076a0fbce6b15eaf3b1',0,0,'',0,0,'2023-04-06 11:26:33','2023-04-06 11:26:33',NULL),(6,1,1,0,'',1,0,0,1,0,19,'',0,0,'',0,0,'2023-05-02 10:15:03','2023-05-02 10:15:03',NULL),(7,1,1,5,'{\"7\":\"5,\"}',1,7,7,1,3,29,'0ab1119af722757ed91ee70ec9ca9f56',0,0,'',0,0,'2023-05-04 01:33:50','2023-05-04 03:16:29','{\"checkout-personal-information-step\":{\"step_is_reachable\":true,\"step_is_complete\":true},\"checkout-addresses-step\":{\"step_is_reachable\":true,\"step_is_complete\":true,\"use_same_address\":true},\"checkout-delivery-step\":{\"step_is_reachable\":true,\"step_is_complete\":false},\"checkout-payment-step\":{\"step_is_reachable\":false,\"step_is_complete\":false},\"checksum\":\"d1c551285c5eee50f4be4d1c9bb8f9e44172e37c\"}'),(8,1,1,0,'',1,0,0,1,0,27,'',0,0,'',0,0,'2023-05-17 17:10:46','2023-05-17 17:11:01',NULL),(9,1,1,0,'',1,7,7,1,3,29,'0ab1119af722757ed91ee70ec9ca9f56',0,0,'',0,0,'2023-06-13 08:22:09','2023-06-13 10:48:23','{\"checkout-personal-information-step\":{\"step_is_reachable\":true,\"step_is_complete\":true},\"checkout-addresses-step\":{\"step_is_reachable\":true,\"step_is_complete\":true,\"use_same_address\":true},\"checkout-delivery-step\":{\"step_is_reachable\":true,\"step_is_complete\":false},\"checkout-payment-step\":{\"step_is_reachable\":false,\"step_is_complete\":false},\"checksum\":\"4474258414044b57056c574657e1dde60c184dc7\"}'),(10,1,1,0,'',1,0,0,1,4,106,'97490b231bf668e09db89c7860540560',0,0,'',0,0,'2023-06-13 09:47:47','2023-06-13 12:54:16',NULL),(11,1,1,0,'',1,0,0,1,0,115,'',0,0,'',0,0,'2023-06-13 10:58:36','2023-06-13 10:58:36',NULL);

--
-- Table structure for table `bl_cart_cart_rule`
--

CREATE TABLE `bl_cart_cart_rule` (
  `id_cart` int(10) unsigned NOT NULL,
  `id_cart_rule` int(10) unsigned NOT NULL,
  PRIMARY KEY (`id_cart`,`id_cart_rule`),
  KEY `id_cart_rule` (`id_cart_rule`)
) ENGINE=InnoDB DEFAULT CHARSET=utf8mb4;

--
-- Dumping data for table `bl_cart_cart_rule`
--


--
-- Table structure for table `bl_cart_product`
--

CREATE TABLE `bl_cart_product` (
  `id_cart` int(10) unsigned NOT NULL,
  `id_product` int(10) unsigned NOT NULL,
  `id_address_delivery` int(10) unsigned NOT NULL DEFAULT '0',
  `id_shop` int(10) unsigned NOT NULL DEFAULT '1',
  `id_product_attribute` int(10) unsigned NOT NULL DEFAULT '0',
  `id_customization` int(10) unsigned NOT NULL DEFAULT '0',
  `quantity` int(10) unsigned NOT NULL DEFAULT '0',
  `date_add` datetime NOT NULL,
  PRIMARY KEY (`id_cart`,`id_product`,`id_product_attribute`,`id_customization`,`id_address_delivery`),
  KEY `id_product_attribute` (`id_product_attribute`),
  KEY `id_cart_order` (`id_cart`,`date_add`,`id_product`,`id_product_attribute`)
) ENGINE=InnoDB DEFAULT CHARSET=utf8mb4;

--
-- Dumping data for table `bl_cart_product`
--

INSERT INTO `bl_cart_product` VALUES (6,30,0,1,0,0,1,'2023-05-02 10:15:03'),(7,301,7,1,0,0,1,'2023-05-04 03:14:43'),(8,328,0,1,167,0,3,'2023-05-17 17:10:46'),(9,38,7,1,0,0,1,'2023-06-13 09:57:18'),(9,281,7,1,153,0,1,'2023-06-13 10:48:23'),(10,152,0,1,0,0,2,'2023-06-13 10:59:16'),(10,171,0,1,0,0,1,'2023-06-13 12:37:52'),(11,297,0,1,0,0,1,'2023-06-13 10:58:36');

--
-- Table structure for table `bl_cart_rule`
--

CREATE TABLE `bl_cart_rule` (
  `id_cart_rule` int(10) unsigned NOT NULL AUTO_INCREMENT,
  `id_customer` int(10) unsigned NOT NULL DEFAULT '0',
  `date_from` datetime NOT NULL,
  `date_to` datetime NOT NULL,
  `description` text,
  `quantity` int(10) unsigned NOT NULL DEFAULT '0',
  `quantity_per_user` int(10) unsigned NOT NULL DEFAULT '0',
  `priority` int(10) unsigned NOT NULL DEFAULT '1',
  `partial_use` tinyint(1) unsigned NOT NULL DEFAULT '0',
  `code` varchar(254) NOT NULL,
  `minimum_amount` decimal(20,6) NOT NULL DEFAULT '0.000000',
  `minimum_amount_tax` tinyint(1) NOT NULL DEFAULT '0',
  `minimum_amount_currency` int(10) unsigned NOT NULL DEFAULT '0',
  `minimum_amount_shipping` tinyint(1) NOT NULL DEFAULT '0',
  `country_restriction` tinyint(1) unsigned NOT NULL DEFAULT '0',
  `carrier_restriction` tinyint(1) unsigned NOT NULL DEFAULT '0',
  `group_restriction` tinyint(1) unsigned NOT NULL DEFAULT '0',
  `cart_rule_restriction` tinyint(1) unsigned NOT NULL DEFAULT '0',
  `product_restriction` tinyint(1) unsigned NOT NULL DEFAULT '0',
  `shop_restriction` tinyint(1) unsigned NOT NULL DEFAULT '0',
  `free_shipping` tinyint(1) NOT NULL DEFAULT '0',
  `reduction_percent` decimal(5,2) NOT NULL DEFAULT '0.00',
  `reduction_amount` decimal(20,6) NOT NULL DEFAULT '0.000000',
  `reduction_tax` tinyint(1) unsigned NOT NULL DEFAULT '0',
  `reduction_currency` int(10) unsigned NOT NULL DEFAULT '0',
  `reduction_product` int(10) NOT NULL DEFAULT '0',
  `reduction_exclude_special` tinyint(1) unsigned NOT NULL DEFAULT '0',
  `gift_product` int(10) unsigned NOT NULL DEFAULT '0',
  `gift_product_attribute` int(10) unsigned NOT NULL DEFAULT '0',
  `highlight` tinyint(1) unsigned NOT NULL DEFAULT '0',
  `active` tinyint(1) unsigned NOT NULL DEFAULT '0',
  `date_add` datetime NOT NULL,
  `date_upd` datetime NOT NULL,
  PRIMARY KEY (`id_cart_rule`),
  KEY `id_customer` (`id_customer`,`active`,`date_to`),
  KEY `group_restriction` (`group_restriction`,`active`,`date_to`),
  KEY `id_customer_2` (`id_customer`,`active`,`highlight`,`date_to`),
  KEY `group_restriction_2` (`group_restriction`,`active`,`highlight`,`date_to`),
  KEY `date_from` (`date_from`),
  KEY `date_to` (`date_to`)
) ENGINE=InnoDB DEFAULT CHARSET=utf8mb4;

--
-- Dumping data for table `bl_cart_rule`
--


--
-- Table structure for table `bl_cart_rule_carrier`
--

CREATE TABLE `bl_cart_rule_carrier` (
  `id_cart_rule` int(10) unsigned NOT NULL,
  `id_carrier` int(10) unsigned NOT NULL,
  PRIMARY KEY (`id_cart_rule`,`id_carrier`)
) ENGINE=InnoDB DEFAULT CHARSET=utf8mb4;

--
-- Dumping data for table `bl_cart_rule_carrier`
--


--
-- Table structure for table `bl_cart_rule_combination`
--

CREATE TABLE `bl_cart_rule_combination` (
  `id_cart_rule_1` int(10) unsigned NOT NULL,
  `id_cart_rule_2` int(10) unsigned NOT NULL,
  PRIMARY KEY (`id_cart_rule_1`,`id_cart_rule_2`),
  KEY `id_cart_rule_1` (`id_cart_rule_1`),
  KEY `id_cart_rule_2` (`id_cart_rule_2`)
) ENGINE=InnoDB DEFAULT CHARSET=utf8mb4;

--
-- Dumping data for table `bl_cart_rule_combination`
--


--
-- Table structure for table `bl_cart_rule_country`
--

CREATE TABLE `bl_cart_rule_country` (
  `id_cart_rule` int(10) unsigned NOT NULL,
  `id_country` int(10) unsigned NOT NULL,
  PRIMARY KEY (`id_cart_rule`,`id_country`)
) ENGINE=InnoDB DEFAULT CHARSET=utf8mb4;

--
-- Dumping data for table `bl_cart_rule_country`
--


--
-- Table structure for table `bl_cart_rule_group`
--

CREATE TABLE `bl_cart_rule_group` (
  `id_cart_rule` int(10) unsigned NOT NULL,
  `id_group` int(10) unsigned NOT NULL,
  PRIMARY KEY (`id_cart_rule`,`id_group`)
) ENGINE=InnoDB DEFAULT CHARSET=utf8mb4;

--
-- Dumping data for table `bl_cart_rule_group`
--


--
-- Table structure for table `bl_cart_rule_lang`
--

CREATE TABLE `bl_cart_rule_lang` (
  `id_cart_rule` int(10) unsigned NOT NULL,
  `id_lang` int(10) unsigned NOT NULL,
  `name` varchar(254) NOT NULL,
  PRIMARY KEY (`id_cart_rule`,`id_lang`)
) ENGINE=InnoDB DEFAULT CHARSET=utf8mb4;

--
-- Dumping data for table `bl_cart_rule_lang`
--


--
-- Table structure for table `bl_cart_rule_product_rule`
--

CREATE TABLE `bl_cart_rule_product_rule` (
  `id_product_rule` int(10) unsigned NOT NULL AUTO_INCREMENT,
  `id_product_rule_group` int(10) unsigned NOT NULL,
  `type` enum('products','categories','attributes','manufacturers','suppliers') NOT NULL,
  PRIMARY KEY (`id_product_rule`)
) ENGINE=InnoDB DEFAULT CHARSET=utf8mb4;

--
-- Dumping data for table `bl_cart_rule_product_rule`
--


--
-- Table structure for table `bl_cart_rule_product_rule_group`
--

CREATE TABLE `bl_cart_rule_product_rule_group` (
  `id_product_rule_group` int(10) unsigned NOT NULL AUTO_INCREMENT,
  `id_cart_rule` int(10) unsigned NOT NULL,
  `quantity` int(10) unsigned NOT NULL DEFAULT '1',
  PRIMARY KEY (`id_product_rule_group`)
) ENGINE=InnoDB DEFAULT CHARSET=utf8mb4;

--
-- Dumping data for table `bl_cart_rule_product_rule_group`
--


--
-- Table structure for table `bl_cart_rule_product_rule_value`
--

CREATE TABLE `bl_cart_rule_product_rule_value` (
  `id_product_rule` int(10) unsigned NOT NULL,
  `id_item` int(10) unsigned NOT NULL,
  PRIMARY KEY (`id_product_rule`,`id_item`)
) ENGINE=InnoDB DEFAULT CHARSET=utf8mb4;

--
-- Dumping data for table `bl_cart_rule_product_rule_value`
--


--
-- Table structure for table `bl_cart_rule_shop`
--

CREATE TABLE `bl_cart_rule_shop` (
  `id_cart_rule` int(10) unsigned NOT NULL,
  `id_shop` int(10) unsigned NOT NULL,
  PRIMARY KEY (`id_cart_rule`,`id_shop`)
) ENGINE=InnoDB DEFAULT CHARSET=utf8mb4;

--
-- Dumping data for table `bl_cart_rule_shop`
--


--
-- Table structure for table `bl_category`
--

CREATE TABLE `bl_category` (
  `id_category` int(10) unsigned NOT NULL AUTO_INCREMENT,
  `id_parent` int(10) unsigned NOT NULL,
  `id_shop_default` int(10) unsigned NOT NULL DEFAULT '1',
  `level_depth` tinyint(3) unsigned NOT NULL DEFAULT '0',
  `nleft` int(10) unsigned NOT NULL DEFAULT '0',
  `nright` int(10) unsigned NOT NULL DEFAULT '0',
  `active` tinyint(1) unsigned NOT NULL DEFAULT '0',
  `date_add` datetime NOT NULL,
  `date_upd` datetime NOT NULL,
  `position` int(10) unsigned NOT NULL DEFAULT '0',
  `is_root_category` tinyint(1) NOT NULL DEFAULT '0',
  PRIMARY KEY (`id_category`),
  KEY `category_parent` (`id_parent`),
  KEY `nleftrightactive` (`nleft`,`nright`,`active`),
  KEY `level_depth` (`level_depth`),
  KEY `nright` (`nright`),
  KEY `activenleft` (`active`,`nleft`),
  KEY `activenright` (`active`,`nright`)
) ENGINE=InnoDB AUTO_INCREMENT=69 DEFAULT CHARSET=utf8mb4;

--
