--
-- Host: localhost    Database: dev_boutiquelaccopping
-- ------------------------------------------------------


--
-- Table structure for table `bl_accessory`
--

CREATE TABLE `bl_accessory` (
  `id_product_1` int(10) unsigned NOT NULL,
  `id_product_2` int(10) unsigned NOT NULL,
  KEY `accessory_product` (`id_product_1`,`id_product_2`)
) ENGINE=InnoDB DEFAULT CHARSET=utf8mb4;

--
-- Dumping data for table `bl_accessory`
--


--
-- Table structure for table `bl_address`
--

CREATE TABLE `bl_address` (
  `id_address` int(10) unsigned NOT NULL AUTO_INCREMENT,
  `id_country` int(10) unsigned NOT NULL,
  `id_state` int(10) unsigned DEFAULT NULL,
  `id_customer` int(10) unsigned NOT NULL DEFAULT '0',
  `id_manufacturer` int(10) unsigned NOT NULL DEFAULT '0',
  `id_supplier` int(10) unsigned NOT NULL DEFAULT '0',
  `id_warehouse` int(10) unsigned NOT NULL DEFAULT '0',
  `alias` varchar(32) NOT NULL,
  `company` varchar(255) DEFAULT NULL,
  `lastname` varchar(255) NOT NULL,
  `firstname` varchar(255) NOT NULL,
  `address1` varchar(128) NOT NULL,
  `address2` varchar(128) DEFAULT NULL,
  `postcode` varchar(12) DEFAULT NULL,
  `city` varchar(64) NOT NULL,
  `other` text,
  `phone` varchar(32) DEFAULT NULL,
  `phone_mobile` varchar(32) DEFAULT NULL,
  `vat_number` varchar(32) DEFAULT NULL,
  `dni` varchar(16) DEFAULT NULL,
  `date_add` datetime NOT NULL,
  `date_upd` datetime NOT NULL,
  `active` tinyint(1) unsigned NOT NULL DEFAULT '1',
  `deleted` tinyint(1) unsigned NOT NULL DEFAULT '0',
  PRIMARY KEY (`id_address`),
  KEY `address_customer` (`id_customer`),
  KEY `id_country` (`id_country`),
  KEY `id_state` (`id_state`),
  KEY `id_manufacturer` (`id_manufacturer`),
  KEY `id_supplier` (`id_supplier`),
  KEY `id_warehouse` (`id_warehouse`)
) ENGINE=InnoDB AUTO_INCREMENT=8 DEFAULT CHARSET=utf8mb4;

--
-- Dumping data for table `bl_address`
--

INSERT INTO `bl_address` VALUES (1,4,0,1,0,0,0,'Anonymous','Anonymous','Anonymous','Anonymous','Anonymous','','00000','Anonymous','','0000000000','0000000000','0000','0000','2023-04-06 11:25:56','2023-04-06 11:25:56',1,0),(2,8,0,2,0,0,0,'Mon adresse','My Company','DOE','John','16, Main street','2nd floor','75002','Paris ','','0102030405','','','','2023-04-06 11:26:33','2023-04-06 11:26:33',1,0),(3,21,35,0,0,1,0,'supplier','Fashion','supplier','supplier','767 Fifth Ave.','','10153','New York','','(212) 336-1440','','','','2023-04-06 11:26:33','2023-04-06 11:26:33',1,0),(4,21,35,0,1,0,0,'manufacturer','Fashion','manufacturer','manufacturer','767 Fifth Ave.','','10154','New York','','(212) 336-1666','','','','2023-04-06 11:26:33','2023-04-06 11:26:33',1,0),(5,21,12,2,0,0,0,'My address','My Company','DOE','John','16, Main street','2nd floor','33133','Miami','','0102030405','','','','2023-04-06 11:26:33','2023-04-06 11:26:33',1,0),(6,8,0,0,0,2,0,'accessories_supplier','Accessories and Co','accessories','accessories','42 Avenue Maréchal Soult','','64990','Bayonne','','0102030405','','','','2023-04-06 11:26:33','2023-04-06 11:26:33',1,0),(7,4,90,3,0,0,0,'Mon adresse','','Lapointe','Michel','3213 Carre Bochart','','G1X 1V5','Québec','','','','','','2023-05-04 02:30:27','2023-05-04 02:30:27',1,0);

--
-- Table structure for table `bl_address_format`
--

CREATE TABLE `bl_address_format` (
  `id_country` int(10) unsigned NOT NULL,
  `format` varchar(255) NOT NULL DEFAULT '',
  PRIMARY KEY (`id_country`)
) ENGINE=InnoDB DEFAULT CHARSET=utf8mb4;

--
-- Dumping data for table `bl_address_format`
--

INSERT INTO `bl_address_format` VALUES (1,'firstname lastname\ncompany\nvat_number\naddress1\naddress2\npostcode city\nCountry:name\nphone'),(2,'firstname lastname\ncompany\nvat_number\naddress1\naddress2\npostcode city\nCountry:name\nphone'),(3,'firstname lastname\ncompany\nvat_number\naddress1\naddress2\npostcode city\nCountry:name\nphone'),(4,'firstname lastname\ncompany\naddress1\naddress2\ncity State:name postcode\nCountry:name\nphone'),(5,'firstname lastname\ncompany\nvat_number\naddress1\naddress2\npostcode city\nCountry:name\nphone'),(6,'firstname lastname\ncompany\nvat_number\naddress1\naddress2\npostcode city\nCountry:name\nphone'),(7,'firstname lastname\ncompany\nvat_number\naddress1\naddress2\npostcode city\nCountry:name\nphone'),(8,'firstname lastname\ncompany\nvat_number\naddress1\naddress2\npostcode city\nCountry:name\nphone'),(9,'firstname lastname\ncompany\nvat_number\naddress1\naddress2\npostcode city\nCountry:name\nphone'),(10,'firstname lastname\ncompany\nvat_number\naddress1\naddress2\npostcode city\nState:name\nCountry:name\nphone'),(11,'firstname lastname\ncompany\nvat_number\naddress1\naddress2\npostcode city\nState:name\nCountry:name\nphone'),(12,'firstname lastname\ncompany\nvat_number\naddress1\naddress2\npostcode city\nCountry:name\nphone'),(13,'firstname lastname\ncompany\nvat_number\naddress1\naddress2\npostcode city\nCountry:name\nphone'),(14,'firstname lastname\ncompany\nvat_number\naddress1\naddress2\npostcode city\nCountry:name\nphone'),(15,'firstname lastname\ncompany\nvat_number\naddress1\naddress2\npostcode city\nCountry:name\nphone'),(16,'firstname lastname\ncompany\nvat_number\naddress1\naddress2\npostcode city\nCountry:name\nphone'),(17,'firstname lastname\ncompany\nvat_number\naddress1\naddress2\ncity\npostcode\nCountry:name\nphone'),(18,'firstname lastname\ncompany\nvat_number\naddress1\naddress2\npostcode city\nCountry:name\nphone'),(19,'firstname lastname\ncompany\nvat_number\naddress1\naddress2\npostcode city\nCountry:name\nphone'),(20,'firstname lastname\ncompany\nvat_number\naddress1\naddress2\npostcode city\nCountry:name\nphone'),(21,'firstname lastname\ncompany\naddress1 address2\ncity, State:name postcode\nCountry:name\nphone'),(22,'firstname lastname\ncompany\nvat_number\naddress1\naddress2\npostcode city\nCountry:name\nphone'),(23,'firstname lastname\ncompany\nvat_number\naddress1\naddress2\npostcode city\nCountry:name\nphone'),(24,'firstname lastname\ncompany\nvat_number\naddress1\naddress2\ncity State:iso_code postcode\nCountry:name\nphone'),(25,'firstname lastname\ncompany\nvat_number\naddress1\naddress2\npostcode city\nCountry:name\nphone'),(26,'firstname lastname\ncompany\nvat_number\naddress1\naddress2\npostcode city\nCountry:name\nphone'),(27,'firstname lastname\ncompany\nvat_number\naddress1\naddress2\npostcode city\nCountry:name\nphone'),(28,'firstname lastname\ncompany\nvat_number\naddress1\naddress2\npostcode city\nCountry:name\nphone'),(29,'firstname lastname\ncompany\nvat_number\naddress1\naddress2\npostcode city\nCountry:name\nphone'),(30,'firstname lastname\ncompany\nvat_number\naddress1\naddress2\npostcode city\nCountry:name\nphone'),(31,'firstname lastname\ncompany\nvat_number\naddress1\naddress2\npostcode city\nCountry:name\nphone'),(32,'firstname lastname\ncompany\nvat_number\naddress1\naddress2\npostcode city\nCountry:name\nphone'),(33,'firstname lastname\ncompany\nvat_number\naddress1\naddress2\npostcode city\nCountry:name\nphone'),(34,'firstname lastname\ncompany\nvat_number\naddress1\naddress2\npostcode city\nCountry:name\nphone'),(35,'firstname lastname\ncompany\nvat_number\naddress1\naddress2\npostcode city\nCountry:name\nphone'),(36,'firstname lastname\ncompany\nvat_number\naddress1\naddress2\npostcode city\nCountry:name\nphone'),(37,'firstname lastname\ncompany\nvat_number\naddress1\naddress2\npostcode city\nCountry:name\nphone'),(38,'firstname lastname\ncompany\nvat_number\naddress1\naddress2\npostcode city\nCountry:name\nphone'),(39,'firstname lastname\ncompany\nvat_number\naddress1\naddress2\npostcode city\nCountry:name\nphone'),(40,'firstname lastname\ncompany\nvat_number\naddress1\naddress2\npostcode city\nCountry:name\nphone'),(41,'firstname lastname\ncompany\nvat_number\naddress1\naddress2\npostcode city\nCountry:name\nphone'),(42,'firstname lastname\ncompany\nvat_number\naddress1\naddress2\npostcode city\nCountry:name\nphone'),(43,'firstname lastname\ncompany\nvat_number\naddress1\naddress2\npostcode city\nCountry:name\nphone'),(44,'firstname lastname\ncompany\nvat_number\naddress1\naddress2\npostcode city\nState:name\nCountry:name\nphone'),(45,'firstname lastname\ncompany\nvat_number\naddress1\naddress2\npostcode city\nCountry:name\nphone'),(46,'firstname lastname\ncompany\nvat_number\naddress1\naddress2\npostcode city\nCountry:name\nphone'),(47,'firstname lastname\ncompany\nvat_number\naddress1\naddress2\npostcode city\nCountry:name\nphone'),(48,'firstname lastname\ncompany\nvat_number\naddress1\naddress2\npostcode city\nCountry:name\nphone'),(49,'firstname lastname\ncompany\nvat_number\naddress1\naddress2\npostcode city\nCountry:name\nphone'),(50,'firstname lastname\ncompany\nvat_number\naddress1\naddress2\npostcode city\nCountry:name\nphone'),(51,'firstname lastname\ncompany\nvat_number\naddress1\naddress2\npostcode city\nCountry:name\nphone'),(52,'firstname lastname\ncompany\nvat_number\naddress1\naddress2\npostcode city\nCountry:name\nphone'),(53,'firstname lastname\ncompany\nvat_number\naddress1\naddress2\npostcode city\nCountry:name\nphone'),(54,'firstname lastname\ncompany\nvat_number\naddress1\naddress2\npostcode city\nCountry:name\nphone'),(55,'firstname lastname\ncompany\nvat_number\naddress1\naddress2\npostcode city\nCountry:name\nphone'),(56,'firstname lastname\ncompany\nvat_number\naddress1\naddress2\npostcode city\nCountry:name\nphone'),(57,'firstname lastname\ncompany\nvat_number\naddress1\naddress2\npostcode city\nCountry:name\nphone'),(58,'firstname lastname\ncompany\nvat_number\naddress1\naddress2\npostcode city\nCountry:name\nphone'),(59,'firstname lastname\ncompany\nvat_number\naddress1\naddress2\npostcode city\nCountry:name\nphone'),(60,'firstname lastname\ncompany\nvat_number\naddress1\naddress2\npostcode city\nCountry:name\nphone'),(61,'firstname lastname\ncompany\nvat_number\naddress1\naddress2\npostcode city\nCountry:name\nphone'),(62,'firstname lastname\ncompany\nvat_number\naddress1\naddress2\npostcode city\nCountry:name\nphone'),(63,'firstname lastname\ncompany\nvat_number\naddress1\naddress2\npostcode city\nCountry:name\nphone'),(64,'firstname lastname\ncompany\nvat_number\naddress1\naddress2\npostcode city\nCountry:name\nphone'),(65,'firstname lastname\ncompany\nvat_number\naddress1\naddress2\npostcode city\nCountry:name\nphone'),(66,'firstname lastname\ncompany\nvat_number\naddress1\naddress2\npostcode city\nCountry:name\nphone'),(67,'firstname lastname\ncompany\nvat_number\naddress1\naddress2\npostcode city\nCountry:name\nphone'),(68,'firstname lastname\ncompany\nvat_number\naddress1\naddress2\npostcode city\nCountry:name\nphone'),(69,'firstname lastname\ncompany\nvat_number\naddress1\naddress2\npostcode city\nCountry:name\nphone'),(70,'firstname lastname\ncompany\nvat_number\naddress1\naddress2\npostcode city\nCountry:name\nphone'),(71,'firstname lastname\ncompany\nvat_number\naddress1\naddress2\npostcode city\nCountry:name\nphone'),(72,'firstname lastname\ncompany\nvat_number\naddress1\naddress2\npostcode city\nCountry:name\nphone'),(73,'firstname lastname\ncompany\nvat_number\naddress1\naddress2\npostcode city\nCountry:name\nphone'),(74,'firstname lastname\ncompany\nvat_number\naddress1\naddress2\npostcode city\nCountry:name\nphone'),(75,'firstname lastname\ncompany\nvat_number\naddress1\naddress2\npostcode city\nCountry:name\nphone'),(76,'firstname lastname\ncompany\nvat_number\naddress1\naddress2\npostcode city\nCountry:name\nphone'),(77,'firstname lastname\ncompany\nvat_number\naddress1\naddress2\npostcode city\nCountry:name\nphone'),(78,'firstname lastname\ncompany\nvat_number\naddress1\naddress2\npostcode city\nCountry:name\nphone'),(79,'firstname lastname\ncompany\nvat_number\naddress1\naddress2\npostcode city\nCountry:name\nphone'),(80,'firstname lastname\ncompany\nvat_number\naddress1\naddress2\npostcode city\nCountry:name\nphone'),(81,'firstname lastname\ncompany\nvat_number\naddress1\naddress2\npostcode city\nCountry:name\nphone'),(82,'firstname lastname\ncompany\nvat_number\naddress1\naddress2\npostcode city\nCountry:name\nphone'),(83,'firstname lastname\ncompany\nvat_number\naddress1\naddress2\npostcode city\nCountry:name\nphone'),(84,'firstname lastname\ncompany\nvat_number\naddress1\naddress2\npostcode city\nCountry:name\nphone'),(85,'firstname lastname\ncompany\nvat_number\naddress1\naddress2\npostcode city\nCountry:name\nphone'),(86,'firstname lastname\ncompany\nvat_number\naddress1\naddress2\npostcode city\nCountry:name\nphone'),(87,'firstname lastname\ncompany\nvat_number\naddress1\naddress2\npostcode city\nCountry:name\nphone'),(88,'firstname lastname\ncompany\nvat_number\naddress1\naddress2\npostcode city\nCountry:name\nphone'),(89,'firstname lastname\ncompany\nvat_number\naddress1\naddress2\npostcode city\nCountry:name\nphone'),(90,'firstname lastname\ncompany\nvat_number\naddress1\naddress2\npostcode city\nCountry:name\nphone'),(91,'firstname lastname\ncompany\nvat_number\naddress1\naddress2\npostcode city\nCountry:name\nphone'),(92,'firstname lastname\ncompany\nvat_number\naddress1\naddress2\npostcode city\nCountry:name\nphone'),(93,'firstname lastname\ncompany\nvat_number\naddress1\naddress2\npostcode city\nCountry:name\nphone'),(94,'firstname lastname\ncompany\nvat_number\naddress1\naddress2\npostcode city\nCountry:name\nphone'),(95,'firstname lastname\ncompany\nvat_number\naddress1\naddress2\npostcode city\nCountry:name\nphone'),(96,'firstname lastname\ncompany\nvat_number\naddress1\naddress2\npostcode city\nCountry:name\nphone'),(97,'firstname lastname\ncompany\nvat_number\naddress1\naddress2\npostcode city\nCountry:name\nphone'),(98,'firstname lastname\ncompany\nvat_number\naddress1\naddress2\npostcode city\nCountry:name\nphone'),(99,'firstname lastname\ncompany\nvat_number\naddress1\naddress2\npostcode city\nCountry:name\nphone'),(100,'firstname lastname\ncompany\nvat_number\naddress1\naddress2\npostcode city\nCountry:name\nphone'),(101,'firstname lastname\ncompany\nvat_number\naddress1\naddress2\npostcode city\nCountry:name\nphone'),(102,'firstname lastname\ncompany\nvat_number\naddress1\naddress2\npostcode city\nCountry:name\nphone'),(103,'firstname lastname\ncompany\nvat_number\naddress1\naddress2\npostcode city\nCountry:name\nphone'),(104,'firstname lastname\ncompany\nvat_number\naddress1\naddress2\npostcode city\nCountry:name\nphone'),(105,'firstname lastname\ncompany\nvat_number\naddress1\naddress2\npostcode city\nCountry:name\nphone'),(106,'firstname lastname\ncompany\nvat_number\naddress1\naddress2\npostcode city\nCountry:name\nphone'),(107,'firstname lastname\ncompany\nvat_number\naddress1\naddress2\npostcode city\nCountry:name\nphone'),(108,'firstname lastname\ncompany\nvat_number\naddress1\naddress2\npostcode city\nCountry:name\nphone'),(109,'firstname lastname\ncompany\nvat_number\naddress1\naddress2\ncity\npostcode\nState:name\nCountry:name\nphone'),(110,'firstname lastname\ncompany\nvat_number\naddress1\naddress2\npostcode city\nState:name\nCountry:name\nphone'),(111,'firstname lastname\ncompany\nvat_number\naddress1\naddress2\npostcode city\nCountry:name\nphone'),(112,'firstname lastname\ncompany\nvat_number\naddress1\naddress2\npostcode city\nCountry:name\nphone'),(113,'firstname lastname\ncompany\nvat_number\naddress1\naddress2\npostcode city\nCountry:name\nphone'),(114,'firstname lastname\ncompany\nvat_number\naddress1\naddress2\npostcode city\nCountry:name\nphone'),(115,'firstname lastname\ncompany\nvat_number\naddress1\naddress2\npostcode city\nCountry:name\nphone'),(116,'firstname lastname\ncompany\nvat_number\naddress1\naddress2\npostcode city\nCountry:name\nphone'),(117,'firstname lastname\ncompany\nvat_number\naddress1\naddress2\npostcode city\nCountry:name\nphone'),(118,'firstname lastname\ncompany\nvat_number\naddress1\naddress2\npostcode city\nCountry:name\nphone'),(119,'firstname lastname\ncompany\nvat_number\naddress1\naddress2\npostcode city\nCountry:name\nphone'),(120,'firstname lastname\ncompany\nvat_number\naddress1\naddress2\npostcode city\nCountry:name\nphone'),(121,'firstname lastname\ncompany\nvat_number\naddress1\naddress2\npostcode city\nCountry:name\nphone'),(122,'firstname lastname\ncompany\nvat_number\naddress1\naddress2\npostcode city\nCountry:name\nphone'),(123,'firstname lastname\ncompany\nvat_number\naddress1\naddress2\npostcode city\nCountry:name\nphone'),(124,'firstname lastname\ncompany\nvat_number\naddress1\naddress2\npostcode city\nCountry:name\nphone'),(125,'firstname lastname\ncompany\nvat_number\naddress1\naddress2\npostcode city\nCountry:name\nphone'),(126,'firstname lastname\ncompany\nvat_number\naddress1\naddress2\npostcode city\nCountry:name\nphone'),(127,'firstname lastname\ncompany\nvat_number\naddress1\naddress2\npostcode city\nCountry:name\nphone'),(128,'firstname lastname\ncompany\nvat_number\naddress1\naddress2\npostcode city\nCountry:name\nphone'),(129,'firstname lastname\ncompany\nvat_number\naddress1\naddress2\npostcode city\nCountry:name\nphone'),(130,'firstname lastname\ncompany\nvat_number\naddress1\naddress2\npostcode city\nCountry:name\nphone'),(131,'firstname lastname\ncompany\nvat_number\naddress1\naddress2\npostcode city\nCountry:name\nphone'),(132,'firstname lastname\ncompany\nvat_number\naddress1\naddress2\npostcode city\nCountry:name\nphone'),(133,'firstname lastname\ncompany\nvat_number\naddress1\naddress2\npostcode city\nCountry:name\nphone'),(134,'firstname lastname\ncompany\nvat_number\naddress1\naddress2\npostcode city\nCountry:name\nphone'),(135,'firstname lastname\ncompany\nvat_number\naddress1\naddress2\npostcode city\nCountry:name\nphone'),(136,'firstname lastname\ncompany\nvat_number\naddress1\naddress2\npostcode city\nCountry:name\nphone'),(137,'firstname lastname\ncompany\nvat_number\naddress1\naddress2\npostcode city\nCountry:name\nphone'),(138,'firstname lastname\ncompany\nvat_number\naddress1\naddress2\npostcode city\nCountry:name\nphone'),(139,'firstname lastname\ncompany\nvat_number\naddress1\naddress2\npostcode city\nCountry:name\nphone'),(140,'firstname lastname\ncompany\nvat_number\naddress1\naddress2\npostcode city\nCountry:name\nphone'),(141,'firstname lastname\ncompany\nvat_number\naddress1\naddress2\npostcode city\nCountry:name\nphone'),(142,'firstname lastname\ncompany\nvat_number\naddress1\naddress2\npostcode city\nCountry:name\nphone'),(143,'firstname lastname\ncompany\nvat_number\naddress1\naddress2\npostcode city\nCountry:name\nphone'),(144,'firstname lastname\ncompany\nvat_number\naddress1\naddress2\npostcode city\nState:name\nCountry:name\nphone'),(145,'firstname lastname\ncompany\nvat_number\naddress1\naddress2\npostcode city\nCountry:name\nphone'),(146,'firstname lastname\ncompany\nvat_number\naddress1\naddress2\npostcode city\nCountry:name\nphone'),(147,'firstname lastname\ncompany\nvat_number\naddress1\naddress2\npostcode city\nCountry:name\nphone'),(148,'firstname lastname\ncompany\nvat_number\naddress1\naddress2\npostcode city\nCountry:name\nphone'),(149,'firstname lastname\ncompany\nvat_number\naddress1\naddress2\npostcode city\nCountry:name\nphone'),(150,'firstname lastname\ncompany\nvat_number\naddress1\naddress2\npostcode city\nCountry:name\nphone'),(151,'firstname lastname\ncompany\nvat_number\naddress1\naddress2\npostcode city\nCountry:name\nphone'),(152,'firstname lastname\ncompany\nvat_number\naddress1\naddress2\npostcode city\nCountry:name\nphone'),(153,'firstname lastname\ncompany\nvat_number\naddress1\naddress2\npostcode city\nCountry:name\nphone'),(154,'firstname lastname\ncompany\nvat_number\naddress1\naddress2\npostcode city\nCountry:name\nphone'),(155,'firstname lastname\ncompany\nvat_number\naddress1\naddress2\npostcode city\nCountry:name\nphone'),(156,'firstname lastname\ncompany\nvat_number\naddress1\naddress2\npostcode city\nCountry:name\nphone'),(157,'firstname lastname\ncompany\nvat_number\naddress1\naddress2\npostcode city\nCountry:name\nphone'),(158,'firstname lastname\ncompany\nvat_number\naddress1\naddress2\npostcode city\nCountry:name\nphone'),(159,'firstname lastname\ncompany\nvat_number\naddress1\naddress2\npostcode city\nCountry:name\nphone'),(160,'firstname lastname\ncompany\nvat_number\naddress1\naddress2\npostcode city\nCountry:name\nphone'),(161,'firstname lastname\ncompany\nvat_number\naddress1\naddress2\npostcode city\nCountry:name\nphone'),(162,'firstname lastname\ncompany\nvat_number\naddress1\naddress2\npostcode city\nCountry:name\nphone'),(163,'firstname lastname\ncompany\nvat_number\naddress1\naddress2\npostcode city\nCountry:name\nphone'),(164,'firstname lastname\ncompany\nvat_number\naddress1\naddress2\npostcode city\nCountry:name\nphone'),(165,'firstname lastname\ncompany\nvat_number\naddress1\naddress2\npostcode city\nCountry:name\nphone'),(166,'firstname lastname\ncompany\nvat_number\naddress1\naddress2\npostcode city\nCountry:name\nphone'),(167,'firstname lastname\ncompany\nvat_number\naddress1\naddress2\npostcode city\nCountry:name\nphone'),(168,'firstname lastname\ncompany\nvat_number\naddress1\naddress2\npostcode city\nCountry:name\nphone'),(169,'firstname lastname\ncompany\nvat_number\naddress1\naddress2\npostcode city\nCountry:name\nphone'),(170,'firstname lastname\ncompany\nvat_number\naddress1\naddress2\npostcode city\nCountry:name\nphone'),(171,'firstname lastname\ncompany\nvat_number\naddress1\naddress2\npostcode city\nCountry:name\nphone'),(172,'firstname lastname\ncompany\nvat_number\naddress1\naddress2\npostcode city\nCountry:name\nphone'),(173,'firstname lastname\ncompany\nvat_number\naddress1\naddress2\npostcode city\nCountry:name\nphone'),(174,'firstname lastname\ncompany\nvat_number\naddress1\naddress2\npostcode city\nCountry:name\nphone'),(175,'firstname lastname\ncompany\nvat_number\naddress1\naddress2\npostcode city\nCountry:name\nphone'),(176,'firstname lastname\ncompany\nvat_number\naddress1\naddress2\npostcode city\nCountry:name\nphone'),(177,'firstname lastname\ncompany\nvat_number\naddress1\naddress2\npostcode city\nCountry:name\nphone'),(178,'firstname lastname\ncompany\nvat_number\naddress1\naddress2\npostcode city\nCountry:name\nphone'),(179,'firstname lastname\ncompany\nvat_number\naddress1\naddress2\npostcode city\nCountry:name\nphone'),(180,'firstname lastname\ncompany\nvat_number\naddress1\naddress2\npostcode city\nCountry:name\nphone'),(181,'firstname lastname\ncompany\nvat_number\naddress1\naddress2\npostcode city\nCountry:name\nphone'),(182,'firstname lastname\ncompany\nvat_number\naddress1\naddress2\npostcode city\nCountry:name\nphone'),(183,'firstname lastname\ncompany\nvat_number\naddress1\naddress2\npostcode city\nCountry:name\nphone'),(184,'firstname lastname\ncompany\nvat_number\naddress1\naddress2\npostcode city\nCountry:name\nphone'),(185,'firstname lastname\ncompany\nvat_number\naddress1\naddress2\npostcode city\nCountry:name\nphone'),(186,'firstname lastname\ncompany\nvat_number\naddress1\naddress2\npostcode city\nCountry:name\nphone'),(187,'firstname lastname\ncompany\nvat_number\naddress1\naddress2\npostcode city\nCountry:name\nphone'),(188,'firstname lastname\ncompany\nvat_number\naddress1\naddress2\npostcode city\nCountry:name\nphone'),(189,'firstname lastname\ncompany\nvat_number\naddress1\naddress2\npostcode city\nCountry:name\nphone'),(190,'firstname lastname\ncompany\nvat_number\naddress1\naddress2\npostcode city\nCountry:name\nphone'),(191,'firstname lastname\ncompany\nvat_number\naddress1\naddress2\npostcode city\nCountry:name\nphone'),(192,'firstname lastname\ncompany\nvat_number\naddress1\naddress2\npostcode city\nCountry:name\nphone'),(193,'firstname lastname\ncompany\nvat_number\naddress1\naddress2\npostcode city\nCountry:name\nphone'),(194,'firstname lastname\ncompany\nvat_number\naddress1\naddress2\npostcode city\nCountry:name\nphone'),(195,'firstname lastname\ncompany\nvat_number\naddress1\naddress2\npostcode city\nCountry:name\nphone'),(196,'firstname lastname\ncompany\nvat_number\naddress1\naddress2\npostcode city\nCountry:name\nphone'),(197,'firstname lastname\ncompany\nvat_number\naddress1\naddress2\npostcode city\nCountry:name\nphone'),(198,'firstname lastname\ncompany\nvat_number\naddress1\naddress2\npostcode city\nCountry:name\nphone'),(199,'firstname lastname\ncompany\nvat_number\naddress1\naddress2\npostcode city\nCountry:name\nphone'),(200,'firstname lastname\ncompany\nvat_number\naddress1\naddress2\npostcode city\nCountry:name\nphone'),(201,'firstname lastname\ncompany\nvat_number\naddress1\naddress2\npostcode city\nCountry:name\nphone'),(202,'firstname lastname\ncompany\nvat_number\naddress1\naddress2\npostcode city\nCountry:name\nphone'),(203,'firstname lastname\ncompany\nvat_number\naddress1\naddress2\npostcode city\nCountry:name\nphone'),(204,'firstname lastname\ncompany\nvat_number\naddress1\naddress2\npostcode city\nCountry:name\nphone'),(205,'firstname lastname\ncompany\nvat_number\naddress1\naddress2\npostcode city\nCountry:name\nphone'),(206,'firstname lastname\ncompany\nvat_number\naddress1\naddress2\npostcode city\nCountry:name\nphone'),(207,'firstname lastname\ncompany\nvat_number\naddress1\naddress2\npostcode city\nCountry:name\nphone'),(208,'firstname lastname\ncompany\nvat_number\naddress1\naddress2\npostcode city\nCountry:name\nphone'),(209,'firstname lastname\ncompany\nvat_number\naddress1\naddress2\npostcode city\nCountry:name\nphone'),(210,'firstname lastname\ncompany\nvat_number\naddress1\naddress2\npostcode city\nCountry:name\nphone'),(211,'firstname lastname\ncompany\nvat_number\naddress1\naddress2\npostcode city\nCountry:name\nphone'),(212,'firstname lastname\ncompany\nvat_number\naddress1\naddress2\npostcode city\nCountry:name\nphone'),(213,'firstname lastname\ncompany\nvat_number\naddress1\naddress2\npostcode city\nCountry:name\nphone'),(214,'firstname lastname\ncompany\nvat_number\naddress1\naddress2\npostcode city\nCountry:name\nphone'),(215,'firstname lastname\ncompany\nvat_number\naddress1\naddress2\npostcode city\nCountry:name\nphone'),(216,'firstname lastname\ncompany\nvat_number\naddress1\naddress2\npostcode city\nCountry:name\nphone'),(217,'firstname lastname\ncompany\nvat_number\naddress1\naddress2\npostcode city\nCountry:name\nphone'),(218,'firstname lastname\ncompany\nvat_number\naddress1\naddress2\npostcode city\nCountry:name\nphone'),(219,'firstname lastname\ncompany\nvat_number\naddress1\naddress2\npostcode city\nCountry:name\nphone'),(220,'firstname lastname\ncompany\nvat_number\naddress1\naddress2\npostcode city\nCountry:name\nphone'),(221,'firstname lastname\ncompany\nvat_number\naddress1\naddress2\npostcode city\nCountry:name\nphone'),(222,'firstname lastname\ncompany\nvat_number\naddress1\naddress2\npostcode city\nCountry:name\nphone'),(223,'firstname lastname\ncompany\nvat_number\naddress1\naddress2\npostcode city\nCountry:name\nphone'),(224,'firstname lastname\ncompany\nvat_number\naddress1\naddress2\npostcode city\nCountry:name\nphone'),(225,'firstname lastname\ncompany\nvat_number\naddress1\naddress2\npostcode city\nCountry:name\nphone'),(226,'firstname lastname\ncompany\nvat_number\naddress1\naddress2\npostcode city\nCountry:name\nphone'),(227,'firstname lastname\ncompany\nvat_number\naddress1\naddress2\npostcode city\nCountry:name\nphone'),(228,'firstname lastname\ncompany\nvat_number\naddress1\naddress2\npostcode city\nCountry:name\nphone'),(229,'firstname lastname\ncompany\nvat_number\naddress1\naddress2\npostcode city\nCountry:name\nphone'),(230,'firstname lastname\ncompany\nvat_number\naddress1\naddress2\npostcode city\nCountry:name\nphone'),(231,'firstname lastname\ncompany\nvat_number\naddress1\naddress2\npostcode city\nCountry:name\nphone'),(232,'firstname lastname\ncompany\nvat_number\naddress1\naddress2\npostcode city\nCountry:name\nphone'),(233,'firstname lastname\ncompany\nvat_number\naddress1\naddress2\npostcode city\nCountry:name\nphone'),(234,'firstname lastname\ncompany\nvat_number\naddress1\naddress2\npostcode city\nCountry:name\nphone'),(235,'firstname lastname\ncompany\nvat_number\naddress1\naddress2\npostcode city\nCountry:name\nphone'),(236,'firstname lastname\ncompany\nvat_number\naddress1\naddress2\npostcode city\nCountry:name\nphone'),(237,'firstname lastname\ncompany\nvat_number\naddress1\naddress2\npostcode city\nCountry:name\nphone'),(238,'firstname lastname\ncompany\nvat_number\naddress1\naddress2\npostcode city\nCountry:name\nphone'),(239,'firstname lastname\ncompany\nvat_number\naddress1\naddress2\npostcode city\nCountry:name\nphone'),(240,'firstname lastname\ncompany\nvat_number\naddress1\naddress2\npostcode city\nCountry:name\nphone'),(241,'firstname lastname\ncompany\nvat_number\naddress1\naddress2\npostcode city\nCountry:name\nphone');

--
-- Table structure for table `bl_admin_filter`
--

CREATE TABLE `bl_admin_filter` (
  `id` int(11) NOT NULL AUTO_INCREMENT,
  `employee` int(11) NOT NULL,
  `shop` int(11) NOT NULL,
  `controller` varchar(60) COLLATE utf8mb4_unicode_ci NOT NULL,
  `action` varchar(100) COLLATE utf8mb4_unicode_ci NOT NULL,
  `filter` longtext COLLATE utf8mb4_unicode_ci NOT NULL,
  `filter_id` varchar(191) COLLATE utf8mb4_unicode_ci NOT NULL,
  PRIMARY KEY (`id`),
  UNIQUE KEY `admin_filter_search_id_idx` (`employee`,`shop`,`controller`,`action`,`filter_id`)
) ENGINE=InnoDB AUTO_INCREMENT=25 DEFAULT CHARSET=utf8mb4 COLLATE=utf8mb4_unicode_ci;

--
-- Dumping data for table `bl_admin_filter`
--

INSERT INTO `bl_admin_filter` VALUES (1,1,1,'','','{\"limit\":50,\"orderBy\":\"id_employee\",\"sortOrder\":\"asc\",\"filters\":[]}','employee'),(2,1,1,'ProductController','catalogAction','{\"filter_category\":\"\",\"filter_column_id_product\":\"\",\"filter_column_name\":\"\",\"filter_column_reference\":\"\",\"filter_column_name_category\":\"\",\"filter_column_price\":\"\",\"filter_column_sav_quantity\":\"\",\"filter_column_active\":\"\",\"last_offset\":\"20\",\"last_limit\":\"20\",\"last_orderBy\":\"id_product\",\"last_sortOrder\":\"desc\"}',''),(3,2,1,'','','{\"orderBy\":\"position\",\"sortOrder\":\"asc\",\"limit\":50,\"filters\":{\"id_category_parent\":2}}','category'),(4,2,1,'ProductController','catalogAction','{\"filter_category\":\"\",\"filter_column_id_product\":\"\",\"filter_column_name\":\"boeuf\",\"filter_column_reference\":\"\",\"filter_column_name_category\":\"\",\"filter_column_price\":\"\",\"filter_column_sav_quantity\":\"\",\"filter_column_active\":\"\",\"last_offset\":\"0\",\"last_limit\":\"300\",\"last_orderBy\":\"id_product\",\"last_sortOrder\":\"desc\"}',''),(5,2,1,'','','{\"limit\":50,\"orderBy\":\"id_employee\",\"sortOrder\":\"asc\",\"filters\":[]}','employee'),(6,5,1,'ProductController','catalogAction','{\"filter_category\":\"\",\"filter_column_id_product\":\"\",\"filter_column_name\":\"\",\"filter_column_reference\":\"\",\"filter_column_name_category\":\"\",\"filter_column_price\":\"\",\"filter_column_sav_quantity\":\"\",\"filter_column_active\":\"\",\"last_offset\":\"0\",\"last_limit\":\"300\",\"last_orderBy\":\"id_product\",\"last_sortOrder\":\"desc\"}',''),(7,5,1,'','','{\"orderBy\":\"position\",\"sortOrder\":\"asc\",\"limit\":50,\"filters\":{\"id_category_parent\":\"2\"}}','category'),(8,1,1,'','','{\"limit\":10,\"orderBy\":\"id_log\",\"sortOrder\":\"desc\",\"filters\":[]}','logs'),(9,3,1,'','','{\"limit\":50,\"orderBy\":\"id_employee\",\"sortOrder\":\"asc\",\"filters\":[]}','employee'),(10,3,1,'','','{\"orderBy\":\"position\",\"sortOrder\":\"asc\",\"limit\":50,\"filters\":{\"id_category_parent\":2}}','category'),(11,3,1,'','','{\"limit\":50,\"orderBy\":\"id_lang\",\"sortOrder\":\"ASC\",\"filters\":[]}','language'),(12,5,1,'','','{\"limit\":50,\"orderBy\":\"id_attachment\",\"sortOrder\":\"asc\",\"filters\":[]}','attachment'),(13,5,1,'','','{\"limit\":10,\"orderBy\":\"name\",\"sortOrder\":\"asc\",\"filters\":[]}','manufacturer'),(14,5,1,'','','{\"limit\":10,\"orderBy\":\"id_address\",\"sortOrder\":\"desc\",\"filters\":[]}','manufacturer_address'),(15,3,1,'','','{\"limit\":50,\"orderBy\":\"id_meta\",\"sortOrder\":\"asc\",\"filters\":[]}','meta'),(16,2,1,'','','{\"limit\":50,\"orderBy\":\"id_zone\",\"sortOrder\":\"asc\",\"filters\":[]}','zone'),(17,2,1,'','','{\"limit\":50,\"orderBy\":\"id_tax\",\"sortOrder\":\"asc\",\"filters\":[]}','tax'),(18,2,1,'','','{\"limit\":10,\"orderBy\":\"id_contact\",\"sortOrder\":\"asc\",\"filters\":[]}','contact'),(19,2,1,'','','{\"orderBy\":\"position\",\"sortOrder\":\"asc\",\"limit\":50,\"filters\":{\"id_cms_category_parent\":1}}','cms_page_category'),(20,2,1,'','','{\"orderBy\":\"position\",\"sortOrder\":\"asc\",\"limit\":50,\"filters\":{\"id_cms_category_parent\":1}}','cms_page'),(21,3,1,'ProductController','catalogAction','{\"filter_category\":\"\",\"filter_column_id_product\":\"\",\"filter_column_name\":\"\",\"filter_column_reference\":\"\",\"filter_column_name_category\":\"\",\"filter_column_price\":\"\",\"filter_column_sav_quantity\":\"\",\"filter_column_active\":\"\",\"last_offset\":\"300\",\"last_limit\":\"100\",\"last_orderBy\":\"id_product\",\"last_sortOrder\":\"desc\"}',''),(22,3,1,'','','{\"limit\":10,\"orderBy\":\"id_contact\",\"sortOrder\":\"asc\",\"filters\":[]}','contact'),(23,3,1,'','','{\"orderBy\":\"position\",\"sortOrder\":\"asc\",\"limit\":50,\"filters\":{\"id_cms_category_parent\":1}}','cms_page_category'),(24,3,1,'','','{\"orderBy\":\"position\",\"sortOrder\":\"asc\",\"limit\":50,\"filters\":{\"id_cms_category_parent\":1}}','cms_page');

--
-- Table structure for table `bl_alias`
--

CREATE TABLE `bl_alias` (
  `id_alias` int(10) unsigned NOT NULL AUTO_INCREMENT,
  `alias` varchar(191) NOT NULL,
  `search` varchar(255) NOT NULL,
  `active` tinyint(1) NOT NULL DEFAULT '1',
  PRIMARY KEY (`id_alias`),
  UNIQUE KEY `alias` (`alias`)
) ENGINE=InnoDB AUTO_INCREMENT=3 DEFAULT CHARSET=utf8mb4;

--
-- Dumping data for table `bl_alias`
--

INSERT INTO `bl_alias` VALUES (1,'bloose','blouse',1),(2,'blues','blouse',1);

--
-- Table structure for table `bl_an_advantages`
--

CREATE TABLE `bl_an_advantages` (
  `id_advantage` int(10) unsigned NOT NULL AUTO_INCREMENT,
  `image` varchar(255) NOT NULL,
  `active` tinyint(1) unsigned NOT NULL DEFAULT '1',
  `position` int(10) NOT NULL,
  PRIMARY KEY (`id_advantage`)
) ENGINE=InnoDB AUTO_INCREMENT=4 DEFAULT CHARSET=utf8;

--
-- Dumping data for table `bl_an_advantages`
--

INSERT INTO `bl_an_advantages` VALUES (1,'0e3bf7841e1141ad448539a3d0651138.svg',1,0),(2,'bf27c87949abdf12fcf8cf5e0ae391a3.svg',1,0),(3,'bdddf4ecdd41c10be3e18ccd3666f7ee.svg',1,0);

--
-- Table structure for table `bl_an_advantages_lang`
--

CREATE TABLE `bl_an_advantages_lang` (
  `id_advantage` int(10) unsigned NOT NULL,
  `title` varchar(255) NOT NULL,
  `link` varchar(255) NOT NULL,
  `text` text,
  `id_lang` varchar(255) NOT NULL,
  PRIMARY KEY (`id_advantage`,`id_lang`)
) ENGINE=InnoDB DEFAULT CHARSET=utf8;

--
-- Dumping data for table `bl_an_advantages_lang`
--

INSERT INTO `bl_an_advantages_lang` VALUES (1,'Free shipping','#','<p>Ut perspiciatis, unde omnis iste natus error sit voluptatem accusantium doloremque</p>','1'),(1,'Free shipping','#','<p>Ut perspiciatis, unde omnis iste natus error sit voluptatem accusantium doloremque</p>','2'),(1,'Free shipping','#','<p>Ut perspiciatis, unde omnis iste natus error sit voluptatem accusantium doloremque</p>','3'),(2,'Support 24/7','#','<p>Sed ut perspiciatis, unde omnis iste natus error sit voluptatem accusantium doloremque laudantium</p>','1'),(2,'Support 24/7','#','<p>Sed ut perspiciatis, unde omnis iste natus error sit voluptatem accusantium doloremque laudantium</p>','2'),(2,'Support 24/7','#','<p>Sed ut perspiciatis, unde omnis iste natus error sit voluptatem accusantium doloremque laudantium</p>','3'),(3,'money back guaranted','#','<p>Perspiciatis, unde omnis iste natus error sit voluptatem accusantium doloremque laudantium, totam rem aperiam</p>','1'),(3,'money back guaranted','#','<p>Perspiciatis, unde omnis iste natus error sit voluptatem accusantium doloremque laudantium, totam rem aperiam</p>','2'),(3,'money back guaranted','#','<p>Perspiciatis, unde omnis iste natus error sit voluptatem accusantium doloremque laudantium, totam rem aperiam</p>','3');

--
-- Table structure for table `bl_an_advantages_shop`
--

CREATE TABLE `bl_an_advantages_shop` (
  `id_advantage` int(10) unsigned NOT NULL,
  `id_shop` int(10) unsigned NOT NULL,
  PRIMARY KEY (`id_advantage`,`id_shop`)
) ENGINE=InnoDB DEFAULT CHARSET=utf8;

--
-- Dumping data for table `bl_an_advantages_shop`
--


--
-- Table structure for table `bl_an_banners`
--

CREATE TABLE `bl_an_banners` (
  `id_banner` int(10) unsigned NOT NULL AUTO_INCREMENT,
  `special_id_banner` varchar(50) NOT NULL,
  `hook` varchar(255) NOT NULL,
  `col` varchar(255) NOT NULL,
  `active` tinyint(1) unsigned NOT NULL DEFAULT '1',
  `position` int(10) NOT NULL,
  `template` varchar(255) NOT NULL,
  PRIMARY KEY (`id_banner`)
) ENGINE=InnoDB AUTO_INCREMENT=8 DEFAULT CHARSET=utf8;

--
-- Dumping data for table `bl_an_banners`
--

INSERT INTO `bl_an_banners` VALUES (1,'6346bee871259','displayHome','6',1,0,'default'),(2,'6346bf2ce1d44','displayHome','6',1,0,'default'),(3,'647f2d42099ed','displayHome','6',1,0,'default'),(4,'647f2d79ee5a3','displayHome','6',1,0,'default'),(5,'647f2da4de4ba','displayHome','6',1,0,'default'),(6,'647f2dd021e48','displayHome','6',1,0,'default'),(7,'647f3247dceed','displayFooter','12',1,0,'simple_text');

--
-- Table structure for table `bl_an_banners_lang`
--

CREATE TABLE `bl_an_banners_lang` (
  `id_banner` int(10) unsigned NOT NULL,
  `title` varchar(255) NOT NULL,
  `text` text,
  `link` varchar(255) NOT NULL,
  `image` varchar(255) NOT NULL,
  `id_lang` varchar(255) NOT NULL,
  PRIMARY KEY (`id_banner`,`id_lang`)
) ENGINE=InnoDB DEFAULT CHARSET=utf8;

--
-- Dumping data for table `bl_an_banners_lang`
--

INSERT INTO `bl_an_banners_lang` VALUES (1,'NOS ARTISANS','<p>Magasinez maintenant</p>','#','33770778e59063cd3c001d9709012caa_1.png','1'),(1,'L:A BRUKET','<p>best seller</p>','#','2_1e361cf5e3dba542218490d0fbd740d2_1.jpg','2'),(1,'L:A BRUKET','<p>best seller</p>','#','3_1e361cf5e3dba542218490d0fbd740d2_1.jpg','3'),(2,'ÉPICERIE FINE','<p>Magasinez maintenant</p>','/11-epicerie-fine','3aceda851de124130396d92b9cdc36c1_1.png','1'),(2,'Natural skincare','<p>new arrival</p>','#','2_31ff75d81d241cdc996990647480b1bd_1.jpg','2'),(2,'Natural skincare','<p>new arrival</p>','#','3_31ff75d81d241cdc996990647480b1bd_1.jpg','3'),(3,'SANS GLUTEN','<p>Magasinez maintenant</p>','/15-sans-gluten','ee8568f096c42666b3e0af947b06c9b7_1.png','1'),(3,'','','','','2'),(3,'','','','','3'),(4,'VIANDE','<p>Magasinez maintenant</p>','/12-viande','d0ac3ce165eb86146d096c15c6721c46_1.png','1'),(4,'','','','','2'),(4,'','','','','3'),(5,'BOISSON','<p>Magasinez maintenant</p>','/13-boisson','87b8f6ed27ac72f2c785116d66b4cc61_1.png','1'),(5,'','','','','2'),(5,'','','','','3'),(6,'PRODUIT DU TERROIR','<p>Magasinez maintenant</p>','/10-produit-du-terroir','70eae1bd14238a5b028003613e1c6da2_1.png','1'),(6,'','','','','2'),(6,'','','','','3'),(7,'','<p class=\"camping\">Visitez notre camping -  <a href=\"https://www.campinglaccopping.com\" target=\"_blank\" rel=\"noopener\">Camping Lac Copping</a></p>','','','1'),(7,'','','','','2'),(7,'','','','','3');

--
-- Table structure for table `bl_an_banners_shop`
--

CREATE TABLE `bl_an_banners_shop` (
  `id_banner` int(10) unsigned NOT NULL,
  `id_shop` int(10) unsigned NOT NULL,
  PRIMARY KEY (`id_banner`,`id_shop`)
) ENGINE=InnoDB DEFAULT CHARSET=utf8;

--
-- Dumping data for table `bl_an_banners_shop`
--


--
-- Table structure for table `bl_an_homeproducts_banners`
--

CREATE TABLE `bl_an_homeproducts_banners` (
  `id_banner` int(10) unsigned NOT NULL AUTO_INCREMENT,
  `special_id_banner` varchar(50) NOT NULL,
  `block` int(10) unsigned NOT NULL,
  `block_position` int(10) unsigned NOT NULL,
  `col` int(10) NOT NULL DEFAULT '12',
  `color_title` varchar(20) NOT NULL,
  `color_text` varchar(20) NOT NULL,
  `template` varchar(255) NOT NULL,
  `active` tinyint(1) unsigned NOT NULL DEFAULT '1',
  `position` int(10) NOT NULL,
  PRIMARY KEY (`id_banner`)
) ENGINE=InnoDB AUTO_INCREMENT=3 DEFAULT CHARSET=utf8;

--
-- Dumping data for table `bl_an_homeproducts_banners`
--

INSERT INTO `bl_an_homeproducts_banners` VALUES (1,'1',0,0,6,'','','default',0,0),(2,'2',0,0,6,'','','default',0,0);

--
-- Table structure for table `bl_an_homeproducts_banners_lang`
--

CREATE TABLE `bl_an_homeproducts_banners_lang` (
  `id_banner` int(10) unsigned NOT NULL,
  `title` varchar(255) NOT NULL,
  `text` text,
  `link` varchar(255) NOT NULL,
  `image` varchar(255) NOT NULL,
  `id_lang` varchar(255) NOT NULL,
  PRIMARY KEY (`id_banner`,`id_lang`)
) ENGINE=InnoDB DEFAULT CHARSET=utf8;

--
-- Dumping data for table `bl_an_homeproducts_banners_lang`
--

INSERT INTO `bl_an_homeproducts_banners_lang` VALUES (1,'Bath & body','<p>15 products</p>','#','f6d62e8b573c56b4a78eb3fbe3c36535_1.jpg','1'),(1,'Bath & body','<p>15 products</p>','#','2_f6d62e8b573c56b4a78eb3fbe3c36535_1.jpg','2'),(1,'Bath & body','<p>15 products</p>','#','188f78513e2d6b6c82614caf5fdbd376_3.jpg','3'),(2,'Skin care','<p>15 products</p>','#','ae8072c09c5d54492c0841c9e16ebc1c_1.jpg','1'),(2,'Skin care','<p>15 products</p>','#','2_ae8072c09c5d54492c0841c9e16ebc1c_1.jpg','2'),(2,'Skin care','<p>15 products</p>','#','bd06ec90cb5328fd7cb7b2b67be0b63a_3.jpg','3');

--
-- Table structure for table `bl_an_homeproducts_banners_shop`
--

CREATE TABLE `bl_an_homeproducts_banners_shop` (
  `id_banner` int(10) unsigned NOT NULL,
  `id_shop` int(10) unsigned NOT NULL,
  PRIMARY KEY (`id_banner`,`id_shop`)
) ENGINE=InnoDB DEFAULT CHARSET=utf8;

--
-- Dumping data for table `bl_an_homeproducts_banners_shop`
--


--
-- Table structure for table `bl_an_homeproducts_blocks`
--

CREATE TABLE `bl_an_homeproducts_blocks` (
  `id_block` int(10) unsigned NOT NULL AUTO_INCREMENT,
  `special_id_block` varchar(50) NOT NULL,
  `type` varchar(25) NOT NULL,
  `active` tinyint(1) unsigned NOT NULL DEFAULT '1',
  `show_sort` tinyint(1) unsigned NOT NULL DEFAULT '0',
  `products_display` int(10) NOT NULL DEFAULT '8',
  `id_category` int(10) NOT NULL DEFAULT '0',
  `show_sub_cat` tinyint(1) unsigned NOT NULL DEFAULT '0',
  `position` int(10) NOT NULL,
  PRIMARY KEY (`id_block`)
) ENGINE=InnoDB AUTO_INCREMENT=4 DEFAULT CHARSET=utf8;

--
-- Dumping data for table `bl_an_homeproducts_blocks`
--

INSERT INTO `bl_an_homeproducts_blocks` VALUES (1,'1','category',1,0,8,68,1,0),(2,'2','prices-drop',1,0,8,2,1,0),(3,'3','best-sales',1,0,8,10,0,0);

--
-- Table structure for table `bl_an_homeproducts_blocks_categories`
--

CREATE TABLE `bl_an_homeproducts_blocks_categories` (
  `id_block` int(10) unsigned NOT NULL,
  `id_category` int(10) unsigned NOT NULL,
  PRIMARY KEY (`id_block`,`id_category`)
) ENGINE=InnoDB DEFAULT CHARSET=utf8;

--
-- Dumping data for table `bl_an_homeproducts_blocks_categories`
--

INSERT INTO `bl_an_homeproducts_blocks_categories` VALUES (1,10),(1,11),(1,12),(1,13),(1,14),(1,15),(1,16),(1,17),(1,18),(1,19),(1,20),(1,21),(1,22),(1,23),(1,24),(1,25),(1,26),(1,27),(1,28),(1,29),(1,30),(1,31),(1,32),(1,33),(1,34),(1,35),(1,36),(1,37),(1,38),(1,39),(1,40),(1,41),(1,42),(1,43),(1,44),(1,45),(1,46),(1,47),(1,48),(1,49),(1,50),(1,51),(1,52),(1,53),(1,54),(1,55),(1,56),(1,57),(1,58),(1,59),(1,60),(1,61),(1,62),(1,63),(1,64),(1,65),(1,66),(1,67),(2,10),(2,11),(2,12),(2,13),(2,14),(2,15),(2,16),(3,0);

--
-- Table structure for table `bl_an_homeproducts_blocks_lang`
--

CREATE TABLE `bl_an_homeproducts_blocks_lang` (
  `id_block` int(10) unsigned NOT NULL,
  `title` varchar(255) NOT NULL,
  `text` text,
  `link` varchar(255) NOT NULL,
  `id_lang` varchar(255) NOT NULL,
  PRIMARY KEY (`id_block`,`id_lang`)
) ENGINE=InnoDB DEFAULT CHARSET=utf8;

--
-- Dumping data for table `bl_an_homeproducts_blocks_lang`
--

INSERT INTO `bl_an_homeproducts_blocks_lang` VALUES (1,'Découvrez nos produits','','','1'),(1,'New arrival','','','2'),(1,'New arrival','','','3'),(2,'Promotions','','','1'),(2,'Popular','','','2'),(2,'Popular','','','3'),(3,'Meilleures ventes','','','1'),(3,'Best sellers','','','2'),(3,'Best sellers','','','3');

--
-- Table structure for table `bl_an_homeproducts_blocks_products`
--

CREATE TABLE `bl_an_homeproducts_blocks_products` (
  `id_block` int(10) unsigned NOT NULL,
  `id_product` int(10) unsigned NOT NULL,
  PRIMARY KEY (`id_block`,`id_product`)
) ENGINE=InnoDB DEFAULT CHARSET=utf8;

--
-- Dumping data for table `bl_an_homeproducts_blocks_products`
--


--
-- Table structure for table `bl_an_homeproducts_blocks_shop`
--

CREATE TABLE `bl_an_homeproducts_blocks_shop` (
  `id_block` int(10) unsigned NOT NULL,
  `id_shop` int(10) unsigned NOT NULL,
  PRIMARY KEY (`id_block`,`id_shop`)
) ENGINE=InnoDB DEFAULT CHARSET=utf8;

--
-- Dumping data for table `bl_an_homeproducts_blocks_shop`
--


--
-- Table structure for table `bl_an_homeslider_sliders`
--

CREATE TABLE `bl_an_homeslider_sliders` (
  `id_slider` int(10) unsigned NOT NULL AUTO_INCREMENT,
  `active` tinyint(1) unsigned NOT NULL DEFAULT '1',
  `hook` varchar(255) NOT NULL,
  `preloader` tinyint(1) unsigned NOT NULL DEFAULT '1',
  `preloader_height_1920` int(10) unsigned NOT NULL,
  `preloader_height_1600` int(10) unsigned NOT NULL,
  `preloader_height_1366` int(10) unsigned NOT NULL,
  `preloader_height_991` int(10) unsigned NOT NULL,
  `preloader_height_767` int(10) unsigned NOT NULL,
  `lazy_load` tinyint(1) unsigned NOT NULL DEFAULT '1',
  `loop` tinyint(1) unsigned NOT NULL DEFAULT '1',
  `nav` tinyint(1) unsigned NOT NULL DEFAULT '1',
  `dots` tinyint(1) unsigned NOT NULL DEFAULT '1',
  `autoplay` tinyint(1) unsigned NOT NULL DEFAULT '1',
  `smartspeed` int(10) unsigned NOT NULL,
  `autoplay_timeout` int(10) unsigned NOT NULL,
  `responsive_image` tinyint(1) unsigned NOT NULL DEFAULT '1',
  `show_on` int(10) unsigned NOT NULL,
  `show_content_on` int(10) unsigned NOT NULL,
  PRIMARY KEY (`id_slider`)
) ENGINE=InnoDB AUTO_INCREMENT=4 DEFAULT CHARSET=utf8;

--
-- Dumping data for table `bl_an_homeslider_sliders`
--

INSERT INTO `bl_an_homeslider_sliders` VALUES (2,1,'displayHomeSliderFullWidth',1,595,495,422,300,300,0,1,1,1,1,1500,7000,1,1,1),(3,1,'displayHomeSliderFullWidth',1,595,495,422,300,300,0,1,1,1,1,1500,5000,1,2,2);

--
-- Table structure for table `bl_an_homeslider_sliders_lang`
--

CREATE TABLE `bl_an_homeslider_sliders_lang` (
  `id_slider` int(10) unsigned NOT NULL,
  `title_slider` varchar(255) NOT NULL,
  `id_lang` varchar(255) NOT NULL,
  PRIMARY KEY (`id_lang`,`id_slider`)
) ENGINE=InnoDB DEFAULT CHARSET=utf8;

--
-- Dumping data for table `bl_an_homeslider_sliders_lang`
--

INSERT INTO `bl_an_homeslider_sliders_lang` VALUES (2,'homeslider','1'),(3,'Mobile HomeSlider','1'),(2,'homeslider','2'),(3,'','2'),(2,'homeslider','3'),(3,'','3');

--
-- Table structure for table `bl_an_homeslider_sliders_shop`
--

CREATE TABLE `bl_an_homeslider_sliders_shop` (
  `id_slider` int(10) unsigned NOT NULL,
  `id_shop` int(10) unsigned NOT NULL,
  PRIMARY KEY (`id_slider`,`id_shop`)
) ENGINE=InnoDB DEFAULT CHARSET=utf8;

--
-- Dumping data for table `bl_an_homeslider_sliders_shop`
--


--
-- Table structure for table `bl_an_homeslider_slides`
--

CREATE TABLE `bl_an_homeslider_slides` (
  `id_slide` int(10) unsigned NOT NULL AUTO_INCREMENT,
  `id_parent` int(10) unsigned NOT NULL,
  `active` tinyint(1) unsigned NOT NULL DEFAULT '1',
  `show_button` tinyint(1) unsigned NOT NULL DEFAULT '1',
  `position` int(10) NOT NULL,
  PRIMARY KEY (`id_slide`)
) ENGINE=InnoDB AUTO_INCREMENT=10 DEFAULT CHARSET=utf8;

--
-- Dumping data for table `bl_an_homeslider_slides`
--

INSERT INTO `bl_an_homeslider_slides` VALUES (1,2,0,1,0),(2,2,1,1,0),(3,2,1,1,0),(4,2,1,1,0),(5,2,1,1,0),(6,3,1,1,0),(7,3,1,1,0),(8,3,1,1,0),(9,3,1,1,0);

--
-- Table structure for table `bl_an_homeslider_slides_lang`
--

CREATE TABLE `bl_an_homeslider_slides_lang` (
  `id_slide` int(10) unsigned NOT NULL,
  `title` varchar(255) NOT NULL,
  `text` text,
  `text_of_button` varchar(255) NOT NULL,
  `link` varchar(255) NOT NULL,
  `image` varchar(255) NOT NULL,
  `id_lang` varchar(255) NOT NULL,
  PRIMARY KEY (`id_slide`,`id_lang`)
) ENGINE=InnoDB DEFAULT CHARSET=utf8;

--
-- Dumping data for table `bl_an_homeslider_slides_lang`
--

INSERT INTO `bl_an_homeslider_slides_lang` VALUES (1,'Saveurs de la méditerranée','<p>Coffret cadeau «Saveurs de la méditerranée». <span>Petite escale en <em>Méditerranée</em>, terre aux <em>senteurs</em> ensoleillées, mer au milieu de nos terres.</span></p>','Magasinez maintenant','/boutique/49--coffret-cadeau-saveurs-de-la-mediterranee.html','e4240532abe90857b14c9b8c499d7f03_1.png','1'),(1,'Parsley Seed Facial Cleanser','<p>Score a wardrobe win no matter the dress code with our Instinct own-label collection. From polished prom to the after party, our London-based design team scour the globe to nail your new-season fashion goals with need-right-now dresses, outerwear, shoes and denim in the coolest shapes and fits.</p>','Shop now','#','2_838ef40f236cc975a81a320a8114cb21_1.jpg','2'),(1,'Parsley Seed Facial Cleanser','<p>Score a wardrobe win no matter the dress code with our Instinct own-label collection. From polished prom to the after party, our London-based design team scour the globe to nail your new-season fashion goals with need-right-now dresses, outerwear, shoes and denim in the coolest shapes and fits.</p>','Shop now','#','3_838ef40f236cc975a81a320a8114cb21_1.jpg','3'),(2,'Produits du terroir','<p><span>Encourager les artisans et producteurs d\'ici en dégustant leurs produits.<br /></span></p>','Magasinez maintenant','/10-produit-du-terroir','539771398dc7331e13cec46acee57b71_1.png','1'),(2,'Colour Protection Shampoo','<p>Score a wardrobe win no matter the dress code with our Instinct own-label collection. From polished prom to the after party, our London-based design team scour the globe to nail your new-season fashion goals with need-right-now dresses, outerwear, shoes and denim in the coolest shapes and fits.</p>','Shop now','#','2_14b81bcd843815c73b433ef5ba3767eb_1.jpg','2'),(2,'Colour Protection Shampoo','<p>Score a wardrobe win no matter the dress code with our Instinct own-label collection. From polished prom to the after party, our London-based design team scour the globe to nail your new-season fashion goals with need-right-now dresses, outerwear, shoes and denim in the coolest shapes and fits.</p>','Shop now','#','3_14b81bcd843815c73b433ef5ba3767eb_1.jpg','3'),(3,'Comme vous les aimez!','<p>Produits frais et de qualité, le meilleur des deux mondes.</p>','Magasinez maintenant','/12-viande','4288abb3aa6030fba7c6979441549762_1.jpg','1'),(3,'','','','','','2'),(3,'','','','','','3'),(4,'Fait à la main','<p>Nos artisans vous offrent leurs créations faites avec bonheur!</p>','Magasinez maintenant','/14-nos-artisans','71e312acbf9c7fab9dcc675561241734_1.jpg','1'),(4,'','','','','','2'),(4,'','','','','','3'),(5,'Vos papilles veulent du changement?','<p>Notre épicerie fine va les gâter avec des saveurs irrésistibles.</p>','Magasinez maintenant','/11-epicerie-fine','a77197d1eeaecea42cdfd48f6a5998fd_1.jpg','1'),(5,'','','','','','2'),(5,'','','','','','3'),(6,'Produits du terroir','<p>Encourager les artisans et producteurs d\'ici en dégustant leurs produits.</p>','Magasinez','/10-produit-du-terroir','f061519afc9ceb49602757d019bff9ba_1.jpg','1'),(6,'','','','','','2'),(6,'','','','','','3'),(7,'Comme vous les aimez!','<p>Produits frais et de qualité, le meilleur des deux mondes.</p>','Magasinez','/12-viande','4092a24aee3d763aa1864f9bb3941163_1.jpg','1'),(7,'','','','','','2'),(7,'','','','','','3'),(8,'Fait à la main','<p>Nos artisans vous offrent leurs créations faites avec bonheur!</p>','Magasinez','/14-nos-artisans','d4973d81deb92bb76109d173f330f746_1.jpg','1'),(8,'','','','','','2'),(8,'','','','','','3'),(9,'Vos papilles veulent du changement?','<p>Notre épicerie fine va les gâter avec des saveurs irrésistibles.</p>','Magasinez','/11-epicerie-fine','fc3bd389ebd880d572a93d5c040b6548_1.jpg','1'),(9,'','','','','','2'),(9,'','','','','','3');

--
-- Table structure for table `bl_an_homeslider_slides_shop`
--

CREATE TABLE `bl_an_homeslider_slides_shop` (
  `id_slide` int(10) unsigned NOT NULL,
  `id_shop` int(10) unsigned NOT NULL,
  PRIMARY KEY (`id_slide`,`id_shop`)
) ENGINE=InnoDB DEFAULT CHARSET=utf8;

--
-- Dumping data for table `bl_an_homeslider_slides_shop`
--


--
-- Table structure for table `bl_an_productextratabs`
--

CREATE TABLE `bl_an_productextratabs` (
  `id_tab` int(10) unsigned NOT NULL AUTO_INCREMENT,
  `active` tinyint(1) unsigned NOT NULL DEFAULT '1',
  `combinations` tinyint(1) unsigned NOT NULL DEFAULT '0',
  `contactform` tinyint(1) unsigned NOT NULL DEFAULT '0',
  `note` varchar(255) NOT NULL,
  `relation` int(10) NOT NULL,
  `position` int(10) NOT NULL,
  PRIMARY KEY (`id_tab`)
) ENGINE=InnoDB AUTO_INCREMENT=3 DEFAULT CHARSET=utf8;

--
-- Dumping data for table `bl_an_productextratabs`
--

INSERT INTO `bl_an_productextratabs` VALUES (1,0,0,0,'',0,0),(2,0,0,0,'',0,0);

--
-- Table structure for table `bl_an_productextratabs_lang`
--

CREATE TABLE `bl_an_productextratabs_lang` (
  `id_tab` int(10) unsigned NOT NULL,
  `tab_content` text NOT NULL,
  `tab_name` varchar(255) NOT NULL,
  `id_lang` varchar(255) NOT NULL,
  PRIMARY KEY (`id_tab`,`id_lang`)
) ENGINE=InnoDB DEFAULT CHARSET=utf8;

--
-- Dumping data for table `bl_an_productextratabs_lang`
--

INSERT INTO `bl_an_productextratabs_lang` VALUES (1,'<p>You can customize it or disable in the backoffice: <strong>Modules / Module manager / Product Extra Tabs</strong>.</p>\r\n<p>Lorem ipsum dolor sit amet, consectetur adipiscing elit, sed do eiusmod tempor incididunt ut labore et dolore magna aliqua. Ut enim ad minim veniam, quis nostrud exercitation ullamco laboris nisi ut aliquip ex ea commodo consequat. Duis aute irure dolor in reprehenderit in voluptate velit esse cillum dolore eu fugiat nulla pariatur. Excepteur sint occaecat cupidatat non proident, sunt in culpa qui officia deserunt mollit anim id est laborum.</p>\r\n<p><img src=\"https://demo.anvanto.com/pages/anvanto-logo-for-tabs.jpg\" alt=\"\" /></p>','Custom tab 1','1'),(1,'<p>You can customize it or disable in the backoffice: <strong>Modules / Module manager / Product Extra Tabs</strong>.</p>\r\n<p>Lorem ipsum dolor sit amet, consectetur adipiscing elit, sed do eiusmod tempor incididunt ut labore et dolore magna aliqua. Ut enim ad minim veniam, quis nostrud exercitation ullamco laboris nisi ut aliquip ex ea commodo consequat. Duis aute irure dolor in reprehenderit in voluptate velit esse cillum dolore eu fugiat nulla pariatur. Excepteur sint occaecat cupidatat non proident, sunt in culpa qui officia deserunt mollit anim id est laborum.</p>\r\n<p><img src=\"https://demo.anvanto.com/pages/anvanto-logo-for-tabs.jpg\" alt=\"\" /></p>','Custom tab 1','2'),(1,'<p>You can customize it or disable in the backoffice: <strong>Modules / Module manager / Product Extra Tabs</strong>.</p>\r\n<p>Lorem ipsum dolor sit amet, consectetur adipiscing elit, sed do eiusmod tempor incididunt ut labore et dolore magna aliqua. Ut enim ad minim veniam, quis nostrud exercitation ullamco laboris nisi ut aliquip ex ea commodo consequat. Duis aute irure dolor in reprehenderit in voluptate velit esse cillum dolore eu fugiat nulla pariatur. Excepteur sint occaecat cupidatat non proident, sunt in culpa qui officia deserunt mollit anim id est laborum.</p>\r\n<p><img src=\"https://demo.anvanto.com/pages/anvanto-logo-for-tabs.jpg\" alt=\"\" /></p>','Custom tab 1','3'),(2,'<p>Lorem ipsum dolor sit amet, consectetur adipiscing elit, sed do eiusmod tempor incididunt ut labore et dolore magna aliqua. Ut enim ad minim veniam, quis nostrud exercitation ullamco laboris nisi ut aliquip ex ea commodo consequat. Duis aute irure dolor in reprehenderit in voluptate velit esse cillum dolore eu fugiat nulla pariatur. Excepteur sint occaecat cupidatat non proident, sunt in culpa qui officia deserunt mollit anim id est laborum.</p>','Custom tab 2','1'),(2,'<p>Lorem ipsum dolor sit amet, consectetur adipiscing elit, sed do eiusmod tempor incididunt ut labore et dolore magna aliqua. Ut enim ad minim veniam, quis nostrud exercitation ullamco laboris nisi ut aliquip ex ea commodo consequat. Duis aute irure dolor in reprehenderit in voluptate velit esse cillum dolore eu fugiat nulla pariatur. Excepteur sint occaecat cupidatat non proident, sunt in culpa qui officia deserunt mollit anim id est laborum.</p>','Custom tab 2','2'),(2,'<p>Lorem ipsum dolor sit amet, consectetur adipiscing elit, sed do eiusmod tempor incididunt ut labore et dolore magna aliqua. Ut enim ad minim veniam, quis nostrud exercitation ullamco laboris nisi ut aliquip ex ea commodo consequat. Duis aute irure dolor in reprehenderit in voluptate velit esse cillum dolore eu fugiat nulla pariatur. Excepteur sint occaecat cupidatat non proident, sunt in culpa qui officia deserunt mollit anim id est laborum.</p>','Custom tab 2','3');

--
-- Table structure for table `bl_an_productextratabs_relations`
--

CREATE TABLE `bl_an_productextratabs_relations` (
  `id_relation` int(11) NOT NULL AUTO_INCREMENT,
  `type` tinyint(1) unsigned NOT NULL DEFAULT '0',
  `id_tab` int(11) NOT NULL,
  `id_type` int(11) NOT NULL,
  PRIMARY KEY (`id_relation`)
) ENGINE=InnoDB AUTO_INCREMENT=5 DEFAULT CHARSET=utf8;

--
-- Dumping data for table `bl_an_productextratabs_relations`
--

INSERT INTO `bl_an_productextratabs_relations` VALUES (3,0,2,0),(4,0,1,0);

--
-- Table structure for table `bl_an_productextratabs_shop`
--

CREATE TABLE `bl_an_productextratabs_shop` (
  `id_tab` int(10) unsigned NOT NULL,
  `id_shop` int(10) unsigned NOT NULL,
  PRIMARY KEY (`id_tab`,`id_shop`)
) ENGINE=InnoDB DEFAULT CHARSET=utf8;

--
-- Dumping data for table `bl_an_productextratabs_shop`
--


--
-- Table structure for table `bl_an_size_guide_widgets`
--

CREATE TABLE `bl_an_size_guide_widgets` (
  `id_widget` int(10) unsigned NOT NULL AUTO_INCREMENT,
  `active` tinyint(1) unsigned NOT NULL DEFAULT '1',
  `position` int(10) NOT NULL,
  `relation` int(10) NOT NULL,
  PRIMARY KEY (`id_widget`)
) ENGINE=InnoDB AUTO_INCREMENT=2 DEFAULT CHARSET=utf8;

--
-- Dumping data for table `bl_an_size_guide_widgets`
--

INSERT INTO `bl_an_size_guide_widgets` VALUES (1,0,0,0);

--
-- Table structure for table `bl_an_size_guide_widgets_lang`
--

CREATE TABLE `bl_an_size_guide_widgets_lang` (
  `id_widget` int(10) unsigned NOT NULL,
  `sizeguide_title` varchar(255) NOT NULL,
  `sizeguide_content` text,
  `id_lang` varchar(255) NOT NULL,
  PRIMARY KEY (`id_widget`,`id_lang`)
) ENGINE=InnoDB DEFAULT CHARSET=utf8;

--
-- Dumping data for table `bl_an_size_guide_widgets_lang`
--

INSERT INTO `bl_an_size_guide_widgets_lang` VALUES (1,'Guide des tailles','<h3>Size Guide</h3>\r\n<p><span style=\"text-align: center;\">You can customize it or disable in the backoffice: Modules / Module manager / Size Guide. Displaying is possible for all products or for selected products, for selected categories.</span></p>\r\n<p><span style=\"text-align: center;\">This is an approximate conversion table to help you find your size. If you have already purchased an item by our brand, we recommend you select the same size as indicated on its label.</span></p>\r\n<p></p>\r\n<div class=\"sizetable-wrap-woman\">\r\n<h4>Women\'s apparel sizing</h4>\r\n<div class=\"size-table-wrap\">\r\n<table class=\"size-table\">\r\n<tbody>\r\n<tr>\r\n<th>International</th>\r\n<th>XS</th>\r\n<th>S</th>\r\n<th>M</th>\r\n<th>L</th>\r\n<th>XL</th>\r\n<th>XXL</th>\r\n<th>XXXL</th>\r\n</tr>\r\n<tr>\r\n<td>Europe</td>\r\n<td>32</td>\r\n<td>34</td>\r\n<td>36</td>\r\n<td>38</td>\r\n<td>40</td>\r\n<td>42</td>\r\n<td>44</td>\r\n</tr>\r\n<tr>\r\n<td>US</td>\r\n<td>0</td>\r\n<td>2</td>\r\n<td>4</td>\r\n<td>6</td>\r\n<td>8</td>\r\n<td>10</td>\r\n<td>12</td>\r\n</tr>\r\n<tr>\r\n<td>Chest fit (inches)</td>\r\n<td>28\"</td>\r\n<td>30\"</td>\r\n<td>32\"</td>\r\n<td>34\"</td>\r\n<td>36\"</td>\r\n<td>38\"</td>\r\n<td>40\"</td>\r\n</tr>\r\n<tr>\r\n<td>Chest fit (cm)</td>\r\n<td>71</td>\r\n<td>76</td>\r\n<td>81</td>\r\n<td>86</td>\r\n<td>91.5</td>\r\n<td>96.5</td>\r\n<td>101.1</td>\r\n</tr>\r\n<tr>\r\n<td>Waist fir (inches)</td>\r\n<td>21\"</td>\r\n<td>23\"</td>\r\n<td>25\"</td>\r\n<td>27\"</td>\r\n<td>29\"</td>\r\n<td>31\"</td>\r\n<td>33\"</td>\r\n</tr>\r\n<tr>\r\n<td>Waist fir (cm)</td>\r\n<td>53.5</td>\r\n<td>58.5</td>\r\n<td>63.5</td>\r\n<td>68.5</td>\r\n<td>74</td>\r\n<td>79</td>\r\n<td>84</td>\r\n</tr>\r\n<tr>\r\n<td>Hips fir (inches)</td>\r\n<td>33\"</td>\r\n<td>34\"</td>\r\n<td>36\"</td>\r\n<td>38\"</td>\r\n<td>40\"</td>\r\n<td>42\"</td>\r\n<td>44\"</td>\r\n</tr>\r\n<tr>\r\n<td>Hips fir (cm)</td>\r\n<td>81.5</td>\r\n<td>86.5</td>\r\n<td>91.5</td>\r\n<td>96.5</td>\r\n<td>101</td>\r\n<td>106.5</td>\r\n<td>111.5</td>\r\n</tr>\r\n<tr>\r\n<td>Skort lengths (sm)</td>\r\n<td>36.5</td>\r\n<td>38</td>\r\n<td>39.5</td>\r\n<td>41</td>\r\n<td>42.5</td>\r\n<td>44</td>\r\n<td>45.5</td>\r\n</tr>\r\n</tbody>\r\n</table>\r\n</div>\r\n</div>\r\n<div class=\"sizetable-wrap-man\">\r\n<h4>Men\'s apparel sizing</h4>\r\n<div class=\"size-table-wrap\">\r\n<table class=\"size-table\">\r\n<tbody>\r\n<tr>\r\n<th>International</th>\r\n<th>XS</th>\r\n<th>S</th>\r\n<th>M</th>\r\n<th>L</th>\r\n<th>XL</th>\r\n<th>XXL</th>\r\n<th>XXXL</th>\r\n</tr>\r\n<tr>\r\n<td>Europe</td>\r\n<td>32</td>\r\n<td>34</td>\r\n<td>36</td>\r\n<td>38</td>\r\n<td>40</td>\r\n<td>42</td>\r\n<td>44</td>\r\n</tr>\r\n<tr>\r\n<td>US</td>\r\n<td>0</td>\r\n<td>2</td>\r\n<td>4</td>\r\n<td>6</td>\r\n<td>8</td>\r\n<td>10</td>\r\n<td>12</td>\r\n</tr>\r\n<tr>\r\n<td>Chest fit (inches)</td>\r\n<td>33-35\"</td>\r\n<td>36-38\"</td>\r\n<td>39-41\"</td>\r\n<td>42-44\"</td>\r\n<td>45-47\"</td>\r\n<td>48-50\"</td>\r\n<td>51-53\"</td>\r\n</tr>\r\n<tr>\r\n<td>Chest fit (cm)</td>\r\n<td>84-89</td>\r\n<td>91-97</td>\r\n<td>98-104</td>\r\n<td>107-112</td>\r\n<td>114-119</td>\r\n<td>122-127</td>\r\n<td>129-134</td>\r\n</tr>\r\n<tr>\r\n<td>Waist fir (inches)</td>\r\n<td>28\"</td>\r\n<td>30\"</td>\r\n<td>32\"</td>\r\n<td>34\"</td>\r\n<td>36\"</td>\r\n<td>38\"</td>\r\n<td>40\"</td>\r\n</tr>\r\n<tr>\r\n<td>Waist fir (cm)</td>\r\n<td>71</td>\r\n<td>76</td>\r\n<td>81</td>\r\n<td>86</td>\r\n<td>91.5</td>\r\n<td>96.5</td>\r\n<td>101.5</td>\r\n</tr>\r\n<tr>\r\n<td>Skort lengths (sm)</td>\r\n<td>76</td>\r\n<td>77.5</td>\r\n<td>79</td>\r\n<td>81</td>\r\n<td>82.5</td>\r\n<td>84</td>\r\n<td>85.5</td>\r\n</tr>\r\n</tbody>\r\n</table>\r\n</div>\r\n</div>','1'),(1,'Size Guide','<h3>Size Guide</h3>\r\n<p><span style=\"text-align: center;\">You can customize it or disable in the backoffice: Modules / Module manager / Size Guide. Displaying is possible for all products or for selected products, for selected categories.</span></p>\r\n<p><span style=\"text-align: center;\">This is an approximate conversion table to help you find your size. If you have already purchased an item by our brand, we recommend you select the same size as indicated on its label.</span></p>\r\n<p></p>\r\n<div class=\"sizetable-wrap-woman\">\r\n<h4>Women\'s apparel sizing</h4>\r\n<div class=\"size-table-wrap\">\r\n<table class=\"size-table\">\r\n<tbody>\r\n<tr>\r\n<th>International</th>\r\n<th>XS</th>\r\n<th>S</th>\r\n<th>M</th>\r\n<th>L</th>\r\n<th>XL</th>\r\n<th>XXL</th>\r\n<th>XXXL</th>\r\n</tr>\r\n<tr>\r\n<td>Europe</td>\r\n<td>32</td>\r\n<td>34</td>\r\n<td>36</td>\r\n<td>38</td>\r\n<td>40</td>\r\n<td>42</td>\r\n<td>44</td>\r\n</tr>\r\n<tr>\r\n<td>US</td>\r\n<td>0</td>\r\n<td>2</td>\r\n<td>4</td>\r\n<td>6</td>\r\n<td>8</td>\r\n<td>10</td>\r\n<td>12</td>\r\n</tr>\r\n<tr>\r\n<td>Chest fit (inches)</td>\r\n<td>28\"</td>\r\n<td>30\"</td>\r\n<td>32\"</td>\r\n<td>34\"</td>\r\n<td>36\"</td>\r\n<td>38\"</td>\r\n<td>40\"</td>\r\n</tr>\r\n<tr>\r\n<td>Chest fit (cm)</td>\r\n<td>71</td>\r\n<td>76</td>\r\n<td>81</td>\r\n<td>86</td>\r\n<td>91.5</td>\r\n<td>96.5</td>\r\n<td>101.1</td>\r\n</tr>\r\n<tr>\r\n<td>Waist fir (inches)</td>\r\n<td>21\"</td>\r\n<td>23\"</td>\r\n<td>25\"</td>\r\n<td>27\"</td>\r\n<td>29\"</td>\r\n<td>31\"</td>\r\n<td>33\"</td>\r\n</tr>\r\n<tr>\r\n<td>Waist fir (cm)</td>\r\n<td>53.5</td>\r\n<td>58.5</td>\r\n<td>63.5</td>\r\n<td>68.5</td>\r\n<td>74</td>\r\n<td>79</td>\r\n<td>84</td>\r\n</tr>\r\n<tr>\r\n<td>Hips fir (inches)</td>\r\n<td>33\"</td>\r\n<td>34\"</td>\r\n<td>36\"</td>\r\n<td>38\"</td>\r\n<td>40\"</td>\r\n<td>42\"</td>\r\n<td>44\"</td>\r\n</tr>\r\n<tr>\r\n<td>Hips fir (cm)</td>\r\n<td>81.5</td>\r\n<td>86.5</td>\r\n<td>91.5</td>\r\n<td>96.5</td>\r\n<td>101</td>\r\n<td>106.5</td>\r\n<td>111.5</td>\r\n</tr>\r\n<tr>\r\n<td>Skort lengths (sm)</td>\r\n<td>36.5</td>\r\n<td>38</td>\r\n<td>39.5</td>\r\n<td>41</td>\r\n<td>42.5</td>\r\n<td>44</td>\r\n<td>45.5</td>\r\n</tr>\r\n</tbody>\r\n</table>\r\n</div>\r\n</div>\r\n<div class=\"sizetable-wrap-man\">\r\n<h4>Men\'s apparel sizing</h4>\r\n<div class=\"size-table-wrap\">\r\n<table class=\"size-table\">\r\n<tbody>\r\n<tr>\r\n<th>International</th>\r\n<th>XS</th>\r\n<th>S</th>\r\n<th>M</th>\r\n<th>L</th>\r\n<th>XL</th>\r\n<th>XXL</th>\r\n<th>XXXL</th>\r\n</tr>\r\n<tr>\r\n<td>Europe</td>\r\n<td>32</td>\r\n<td>34</td>\r\n<td>36</td>\r\n<td>38</td>\r\n<td>40</td>\r\n<td>42</td>\r\n<td>44</td>\r\n</tr>\r\n<tr>\r\n<td>US</td>\r\n<td>0</td>\r\n<td>2</td>\r\n<td>4</td>\r\n<td>6</td>\r\n<td>8</td>\r\n<td>10</td>\r\n<td>12</td>\r\n</tr>\r\n<tr>\r\n<td>Chest fit (inches)</td>\r\n<td>33-35\"</td>\r\n<td>36-38\"</td>\r\n<td>39-41\"</td>\r\n<td>42-44\"</td>\r\n<td>45-47\"</td>\r\n<td>48-50\"</td>\r\n<td>51-53\"</td>\r\n</tr>\r\n<tr>\r\n<td>Chest fit (cm)</td>\r\n<td>84-89</td>\r\n<td>91-97</td>\r\n<td>98-104</td>\r\n<td>107-112</td>\r\n<td>114-119</td>\r\n<td>122-127</td>\r\n<td>129-134</td>\r\n</tr>\r\n<tr>\r\n<td>Waist fir (inches)</td>\r\n<td>28\"</td>\r\n<td>30\"</td>\r\n<td>32\"</td>\r\n<td>34\"</td>\r\n<td>36\"</td>\r\n<td>38\"</td>\r\n<td>40\"</td>\r\n</tr>\r\n<tr>\r\n<td>Waist fir (cm)</td>\r\n<td>71</td>\r\n<td>76</td>\r\n<td>81</td>\r\n<td>86</td>\r\n<td>91.5</td>\r\n<td>96.5</td>\r\n<td>101.5</td>\r\n</tr>\r\n<tr>\r\n<td>Skort lengths (sm)</td>\r\n<td>76</td>\r\n<td>77.5</td>\r\n<td>79</td>\r\n<td>81</td>\r\n<td>82.5</td>\r\n<td>84</td>\r\n<td>85.5</td>\r\n</tr>\r\n</tbody>\r\n</table>\r\n</div>\r\n</div>','2'),(1,'Size Guide','<h3>Size Guide</h3>\r\n<p><span style=\"text-align: center;\">You can customize it or disable in the backoffice: Modules / Module manager / Size Guide. Displaying is possible for all products or for selected products, for selected categories.</span></p>\r\n<p><span style=\"text-align: center;\">This is an approximate conversion table to help you find your size. If you have already purchased an item by our brand, we recommend you select the same size as indicated on its label.</span></p>\r\n<p></p>\r\n<div class=\"sizetable-wrap-woman\">\r\n<h4>Women\'s apparel sizing</h4>\r\n<div class=\"size-table-wrap\">\r\n<table class=\"size-table\">\r\n<tbody>\r\n<tr>\r\n<th>International</th>\r\n<th>XS</th>\r\n<th>S</th>\r\n<th>M</th>\r\n<th>L</th>\r\n<th>XL</th>\r\n<th>XXL</th>\r\n<th>XXXL</th>\r\n</tr>\r\n<tr>\r\n<td>Europe</td>\r\n<td>32</td>\r\n<td>34</td>\r\n<td>36</td>\r\n<td>38</td>\r\n<td>40</td>\r\n<td>42</td>\r\n<td>44</td>\r\n</tr>\r\n<tr>\r\n<td>US</td>\r\n<td>0</td>\r\n<td>2</td>\r\n<td>4</td>\r\n<td>6</td>\r\n<td>8</td>\r\n<td>10</td>\r\n<td>12</td>\r\n</tr>\r\n<tr>\r\n<td>Chest fit (inches)</td>\r\n<td>28\"</td>\r\n<td>30\"</td>\r\n<td>32\"</td>\r\n<td>34\"</td>\r\n<td>36\"</td>\r\n<td>38\"</td>\r\n<td>40\"</td>\r\n</tr>\r\n<tr>\r\n<td>Chest fit (cm)</td>\r\n<td>71</td>\r\n<td>76</td>\r\n<td>81</td>\r\n<td>86</td>\r\n<td>91.5</td>\r\n<td>96.5</td>\r\n<td>101.1</td>\r\n</tr>\r\n<tr>\r\n<td>Waist fir (inches)</td>\r\n<td>21\"</td>\r\n<td>23\"</td>\r\n<td>25\"</td>\r\n<td>27\"</td>\r\n<td>29\"</td>\r\n<td>31\"</td>\r\n<td>33\"</td>\r\n</tr>\r\n<tr>\r\n<td>Waist fir (cm)</td>\r\n<td>53.5</td>\r\n<td>58.5</td>\r\n<td>63.5</td>\r\n<td>68.5</td>\r\n<td>74</td>\r\n<td>79</td>\r\n<td>84</td>\r\n</tr>\r\n<tr>\r\n<td>Hips fir (inches)</td>\r\n<td>33\"</td>\r\n<td>34\"</td>\r\n<td>36\"</td>\r\n<td>38\"</td>\r\n<td>40\"</td>\r\n<td>42\"</td>\r\n<td>44\"</td>\r\n</tr>\r\n<tr>\r\n<td>Hips fir (cm)</td>\r\n<td>81.5</td>\r\n<td>86.5</td>\r\n<td>91.5</td>\r\n<td>96.5</td>\r\n<td>101</td>\r\n<td>106.5</td>\r\n<td>111.5</td>\r\n</tr>\r\n<tr>\r\n<td>Skort lengths (sm)</td>\r\n<td>36.5</td>\r\n<td>38</td>\r\n<td>39.5</td>\r\n<td>41</td>\r\n<td>42.5</td>\r\n<td>44</td>\r\n<td>45.5</td>\r\n</tr>\r\n</tbody>\r\n</table>\r\n</div>\r\n</div>\r\n<div class=\"sizetable-wrap-man\">\r\n<h4>Men\'s apparel sizing</h4>\r\n<div class=\"size-table-wrap\">\r\n<table class=\"size-table\">\r\n<tbody>\r\n<tr>\r\n<th>International</th>\r\n<th>XS</th>\r\n<th>S</th>\r\n<th>M</th>\r\n<th>L</th>\r\n<th>XL</th>\r\n<th>XXL</th>\r\n<th>XXXL</th>\r\n</tr>\r\n<tr>\r\n<td>Europe</td>\r\n<td>32</td>\r\n<td>34</td>\r\n<td>36</td>\r\n<td>38</td>\r\n<td>40</td>\r\n<td>42</td>\r\n<td>44</td>\r\n</tr>\r\n<tr>\r\n<td>US</td>\r\n<td>0</td>\r\n<td>2</td>\r\n<td>4</td>\r\n<td>6</td>\r\n<td>8</td>\r\n<td>10</td>\r\n<td>12</td>\r\n</tr>\r\n<tr>\r\n<td>Chest fit (inches)</td>\r\n<td>33-35\"</td>\r\n<td>36-38\"</td>\r\n<td>39-41\"</td>\r\n<td>42-44\"</td>\r\n<td>45-47\"</td>\r\n<td>48-50\"</td>\r\n<td>51-53\"</td>\r\n</tr>\r\n<tr>\r\n<td>Chest fit (cm)</td>\r\n<td>84-89</td>\r\n<td>91-97</td>\r\n<td>98-104</td>\r\n<td>107-112</td>\r\n<td>114-119</td>\r\n<td>122-127</td>\r\n<td>129-134</td>\r\n</tr>\r\n<tr>\r\n<td>Waist fir (inches)</td>\r\n<td>28\"</td>\r\n<td>30\"</td>\r\n<td>32\"</td>\r\n<td>34\"</td>\r\n<td>36\"</td>\r\n<td>38\"</td>\r\n<td>40\"</td>\r\n</tr>\r\n<tr>\r\n<td>Waist fir (cm)</td>\r\n<td>71</td>\r\n<td>76</td>\r\n<td>81</td>\r\n<td>86</td>\r\n<td>91.5</td>\r\n<td>96.5</td>\r\n<td>101.5</td>\r\n</tr>\r\n<tr>\r\n<td>Skort lengths (sm)</td>\r\n<td>76</td>\r\n<td>77.5</td>\r\n<td>79</td>\r\n<td>81</td>\r\n<td>82.5</td>\r\n<td>84</td>\r\n<td>85.5</td>\r\n</tr>\r\n</tbody>\r\n</table>\r\n</div>\r\n</div>','3');

--
-- Table structure for table `bl_an_size_guide_widgets_relations`
--

CREATE TABLE `bl_an_size_guide_widgets_relations` (
  `id_relation` int(11) NOT NULL AUTO_INCREMENT,
  `widget` int(11) NOT NULL,
  `id_type` int(11) NOT NULL,
  `type` tinyint(1) unsigned NOT NULL DEFAULT '0',
  PRIMARY KEY (`id_relation`)
) ENGINE=InnoDB AUTO_INCREMENT=3 DEFAULT CHARSET=utf8;

--
-- Dumping data for table `bl_an_size_guide_widgets_relations`
--

INSERT INTO `bl_an_size_guide_widgets_relations` VALUES (2,1,0,0);

--
-- Table structure for table `bl_an_size_guide_widgets_shop`
--

CREATE TABLE `bl_an_size_guide_widgets_shop` (
  `id_widget` int(10) unsigned NOT NULL,
  `id_shop` int(10) unsigned NOT NULL,
  PRIMARY KEY (`id_widget`,`id_shop`)
) ENGINE=InnoDB DEFAULT CHARSET=utf8;

--
-- Dumping data for table `bl_an_size_guide_widgets_shop`
--


--
-- Table structure for table `bl_an_trust_badges_icons`
--

CREATE TABLE `bl_an_trust_badges_icons` (
  `icon_id` int(10) unsigned NOT NULL AUTO_INCREMENT,
  `active` tinyint(1) unsigned NOT NULL DEFAULT '1',
  `position` int(10) NOT NULL,
  `icon_title` varchar(255) NOT NULL,
  `file_name` varchar(150) NOT NULL,
  `code` text NOT NULL,
  `type_icon` int(10) NOT NULL,
  PRIMARY KEY (`icon_id`)
) ENGINE=InnoDB AUTO_INCREMENT=6 DEFAULT CHARSET=utf8;

--
-- Dumping data for table `bl_an_trust_badges_icons`
--

INSERT INTO `bl_an_trust_badges_icons` VALUES (1,0,0,'','','<svg id=\"layer\" xmlns=\"http://www.w3.org/2000/svg\" width=\"82\" viewBox=\"0 0 600 114.7\"><defs><style>.cls-1{fill:#000101;}.cls-2{fill:#ffdb00;}.cls-3{fill:#fff;}</style></defs><title>western-union-vector-logo</title><path class=\"cls-1\" d=\"M600,105.5a9.18,9.18,0,0,1-9.2,9.2H9.2A9.24,9.24,0,0,1,0,105.5V9.2A9.18,9.18,0,0,1,9.2,0H590.7a9.24,9.24,0,0,1,9.2,9.2v96.3Z\"/><polygon class=\"cls-2\" points=\"19.8 14.4 33.4 14.4 36.6 38.4 36.7 38.4 40.3 14.4 55.9 14.4 59.4 38.4 59.6 38.4 62.8 14.4 76.3 14.4 68.1 52.6 51.7 52.6 48.1 27.8 48 27.8 44.5 52.6 28.1 52.6 19.8 14.4\"/><polygon class=\"cls-2\" points=\"85.2 14.4 114.2 14.4 114.2 24.3 99.7 24.3 99.7 28.4 113.1 28.4 113.1 38.3 99.7 38.3 99.7 42.6 114.7 42.6 114.7 52.6 85.2 52.6 85.2 14.4\"/><path class=\"cls-2\" d=\"M145.2,25.2c0-2.4-1.4-3.2-3.3-3.2-2.4,0-3.5,1.1-3.5,2.2,0,1.4.9,1.9,2.5,2.4,2.9.8,8.3,1.9,12.1,3.5,4.8,2,6.9,5.5,6.9,10.1,0,9.4-7.6,13.3-18.4,13.3-9.2,0-17.7-2.9-17.7-12.8h14.5a4.7,4.7,0,0,0,.8,2.9,3.66,3.66,0,0,0,3,1.2c2.2,0,3.7-1.4,3.7-3.1,0-1.4-1.1-2.2-2.5-2.6l-10.8-3.2c-5.9-1.8-7.9-5.3-7.9-10.2,0-8,6.4-12.5,17.6-12.5,9.5,0,16.7,3,16.7,11.9H145.2Z\"/><polygon class=\"cls-2\" points=\"177.6 24.6 168.1 24.6 168.1 14.4 202.1 14.4 202.1 24.6 192.7 24.6 192.7 52.6 177.6 52.6 177.6 24.6\"/><polygon class=\"cls-2\" points=\"212 14.4 241 14.4 241 24.3 226.5 24.3 226.5 28.4 239.9 28.4 239.9 38.3 226.5 38.3 226.5 42.6 241.5 42.6 241.5 52.6 212 52.6 212 14.4\"/><path class=\"cls-2\" d=\"M252.3,14.4h22.6c8.2,0,13,2.5,13,9.7,0,4.4-1.9,7.7-7.6,9.1v.1c3.7.3,5.7,1.9,6.5,4.9.8,3.3.7,8.7,2.5,14.4H274.5c-.9-2.9-1.4-7.7-1.9-10.9-.3-1.9-1.3-2.6-3.7-2.6h-1.7V52.7H252.4V14.4Zm16.1,15.9c2.9,0,5-1,5-3.9s-2-3.4-4.9-3.4h-1.4v7.2h1.3Z\"/><polygon class=\"cls-2\" points=\"299.4 14.4 317.5 14.4 325.6 37.5 325.7 37.5 325.7 14.4 338 14.4 338 52.6 319.9 52.6 311.8 29.3 311.7 29.3 311.7 52.6 299.4 52.6 299.4 14.4\"/><path class=\"cls-2\" d=\"M159.6,85.5c0,9.2-6.6,13.8-18.1,13.8s-18.1-4.6-18.1-13.8V60.1h15.1V84.9c0,3,1.4,4.2,3,4.2s3-1.2,3-4.2V60.1h15.1Z\"/><polygon class=\"cls-2\" points=\"171.7 60.1 189.9 60.1 198 83.3 198.1 83.3 198.1 60.1 210.4 60.1 210.4 98.3 192.2 98.3 184.1 75 184 75 184 98.3 171.7 98.3 171.7 60.1\"/><rect class=\"cls-2\" x=\"222.8\" y=\"60.1\" width=\"15.1\" height=\"38.2\"/><path class=\"cls-2\" d=\"M268.6,59.1c13.2,0,19.7,8.2,19.7,20.1s-6.6,20.1-19.7,20.1-19.7-8.2-19.7-20.1,6.5-20.1,19.7-20.1m0,30.3c2.3,0,4.1-1.3,4.1-10.2,0-8.6-1.6-10.2-4.1-10.2s-4.1,1.5-4.1,10.2c0,8.9,1.8,10.2,4.1,10.2\"/><polygon class=\"cls-2\" points=\"299.4 60.1 317.5 60.1 325.6 83.3 325.7 83.3 325.7 60.1 338 60.1 338 98.3 319.9 98.3 311.8 75 311.7 75 311.7 98.3 299.4 98.3 299.4 60.1\"/><path class=\"cls-2\" d=\"M480.4,13.8H474l-7.2,53.6h-.2l-7.9-53.6H423.8l-7.9,53.6h-.2l-7.2-53.6H378.2L396.6,99h36.6l7.9-55.2h.2L449.2,99h36.6l1.8-8.5c-4.7-5-7.2-11.6-7.2-20.1V13.8Z\"/><path class=\"cls-3\" d=\"M480.4,13.8V70.4c0,8.4,2.5,15.1,7.2,20.1l16.6-76.7Z\"/><path class=\"cls-2\" d=\"M527.7,13.8V69c0,6.7-3.2,9.3-6.7,9.3s-6.7-2.6-6.7-9.3V13.8h-7.2l-17,78.8c6.9,5.7,17.3,8.7,30.9,8.7,25.7,0,40.5-10.3,40.5-30.8V13.9H527.7Z\"/><polygon class=\"cls-2\" points=\"356 13.8 351 13.8 369.1 99 374.1 99 356 13.8\"/><polygon class=\"cls-2\" points=\"382.8 99 387.8 99 369.7 13.8 364.7 13.8 382.8 99\"/><path class=\"cls-2\" d=\"M571.6,17.9c0-.6-.3-.8-.9-.8-.4,0-.9.2-.9.7s.5.7,1,.8c.8.2,2.1.5,2.1,1.6,0,1.4-1.2,1.9-2.4,1.9s-2.2-.5-2.2-1.9h1.2c0,.6.3,1,.9,1s1.1-.1,1.1-.7-.8-.7-1.3-.8c-.8-.2-1.9-.5-1.9-1.6,0-1.3,1.2-1.9,2.4-1.9a1.69,1.69,0,0,1,1.9,1.7Z\"/><polygon class=\"cls-2\" points=\"577.4 21.9 576.4 21.9 574.9 17.1 574.9 17.1 574.9 21.9 573.7 21.9 573.7 16.3 575.7 16.3 576.9 20.4 578.2 16.3 580.1 16.3 580.1 21.9 579 21.9 579 17.1 579 17.1 577.4 21.9\"/></svg>',1),(2,1,0,'','','<svg id=\"71d22610-8caf-4290-8c8e-f1ca1bdbfaa1\" width=\"52\" data-name=\"Layer 1\" xmlns=\"http://www.w3.org/2000/svg\" viewBox=\"0 0 1000.05 323.65\"><defs><style>.d43b9943-4a99-41e7-b6b1-dc832d2a74ed{fill:#00579f;}.\\33 674d6d1-1247-441a-b897-23bfb4a39f7e{fill:#faa61a;}</style></defs><title>Visa</title><g id=\"75e14b05-63ba-4723-8cdd-395e5becef4d\" data-name=\"g4158\"><polygon id=\"d4900c31-ec1f-4be2-bc7d-44b97a40df34\" data-name=\"polygon9\" class=\"d43b9943-4a99-41e7-b6b1-dc832d2a74ed\" points=\"433.35 318.98 352.34 318.98 403.01 5.68 484.02 5.68 433.35 318.98\"/><path id=\"995745dd-d4f4-47e9-9269-335185fcc585\" data-name=\"path11\" class=\"d43b9943-4a99-41e7-b6b1-dc832d2a74ed\" d=\"M727,13.34A199.62,199.62,0,0,0,654.36,0C574.36,0,518,42.66,517.68,103.65c-.66,45,40.34,70,71,85,31.34,15.33,42,25.34,42,39-.32,21-25.33,30.66-48.65,30.66-32.35,0-49.68-5-76-16.67l-10.67-5L484,307c19,8.65,54,16.34,90.35,16.67,85,0,140.34-42,141-107,.32-35.67-21.33-63-68-85.33-28.33-14.33-45.69-24-45.69-38.67.34-13.33,14.68-27,46.66-27,26.34-.67,45.69,5.66,60.35,12L716,81l11-67.65Z\" transform=\"translate(0 0)\"/><path id=\"c9f10e56-f260-4caa-85f1-875205acc23c\" data-name=\"path13\" class=\"d43b9943-4a99-41e7-b6b1-dc832d2a74ed\" d=\"M834.69,208c6.68-18,32.35-87.66,32.35-87.66-.34.67,6.66-18.33,10.66-30l5.66,27S898.7,192.33,902,208Zm100-202.31H872c-19.32,0-34,5.66-42.34,26L709.36,319h85l17-47h104c2.33,11,9.67,47,9.67,47h75L934.69,5.68Z\" transform=\"translate(0 0)\"/><path id=\"94c3c7ae-2ba4-4490-a56c-a687f68564f2\" data-name=\"path15\" class=\"d43b9943-4a99-41e7-b6b1-dc832d2a74ed\" d=\"M284.68,5.68,205.34,219.32,196.67,176C182,126,136,71.68,84.67,44.67l72.67,274H243l127.33-313Z\" transform=\"translate(0 0)\"/><path id=\"5f12718c-6350-44dc-93b1-d9192dc92a3a\" data-name=\"path17\" class=\"3674d6d1-1247-441a-b897-23bfb4a39f7e\" d=\"M131.67,5.68H1.33L0,12c101.67,26,169,88.67,196.67,164L168.34,32c-4.67-20-19-25.68-36.67-26.34Z\" transform=\"translate(0 0)\"/></g></svg>',1),(3,0,0,'','','<svg id=\"b53b7330-7a28-4def-9932-329bf346c969\" width=\"82\" data-name=\"Layer 1\" xmlns=\"http://www.w3.org/2000/svg\" viewBox=\"0 0 123.59 30.18\"><defs><style>.f7b16378-bf7e-40f2-a37c-5605871c52c4{fill:#253b80;}.\\32 0ed65ed-7862-46d9-9318-fecee315d7bb{fill:#179bd7;}.\\30 1adf0ca-911c-4fa4-b14c-e82d60cebf6c{fill:#222d65;}</style></defs><title>PayPal</title><path class=\"f7b16378-bf7e-40f2-a37c-5605871c52c4\" d=\"M46.21,6.75H39.37a1,1,0,0,0-.94.8L35.67,25.09a.57.57,0,0,0,.56.66H39.5a.94.94,0,0,0,.93-.81l.75-4.73a1,1,0,0,1,.94-.8h2.16c4.51,0,7.11-2.18,7.79-6.5A5.29,5.29,0,0,0,51.2,8.5C50.22,7.35,48.5,6.75,46.21,6.75Zm.79,6.4c-.37,2.46-2.25,2.46-4.06,2.46h-1L42.63,11a.57.57,0,0,1,.56-.48h.48c1.23,0,2.4,0,3,.71A2.25,2.25,0,0,1,47,13.15Z\" transform=\"translate(0)\"/><path class=\"f7b16378-bf7e-40f2-a37c-5605871c52c4\" d=\"M66.65,13.07H63.38a.57.57,0,0,0-.56.49l-.15.91-.23-.33c-.71-1-2.29-1.37-3.87-1.37a7.53,7.53,0,0,0-7.31,6.58,6.17,6.17,0,0,0,1.22,5,5.13,5.13,0,0,0,4.13,1.67,6.28,6.28,0,0,0,4.53-1.87l-.15.91a.58.58,0,0,0,.57.66h3a.94.94,0,0,0,.93-.81l1.77-11.21A.57.57,0,0,0,66.65,13.07Zm-4.56,6.38a3.66,3.66,0,0,1-3.7,3.13,2.77,2.77,0,0,1-2.2-.89,2.81,2.81,0,0,1-.51-2.3,3.68,3.68,0,0,1,3.67-3.15,2.75,2.75,0,0,1,2.18.89A2.85,2.85,0,0,1,62.09,19.45Z\" transform=\"translate(0)\"/><path class=\"f7b16378-bf7e-40f2-a37c-5605871c52c4\" d=\"M84.1,13.07H80.81a1,1,0,0,0-.79.42l-4.54,6.69-1.93-6.43a1,1,0,0,0-.91-.68H69.41a.57.57,0,0,0-.54.76l3.62,10.64-3.41,4.81a.57.57,0,0,0,.47.9h3.29a1,1,0,0,0,.78-.41L84.56,14A.57.57,0,0,0,84.1,13.07Z\" transform=\"translate(0)\"/><path class=\"20ed65ed-7862-46d9-9318-fecee315d7bb\" d=\"M95,6.75H88.15a1,1,0,0,0-.94.8L84.45,25.09a.57.57,0,0,0,.56.66h3.51a.67.67,0,0,0,.66-.57l.78-5a1,1,0,0,1,.94-.8h2.16c4.51,0,7.11-2.18,7.79-6.5A5.26,5.26,0,0,0,100,8.5C99,7.35,97.28,6.75,95,6.75Zm.79,6.4c-.37,2.46-2.25,2.46-4.06,2.46h-1L91.41,11a.58.58,0,0,1,.56-.48h.48c1.23,0,2.4,0,3,.71A2.25,2.25,0,0,1,95.78,13.15Z\" transform=\"translate(0)\"/><path class=\"20ed65ed-7862-46d9-9318-fecee315d7bb\" d=\"M115.43,13.07h-3.27a.57.57,0,0,0-.56.49l-.15.91-.23-.33c-.71-1-2.29-1.37-3.86-1.37a7.53,7.53,0,0,0-7.31,6.58,6.14,6.14,0,0,0,1.22,5,5.11,5.11,0,0,0,4.12,1.67,6.25,6.25,0,0,0,4.53-1.87l-.14.91a.57.57,0,0,0,.56.66h3a1,1,0,0,0,.94-.81L116,13.73A.58.58,0,0,0,115.43,13.07Zm-4.56,6.38a3.65,3.65,0,0,1-3.7,3.13,2.74,2.74,0,0,1-2.19-.89,2.77,2.77,0,0,1-.52-2.3,3.68,3.68,0,0,1,3.67-3.15,2.79,2.79,0,0,1,2.19.89A2.84,2.84,0,0,1,110.87,19.45Z\" transform=\"translate(0)\"/><path class=\"20ed65ed-7862-46d9-9318-fecee315d7bb\" d=\"M119.29,7.23l-2.8,17.86a.57.57,0,0,0,.56.66h2.82a1,1,0,0,0,.94-.81l2.77-17.53a.57.57,0,0,0-.56-.66h-3.16A.58.58,0,0,0,119.29,7.23Z\" transform=\"translate(0)\"/><path class=\"f7b16378-bf7e-40f2-a37c-5605871c52c4\" d=\"M7.27,29.15l.52-3.32-1.17,0H1.06L4.93,1.29A.35.35,0,0,1,5,1.1.32.32,0,0,1,5.24,1h9.38C17.74,1,19.88,1.67,21,3a4.44,4.44,0,0,1,1,1.92,7,7,0,0,1,0,2.64l0,.08v.68l.53.29a3.83,3.83,0,0,1,1.07.82,3.73,3.73,0,0,1,.86,1.93,8.37,8.37,0,0,1-.12,2.82,9.78,9.78,0,0,1-1.16,3.18,6.48,6.48,0,0,1-1.82,2,7.49,7.49,0,0,1-2.46,1.11,12.52,12.52,0,0,1-3.07.35h-.73a2.22,2.22,0,0,0-1.43.53A2.18,2.18,0,0,0,13,22.62l-.06.3L12,28.78l0,.21a.18.18,0,0,1-.06.13.17.17,0,0,1-.1,0Z\" transform=\"translate(0)\"/><path class=\"20ed65ed-7862-46d9-9318-fecee315d7bb\" d=\"M23.05,7.67h0c0,.18-.06.36-.1.55-1.23,6.35-5.47,8.54-10.87,8.54H9.33A1.33,1.33,0,0,0,8,17.89H8L6.6,26.83l-.4,2.53a.7.7,0,0,0,.69.82h4.88a1.17,1.17,0,0,0,1.16-1l.05-.25.92-5.83.06-.32a1.17,1.17,0,0,1,1.16-1h.73c4.73,0,8.43-1.92,9.51-7.47.45-2.32.22-4.26-1-5.62A4.73,4.73,0,0,0,23.05,7.67Z\" transform=\"translate(0)\"/><path class=\"01adf0ca-911c-4fa4-b14c-e82d60cebf6c\" d=\"M21.75,7.15,21.17,7l-.62-.12a15.28,15.28,0,0,0-2.43-.17H10.77a1.18,1.18,0,0,0-.5.11,1.22,1.22,0,0,0-.66.88L8.05,17.6l0,.29a1.33,1.33,0,0,1,1.32-1.13h2.75c5.4,0,9.64-2.19,10.87-8.54,0-.19.07-.37.1-.55a5.9,5.9,0,0,0-1-.43Z\" transform=\"translate(0)\"/><path class=\"f7b16378-bf7e-40f2-a37c-5605871c52c4\" d=\"M9.61,7.7a1.21,1.21,0,0,1,.66-.88,1.18,1.18,0,0,1,.5-.11h7.35a15.22,15.22,0,0,1,2.43.18l.62.11.58.15.28.09a5.9,5.9,0,0,1,1,.43c.37-2.35,0-3.95-1.27-5.39C20.38.68,17.85,0,14.62,0H5.24A1.33,1.33,0,0,0,3.92,1.13L0,25.9a.8.8,0,0,0,.8.93H6.6L8.05,17.6Z\" transform=\"translate(0)\"/></svg>',1),(4,1,0,'','','<svg id=\"2a04528d-edb4-451c-9988-c5a9e35a9250\" data-name=\"svg2985\" width=\"44\" style=\"max-height: 26px\" xmlns=\"http://www.w3.org/2000/svg\" viewBox=\"0 0 1025.22 612.25\"><defs><style>.\\36 c7d616a-371a-4084-a46a-97797ffa1a2b{fill:#ff0018;}.\\37 3285dfd-e6a2-46cc-9d1d-0bf24fede2c4{fill:#ffaa18;}.\\31 0c9f345-5c65-4f32-9778-dad6f1c196fa{fill:#fff;}</style></defs><title>MasterCard</title><g id=\"aacc9d06-ae70-4eab-9fae-033531215d24\" data-name=\"g3478\"><g id=\"037923d5-4fc5-4e3e-94ac-44109d4f537a\" data-name=\"g3456\"><g id=\"3b569961-c5cf-4b60-a5fa-241ec511ffe0\" data-name=\"g3159\"><path id=\"63c952a3-a4c0-43c0-86e7-7e095390dfb1\" data-name=\"path3086\" class=\"6c7d616a-371a-4084-a46a-97797ffa1a2b\" d=\"M307.91,0C137.84,0,0,137.06,0,306.12S137.84,612.25,307.91,612.25a307.79,307.79,0,0,0,204.68-77.44q6.49-5.74,12.63-11.84c1.36-1.36,2.72-2.72,4.06-4.09H495.91q2,2.05,4.06,4.09c-1.37-1.35-2.73-2.72-4.06-4.09q-8.82-9.06-16.85-18.82c-1.18-1.43-2.37-2.88-3.53-4.34,1.16,1.46,2.35,2.9,3.53,4.34h67q7.13-8.64,13.63-17.78H465.47c2.16,3.05,4.36,6.07,6.62,9-2.27-3-4.46-6-6.62-9q-7.92-11.17-14.85-23.06a304.44,304.44,0,0,1-16.12-31.84c-1.31-3-2.57-6-3.78-9.1s-2.36-6.13-3.47-9.22c-2.22-6.18-4.27-12.45-6.09-18.81h182.9q2.6-9,4.63-18.28H416.53q1.53,6.93,3.38,13.75-1.85-6.83-3.38-13.75-3-13.64-4.78-27.69c-.12-1-.23-1.94-.34-2.9.11,1,.22,1.93.34,2.9.38,3,.79,5.93,1.25,8.88H612.22c.91-5.89,1.68-11.82,2.25-17.82H410.75c-.59-6.2-1-12.47-1.19-18.78-.06-1.73-.09-3.47-.12-5.22s-.06-3.47-.06-5.22c0,1.75,0,3.48.06,5.22s.06,3.49.12,5.22h206.1c.05-1.54.09-3.1.12-4.65v-.75c0-1.68.06-3.35.06-5q0-4.26-.12-8.5a308.22,308.22,0,0,0-2.44-30.9H411.94q-1.26,9.67-1.91,19.53c-.11,1.64-.2,3.29-.28,4.94-.07,1.37-.14,2.75-.19,4.12.05-1.38.12-2.75.19-4.12.08-1.65.18-3.3.28-4.94a304.52,304.52,0,0,1,9.06-56.63q2.48-9.52,5.53-18.81c.49-1.46,1-2.92,1.47-4.37s1-2.89,1.53-4.32c-.51,1.45-1,2.87-1.53,4.32s-1,2.91-1.47,4.37h176c-1.92-5.83-4-11.61-6.25-17.28H430.88c-.57,1.42-1.12,2.85-1.66,4.28.54-1.43,1.09-2.86,1.66-4.28,2.54-6.39,5.29-12.64,8.24-18.81.81-1.68,1.64-3.37,2.47-5s1.69-3.34,2.57-5c-.87,1.65-1.73,3.33-2.57,5s-1.66,3.34-2.47,5h147c-1.09-2.29-2.22-4.56-3.37-6.81-.55-1.07-1.07-2.13-1.63-3.19l-.43-.81-.5-.94c-.83-1.55-1.65-3.09-2.5-4.63-.65-1.16-1.31-2.31-2-3.46H449.53q5.52-9.65,11.72-18.82c1-1.44,1.95-2.86,2.94-4.28s2-2.82,3-4.22c2-2.8,4.07-5.55,6.19-8.28,5-6.46,10.29-12.74,15.81-18.78H536c-1.85-2-3.73-4-5.62-6q-8.55-8.88-17.79-17.06A307.79,307.79,0,0,0,307.91,0ZM473.38,119.28c-2.12,2.73-4.17,5.48-6.19,8.28-1,1.4-2,2.81-3,4.22s-2,2.85-2.94,4.28H563.94q-5.79-8.59-12.13-16.78ZM419.09,229.62q-2.34,9-4.12,18.29H610.25q-1.8-9.24-4.13-18.29Zm8.16,179.44q1.67,4.65,3.47,9.22c1.21,3.05,2.48,6.09,3.78,9.1H590.72q3.91-9,7.25-18.32Zm23.37,50.16c.84,1.42,1.68,2.84,2.54,4.25h118.9q5.12-8.48,9.69-17.28H443.47Q446.89,452.81,450.62,459.22ZM540.5,105.53l2.22,2.56Zm26.28,34.78c.6.92,1.2,1.83,1.78,2.75C568,142.14,567.38,141.23,566.78,140.31Zm4.25,6.75c.55.89,1.09,1.79,1.63,2.69C572.12,148.85,571.58,148,571,147.06ZM588,178.69c.56,1.21,1.11,2.43,1.65,3.65C589.08,181.12,588.53,179.9,588,178.69Zm-9,272.72-1.09,2Zm-10.62,18c-.53.83-1.06,1.67-1.6,2.5C567.32,471.11,567.84,470.27,568.38,469.44Zm-25.66,34.72-2.22,2.56Zm-4.84,5.53c-.89,1-1.77,2-2.66,2.93C536.11,511.65,537,510.67,537.88,509.69Zm-6,6.56c-.68.72-1.37,1.41-2.06,2.13C530.47,517.67,531.16,517,531.84,516.25Z\"></path><path id=\"e533350e-fcad-45e0-860f-b3bc7195fa86\" data-name=\"path3155\" class=\"73285dfd-e6a2-46cc-9d1d-0bf24fede2c4\" d=\"M717.31,0A307.84,307.84,0,0,0,512.62,77.44,306.47,306.47,0,0,1,536,100.5H489.19c-5.51,6-10.77,12.32-15.78,18.78h78.4q6.35,8.18,12.13,16.78H461.25q-6.18,9.18-11.72,18.82H575.69q5.55,9.69,10.4,19.84h-147c-2.94,6.16-5.71,12.43-8.24,18.81H594.34c2.26,5.67,4.33,11.45,6.25,17.28h-176a303.62,303.62,0,0,0-9.65,37.1q1.78-9.24,4.12-18.29h187q2.34,9,4.13,18.29H415q-2.27,11.68-3.63,23.65c.19-1.62.39-3.23.6-4.84H613.28a306.76,306.76,0,0,1,2.56,39.4c0,3.5-.07,7-.18,10.44H409.56q.33,9.48,1.22,18.78H614.47c-.57,6-1.34,11.93-2.25,17.82H413q1.47,9.51,3.53,18.81H608.69q-2,9.24-4.63,18.28H421.16c1.82,6.36,3.87,12.63,6.09,18.81H598q-3.35,9.3-7.25,18.32H434.5a303.14,303.14,0,0,0,18.66,36.09Q448,455,443.47,446.19H581.75q-4.57,8.81-9.69,17.28H453.16c3.88,6.42,8,12.71,12.31,18.81h94.25q-6.48,9.15-13.63,17.78h-67q8,9.75,16.85,18.82h33.37c-5.36,5.51-10.89,10.83-16.66,15.93a307.84,307.84,0,0,0,204.69,77.44c170.06,0,307.91-137.06,307.91-306.13S887.37,0,717.31,0ZM465.47,482.28q1.62,2.28,3.28,4.53C467.64,485.31,466.55,483.81,465.47,482.28Zm-31-54.9q-3.92-9-7.25-18.32Q430.6,418.36,434.5,427.38ZM409.56,316.56c-.06-1.73-.09-3.48-.12-5.22C409.47,313.08,409.5,314.83,409.56,316.56Zm-.12-5.22c0-1.74-.06-3.47-.06-5.22C409.38,307.87,409.41,309.6,409.44,311.34Zm1.9-39.78q-.54,4.88-.93,9.78C410.67,278.07,411,274.8,411.34,271.56Zm-.93,9.78c-.1,1.26-.2,2.52-.29,3.78C410.21,283.86,410.3,282.6,410.41,281.34Zm14.21-70.53c.49-1.46,1-2.92,1.47-4.37C425.59,207.89,425.11,209.35,424.62,210.81Zm6.26-17.28c-.47,1.16-.9,2.33-1.35,3.5C430,195.86,430.41,194.69,430.88,193.53Zm30.37-57.47c1-1.43,1.95-2.86,2.94-4.28Q462.71,133.91,461.25,136.06Zm2.94-4.28c1-1.41,2-2.82,3-4.22Q465.68,129.66,464.19,131.78Zm-20,32.91c-.79,1.5-1.55,3-2.32,4.53C442.6,167.71,443.37,166.19,444.16,164.69ZM429,198.41c-.47,1.23-.92,2.47-1.38,3.71C428.07,200.88,428.54,199.64,429,198.41Zm-19.25,92.78c-.08,1.57-.17,3.14-.22,4.72C409.58,294.33,409.67,292.75,409.75,291.19Zm2,53.09c.12,1,.25,1.9.37,2.84C412,346.18,411.87,345.23,411.75,344.28Zm4.81,27.84c.33,1.5.68,3,1,4.47C417.24,375.11,416.89,373.61,416.56,372.12Zm2.16,9c.37,1.46.73,2.92,1.12,4.37C419.45,384.08,419.09,382.62,418.72,381.16Zm77.56,138.09q1.83,1.88,3.69,3.72Q498.11,521.13,496.28,519.25Z\"></path></g><g id=\"9004355b-6b2a-442a-bd0f-3f5b108fa3b8\" data-name=\"g3442\"><path id=\"4b724fbe-cad2-4101-895b-b85934d7e6cc\" data-name=\"text9407\" class=\"73285dfd-e6a2-46cc-9d1d-0bf24fede2c4\" d=\"M991.34,481a14.69,14.69,0,0,1,7.15,1.89,13.16,13.16,0,0,1,5.45,5.39,14.62,14.62,0,0,1,0,14.52,13.51,13.51,0,0,1-5.38,5.4,14.65,14.65,0,0,1-14.5,0,13.57,13.57,0,0,1-5.38-5.4,14.56,14.56,0,0,1-1.94-7.23,14.7,14.7,0,0,1,2-7.29,13.31,13.31,0,0,1,5.46-5.39,14.88,14.88,0,0,1,7.17-1.89m0,2.4a12.34,12.34,0,0,0-6,1.59,11.08,11.08,0,0,0-4.55,4.5,12.17,12.17,0,0,0,0,12.1,11.56,11.56,0,0,0,4.53,4.51,12.25,12.25,0,0,0,12.07,0,11.52,11.52,0,0,0,4.49-4.51,12.14,12.14,0,0,0,0-12.1,10.9,10.9,0,0,0-4.55-4.5,12.18,12.18,0,0,0-5.95-1.59M985,503.58V487.91h5.4a12.79,12.79,0,0,1,4,.44,3.88,3.88,0,0,1,2,1.51,4,4,0,0,1,.74,2.3,4.14,4.14,0,0,1-1.24,3,4.7,4.7,0,0,1-3.24,1.43,4.51,4.51,0,0,1,1.33.83,18.4,18.4,0,0,1,2.32,3.1l1.91,3.07h-3.09l-1.38-2.46a12.65,12.65,0,0,0-2.65-3.65,3.24,3.24,0,0,0-2-.54h-1.48v6.66H985m2.54-8.82h3.07a4.83,4.83,0,0,0,3-.66,2.12,2.12,0,0,0,.82-1.74,2.09,2.09,0,0,0-.38-1.23,2.36,2.36,0,0,0-1.09-.83,7.89,7.89,0,0,0-2.53-.27H987.5v4.73\"></path></g></g><g id=\"2ad1e9b7-19d9-46e5-86b7-ddff7ef5bb72\" data-name=\"g3463\"><g id=\"8743a4f5-0270-4c27-a498-37801f6e5c38\" data-name=\"g3445\"><path id=\"3edaa603-8bca-4b0e-ab04-9fd874348243\" data-name=\"path3447\" class=\"10c9f345-5c65-4f32-9778-dad6f1c196fa\" d=\"M991.34,355.91a14.69,14.69,0,0,1,7.15,1.89,13.16,13.16,0,0,1,5.45,5.39,14.62,14.62,0,0,1,0,14.52,13.51,13.51,0,0,1-5.38,5.4,14.65,14.65,0,0,1-14.5,0,13.57,13.57,0,0,1-5.38-5.4,14.52,14.52,0,0,1,0-14.52,13.31,13.31,0,0,1,5.46-5.39,14.88,14.88,0,0,1,7.17-1.89m0,2.4a12.34,12.34,0,0,0-6,1.59,11,11,0,0,0-4.55,4.5,12.17,12.17,0,0,0,0,12.1,11.47,11.47,0,0,0,4.53,4.5,12.18,12.18,0,0,0,12.07,0,11.43,11.43,0,0,0,4.49-4.5,12.14,12.14,0,0,0,0-12.1,10.85,10.85,0,0,0-4.55-4.5,12.18,12.18,0,0,0-5.95-1.59M985,378.51V362.85h5.4a12.79,12.79,0,0,1,4,.44,3.88,3.88,0,0,1,2,1.51,4,4,0,0,1,.74,2.29,4.15,4.15,0,0,1-1.24,3,4.75,4.75,0,0,1-3.24,1.43,4.72,4.72,0,0,1,1.33.82,18.57,18.57,0,0,1,2.32,3.11l1.91,3.07h-3.09L993.67,376A12.71,12.71,0,0,0,991,372.4a3.18,3.18,0,0,0-2-.54h-1.48v6.66H985m2.54-8.81h3.07a4.83,4.83,0,0,0,3-.66,2.12,2.12,0,0,0,.82-1.74,2.09,2.09,0,0,0-.38-1.23,2.36,2.36,0,0,0-1.09-.83,7.89,7.89,0,0,0-2.53-.27H987.5v4.73\"></path></g></g></g><g id=\"dfd13e1b-0434-4eeb-8552-5a2d988f2629\" data-name=\"layer1\"><g id=\"71e84c83-6a1c-472c-9ab4-1b0bbec0ab71\" data-name=\"g16480\"><g id=\"09da2386-5d12-4525-8345-69c0682cf4bd\" data-name=\"g10289\"><path id=\"6bf18fd2-28f2-42cc-b28b-927078598dff\" data-name=\"path4157\" class=\"10c9f345-5c65-4f32-9778-dad6f1c196fa\" d=\"M416.47,379.19l4-23.37c-2.2,0-5.44.8-8.3.8-11.2,0-12.44-5.09-11.72-8.85l9-47.69h17l4.11-25.85H414.61l3.27-16.08H385.69c-.71.6-19,90.42-19,101.36,0,16.19,10.64,23.4,25.65,23.28A97.48,97.48,0,0,0,416.47,379.19Z\"></path><path id=\"9805eee4-cea2-4a54-b880-98f0d3ab246f\" data-name=\"path4155\" class=\"10c9f345-5c65-4f32-9778-dad6f1c196fa\" d=\"M426.67,334.63c0,38.86,30,48.09,55.61,48.09,23.61,0,34-4.51,34-4.51L522,351.69s-18,6.76-34.18,6.76c-34.57,0-28.51-22-28.51-22h65.41s4.23-17.82,4.23-25.08c0-18.12-10.56-40.2-45.9-40.2-32.37,0-56.33,29.8-56.33,63.47Zm56.45-38.84c18.17,0,14.82,17.44,14.82,18.85H462.2C462.2,312.84,465.58,295.79,483.12,295.79Z\"></path><path id=\"efbfc2b1-2b49-4933-8d1f-251f71304573\" data-name=\"path4151\" class=\"10c9f345-5c65-4f32-9778-dad6f1c196fa\" d=\"M687,379.18l5.76-30S676.93,356,666.09,356c-22.83,0-32-14.9-32-30.9,0-32.46,19.65-50.32,41.52-50.32a63.83,63.83,0,0,1,29.56,7.87l5.26-29.13s-19.52-6.75-36.26-6.75c-37.16,0-73.31,27.54-73.31,79.26,0,34.3,19.52,56.95,57.94,56.95,10.86,0,28.16-3.77,28.16-3.77Z\"></path><path id=\"dff6c2d7-6997-4de0-84e2-42ade9e38b27\" data-name=\"path4149\" class=\"10c9f345-5c65-4f32-9778-dad6f1c196fa\" d=\"M239.42,271.59a127.7,127.7,0,0,0-39,6.06l-4.68,23.69s14-4.85,35.08-4.85c12,0,20.76,1.15,20.76,9.47,0,5.06-1.08,6.92-1.08,6.92s-9.45-.67-13.83-.67c-27.84,0-57.09,10.15-57.09,40.75,0,24.11,19.19,29.64,31.08,29.64,22.71,0,32.5-12.59,33-12.63l-1.07,10.51H271l12.65-75.73C283.63,272.63,250.82,271.59,239.42,271.59Zm6.9,61.66c.61,4.63-3.4,26.31-22.78,26.31-10,0-12.6-6.53-12.6-10.38,0-7.53,4.79-16.57,28.38-16.57,5.49,0,6.07.51,7,.64Z\"></path><path id=\"89d401ba-0c33-4f8d-903f-c807a487909d\" data-name=\"path4145\" class=\"10c9f345-5c65-4f32-9778-dad6f1c196fa\" d=\"M313.75,382.05c7.25,0,48.7,1.57,48.7-35,0-34.16-38.37-27.41-38.37-41.13,0-6.83,6.26-9,17.69-9,4.54,0,22,1.23,22,1.23l4.06-24.28s-11.3-2.16-29.7-2.16c-23.81,0-48,8.12-48,35.9,0,31.49,40.31,28.33,40.31,41.59,0,8.85-11.26,9.57-19.94,9.57-15,0-28.54-4.4-28.59-4.19l-4.29,24c.78.21,9.12,3.39,36.12,3.39Z\"></path><path id=\"9fb626ee-7ec4-4ab2-b2c1-0eaa3ee50acf\" data-name=\"path4139\" class=\"10c9f345-5c65-4f32-9778-dad6f1c196fa\" d=\"M953.61,249.8l-6.94,36.81s-12.12-14.3-31.09-14.3c-29.49,0-54.08,30.38-54.08,65.28,0,22.53,13.12,44.61,39.92,44.61,19.29,0,30-11.48,30-11.48l-1.42,9.8h31.31l24.59-130.76Zm-14.94,71.76c0,14.53-8.42,33.93-25.88,33.93-11.58,0-17-8.31-17-21.35,0-21.31,11.21-35.38,25.35-35.38C932.72,298.76,938.67,305.56,938.67,321.56Z\"></path><path id=\"4e45d03b-f1e9-4181-8782-4338982a2edb\" data-name=\"path4133\" class=\"10c9f345-5c65-4f32-9778-dad6f1c196fa\" d=\"M65.12,380.64l19.6-98.73,2.87,98.73h22.18l41.38-98.73-18.33,98.73h33L191.15,249.7h-51L108.46,330,106.8,249.7h-47L34.08,380.64Z\"></path><path id=\"72680eb1-03ad-4bd3-a850-9f2fb3b17e3e\" data-name=\"path4131\" class=\"10c9f345-5c65-4f32-9778-dad6f1c196fa\" d=\"M561.09,380.82c9.37-45.52,11.11-82.48,33.47-75.71,3.91-17.62,7.69-24.43,12-31.89a39.34,39.34,0,0,0-6.2-.36c-14.42,0-25.1,16.83-25.1,16.83l2.87-15.46h-30L528,380.82Z\"></path><g id=\"e561d83e-ebfa-45d8-8c5e-016151df0b7d\" data-name=\"use8523\"><path id=\"611819f2-17a1-4ad1-8ec5-d7b9573d5098\" data-name=\"path4149\" class=\"10c9f345-5c65-4f32-9778-dad6f1c196fa\" d=\"M761.24,271.59a127.7,127.7,0,0,0-39,6.06l-4.67,23.69s14-4.85,35.08-4.85c12,0,20.75,1.15,20.75,9.47,0,5.06-1.07,6.92-1.07,6.92s-9.45-.67-13.84-.67c-27.83,0-57.08,10.15-57.08,40.75,0,24.11,19.19,29.64,31.08,29.64,22.71,0,32.5-12.59,33-12.63l-1.06,10.51h28.35l12.64-75.73c0-32.12-32.81-33.16-44.21-33.16Zm6.91,61.66c.61,4.63-3.4,26.31-22.79,26.31-10,0-12.59-6.53-12.59-10.38,0-7.53,4.79-16.57,28.38-16.57,5.48,0,6.07.51,7,.64Z\"></path></g><g id=\"a3f48445-ec1b-4916-87fa-bed3bdb485df\" data-name=\"use8525\"><path id=\"a9fd665a-0b96-4a3e-a76b-49c49e13a117\" data-name=\"path4131\" class=\"10c9f345-5c65-4f32-9778-dad6f1c196fa\" d=\"M831.36,380.82c9.37-45.52,11.11-82.48,33.46-75.71,3.92-17.62,7.7-24.43,12-31.89a39.42,39.42,0,0,0-6.21-.36c-14.41,0-25.09,16.83-25.09,16.83l2.87-15.46h-30L798.3,380.82Z\"></path></g></g></g></g></svg>',1),(5,0,0,'','','<?xml version=\"1.0\" encoding=\"utf-8\"?>\r\n<!-- Generator: Adobe Illustrator 23.0.3, SVG Export Plug-In . SVG Version: 6.00 Build 0)  -->\r\n<svg version=\"1.1\"\r\n	 id=\"svg2\" inkscape:version=\"0.91 r13725\" width=\"68\" sodipodi:docname=\"American_Express_2018.svg\" xmlns:cc=\"http://creativecommons.org/ns#\" xmlns:dc=\"http://purl.org/dc/elements/1.1/\" xmlns:inkscape=\"http://www.inkscape.org/namespaces/inkscape\" xmlns:rdf=\"http://www.w3.org/1999/02/22-rdf-syntax-ns#\" xmlns:sodipodi=\"http://sodipodi.sourceforge.net/DTD/sodipodi-0.dtd\" xmlns:svg=\"http://www.w3.org/2000/svg\"\r\n	 xmlns=\"http://www.w3.org/2000/svg\" xmlns:xlink=\"http://www.w3.org/1999/xlink\" x=\"0px\" y=\"0px\" viewBox=\"0 0 1000 361.8\"\r\n	 style=\"enable-background:new 0 0 1000 361.8;\" xml:space=\"preserve\">\r\n<style type=\"text/css\">\r\n	.st0{fill:#FFFFFF;}\r\n	.st1{fill:#016FD0;}\r\n</style>\r\n<sodipodi:namedview  bordercolor=\"#666666\" borderopacity=\"1.0\" fit-margin-bottom=\"0\" fit-margin-left=\"0\" fit-margin-right=\"0\" fit-margin-top=\"0\" id=\"base\" inkscape:current-layer=\"layer1\" inkscape:cx=\"850.2929\" inkscape:cy=\"357.59411\" inkscape:document-units=\"px\" inkscape:pageopacity=\"0.0\" inkscape:pageshadow=\"2\" inkscape:window-height=\"931\" inkscape:window-maximized=\"1\" inkscape:window-width=\"1680\" inkscape:window-x=\"0\" inkscape:window-y=\"1\" inkscape:zoom=\"0.125\" pagecolor=\"#ffffff\" showgrid=\"true\">\r\n	\r\n		<inkscape:grid  empspacing=\"5\" enabled=\"true\" id=\"grid2996\" originx=\"-55.5px\" originy=\"947.50002px\" snapvisiblegridlinesonly=\"true\" type=\"xygrid\" visible=\"true\">\r\n		</inkscape:grid>\r\n</sodipodi:namedview>\r\n<g id=\"layer1\" transform=\"translate(-55.5,-1002.3452)\" inkscape:groupmode=\"layer\" inkscape:label=\"Layer 1\">\r\n	<path id=\"path3082\" inkscape:connector-curvature=\"0\" sodipodi:nodetypes=\"cccccccccccccccccccc\" class=\"st0\" d=\"M249.1,1364.2\r\n		v-156.6H415l17.8,23.2l18.4-23.2H1053v145.8c0,0-15.7,10.6-33.9,10.8H685.8l-20.1-24.7v24.7H600V1322c0,0-9,5.9-28.4,5.9h-22.4\r\n		v36.3h-99.5l-17.8-23.7l-18,23.7H249.1z\"/>\r\n	\r\n		<path id=\"path3080\" inkscape:connector-curvature=\"0\" sodipodi:nodetypes=\"cccccccccccccccccccccccccccccccccccccc\" class=\"st0\" d=\"\r\n		M55.5,1089.5l37.4-87.2h64.7l21.2,48.8v-48.8h80.4l12.6,35.3l12.2-35.3h360.9v17.7c0,0,19-17.7,50.1-17.7l117.1,0.4l20.9,48.2\r\n		v-48.6h67.3l18.5,27.7v-27.7h67.9V1159h-67.9l-17.7-27.8v27.8h-98.8l-9.9-24.7h-26.6l-9.8,24.7h-67c-26.8,0-44-17.4-44-17.4v17.4\r\n		H543.8l-20.1-24.7v24.7H148l-9.9-24.7h-26.5l-9.9,24.7H55.5V1089.5z\"/>\r\n	<path id=\"path3046\" inkscape:connector-curvature=\"0\" class=\"st1\" d=\"M106.1,1021.7l-50.4,117.3h32.8l9.3-23.5h54.1l9.3,23.5h33.6\r\n		l-50.4-117.3L106.1,1021.7L106.1,1021.7z M124.8,1048.9l16.5,41h-33L124.8,1048.9z\"/>\r\n	<path id=\"path3048\" inkscape:connector-curvature=\"0\" sodipodi:nodetypes=\"cccccccccccccc\" class=\"st1\" d=\"M198.2,1138.9v-117.3\r\n		l46.7,0.2l27.1,75.6l26.5-75.8h46.3v117.3h-29.3v-86.4l-31.1,86.4h-25.7l-31.2-86.4v86.4H198.2z\"/>\r\n	<path id=\"path3050\" inkscape:connector-curvature=\"0\" sodipodi:nodetypes=\"ccccccccccccc\" class=\"st1\" d=\"M364.9,1138.9v-117.3\r\n		h95.7v26.2h-66v20.1H459v24.7h-64.5v20.8h66v25.5L364.9,1138.9z\"/>\r\n	<path id=\"path3052\" inkscape:connector-curvature=\"0\" class=\"st1\" d=\"M477.5,1021.7v117.3h29.3v-41.7h12.3l35.2,41.7h35.8\r\n		l-38.6-43.2c15.8-1.3,32.2-14.9,32.2-36c0-24.7-19.4-38-41-38L477.5,1021.7L477.5,1021.7z M506.8,1047.9h33.5\r\n		c8,0,13.9,6.3,13.9,12.3c0,7.8-7.6,12.3-13.5,12.3h-33.9L506.8,1047.9L506.8,1047.9z\"/>\r\n	<path id=\"path3054\" inkscape:connector-curvature=\"0\" sodipodi:nodetypes=\"ccccc\" class=\"st1\" d=\"M625.6,1138.9h-29.9v-117.3h29.9\r\n		V1138.9z\"/>\r\n	<path id=\"path3056\" inkscape:connector-curvature=\"0\" sodipodi:nodetypes=\"ccccccccccc\" class=\"st1\" d=\"M696.6,1138.9h-6.5\r\n		c-31.3,0-50.2-24.6-50.2-58.1c0-34.3,18.8-59.1,58.2-59.1h32.4v27.8H697c-16,0-27.4,12.5-27.4,31.6c0,22.7,13,32.2,31.6,32.2h7.7\r\n		L696.6,1138.9z\"/>\r\n	<path id=\"path3058\" inkscape:connector-curvature=\"0\" class=\"st1\" d=\"M760.4,1021.7L710,1138.9h32.8l9.3-23.5h54.1l9.3,23.5H849\r\n		l-50.4-117.3L760.4,1021.7L760.4,1021.7z M779,1048.9l16.5,41h-33L779,1048.9L779,1048.9z\"/>\r\n	<path id=\"path3060\" inkscape:connector-curvature=\"0\" sodipodi:nodetypes=\"ccccccccccc\" class=\"st1\" d=\"M852.4,1138.9v-117.3h37.3\r\n		l47.6,73.7v-73.7h29.3v117.3h-36.1l-48.8-75.6v75.6H852.4z\"/>\r\n	<path id=\"path3062\" inkscape:connector-curvature=\"0\" sodipodi:nodetypes=\"ccccccccccccc\" class=\"st1\" d=\"M269.2,1344.1v-117.3\r\n		h95.7v26.2h-66v20.1h64.5v24.7h-64.5v20.8h66v25.5L269.2,1344.1z\"/>\r\n	<path id=\"path3064\" inkscape:connector-curvature=\"0\" sodipodi:nodetypes=\"ccccccccccccc\" class=\"st1\" d=\"M737.9,1344.1v-117.3\r\n		h95.7v26.2h-66v20.1h64.2v24.7h-64.2v20.8h66v25.5L737.9,1344.1z\"/>\r\n	<path id=\"path3066\" inkscape:connector-curvature=\"0\" sodipodi:nodetypes=\"ccccccccccccc\" class=\"st1\" d=\"M368.6,1344.1l46.6-57.9\r\n		l-47.7-59.4h36.9l28.4,36.7l28.5-36.7h35.5l-47.1,58.6l46.7,58.6h-36.9l-27.6-36.1l-26.9,36.1L368.6,1344.1z\"/>\r\n	<path id=\"path3068\" inkscape:connector-curvature=\"0\" class=\"st1\" d=\"M499.9,1226.9v117.3H530v-37h30.9c26.1,0,45.9-13.9,45.9-40.8\r\n		c0-22.3-15.5-39.4-42.1-39.4H499.9L499.9,1226.9z M530,1253.4h32.5c8.4,0,14.5,5.2,14.5,13.5c0,7.8-6,13.5-14.6,13.5H530V1253.4\r\n		L530,1253.4z\"/>\r\n	<path id=\"path3072\" inkscape:connector-curvature=\"0\" class=\"st1\" d=\"M619.4,1226.8v117.3h29.3v-41.7h12.3l35.2,41.7h35.8\r\n		l-38.6-43.2c15.8-1.3,32.2-14.9,32.2-36c0-24.7-19.4-38-41-38L619.4,1226.8L619.4,1226.8z M648.8,1253.1h33.5\r\n		c8,0,13.9,6.3,13.9,12.3c0,7.8-7.6,12.3-13.5,12.3h-33.9V1253.1z\"/>\r\n	<path id=\"path3074\" inkscape:connector-curvature=\"0\" sodipodi:nodetypes=\"ccccccccccccccccc\" class=\"st1\" d=\"M847.2,1344.1v-25.5\r\n		h58.7c8.7,0,12.4-4.7,12.4-9.8c0-4.9-3.7-9.9-12.4-9.9h-26.5c-23,0-35.9-14-35.9-35.1c0-18.8,11.8-36.9,46-36.9h57.1l-12.3,26.4\r\n		h-49.4c-9.4,0-12.3,5-12.3,9.7c0,4.9,3.6,10.2,10.8,10.2h27.8c25.7,0,36.8,14.6,36.8,33.7c0,20.5-12.4,37.3-38.2,37.3H847.2z\"/>\r\n	<path id=\"path3076\" inkscape:connector-curvature=\"0\" sodipodi:nodetypes=\"ccccccccccccccccc\" class=\"st1\" d=\"M954.8,1344.1v-25.5\r\n		h58.7c8.7,0,12.4-4.7,12.4-9.8c0-4.9-3.7-9.9-12.4-9.9h-26.5c-23,0-35.9-14-35.9-35.1c0-18.8,11.8-36.9,46-36.9h57.1l-12.3,26.4\r\n		h-49.4c-9.4,0-12.3,5-12.3,9.7c0,4.9,3.6,10.2,10.8,10.2h27.8c25.7,0,36.8,14.6,36.8,33.7c0,20.5-12.4,37.3-38.2,37.3H954.8z\"/>\r\n</g>\r\n</svg>\r\n',1);

--
-- Table structure for table `bl_an_trust_badges_icons_shop`
--

CREATE TABLE `bl_an_trust_badges_icons_shop` (
  `icon_id` int(10) unsigned NOT NULL,
  `id_shop` int(10) unsigned NOT NULL,
  PRIMARY KEY (`icon_id`,`id_shop`)
) ENGINE=InnoDB DEFAULT CHARSET=utf8;

--
-- Dumping data for table `bl_an_trust_badges_icons_shop`
--


--
-- Table structure for table `bl_an_trust_badges_widgets`
--

CREATE TABLE `bl_an_trust_badges_widgets` (
  `id_widget` int(10) unsigned NOT NULL AUTO_INCREMENT,
  `active` tinyint(1) unsigned NOT NULL DEFAULT '1',
  `position` int(10) NOT NULL,
  `hook` varchar(255) NOT NULL,
  `class` varchar(255) NOT NULL,
  PRIMARY KEY (`id_widget`)
) ENGINE=InnoDB AUTO_INCREMENT=3 DEFAULT CHARSET=utf8;

--
-- Dumping data for table `bl_an_trust_badges_widgets`
--

INSERT INTO `bl_an_trust_badges_widgets` VALUES (1,1,0,'displayFooterAfter',''),(2,1,0,'displayProductGuarantee','');

--
-- Table structure for table `bl_an_trust_badges_widgets_lang`
--

CREATE TABLE `bl_an_trust_badges_widgets_lang` (
  `id_widget` int(10) unsigned NOT NULL,
  `widget_title` varchar(255) NOT NULL,
  `id_lang` varchar(255) NOT NULL,
  PRIMARY KEY (`id_widget`,`id_lang`)
) ENGINE=InnoDB DEFAULT CHARSET=utf8;

--
-- Dumping data for table `bl_an_trust_badges_widgets_lang`
--

INSERT INTO `bl_an_trust_badges_widgets_lang` VALUES (1,'','1'),(1,'','2'),(1,'','3'),(2,'','1'),(2,'','2'),(2,'','3');

--
-- Table structure for table `bl_an_trust_badges_widgets_shop`
--

CREATE TABLE `bl_an_trust_badges_widgets_shop` (
  `id_widget` int(10) unsigned NOT NULL,
  `id_shop` int(10) unsigned NOT NULL,
  PRIMARY KEY (`id_widget`,`id_shop`)
) ENGINE=InnoDB DEFAULT CHARSET=utf8;

--
-- Dumping data for table `bl_an_trust_badges_widgets_shop`
--


--
-- Table structure for table `bl_an_wishlist`
--

CREATE TABLE `bl_an_wishlist` (
  `id_wishlist` int(10) NOT NULL AUTO_INCREMENT,
  `id_customer` int(10) unsigned NOT NULL,
  `is_guest` int(10) unsigned NOT NULL DEFAULT '0',
  `id_shop` int(10) unsigned NOT NULL,
  `date_upd` datetime NOT NULL,
  PRIMARY KEY (`id_wishlist`)
) ENGINE=InnoDB AUTO_INCREMENT=3 DEFAULT CHARSET=utf8;

--
-- Dumping data for table `bl_an_wishlist`
--

INSERT INTO `bl_an_wishlist` VALUES (1,19,1,1,'2023-05-02 14:47:22'),(2,34,1,1,'2023-05-06 16:26:46');

--
-- Table structure for table `bl_an_wishlist_products`
--

CREATE TABLE `bl_an_wishlist_products` (
  `id_wishlist_products` int(10) NOT NULL AUTO_INCREMENT,
  `id_wishlist` int(11) NOT NULL,
  `id_product` int(10) unsigned NOT NULL,
  `id_product_attribute` int(10) unsigned NOT NULL,
  `date_add` datetime NOT NULL,
  PRIMARY KEY (`id_wishlist_products`)
) ENGINE=InnoDB DEFAULT CHARSET=utf8;

--
-- Dumping data for table `bl_an_wishlist_products`
--


--
-- Table structure for table `bl_anblog_blog`
--

CREATE TABLE `bl_anblog_blog` (
  `id_anblog_blog` int(11) NOT NULL AUTO_INCREMENT,
  `id_anblogcat` int(11) NOT NULL,
  `position` int(11) NOT NULL,
  `date_add` datetime NOT NULL,
  `active` tinyint(1) NOT NULL,
  `user_id` int(11) NOT NULL,
  `hits` int(11) NOT NULL,
  `image` varchar(255) DEFAULT NULL,
  `thumb` varchar(255) DEFAULT NULL,
  `date_upd` datetime NOT NULL,
  `video_code` text,
  `params` text,
  `products` text,
  `featured` tinyint(1) NOT NULL,
  `indexation` int(11) NOT NULL,
  `id_employee` int(11) NOT NULL,
  `product_ids` varchar(255) DEFAULT NULL,
  `author_name` varchar(255) DEFAULT NULL,
  PRIMARY KEY (`id_anblog_blog`)
) ENGINE=InnoDB AUTO_INCREMENT=10 DEFAULT CHARSET=utf8;

--
-- Dumping data for table `bl_anblog_blog`
--

INSERT INTO `bl_anblog_blog` VALUES (3,4,0,'2020-06-01 00:00:00',1,0,40,'b-blog-1_anblog_original.jpg','','2020-06-01 09:55:38','','','',0,1,1,'',NULL),(4,4,2,'2020-06-02 00:00:00',1,0,105,'b-blog-2_anblog_original.jpg','','2020-06-02 08:31:14','','','',0,1,1,'',NULL),(5,4,3,'2020-06-03 00:00:00',1,0,9,'b-blog-3_anblog_original.jpg','','2020-06-03 01:20:28','','','',0,0,1,'',NULL),(6,4,4,'2020-06-04 00:00:00',1,0,121,'b-blog-4_anblog_original.jpg','','2020-06-04 09:54:03','','','',0,0,1,'',NULL),(7,4,5,'2020-06-05 00:00:00',1,0,71,'b-blog-5_anblog_original.jpg','','2020-06-05 10:14:46','','','',0,0,1,'',NULL),(8,4,1,'2020-06-06 00:00:00',1,0,3,'b-blog-6_anblog_original.jpg','','2020-06-06 22:55:10','','','',0,0,1,'',NULL),(9,4,6,'2020-06-07 00:00:00',1,0,0,'b-blog-7_anblog_original.jpg','','2020-06-07 11:32:42','','','',0,1,1,'',NULL);

--
-- Table structure for table `bl_anblog_blog_categories`
--

CREATE TABLE `bl_anblog_blog_categories` (
  `id_anblog_blog` int(11) NOT NULL DEFAULT '0',
  `id_anblogcat` int(11) NOT NULL DEFAULT '0',
  `position` int(11) NOT NULL DEFAULT '0',
  PRIMARY KEY (`id_anblog_blog`,`id_anblogcat`)
) ENGINE=InnoDB DEFAULT CHARSET=utf8;

--
-- Dumping data for table `bl_anblog_blog_categories`
--

INSERT INTO `bl_anblog_blog_categories` VALUES (3,4,0),(4,4,2),(5,4,3),(6,4,4),(7,4,5),(8,3,1),(8,4,1),(9,4,6);

--
-- Table structure for table `bl_anblog_blog_lang`
--

CREATE TABLE `bl_anblog_blog_lang` (
  `id_anblog_blog` int(11) NOT NULL,
  `id_lang` int(11) NOT NULL,
  `meta_description` varchar(255) NOT NULL,
  `meta_keywords` varchar(250) NOT NULL,
  `meta_title` varchar(250) NOT NULL,
  `link_rewrite` varchar(255) NOT NULL,
  `content` text NOT NULL,
  `description` text NOT NULL,
  `tags` varchar(255) NOT NULL,
  PRIMARY KEY (`id_anblog_blog`,`id_lang`)
) ENGINE=InnoDB DEFAULT CHARSET=utf8;

--
-- Dumping data for table `bl_anblog_blog_lang`
--

INSERT INTO `bl_anblog_blog_lang` VALUES (3,1,'','','At risus pretium urna tortor metus fringilla','at-risus-pretium-urna-tortor-metus-fringilla','<p>Odio ut pretium ligula quam Vestibulum consequat convallis fringilla Vestibulum nulla. Accumsan morbi tristique auctor. At risus pretium urna tortor metus fringilla interdum mauris tempor congue Odio ut pretium ligula quam Vestibulum consequat convallis fringilla Vestibulum nulla. Accumsan morbi tristique auctor. At risus pretium urna tortor metus fringilla interdum mauris tempor congue Odio ut pretium ligula quam Vestibulum consequat convallis fringilla Vestibulum nulla. Accumsan morbi tristique auctor. At risus pretium urna tortor metus fringilla interdum mauris tempor congue</p>\r\n<p> </p>\r\n<p>Odio ut pretium ligula quam Vestibulum consequat convallis fringilla Vestibulum nulla. Accumsan morbi tristique auctor. At risus pretium urna tortor metus fringilla interdum mauris tempor congue</p>\r\n<p> </p>\r\n<p>Odio ut pretium ligula quam Vestibulum consequat convallis fringilla Vestibulum nulla. Accumsan morbi tristique auctor. At risus pretium urna tortor metus fringilla interdum mauris tempor congue Odio ut pretium ligula quam Vestibulum consequat convallis fringilla Vestibulum nulla. Accumsan morbi tristique auctor. At risus pretium urna tortor metus fringilla interdum mauris tempor congue</p>\r\n<p> </p>\r\n<p>Odio ut pretium ligula quam Vestibulum consequat convallis fringilla Vestibulum nulla. Accumsan morbi tristique auctor. At risus pretium urna tortor metus fringilla interdum mauris tempor congue Odio ut pretium ligula quam Vestibulum consequat convallis fringilla Vestibulum nulla. Accumsan morbi tristique auctor. At risus pretium urna tortor metus fringilla interdum mauris tempor congue</p>','<p>Odio ut pretium ligula quam Vestibulum consequat convallis fringilla Vestibulum nulla. Accumsan morbi tristique auctor. At risus pretium urna tortor metus fringilla interdum mauris tempor congue</p>','fashion,cosmetics'),(3,2,'','','At risus pretium urna tortor metus fringilla','at-risus-pretium-urna-tortor-metus-fringilla','<p>Odio ut pretium ligula quam Vestibulum consequat convallis fringilla Vestibulum nulla. Accumsan morbi tristique auctor. At risus pretium urna tortor metus fringilla interdum mauris tempor congue Odio ut pretium ligula quam Vestibulum consequat convallis fringilla Vestibulum nulla. Accumsan morbi tristique auctor. At risus pretium urna tortor metus fringilla interdum mauris tempor congue Odio ut pretium ligula quam Vestibulum consequat convallis fringilla Vestibulum nulla. Accumsan morbi tristique auctor. At risus pretium urna tortor metus fringilla interdum mauris tempor congue</p>\r\n<p> </p>\r\n<p>Odio ut pretium ligula quam Vestibulum consequat convallis fringilla Vestibulum nulla. Accumsan morbi tristique auctor. At risus pretium urna tortor metus fringilla interdum mauris tempor congue</p>\r\n<p> </p>\r\n<p>Odio ut pretium ligula quam Vestibulum consequat convallis fringilla Vestibulum nulla. Accumsan morbi tristique auctor. At risus pretium urna tortor metus fringilla interdum mauris tempor congue Odio ut pretium ligula quam Vestibulum consequat convallis fringilla Vestibulum nulla. Accumsan morbi tristique auctor. At risus pretium urna tortor metus fringilla interdum mauris tempor congue</p>\r\n<p> </p>\r\n<p>Odio ut pretium ligula quam Vestibulum consequat convallis fringilla Vestibulum nulla. Accumsan morbi tristique auctor. At risus pretium urna tortor metus fringilla interdum mauris tempor congue Odio ut pretium ligula quam Vestibulum consequat convallis fringilla Vestibulum nulla. Accumsan morbi tristique auctor. At risus pretium urna tortor metus fringilla interdum mauris tempor congue</p>','<p>Odio ut pretium ligula quam Vestibulum consequat convallis fringilla Vestibulum nulla. Accumsan morbi tristique auctor. At risus pretium urna tortor metus fringilla interdum mauris tempor congue</p>','fashion,cosmetics'),(3,3,'','','At risus pretium urna tortor metus fringilla','at-risus-pretium-urna-tortor-metus-fringilla','<p>Odio ut pretium ligula quam Vestibulum consequat convallis fringilla Vestibulum nulla. Accumsan morbi tristique auctor. At risus pretium urna tortor metus fringilla interdum mauris tempor congue Odio ut pretium ligula quam Vestibulum consequat convallis fringilla Vestibulum nulla. Accumsan morbi tristique auctor. At risus pretium urna tortor metus fringilla interdum mauris tempor congue Odio ut pretium ligula quam Vestibulum consequat convallis fringilla Vestibulum nulla. Accumsan morbi tristique auctor. At risus pretium urna tortor metus fringilla interdum mauris tempor congue</p>\r\n<p> </p>\r\n<p>Odio ut pretium ligula quam Vestibulum consequat convallis fringilla Vestibulum nulla. Accumsan morbi tristique auctor. At risus pretium urna tortor metus fringilla interdum mauris tempor congue</p>\r\n<p> </p>\r\n<p>Odio ut pretium ligula quam Vestibulum consequat convallis fringilla Vestibulum nulla. Accumsan morbi tristique auctor. At risus pretium urna tortor metus fringilla interdum mauris tempor congue Odio ut pretium ligula quam Vestibulum consequat convallis fringilla Vestibulum nulla. Accumsan morbi tristique auctor. At risus pretium urna tortor metus fringilla interdum mauris tempor congue</p>\r\n<p> </p>\r\n<p>Odio ut pretium ligula quam Vestibulum consequat convallis fringilla Vestibulum nulla. Accumsan morbi tristique auctor. At risus pretium urna tortor metus fringilla interdum mauris tempor congue Odio ut pretium ligula quam Vestibulum consequat convallis fringilla Vestibulum nulla. Accumsan morbi tristique auctor. At risus pretium urna tortor metus fringilla interdum mauris tempor congue</p>','<p>Odio ut pretium ligula quam Vestibulum consequat convallis fringilla Vestibulum nulla. Accumsan morbi tristique auctor. At risus pretium urna tortor metus fringilla interdum mauris tempor congue</p>','fashion,cosmetics'),(4,1,'','','Ipsum cursus vestibulum at interdum Vivamus','ipsum-cursus-vestibulum-at-interdum-vivamus','<p>Donec tellus Nulla lorem Nullam elit id ut elit feugiat lacus. Congue eget dapibus congue tincidunt senectus nibh risus Phasellus tristique justo. Justo Pellentesque Donec lobortis faucibus Vestibulum Praesent mauris volutpat vitae metus. Ipsum cursus vestibulum at interdum Vivamus nunc fringilla Curabitur ac quis. Nam lacinia wisi tortor orci quis vitae. Donec tellus Nulla lorem Nullam elit id ut elit feugiat lacus. Congue eget dapibus congue tincidunt senectus nibh risus Phasellus tristique justo. Justo Pellentesque Donec lobortis faucibus Vestibulum Praesent mauris volutpat vitae metus. Ipsum cursus vestibulum at interdum Vivamus nunc fringilla Curabitur ac quis. Nam lacinia wisi tortor orci quis vitae. Donec tellus Nulla lorem Nullam elit id ut elit feugiat lacus. Congue eget dapibus congue tincidunt senectus nibh risus Phasellus tristique justo. Justo Pellentesque Donec lobortis faucibus Vestibulum Praesent mauris volutpat vitae metus. Ipsum cursus vestibulum at interdum Vivamus nunc fringilla Curabitur ac quis. Nam lacinia wisi tortor orci quis vitae.</p>\r\n<p>Donec tellus Nulla lorem Nullam elit id ut elit feugiat lacus. Congue eget dapibus congue tincidunt senectus nibh risus Phasellus tristique justo. Justo Pellentesque Donec lobortis faucibus Vestibulum Praesent mauris volutpat vitae metus. Ipsum cursus vestibulum at interdum Vivamus nunc fringilla Curabitur ac quis. Nam lacinia wisi tortor orci quis vitae.Donec tellus Nulla lorem Nullam elit id ut elit feugiat lacus. Congue eget dapibus congue tincidunt senectus nibh risus Phasellus tristique justo. Justo Pellentesque Donec lobortis faucibus Vestibulum Praesent mauris volutpat vitae metus. Ipsum cursus vestibulum at interdum Vivamus nunc fringilla Curabitur ac quis. Nam lacinia wisi tortor orci quis vitae.Donec tellus Nulla lorem Nullam elit id ut elit feugiat lacus. Congue eget dapibus congue tincidunt senectus nibh risus Phasellus tristique justo. Justo Pellentesque Donec lobortis faucibus Vestibulum Praesent mauris volutpat vitae metus. Ipsum cursus vestibulum at interdum Vivamus nunc fringilla Curabitur ac quis. Nam lacinia wisi tortor orci quis vitae.</p>','<p>Donec tellus Nulla lorem Nullam elit id ut elit feugiat lacus. Congue eget dapibus congue tincidunt senectus nibh risus Phasellus tristique justo. Justo Pellentesque Donec lobortis faucibus</p>','fashion,prestashop,antheme'),(4,2,'','','Ipsum cursus vestibulum at interdum Vivamus','ipsum-cursus-vestibulum-at-interdum-vivamus','<p>Donec tellus Nulla lorem Nullam elit id ut elit feugiat lacus. Congue eget dapibus congue tincidunt senectus nibh risus Phasellus tristique justo. Justo Pellentesque Donec lobortis faucibus Vestibulum Praesent mauris volutpat vitae metus. Ipsum cursus vestibulum at interdum Vivamus nunc fringilla Curabitur ac quis. Nam lacinia wisi tortor orci quis vitae. Donec tellus Nulla lorem Nullam elit id ut elit feugiat lacus. Congue eget dapibus congue tincidunt senectus nibh risus Phasellus tristique justo. Justo Pellentesque Donec lobortis faucibus Vestibulum Praesent mauris volutpat vitae metus. Ipsum cursus vestibulum at interdum Vivamus nunc fringilla Curabitur ac quis. Nam lacinia wisi tortor orci quis vitae. Donec tellus Nulla lorem Nullam elit id ut elit feugiat lacus. Congue eget dapibus congue tincidunt senectus nibh risus Phasellus tristique justo. Justo Pellentesque Donec lobortis faucibus Vestibulum Praesent mauris volutpat vitae metus. Ipsum cursus vestibulum at interdum Vivamus nunc fringilla Curabitur ac quis. Nam lacinia wisi tortor orci quis vitae.</p>\r\n<p>Donec tellus Nulla lorem Nullam elit id ut elit feugiat lacus. Congue eget dapibus congue tincidunt senectus nibh risus Phasellus tristique justo. Justo Pellentesque Donec lobortis faucibus Vestibulum Praesent mauris volutpat vitae metus. Ipsum cursus vestibulum at interdum Vivamus nunc fringilla Curabitur ac quis. Nam lacinia wisi tortor orci quis vitae.Donec tellus Nulla lorem Nullam elit id ut elit feugiat lacus. Congue eget dapibus congue tincidunt senectus nibh risus Phasellus tristique justo. Justo Pellentesque Donec lobortis faucibus Vestibulum Praesent mauris volutpat vitae metus. Ipsum cursus vestibulum at interdum Vivamus nunc fringilla Curabitur ac quis. Nam lacinia wisi tortor orci quis vitae.Donec tellus Nulla lorem Nullam elit id ut elit feugiat lacus. Congue eget dapibus congue tincidunt senectus nibh risus Phasellus tristique justo. Justo Pellentesque Donec lobortis faucibus Vestibulum Praesent mauris volutpat vitae metus. Ipsum cursus vestibulum at interdum Vivamus nunc fringilla Curabitur ac quis. Nam lacinia wisi tortor orci quis vitae.</p>','<p>Donec tellus Nulla lorem Nullam elit id ut elit feugiat lacus. Congue eget dapibus congue tincidunt senectus nibh risus Phasellus tristique justo. Justo Pellentesque Donec lobortis faucibus</p>','fashion,prestashop,antheme'),(4,3,'','','Ipsum cursus vestibulum at interdum Vivamus','ipsum-cursus-vestibulum-at-interdum-vivamus','<p>Donec tellus Nulla lorem Nullam elit id ut elit feugiat lacus. Congue eget dapibus congue tincidunt senectus nibh risus Phasellus tristique justo. Justo Pellentesque Donec lobortis faucibus Vestibulum Praesent mauris volutpat vitae metus. Ipsum cursus vestibulum at interdum Vivamus nunc fringilla Curabitur ac quis. Nam lacinia wisi tortor orci quis vitae. Donec tellus Nulla lorem Nullam elit id ut elit feugiat lacus. Congue eget dapibus congue tincidunt senectus nibh risus Phasellus tristique justo. Justo Pellentesque Donec lobortis faucibus Vestibulum Praesent mauris volutpat vitae metus. Ipsum cursus vestibulum at interdum Vivamus nunc fringilla Curabitur ac quis. Nam lacinia wisi tortor orci quis vitae. Donec tellus Nulla lorem Nullam elit id ut elit feugiat lacus. Congue eget dapibus congue tincidunt senectus nibh risus Phasellus tristique justo. Justo Pellentesque Donec lobortis faucibus Vestibulum Praesent mauris volutpat vitae metus. Ipsum cursus vestibulum at interdum Vivamus nunc fringilla Curabitur ac quis. Nam lacinia wisi tortor orci quis vitae.</p>\r\n<p>Donec tellus Nulla lorem Nullam elit id ut elit feugiat lacus. Congue eget dapibus congue tincidunt senectus nibh risus Phasellus tristique justo. Justo Pellentesque Donec lobortis faucibus Vestibulum Praesent mauris volutpat vitae metus. Ipsum cursus vestibulum at interdum Vivamus nunc fringilla Curabitur ac quis. Nam lacinia wisi tortor orci quis vitae.Donec tellus Nulla lorem Nullam elit id ut elit feugiat lacus. Congue eget dapibus congue tincidunt senectus nibh risus Phasellus tristique justo. Justo Pellentesque Donec lobortis faucibus Vestibulum Praesent mauris volutpat vitae metus. Ipsum cursus vestibulum at interdum Vivamus nunc fringilla Curabitur ac quis. Nam lacinia wisi tortor orci quis vitae.Donec tellus Nulla lorem Nullam elit id ut elit feugiat lacus. Congue eget dapibus congue tincidunt senectus nibh risus Phasellus tristique justo. Justo Pellentesque Donec lobortis faucibus Vestibulum Praesent mauris volutpat vitae metus. Ipsum cursus vestibulum at interdum Vivamus nunc fringilla Curabitur ac quis. Nam lacinia wisi tortor orci quis vitae.</p>','<p>Donec tellus Nulla lorem Nullam elit id ut elit feugiat lacus. Congue eget dapibus congue tincidunt senectus nibh risus Phasellus tristique justo. Justo Pellentesque Donec lobortis faucibus</p>','fashion,prestashop,antheme'),(5,1,'','fashion,prestashop,antheme,prestashop theme','Urna pretium elit mauris cursus Curabitur at elit Vestibulum','urna-pretium-elit-mauris-cursus-curabitur-at-elit-vestibulum','<p>Mi vitae magnis Fusce laoreet nibh felis porttitor laoreet Vestibulum faucibus. At Nulla id tincidunt ut sed semper vel Lorem condimentum ornare. Laoreet Vestibulum lacinia massa a commodo habitasse velit Vestibulum tincidunt In. Turpis at eleifend an mi elit Aenean porta ac sed faucibus. Nunc urna Morbi fringilla vitae orci convallis condimentum auctor sit dui. Urna pretium elit mauris cursus Curabitur at elit Vestibulum.</p>','<p>Mi vitae magnis Fusce laoreet nibh felis porttitor laoreet Vestibulum faucibus. At Nulla id tincidunt ut sed semper vel Lorem condimentum ornare.</p>','fashion'),(5,2,'','fashion,prestashop,antheme,prestashop theme','Urna pretium elit mauris cursus Curabitur at elit Vestibulum','urna-pretium-elit-mauris-cursus-curabitur-at-elit-vestibulum','<p>Mi vitae magnis Fusce laoreet nibh felis porttitor laoreet Vestibulum faucibus. At Nulla id tincidunt ut sed semper vel Lorem condimentum ornare. Laoreet Vestibulum lacinia massa a commodo habitasse velit Vestibulum tincidunt In. Turpis at eleifend an mi elit Aenean porta ac sed faucibus. Nunc urna Morbi fringilla vitae orci convallis condimentum auctor sit dui. Urna pretium elit mauris cursus Curabitur at elit Vestibulum.</p>','<p>Mi vitae magnis Fusce laoreet nibh felis porttitor laoreet Vestibulum faucibus. At Nulla id tincidunt ut sed semper vel Lorem condimentum ornare.</p>','fashion'),(5,3,'','fashion,prestashop,antheme,prestashop theme','Urna pretium elit mauris cursus Curabitur at elit Vestibulum','urna-pretium-elit-mauris-cursus-curabitur-at-elit-vestibulum','<p>Mi vitae magnis Fusce laoreet nibh felis porttitor laoreet Vestibulum faucibus. At Nulla id tincidunt ut sed semper vel Lorem condimentum ornare. Laoreet Vestibulum lacinia massa a commodo habitasse velit Vestibulum tincidunt In. Turpis at eleifend an mi elit Aenean porta ac sed faucibus. Nunc urna Morbi fringilla vitae orci convallis condimentum auctor sit dui. Urna pretium elit mauris cursus Curabitur at elit Vestibulum.</p>','<p>Mi vitae magnis Fusce laoreet nibh felis porttitor laoreet Vestibulum faucibus. At Nulla id tincidunt ut sed semper vel Lorem condimentum ornare.</p>','fashion'),(6,1,'','','Urna pretium elit mauris cursus Curabitur at elit Vestibulum','urna-pretium-elit-mauris-cursus-curabitur-at-elit-vestibulum','<p>Mi vitae magnis Fusce laoreet nibh felis porttitor laoreet Vestibulum faucibus. At Nulla id tincidunt ut sed semper vel Lorem condimentum ornare. Laoreet Vestibulum lacinia massa a commodo habitasse velit Vestibulum tincidunt In. Turpis at eleifend an mi elit Aenean porta ac sed faucibus. Nunc urna Morbi fringilla vitae orci convallis condimentum auctor sit dui. Urna pretium elit mauris cursus Curabitur at elit Vestibulum. Mi vitae magnis Fusce laoreet nibh felis porttitor laoreet Vestibulum faucibus. At Nulla id tincidunt ut sed semper vel Lorem condimentum ornare. Laoreet Vestibulum lacinia massa a commodo habitasse velit Vestibulum tincidunt In. Turpis at eleifend an mi elit Aenean porta ac sed faucibus. Nunc urna Morbi fringilla vitae orci convallis condimentum auctor sit dui. Urna pretium elit mauris cursus Curabitur at elit Vestibulum.</p>','<p>Mi vitae magnis Fusce laoreet nibh felis porttitor laoreet Vestibulum faucibus. At Nulla id tincidunt ut sed semper vel Lorem condimentum ornare.</p>','antheme,prestashop,theme'),(6,2,'','','Urna pretium elit mauris cursus Curabitur at elit Vestibulum','urna-pretium-elit-mauris-cursus-curabitur-at-elit-vestibulum','<p>Mi vitae magnis Fusce laoreet nibh felis porttitor laoreet Vestibulum faucibus. At Nulla id tincidunt ut sed semper vel Lorem condimentum ornare. Laoreet Vestibulum lacinia massa a commodo habitasse velit Vestibulum tincidunt In. Turpis at eleifend an mi elit Aenean porta ac sed faucibus. Nunc urna Morbi fringilla vitae orci convallis condimentum auctor sit dui. Urna pretium elit mauris cursus Curabitur at elit Vestibulum. Mi vitae magnis Fusce laoreet nibh felis porttitor laoreet Vestibulum faucibus. At Nulla id tincidunt ut sed semper vel Lorem condimentum ornare. Laoreet Vestibulum lacinia massa a commodo habitasse velit Vestibulum tincidunt In. Turpis at eleifend an mi elit Aenean porta ac sed faucibus. Nunc urna Morbi fringilla vitae orci convallis condimentum auctor sit dui. Urna pretium elit mauris cursus Curabitur at elit Vestibulum.</p>','<p>Mi vitae magnis Fusce laoreet nibh felis porttitor laoreet Vestibulum faucibus. At Nulla id tincidunt ut sed semper vel Lorem condimentum ornare.</p>','antheme,prestashop,theme'),(6,3,'','','Urna pretium elit mauris cursus Curabitur at elit Vestibulum','urna-pretium-elit-mauris-cursus-curabitur-at-elit-vestibulum','<p>Mi vitae magnis Fusce laoreet nibh felis porttitor laoreet Vestibulum faucibus. At Nulla id tincidunt ut sed semper vel Lorem condimentum ornare. Laoreet Vestibulum lacinia massa a commodo habitasse velit Vestibulum tincidunt In. Turpis at eleifend an mi elit Aenean porta ac sed faucibus. Nunc urna Morbi fringilla vitae orci convallis condimentum auctor sit dui. Urna pretium elit mauris cursus Curabitur at elit Vestibulum. Mi vitae magnis Fusce laoreet nibh felis porttitor laoreet Vestibulum faucibus. At Nulla id tincidunt ut sed semper vel Lorem condimentum ornare. Laoreet Vestibulum lacinia massa a commodo habitasse velit Vestibulum tincidunt In. Turpis at eleifend an mi elit Aenean porta ac sed faucibus. Nunc urna Morbi fringilla vitae orci convallis condimentum auctor sit dui. Urna pretium elit mauris cursus Curabitur at elit Vestibulum.</p>','<p>Mi vitae magnis Fusce laoreet nibh felis porttitor laoreet Vestibulum faucibus. At Nulla id tincidunt ut sed semper vel Lorem condimentum ornare.</p>','antheme,prestashop,theme'),(7,1,'','','Morbi condimentum molestie Nam enim odio sodales','morbi-condimentum-molestie-nam-enim-odio-sodales','<p>Odio ut pretium ligula quam Vestibulum consequat convallis fringilla Vestibulum nulla. Accumsan morbi tristique auctor. At risus pretium urna tortor metus fringilla interdum mauris tempor congue.</p><p>Commodo laoreet semper tincidunt lorem Vestibulum nunc at In Curabitur magna. Euismod euismod Suspendisse tortor ante adipiscing risus Aenean Lorem vitae id. Odio ut pretium ligula quam Vestibulum consequat convallis fringilla Vestibulum nulla. Accumsan morbi tristique auctor Aenean nulla lacinia Nullam elit vel vel. At risus pretium urna tortor metus fringilla interdum mauris tempor congue.</p><p>Donec tellus Nulla lorem Nullam elit id ut elit feugiat lacus. Congue eget dapibus congue tincidunt senectus nibh risus Phasellus tristique justo. Justo Pellentesque Donec lobortis faucibus Vestibulum Praesent mauris volutpat vitae metus. Ipsum cursus vestibulum at interdum Vivamus nunc fringilla Curabitur ac quis. Nam lacinia wisi tortor orci quis vitae.</p><p>Sed mauris Pellentesque elit Aliquam at lacus interdum nascetur elit ipsum. Enim ipsum hendrerit Suspendisse turpis laoreet fames tempus ligula pede ac. Et Lorem penatibus orci eu ultrices egestas Nam quam Vivamus nibh. Morbi condimentum molestie Nam enim odio sodales pretium eros sem pellentesque. Sit tellus Integer elit egestas lacus turpis id auctor nascetur ut. Ac elit vitae.</p><p>Mi vitae magnis Fusce laoreet nibh felis porttitor laoreet Vestibulum faucibus. At Nulla id tincidunt ut sed semper vel Lorem condimentum ornare. Laoreet Vestibulum lacinia massa a commodo habitasse velit Vestibulum tincidunt In. Turpis at eleifend an mi elit Aenean porta ac sed faucibus. Nunc urna Morbi fringilla vitae orci convallis condimentum auctor sit dui. Urna pretium elit mauris cursus Curabitur at elit Vestibulum.</p>','<p>Sed mauris Pellentesque elit Aliquam at lacus interdum nascetur elit ipsum. Enim ipsum hendrerit Suspendisse turpis laoreet fames tempus ligula pede ac. Et Lorem penatibus orci eu ultrices egestas Nam quam Vivamus nibh.</p>','antheme,prestashop,charme,food'),(7,2,'','','Morbi condimentum molestie Nam enim odio sodales','morbi-condimentum-molestie-nam-enim-odio-sodales','<p>Odio ut pretium ligula quam Vestibulum consequat convallis fringilla Vestibulum nulla. Accumsan morbi tristique auctor. At risus pretium urna tortor metus fringilla interdum mauris tempor congue.</p><p>Commodo laoreet semper tincidunt lorem Vestibulum nunc at In Curabitur magna. Euismod euismod Suspendisse tortor ante adipiscing risus Aenean Lorem vitae id. Odio ut pretium ligula quam Vestibulum consequat convallis fringilla Vestibulum nulla. Accumsan morbi tristique auctor Aenean nulla lacinia Nullam elit vel vel. At risus pretium urna tortor metus fringilla interdum mauris tempor congue.</p><p>Donec tellus Nulla lorem Nullam elit id ut elit feugiat lacus. Congue eget dapibus congue tincidunt senectus nibh risus Phasellus tristique justo. Justo Pellentesque Donec lobortis faucibus Vestibulum Praesent mauris volutpat vitae metus. Ipsum cursus vestibulum at interdum Vivamus nunc fringilla Curabitur ac quis. Nam lacinia wisi tortor orci quis vitae.</p><p>Sed mauris Pellentesque elit Aliquam at lacus interdum nascetur elit ipsum. Enim ipsum hendrerit Suspendisse turpis laoreet fames tempus ligula pede ac. Et Lorem penatibus orci eu ultrices egestas Nam quam Vivamus nibh. Morbi condimentum molestie Nam enim odio sodales pretium eros sem pellentesque. Sit tellus Integer elit egestas lacus turpis id auctor nascetur ut. Ac elit vitae.</p><p>Mi vitae magnis Fusce laoreet nibh felis porttitor laoreet Vestibulum faucibus. At Nulla id tincidunt ut sed semper vel Lorem condimentum ornare. Laoreet Vestibulum lacinia massa a commodo habitasse velit Vestibulum tincidunt In. Turpis at eleifend an mi elit Aenean porta ac sed faucibus. Nunc urna Morbi fringilla vitae orci convallis condimentum auctor sit dui. Urna pretium elit mauris cursus Curabitur at elit Vestibulum.</p>','<p>Sed mauris Pellentesque elit Aliquam at lacus interdum nascetur elit ipsum. Enim ipsum hendrerit Suspendisse turpis laoreet fames tempus ligula pede ac. Et Lorem penatibus orci eu ultrices egestas Nam quam Vivamus nibh.</p>','antheme,prestashop,charme,food'),(7,3,'','','Morbi condimentum molestie Nam enim odio sodales','morbi-condimentum-molestie-nam-enim-odio-sodales','<p>Odio ut pretium ligula quam Vestibulum consequat convallis fringilla Vestibulum nulla. Accumsan morbi tristique auctor. At risus pretium urna tortor metus fringilla interdum mauris tempor congue.</p><p>Commodo laoreet semper tincidunt lorem Vestibulum nunc at In Curabitur magna. Euismod euismod Suspendisse tortor ante adipiscing risus Aenean Lorem vitae id. Odio ut pretium ligula quam Vestibulum consequat convallis fringilla Vestibulum nulla. Accumsan morbi tristique auctor Aenean nulla lacinia Nullam elit vel vel. At risus pretium urna tortor metus fringilla interdum mauris tempor congue.</p><p>Donec tellus Nulla lorem Nullam elit id ut elit feugiat lacus. Congue eget dapibus congue tincidunt senectus nibh risus Phasellus tristique justo. Justo Pellentesque Donec lobortis faucibus Vestibulum Praesent mauris volutpat vitae metus. Ipsum cursus vestibulum at interdum Vivamus nunc fringilla Curabitur ac quis. Nam lacinia wisi tortor orci quis vitae.</p><p>Sed mauris Pellentesque elit Aliquam at lacus interdum nascetur elit ipsum. Enim ipsum hendrerit Suspendisse turpis laoreet fames tempus ligula pede ac. Et Lorem penatibus orci eu ultrices egestas Nam quam Vivamus nibh. Morbi condimentum molestie Nam enim odio sodales pretium eros sem pellentesque. Sit tellus Integer elit egestas lacus turpis id auctor nascetur ut. Ac elit vitae.</p><p>Mi vitae magnis Fusce laoreet nibh felis porttitor laoreet Vestibulum faucibus. At Nulla id tincidunt ut sed semper vel Lorem condimentum ornare. Laoreet Vestibulum lacinia massa a commodo habitasse velit Vestibulum tincidunt In. Turpis at eleifend an mi elit Aenean porta ac sed faucibus. Nunc urna Morbi fringilla vitae orci convallis condimentum auctor sit dui. Urna pretium elit mauris cursus Curabitur at elit Vestibulum.</p>','<p>Sed mauris Pellentesque elit Aliquam at lacus interdum nascetur elit ipsum. Enim ipsum hendrerit Suspendisse turpis laoreet fames tempus ligula pede ac. Et Lorem penatibus orci eu ultrices egestas Nam quam Vivamus nibh.</p>','antheme,prestashop,charme,food'),(8,1,'','','Turpis at eleifend an mi elit Aenean porta ac sed faucibus','turpis-at-eleifend-an-mi-elit-aenean-porta-ac-sed-faucibus','<p>Odio ut pretium ligula quam Vestibulum consequat convallis fringilla Vestibulum nulla. Accumsan morbi tristique auctor. At risus pretium urna tortor metus fringilla interdum mauris tempor congue.</p><p>Commodo laoreet semper tincidunt lorem Vestibulum nunc at In Curabitur magna. Euismod euismod Suspendisse tortor ante adipiscing risus Aenean Lorem vitae id. Odio ut pretium ligula quam Vestibulum consequat convallis fringilla Vestibulum nulla. Accumsan morbi tristique auctor Aenean nulla lacinia Nullam elit vel vel. At risus pretium urna tortor metus fringilla interdum mauris tempor congue.</p>\r\n<p>Donec tellus Nulla lorem Nullam elit id ut elit feugiat lacus. Congue eget dapibus congue tincidunt senectus nibh risus Phasellus tristique justo. Justo Pellentesque Donec lobortis faucibus Vestibulum Praesent mauris volutpat vitae metus. Ipsum cursus vestibulum at interdum Vivamus nunc fringilla Curabitur ac quis. Nam lacinia wisi tortor orci quis vitae.</p>\r\n<p>Sed mauris Pellentesque elit Aliquam at lacus interdum nascetur elit ipsum. Enim ipsum hendrerit Suspendisse turpis laoreet fames tempus ligula pede ac. Et Lorem penatibus orci eu ultrices egestas Nam quam Vivamus nibh. Morbi condimentum molestie Nam enim odio sodales pretium eros sem pellentesque. Sit tellus Integer elit egestas lacus turpis id auctor nascetur ut. Ac elit vitae.</p>\r\n<p>Mi vitae magnis Fusce laoreet nibh felis porttitor laoreet Vestibulum faucibus. At Nulla id tincidunt ut sed semper vel Lorem condimentum ornare. Laoreet Vestibulum lacinia massa a commodo habitasse velit Vestibulum tincidunt In. Turpis at eleifend an mi elit Aenean porta ac sed faucibus. Nunc urna Morbi fringilla vitae orci convallis condimentum auctor sit dui. Urna pretium elit mauris cursus Curabitur at elit Vestibulum.</p>','<p>Turpis at eleifend an mi elit Aenean porta ac sed faucibus. Nunc urna Morbi fringilla vitae orci convallis condimentum auctor sit dui. Urna pretium elit mauris cursus Curabitur at elit Vestibulum</p>','charme,food,template'),(8,2,'','','Turpis at eleifend an mi elit Aenean porta ac sed faucibus','turpis-at-eleifend-an-mi-elit-aenean-porta-ac-sed-faucibus','<p>Odio ut pretium ligula quam Vestibulum consequat convallis fringilla Vestibulum nulla. Accumsan morbi tristique auctor. At risus pretium urna tortor metus fringilla interdum mauris tempor congue.</p><p>Commodo laoreet semper tincidunt lorem Vestibulum nunc at In Curabitur magna. Euismod euismod Suspendisse tortor ante adipiscing risus Aenean Lorem vitae id. Odio ut pretium ligula quam Vestibulum consequat convallis fringilla Vestibulum nulla. Accumsan morbi tristique auctor Aenean nulla lacinia Nullam elit vel vel. At risus pretium urna tortor metus fringilla interdum mauris tempor congue.</p>\r\n<p>Donec tellus Nulla lorem Nullam elit id ut elit feugiat lacus. Congue eget dapibus congue tincidunt senectus nibh risus Phasellus tristique justo. Justo Pellentesque Donec lobortis faucibus Vestibulum Praesent mauris volutpat vitae metus. Ipsum cursus vestibulum at interdum Vivamus nunc fringilla Curabitur ac quis. Nam lacinia wisi tortor orci quis vitae.</p>\r\n<p>Sed mauris Pellentesque elit Aliquam at lacus interdum nascetur elit ipsum. Enim ipsum hendrerit Suspendisse turpis laoreet fames tempus ligula pede ac. Et Lorem penatibus orci eu ultrices egestas Nam quam Vivamus nibh. Morbi condimentum molestie Nam enim odio sodales pretium eros sem pellentesque. Sit tellus Integer elit egestas lacus turpis id auctor nascetur ut. Ac elit vitae.</p>\r\n<p>Mi vitae magnis Fusce laoreet nibh felis porttitor laoreet Vestibulum faucibus. At Nulla id tincidunt ut sed semper vel Lorem condimentum ornare. Laoreet Vestibulum lacinia massa a commodo habitasse velit Vestibulum tincidunt In. Turpis at eleifend an mi elit Aenean porta ac sed faucibus. Nunc urna Morbi fringilla vitae orci convallis condimentum auctor sit dui. Urna pretium elit mauris cursus Curabitur at elit Vestibulum.</p>','<p>Turpis at eleifend an mi elit Aenean porta ac sed faucibus. Nunc urna Morbi fringilla vitae orci convallis condimentum auctor sit dui. Urna pretium elit mauris cursus Curabitur at elit Vestibulum</p>','charme,food,template'),(8,3,'','','Turpis at eleifend an mi elit Aenean porta ac sed faucibus','turpis-at-eleifend-an-mi-elit-aenean-porta-ac-sed-faucibus','<p>Odio ut pretium ligula quam Vestibulum consequat convallis fringilla Vestibulum nulla. Accumsan morbi tristique auctor. At risus pretium urna tortor metus fringilla interdum mauris tempor congue.</p><p>Commodo laoreet semper tincidunt lorem Vestibulum nunc at In Curabitur magna. Euismod euismod Suspendisse tortor ante adipiscing risus Aenean Lorem vitae id. Odio ut pretium ligula quam Vestibulum consequat convallis fringilla Vestibulum nulla. Accumsan morbi tristique auctor Aenean nulla lacinia Nullam elit vel vel. At risus pretium urna tortor metus fringilla interdum mauris tempor congue.</p>\r\n<p>Donec tellus Nulla lorem Nullam elit id ut elit feugiat lacus. Congue eget dapibus congue tincidunt senectus nibh risus Phasellus tristique justo. Justo Pellentesque Donec lobortis faucibus Vestibulum Praesent mauris volutpat vitae metus. Ipsum cursus vestibulum at interdum Vivamus nunc fringilla Curabitur ac quis. Nam lacinia wisi tortor orci quis vitae.</p>\r\n<p>Sed mauris Pellentesque elit Aliquam at lacus interdum nascetur elit ipsum. Enim ipsum hendrerit Suspendisse turpis laoreet fames tempus ligula pede ac. Et Lorem penatibus orci eu ultrices egestas Nam quam Vivamus nibh. Morbi condimentum molestie Nam enim odio sodales pretium eros sem pellentesque. Sit tellus Integer elit egestas lacus turpis id auctor nascetur ut. Ac elit vitae.</p>\r\n<p>Mi vitae magnis Fusce laoreet nibh felis porttitor laoreet Vestibulum faucibus. At Nulla id tincidunt ut sed semper vel Lorem condimentum ornare. Laoreet Vestibulum lacinia massa a commodo habitasse velit Vestibulum tincidunt In. Turpis at eleifend an mi elit Aenean porta ac sed faucibus. Nunc urna Morbi fringilla vitae orci convallis condimentum auctor sit dui. Urna pretium elit mauris cursus Curabitur at elit Vestibulum.</p>','<p>Turpis at eleifend an mi elit Aenean porta ac sed faucibus. Nunc urna Morbi fringilla vitae orci convallis condimentum auctor sit dui. Urna pretium elit mauris cursus Curabitur at elit Vestibulum</p>','charme,food,template'),(9,1,'','','Nullam ullamcorper nisl quis ornare molestie','nullam-ullamcorper-nisl-quis-ornare-molestie','<p>Sed ut perspiciatis unde omnis iste natus error sit voluptatem accusantium doloremque laudantium, totam rem aperiam, eaque ipsa quae ab illo inventore veritatis et quas.</p><p>Suspendisse posuere, diam in bibendum lobortis, turpis ipsum aliquam risus, sit amet dictum ligula lorem non nisl. Ut vitae nibh id massa vulputate euismod ut quis justo. Ut bibendum sem at massa lacinia, eget elementum ante consectetur. Nulla id pharetra dui, at rhoncus urna. Maecenas non porttitor purus. Nullam ullamcorper nisl quis ornare molestie.</p>\r\n<p>Etiam eget erat est. Phasellus elit justo, mattis non lorem non, aliquam aliquam an. Sed fermentum consectetur magna, eget semper ante. Aliquam scelerisque justo velit. Fusce cursus blandit dolor, in sodales urna vulputate lobortis. Nulla ut tellus turpis. Nullam lacus sem, volutpat id odio sed, cursus tristique eros. Duis at pellentesque magna. Donec magna nisi, vulputate ac nulla eu, ultricies tincidunt tellus. Nunc tincidunt sem urna, nec venenatis libero vehicula ut.</p>\r\n<p>Vestibulum ante ipsum primis in faucibus orci luctus et ultrices posuere cubilia Curae; Curabitur faucibus aliquam pulvinar. Vivamus mattis volutpat erat, et congue nisi semper quis. Cras vehicula dignissim libero in elementum. Mauris sit amet dolor justo. Morbi consequat velit vel est fermentum euismod. Curabitur in magna augue.</p>','<p>Suspendisse posuere, diam in bibendum lobortis, turpis ipsum aliquam risus, sit amet dictum ligula lorem non nisl Urna pretium elit mauris cursus Curabitur at elit Vestibulum</p>','food,theme'),(9,2,'','','Nullam ullamcorper nisl quis ornare molestie','nullam-ullamcorper-nisl-quis-ornare-molestie','<p>Sed ut perspiciatis unde omnis iste natus error sit voluptatem accusantium doloremque laudantium, totam rem aperiam, eaque ipsa quae ab illo inventore veritatis et quas.</p><p>Suspendisse posuere, diam in bibendum lobortis, turpis ipsum aliquam risus, sit amet dictum ligula lorem non nisl. Ut vitae nibh id massa vulputate euismod ut quis justo. Ut bibendum sem at massa lacinia, eget elementum ante consectetur. Nulla id pharetra dui, at rhoncus urna. Maecenas non porttitor purus. Nullam ullamcorper nisl quis ornare molestie.</p>\r\n<p>Etiam eget erat est. Phasellus elit justo, mattis non lorem non, aliquam aliquam an. Sed fermentum consectetur magna, eget semper ante. Aliquam scelerisque justo velit. Fusce cursus blandit dolor, in sodales urna vulputate lobortis. Nulla ut tellus turpis. Nullam lacus sem, volutpat id odio sed, cursus tristique eros. Duis at pellentesque magna. Donec magna nisi, vulputate ac nulla eu, ultricies tincidunt tellus. Nunc tincidunt sem urna, nec venenatis libero vehicula ut.</p>\r\n<p>Vestibulum ante ipsum primis in faucibus orci luctus et ultrices posuere cubilia Curae; Curabitur faucibus aliquam pulvinar. Vivamus mattis volutpat erat, et congue nisi semper quis. Cras vehicula dignissim libero in elementum. Mauris sit amet dolor justo. Morbi consequat velit vel est fermentum euismod. Curabitur in magna augue.</p>','<p>Suspendisse posuere, diam in bibendum lobortis, turpis ipsum aliquam risus, sit amet dictum ligula lorem non nisl Urna pretium elit mauris cursus Curabitur at elit Vestibulum</p>','food,theme'),(9,3,'','','Nullam ullamcorper nisl quis ornare molestie','nullam-ullamcorper-nisl-quis-ornare-molestie','<p>Sed ut perspiciatis unde omnis iste natus error sit voluptatem accusantium doloremque laudantium, totam rem aperiam, eaque ipsa quae ab illo inventore veritatis et quas.</p><p>Suspendisse posuere, diam in bibendum lobortis, turpis ipsum aliquam risus, sit amet dictum ligula lorem non nisl. Ut vitae nibh id massa vulputate euismod ut quis justo. Ut bibendum sem at massa lacinia, eget elementum ante consectetur. Nulla id pharetra dui, at rhoncus urna. Maecenas non porttitor purus. Nullam ullamcorper nisl quis ornare molestie.</p>\r\n<p>Etiam eget erat est. Phasellus elit justo, mattis non lorem non, aliquam aliquam an. Sed fermentum consectetur magna, eget semper ante. Aliquam scelerisque justo velit. Fusce cursus blandit dolor, in sodales urna vulputate lobortis. Nulla ut tellus turpis. Nullam lacus sem, volutpat id odio sed, cursus tristique eros. Duis at pellentesque magna. Donec magna nisi, vulputate ac nulla eu, ultricies tincidunt tellus. Nunc tincidunt sem urna, nec venenatis libero vehicula ut.</p>\r\n<p>Vestibulum ante ipsum primis in faucibus orci luctus et ultrices posuere cubilia Curae; Curabitur faucibus aliquam pulvinar. Vivamus mattis volutpat erat, et congue nisi semper quis. Cras vehicula dignissim libero in elementum. Mauris sit amet dolor justo. Morbi consequat velit vel est fermentum euismod. Curabitur in magna augue.</p>','<p>Suspendisse posuere, diam in bibendum lobortis, turpis ipsum aliquam risus, sit amet dictum ligula lorem non nisl Urna pretium elit mauris cursus Curabitur at elit Vestibulum</p>','food,theme');

--
-- Table structure for table `bl_anblog_blog_shop`
--

CREATE TABLE `bl_anblog_blog_shop` (
  `id_anblog_blog` int(11) NOT NULL DEFAULT '0',
  `id_shop` int(11) NOT NULL DEFAULT '0',
  PRIMARY KEY (`id_anblog_blog`,`id_shop`)
) ENGINE=InnoDB DEFAULT CHARSET=utf8;

--
-- Dumping data for table `bl_anblog_blog_shop`
--

INSERT INTO `bl_anblog_blog_shop` VALUES (3,1),(4,1),(5,1),(6,1),(7,1),(8,1),(9,1);

--
-- Table structure for table `bl_anblog_comment`
--

CREATE TABLE `bl_anblog_comment` (
  `id_anblog_comment` int(11) unsigned NOT NULL AUTO_INCREMENT,
  `id_shop` int(11) NOT NULL DEFAULT '0',
  `id_anblog_blog` int(11) unsigned NOT NULL,
  `comment` text NOT NULL,
  `active` tinyint(1) NOT NULL DEFAULT '0',
  `date_add` datetime DEFAULT NULL,
  `user` varchar(255) NOT NULL,
  `email` varchar(255) NOT NULL,
  PRIMARY KEY (`id_anblog_comment`,`id_shop`),
  KEY `FK_blog_comment` (`id_anblog_blog`)
) ENGINE=InnoDB DEFAULT CHARSET=utf8;

--
-- Dumping data for table `bl_anblog_comment`
--


--
-- Table structure for table `bl_anblog_hooks`
--

CREATE TABLE `bl_anblog_hooks` (
  `id` varchar(255) NOT NULL,
  `id_hook` int(10) NOT NULL,
  `post_count` int(10) NOT NULL,
  `status` int(1) NOT NULL,
  `id_shop` int(10) NOT NULL,
  PRIMARY KEY (`id`)
) ENGINE=InnoDB DEFAULT CHARSET=utf8;

--
-- Dumping data for table `bl_anblog_hooks`
--


--
-- Table structure for table `bl_anblogcat`
--

CREATE TABLE `bl_anblogcat` (
  `id_anblogcat` int(11) NOT NULL AUTO_INCREMENT,
  `image` varchar(255) NOT NULL,
  `id_parent` int(11) NOT NULL,
  `item` varchar(255) DEFAULT NULL,
  `level_depth` smallint(6) NOT NULL,
  `active` tinyint(1) NOT NULL,
  `show_title` tinyint(1) NOT NULL,
  `position` int(11) NOT NULL,
  `submenu_content` text NOT NULL,
  `privacy` smallint(6) DEFAULT NULL,
  `position_type` varchar(25) DEFAULT NULL,
  `menu_class` varchar(25) DEFAULT NULL,
  `content` text,
  `icon_class` varchar(255) DEFAULT NULL,
  `level` int(11) NOT NULL,
  `left` int(11) NOT NULL,
  `right` int(11) NOT NULL,
  `date_add` datetime DEFAULT NULL,
  `date_upd` datetime DEFAULT NULL,
  `template` varchar(200) NOT NULL,
  `randkey` varchar(255) DEFAULT NULL,
  `groups` text,
  PRIMARY KEY (`id_anblogcat`)
) ENGINE=InnoDB AUTO_INCREMENT=6 DEFAULT CHARSET=utf8;

--
-- Dumping data for table `bl_anblogcat`
--

INSERT INTO `bl_anblogcat` VALUES (1,'',0,NULL,0,0,1,0,'',NULL,NULL,NULL,NULL,NULL,0,0,0,NULL,NULL,'','ad30975ab88db9db59a40e3edfca0ab0',''),(3,'',1,'',1,1,0,0,'',0,'','','','',0,0,0,'2020-06-01 07:06:52','2020-06-01 11:07:22','default','5577844800e55bda2c0540af22ba96ce',''),(4,'',3,'',2,1,1,0,'',0,'','','','',0,0,0,'2020-06-02 07:07:34','2020-06-02 12:07:50','default','0abc8c406b64fa2f13f5a7cbecbfb67f',''),(5,'',3,NULL,2,1,0,1,'',0,NULL,'',NULL,'',0,0,0,'2020-06-03 08:44:07','2020-06-03 09:05:46','default','1dcae6f22c5962b687451c98c27946f0','');

--
-- Table structure for table `bl_anblogcat_lang`
--

CREATE TABLE `bl_anblogcat_lang` (
  `id_anblogcat` int(11) NOT NULL,
  `id_lang` int(11) NOT NULL,
  `title` varchar(255) DEFAULT NULL,
  `meta_title` varchar(255) DEFAULT NULL,
  `content_text` text,
  `description` varchar(200) NOT NULL,
  `meta_keywords` varchar(255) NOT NULL,
  `meta_description` varchar(255) NOT NULL,
  `link_rewrite` varchar(250) NOT NULL,
  PRIMARY KEY (`id_anblogcat`,`id_lang`)
) ENGINE=InnoDB DEFAULT CHARSET=utf8;

--
-- Dumping data for table `bl_anblogcat_lang`
--

INSERT INTO `bl_anblogcat_lang` VALUES (1,1,'Root','Root',NULL,'','','',''),(1,2,'Root','Root',NULL,'','','',''),(1,3,'Root','Root',NULL,'','','',''),(3,1,'Category 1','Category 1','<p>Odio ut pretium ligula quam Vestibulum consequat convallis fringilla Vestibulum nulla. Accumsan morbi tristique auctor. At risus pretium urna tortor metus fringilla interdum mauris tempor congue</p>','','','\r\n','category-1'),(3,2,'Category 1','Category 1','<p>Odio ut pretium ligula quam Vestibulum consequat convallis fringilla Vestibulum nulla. Accumsan morbi tristique auctor. At risus pretium urna tortor metus fringilla interdum mauris tempor congue</p>','','','\r\n','category-1'),(3,3,'Category 1','Category 1','<p>Odio ut pretium ligula quam Vestibulum consequat convallis fringilla Vestibulum nulla. Accumsan morbi tristique auctor. At risus pretium urna tortor metus fringilla interdum mauris tempor congue</p>','','','\r\n','category-1'),(4,1,'Sub Category 1','SubCategory 1','<p>Odio ut pretium ligula quam Vestibulum consequat convallis fringilla Vestibulum nulla. Accumsan morbi tristique auctor. At risus pretium urna tortor metus fringilla interdum mauris tempor congue</p>','','fashion,prestashop,antheme,pavothemes','','sub-category-1'),(4,2,'Sub Category 1','SubCategory 1','<p>Odio ut pretium ligula quam Vestibulum consequat convallis fringilla Vestibulum nulla. Accumsan morbi tristique auctor. At risus pretium urna tortor metus fringilla interdum mauris tempor congue</p>','','fashion,prestashop,antheme,pavothemes','','sub-category-1'),(4,3,'Sub Category 1','SubCategory 1','<p>Odio ut pretium ligula quam Vestibulum consequat convallis fringilla Vestibulum nulla. Accumsan morbi tristique auctor. At risus pretium urna tortor metus fringilla interdum mauris tempor congue</p>','','fashion,prestashop,antheme,pavothemes','','sub-category-1'),(5,1,'Sub Category 2','SubCategory 2','<p>Odio ut pretium ligula quam Vestibulum consequat convallis fringilla Vestibulum nulla. Accumsan morbi tristique auctor. At risus pretium urna tortor metus fringilla interdum mauris tempor congue</p>','','haha,fashion,charme','gogogoel','sub-category-2'),(5,2,'Sub Category 2','SubCategory 2','<p>Odio ut pretium ligula quam Vestibulum consequat convallis fringilla Vestibulum nulla. Accumsan morbi tristique auctor. At risus pretium urna tortor metus fringilla interdum mauris tempor congue</p>','','haha,fashion,charme','gogogoel','sub-category-2'),(5,3,'Sub Category 2','SubCategory 2','<p>Odio ut pretium ligula quam Vestibulum consequat convallis fringilla Vestibulum nulla. Accumsan morbi tristique auctor. At risus pretium urna tortor metus fringilla interdum mauris tempor congue</p>','','haha,fashion,charme','gogogoel','sub-category-2');

--
-- Table structure for table `bl_anblogcat_shop`
--

CREATE TABLE `bl_anblogcat_shop` (
  `id_anblogcat` int(11) NOT NULL DEFAULT '0',
  `id_shop` int(11) NOT NULL DEFAULT '0',
  PRIMARY KEY (`id_anblogcat`,`id_shop`)
) ENGINE=InnoDB DEFAULT CHARSET=utf8;

--
-- Dumping data for table `bl_anblogcat_shop`
--

INSERT INTO `bl_anblogcat_shop` VALUES (1,1),(3,1),(4,1),(5,1);

--
-- Table structure for table `bl_andropdown`
--

CREATE TABLE `bl_andropdown` (
  `id_andropdown` int(10) unsigned NOT NULL AUTO_INCREMENT,
  `id_anmenu` int(10) unsigned NOT NULL,
  `active` tinyint(1) unsigned NOT NULL DEFAULT '1',
  `position` int(10) unsigned NOT NULL DEFAULT '0',
  `column` int(10) DEFAULT '0',
  `content_type` varchar(50) NOT NULL,
  `categories` text,
  `products` text,
  `manufacturers` text,
  `drop_bgimage` varchar(128) DEFAULT NULL,
  PRIMARY KEY (`id_andropdown`)
) ENGINE=InnoDB AUTO_INCREMENT=2 DEFAULT CHARSET=utf8;

--
-- Dumping data for table `bl_andropdown`
--

INSERT INTO `bl_andropdown` VALUES (1,2,1,1,1,'category','a:9:{i:0;s:2:\"10\";i:1;s:2:\"11\";i:2;s:2:\"12\";i:3;s:2:\"13\";i:4;s:2:\"14\";i:5;s:2:\"15\";i:6;s:2:\"17\";i:7;s:2:\"60\";i:8;s:2:\"68\";}','a:0:{}','a:0:{}','');

--
-- Table structure for table `bl_andropdown_lang`
--

CREATE TABLE `bl_andropdown_lang` (
  `id_andropdown` int(10) unsigned NOT NULL,
  `id_lang` int(10) unsigned NOT NULL,
  `static_content` text,
  `title` varchar(254) NOT NULL,
  PRIMARY KEY (`id_andropdown`,`id_lang`)
) ENGINE=InnoDB DEFAULT CHARSET=utf8;

--
-- Dumping data for table `bl_andropdown_lang`
--

INSERT INTO `bl_andropdown_lang` VALUES (1,1,'',''),(1,2,'',''),(1,3,'','');

--
-- Table structure for table `bl_anmenu`
--

CREATE TABLE `bl_anmenu` (
  `id_anmenu` int(10) unsigned NOT NULL AUTO_INCREMENT,
  `id_shop` int(10) unsigned NOT NULL DEFAULT '1',
  `active` tinyint(1) unsigned NOT NULL DEFAULT '1',
  `position` int(10) unsigned NOT NULL DEFAULT '0',
  `label_color` varchar(32) DEFAULT NULL,
  `drop_column` int(10) DEFAULT '0',
  `drop_bgcolor` varchar(32) DEFAULT NULL,
  `drop_bgimage` varchar(128) DEFAULT NULL,
  `bgimage_position` varchar(50) DEFAULT NULL,
  `position_x` int(10) DEFAULT '0',
  `position_y` int(10) DEFAULT '0',
  PRIMARY KEY (`id_anmenu`)
) ENGINE=InnoDB AUTO_INCREMENT=7 DEFAULT CHARSET=utf8;

--
-- Dumping data for table `bl_anmenu`
--

INSERT INTO `bl_anmenu` VALUES (1,1,1,2,'#17cf00',0,'#ffffff','','right bottom',0,0),(2,1,1,3,'#7da62c',1,'#ffffff','','right bottom',0,0),(3,1,1,4,'#99cc33',0,'#ffffff','','right bottom',0,0),(5,1,1,5,'#486e01',0,'#ffffff','','right bottom',0,0),(6,1,1,1,'#17cf00',0,'#ffffff','','right bottom',0,0);

--
-- Table structure for table `bl_anmenu_lang`
--

CREATE TABLE `bl_anmenu_lang` (
  `id_anmenu` int(10) unsigned NOT NULL,
  `id_lang` int(10) unsigned NOT NULL,
  `name` varchar(254) NOT NULL,
  `link` varchar(254) NOT NULL DEFAULT '',
  `label` varchar(128) DEFAULT NULL,
  PRIMARY KEY (`id_anmenu`,`id_lang`)
) ENGINE=InnoDB DEFAULT CHARSET=utf8;

--
-- Dumping data for table `bl_anmenu_lang`
--

INSERT INTO `bl_anmenu_lang` VALUES (1,1,'Boutique','/2-boutique',''),(1,2,'Test 1','/2-boutique',''),(1,3,'Test 1','/2-boutique',''),(2,1,'Catégories','',''),(2,2,'Test 2','',''),(2,3,'Test 2','',''),(3,1,'Cadeaux','/16-cadeaux',''),(3,2,'Test 3','/16-cadeaux',''),(3,3,'Test 3','/16-cadeaux',''),(5,1,'Contact','/nous-contacter',''),(5,2,'Test 5','/nous-contacter',''),(5,3,'Test 5','/nous-contacter',''),(6,1,'Accueil','/',''),(6,2,'Home','/',''),(6,3,'Accueil','/','');

--
-- Table structure for table `bl_attachment`
--

CREATE TABLE `bl_attachment` (
  `id_attachment` int(10) unsigned NOT NULL AUTO_INCREMENT,
  `file` varchar(40) NOT NULL,
  `file_name` varchar(128) NOT NULL,
  `file_size` bigint(10) unsigned NOT NULL DEFAULT '0',
  `mime` varchar(128) NOT NULL,
  PRIMARY KEY (`id_attachment`)
) ENGINE=InnoDB DEFAULT CHARSET=utf8mb4;

--
-- Dumping data for table `bl_attachment`
--


--
-- Table structure for table `bl_attachment_lang`
--

CREATE TABLE `bl_attachment_lang` (
  `id_attachment` int(10) unsigned NOT NULL AUTO_INCREMENT,
  `id_lang` int(10) unsigned NOT NULL,
  `name` varchar(32) DEFAULT NULL,
  `description` text,
  PRIMARY KEY (`id_attachment`,`id_lang`)
) ENGINE=InnoDB DEFAULT CHARSET=utf8mb4;

--
-- Dumping data for table `bl_attachment_lang`
--


--
-- Table structure for table `bl_attribute`
--

CREATE TABLE `bl_attribute` (
  `id_attribute` int(11) NOT NULL AUTO_INCREMENT,
  `id_attribute_group` int(11) NOT NULL,
  `color` varchar(32) COLLATE utf8mb4_unicode_ci NOT NULL,
  `position` int(11) NOT NULL,
  PRIMARY KEY (`id_attribute`),
  KEY `attribute_group` (`id_attribute_group`)
) ENGINE=InnoDB AUTO_INCREMENT=45 DEFAULT CHARSET=utf8mb4 COLLATE=utf8mb4_unicode_ci;

--
-- Dumping data for table `bl_attribute`
--

INSERT INTO `bl_attribute` VALUES (1,1,'',0),(2,1,'',1),(3,1,'',2),(4,1,'',3),(5,2,'#AAB2BD',0),(6,2,'#CFC4A6',1),(7,2,'#f5f5dc',2),(8,2,'#ffffff',3),(9,2,'#faebd7',4),(10,2,'#E84C3D',5),(11,2,'#434A54',6),(12,2,'#C19A6B',7),(13,2,'#F39C11',8),(14,2,'#5D9CEC',9),(15,2,'#A0D468',10),(16,2,'#F1C40F',11),(17,2,'#964B00',12),(18,2,'#FCCACD',13),(26,5,'',0),(27,5,'',1),(28,5,'',2),(29,5,'',3),(30,6,'',0),(31,6,'',1),(32,6,'',2),(33,6,'',3),(34,6,'',4),(35,6,'',5),(36,6,'',6),(37,6,'',7),(38,1,'',4),(39,6,'',8),(40,6,'',9),(41,7,'',0),(42,7,'',1),(43,7,'',2),(44,6,'',10);

--
-- Table structure for table `bl_attribute_group`
--

CREATE TABLE `bl_attribute_group` (
  `id_attribute_group` int(11) NOT NULL AUTO_INCREMENT,
  `is_color_group` tinyint(1) NOT NULL,
  `group_type` varchar(255) COLLATE utf8mb4_unicode_ci NOT NULL,
  `position` int(11) NOT NULL,
  PRIMARY KEY (`id_attribute_group`)
) ENGINE=InnoDB AUTO_INCREMENT=8 DEFAULT CHARSET=utf8mb4 COLLATE=utf8mb4_unicode_ci;

--
-- Dumping data for table `bl_attribute_group`
--

INSERT INTO `bl_attribute_group` VALUES (1,0,'select',0),(2,1,'color',1),(5,0,'select',2),(6,0,'select',3),(7,0,'select',4);

--
-- Table structure for table `bl_attribute_group_lang`
--

CREATE TABLE `bl_attribute_group_lang` (
  `id_attribute_group` int(11) NOT NULL,
  `id_lang` int(11) NOT NULL,
  `name` varchar(128) COLLATE utf8mb4_unicode_ci NOT NULL,
  `public_name` varchar(64) COLLATE utf8mb4_unicode_ci NOT NULL,
  PRIMARY KEY (`id_attribute_group`,`id_lang`),
  KEY `IDX_DFDA75C867A664FB` (`id_attribute_group`),
  KEY `IDX_DFDA75C8BA299860` (`id_lang`)
) ENGINE=InnoDB DEFAULT CHARSET=utf8mb4 COLLATE=utf8mb4_unicode_ci;

--
-- Dumping data for table `bl_attribute_group_lang`
--

INSERT INTO `bl_attribute_group_lang` VALUES (1,1,'Taille','Taille'),(1,2,'Size','Size'),(1,3,'Taille','Taille'),(2,1,'Couleur','Couleur'),(2,2,'Color','Color'),(2,3,'Couleur','Couleur'),(5,1,'Poid','Format'),(5,2,'Format','Format'),(5,3,'Format','Format'),(6,1,'Format','Poid'),(6,2,'Poid','Poid'),(6,3,'Poid','Poid'),(7,1,'Forme','coeur '),(7,2,'Forme','coeur '),(7,3,'Forme','coeur ');

--
-- Table structure for table `bl_attribute_group_shop`
--

CREATE TABLE `bl_attribute_group_shop` (
  `id_attribute_group` int(11) NOT NULL,
  `id_shop` int(11) NOT NULL,
  PRIMARY KEY (`id_attribute_group`,`id_shop`),
  KEY `IDX_42B9BD0867A664FB` (`id_attribute_group`),
  KEY `IDX_42B9BD08274A50A0` (`id_shop`)
) ENGINE=InnoDB DEFAULT CHARSET=utf8mb4 COLLATE=utf8mb4_unicode_ci;

--
-- Dumping data for table `bl_attribute_group_shop`
--

INSERT INTO `bl_attribute_group_shop` VALUES (1,1),(2,1),(5,1),(6,1),(7,1);

--
-- Table structure for table `bl_attribute_lang`
--

CREATE TABLE `bl_attribute_lang` (
  `id_attribute` int(11) NOT NULL,
  `id_lang` int(11) NOT NULL,
  `name` varchar(128) COLLATE utf8mb4_unicode_ci NOT NULL,
  PRIMARY KEY (`id_attribute`,`id_lang`),
  KEY `IDX_911E16B97A4F53DC` (`id_attribute`),
  KEY `IDX_911E16B9BA299860` (`id_lang`)
) ENGINE=InnoDB DEFAULT CHARSET=utf8mb4 COLLATE=utf8mb4_unicode_ci;

--
-- Dumping data for table `bl_attribute_lang`
--

INSERT INTO `bl_attribute_lang` VALUES (1,1,'S'),(1,2,'S'),(1,3,'S'),(2,1,'M'),(2,2,'M'),(2,3,'M'),(3,1,'L'),(3,2,'L'),(3,3,'L'),(4,1,'XL'),(4,2,'XL'),(4,3,'XL'),(5,1,'Gris'),(5,2,'Grey'),(5,3,'Gris'),(6,1,'Taupe'),(6,2,'Taupe'),(6,3,'Taupe'),(7,1,'Beige'),(7,2,'Beige'),(7,3,'Beige'),(8,1,'Blanc'),(8,2,'White'),(8,3,'Blanc'),(9,1,'Blanc cassé'),(9,2,'Off White'),(9,3,'Blanc cassé'),(10,1,'Rouge'),(10,2,'Red'),(10,3,'Rouge'),(11,1,'Noir'),(11,2,'Black'),(11,3,'Noir'),(12,1,'Camel'),(12,2,'Camel'),(12,3,'Camel'),(13,1,'Orange'),(13,2,'Orange'),(13,3,'Orange'),(14,1,'Bleu'),(14,2,'Blue'),(14,3,'Bleu'),(15,1,'Vert'),(15,2,'Green'),(15,3,'Vert'),(16,1,'Jaune'),(16,2,'Yellow'),(16,3,'Jaune'),(17,1,'Marron'),(17,2,'Brown'),(17,3,'Marron'),(18,1,'Rose'),(18,2,'Pink'),(18,3,'Rose'),(26,1,'Kilo'),(26,2,'Kg'),(26,3,'Kg'),(27,1,'Livre'),(27,2,'Lbs'),(27,3,'Lbs'),(28,1,'Gramme'),(28,2,'Gramme'),(28,3,'Gramme'),(29,1,'Once'),(29,2,'Once'),(29,3,'Once'),(30,1,'Litre'),(30,2,'Litre'),(30,3,'Litre'),(31,1,'ML'),(31,2,'ML'),(31,3,'ML'),(32,1,'CL'),(32,2,'CL'),(32,3,'CL'),(33,1,'Pinte'),(33,2,'Pinte'),(33,3,'Pinte'),(34,1,'Gallon'),(34,2,'Gallon'),(34,3,'Gallon'),(35,1,'250 ml'),(35,2,'250ml'),(35,3,'250ml'),(36,1,'500 ml'),(36,2,'500 ml'),(36,3,'500 ml'),(37,1,'2 litres'),(37,2,'2 litres'),(37,3,'2 litres'),(38,1,'XXL'),(38,2,'XXL'),(38,3,'XXL'),(39,1,'Unité'),(39,2,'Unité'),(39,3,'Unité'),(40,1,'Boîte'),(40,2,'Boîte'),(40,3,'Boîte'),(41,1,'coeur'),(41,2,'coeur'),(41,3,'coeur'),(42,1,'carré'),(42,2,'carré'),(42,3,'carré'),(43,1,'rectangle'),(43,2,'rectangle'),(43,3,'rectangle'),(44,1,'Complet '),(44,2,'Complet '),(44,3,'Complet ');

--
-- Table structure for table `bl_attribute_shop`
--

CREATE TABLE `bl_attribute_shop` (
  `id_attribute` int(11) NOT NULL,
  `id_shop` int(11) NOT NULL,
  PRIMARY KEY (`id_attribute`,`id_shop`),
  KEY `IDX_C7DDE797A4F53DC` (`id_attribute`),
  KEY `IDX_C7DDE79274A50A0` (`id_shop`)
) ENGINE=InnoDB DEFAULT CHARSET=utf8mb4 COLLATE=utf8mb4_unicode_ci;

--
-- Dumping data for table `bl_attribute_shop`
--

INSERT INTO `bl_attribute_shop` VALUES (1,1),(2,1),(3,1),(4,1),(5,1),(6,1),(7,1),(8,1),(9,1),(10,1),(11,1),(12,1),(13,1),(14,1),(15,1),(16,1),(17,1),(18,1),(26,1),(27,1),(28,1),(29,1),(30,1),(31,1),(32,1),(33,1),(34,1),(35,1),(36,1),(37,1),(38,1),(39,1),(40,1),(41,1),(42,1),(43,1),(44,1);

--
-- Table structure for table `bl_blockwishlist_statistics`
--

CREATE TABLE `bl_blockwishlist_statistics` (
  `id_statistics` int(10) unsigned NOT NULL AUTO_INCREMENT,
  `id_cart` int(10) unsigned DEFAULT NULL,
  `id_product` int(10) unsigned NOT NULL,
  `id_product_attribute` int(10) unsigned NOT NULL,
  `date_add` datetime NOT NULL,
  `id_shop` int(10) unsigned DEFAULT '1',
  PRIMARY KEY (`id_statistics`)
) ENGINE=InnoDB DEFAULT CHARSET=utf8;

--
-- Dumping data for table `bl_blockwishlist_statistics`
--


--
-- Table structure for table `bl_carrier`
--

CREATE TABLE `bl_carrier` (
  `id_carrier` int(10) unsigned NOT NULL AUTO_INCREMENT,
  `id_reference` int(10) unsigned NOT NULL,
  `name` varchar(64) NOT NULL,
  `url` varchar(255) DEFAULT NULL,
  `active` tinyint(1) unsigned NOT NULL DEFAULT '0',
  `deleted` tinyint(1) unsigned NOT NULL DEFAULT '0',
  `shipping_handling` tinyint(1) unsigned NOT NULL DEFAULT '1',
  `range_behavior` tinyint(1) unsigned NOT NULL DEFAULT '0',
  `is_module` tinyint(1) unsigned NOT NULL DEFAULT '0',
  `is_free` tinyint(1) unsigned NOT NULL DEFAULT '0',
  `shipping_external` tinyint(1) unsigned NOT NULL DEFAULT '0',
  `need_range` tinyint(1) unsigned NOT NULL DEFAULT '0',
  `external_module_name` varchar(64) DEFAULT NULL,
  `shipping_method` int(2) NOT NULL DEFAULT '0',
  `position` int(10) unsigned NOT NULL DEFAULT '0',
  `max_width` int(10) DEFAULT '0',
  `max_height` int(10) DEFAULT '0',
  `max_depth` int(10) DEFAULT '0',
  `max_weight` decimal(20,6) DEFAULT '0.000000',
  `grade` int(10) DEFAULT '0',
  PRIMARY KEY (`id_carrier`),
  KEY `deleted` (`deleted`,`active`),
  KEY `reference` (`id_reference`,`deleted`,`active`)
) ENGINE=InnoDB AUTO_INCREMENT=11 DEFAULT CHARSET=utf8mb4;

--
-- Dumping data for table `bl_carrier`
--

INSERT INTO `bl_carrier` VALUES (1,1,'Click and collect','',1,1,0,0,0,1,0,0,'',1,0,0,0,0,0.000000,0),(2,2,'My carrier','',1,1,1,0,0,0,0,0,'',1,1,0,0,0,0.000000,0),(3,3,'My cheap carrier','',0,0,1,0,0,0,0,0,'',2,2,0,0,0,0.000000,0),(4,4,'My light carrier','',0,0,1,0,0,0,0,0,'',1,3,0,0,0,0.000000,0),(5,1,'Retrait en magasin','',1,1,0,0,0,1,0,0,'',2,0,0,0,0,0.000000,0),(6,2,'Notre transporteur','',1,1,1,0,0,0,0,0,'',1,1,0,0,0,0.000000,0),(7,2,'Notre transporteur','',1,0,0,0,0,0,0,0,'',2,1,0,0,0,0.000000,0),(8,8,'Retrait en magasin seulement','',1,1,1,0,0,1,0,0,'',1,4,0,0,0,0.000000,0),(9,1,'Retrait en magasin','',1,0,0,0,0,0,0,0,'',2,0,0,0,0,0.000000,0),(10,8,'Retrait en magasin seulement','',1,0,0,0,0,0,0,0,'',1,4,0,0,0,0.000000,0);

--
-- Table structure for table `bl_carrier_group`
--

CREATE TABLE `bl_carrier_group` (
  `id_carrier` int(10) unsigned NOT NULL,
  `id_group` int(10) unsigned NOT NULL,
  PRIMARY KEY (`id_carrier`,`id_group`)
) ENGINE=InnoDB DEFAULT CHARSET=utf8mb4;

--
-- Dumping data for table `bl_carrier_group`
--

INSERT INTO `bl_carrier_group` VALUES (1,1),(1,2),(1,3),(2,1),(2,2),(2,3),(3,1),(3,2),(3,3),(4,1),(4,2),(4,3),(5,1),(5,2),(5,3),(6,1),(6,2),(6,3),(7,1),(7,2),(7,3),(8,1),(8,2),(8,3),(9,1),(9,2),(9,3),(10,1),(10,2),(10,3);

--
-- Table structure for table `bl_carrier_lang`
--

CREATE TABLE `bl_carrier_lang` (
  `id_carrier` int(10) unsigned NOT NULL,
  `id_shop` int(11) unsigned NOT NULL DEFAULT '1',
  `id_lang` int(10) unsigned NOT NULL,
  `delay` varchar(512) DEFAULT NULL,
  PRIMARY KEY (`id_lang`,`id_shop`,`id_carrier`)
) ENGINE=InnoDB DEFAULT CHARSET=utf8mb4;

--
-- Dumping data for table `bl_carrier_lang`
--

INSERT INTO `bl_carrier_lang` VALUES (1,1,1,'Retrait en magasin'),(2,1,1,'Livraison le lendemain !'),(3,1,1,'Achetez plus vous paierez moins!'),(4,1,1,'Panier léger, prix allégé!'),(5,1,1,'Retrait en magasin'),(6,1,1,'3 à 5 jours ouvrables'),(7,1,1,'3 à 5 jours ouvrables'),(8,1,1,'Retrait en magasin seulement'),(9,1,1,'Retrait en magasin'),(10,1,1,'Retrait en magasin seulement'),(1,1,2,'Pick up in-store'),(2,1,2,'Delivery next day!'),(3,1,2,'Buy more to pay less!'),(4,1,2,'The lighter the cheaper!'),(5,1,2,'Pick up in-store'),(6,1,2,'Delivery next day!'),(7,1,2,'Delivery next day!'),(8,1,2,'Retrait en magasin seulement'),(9,1,2,'Pick up in-store'),(10,1,2,'Retrait en magasin seulement'),(1,1,3,'Ramasser en magasin'),(2,1,3,'Livraison le lendemain !'),(3,1,3,'Buy more to pay less!'),(4,1,3,'The lighter the cheaper!'),(5,1,3,'Ramasser en magasin'),(6,1,3,'Livraison le lendemain !'),(7,1,3,'Livraison le lendemain !'),(8,1,3,'Retrait en magasin seulement'),(9,1,3,'Ramasser en magasin'),(10,1,3,'Retrait en magasin seulement');

--
-- Table structure for table `bl_carrier_shop`
--

CREATE TABLE `bl_carrier_shop` (
  `id_carrier` int(11) unsigned NOT NULL,
  `id_shop` int(11) unsigned NOT NULL,
  PRIMARY KEY (`id_carrier`,`id_shop`),
  KEY `id_shop` (`id_shop`)
) ENGINE=InnoDB DEFAULT CHARSET=utf8mb4;

--
-- Dumping data for table `bl_carrier_shop`
--

INSERT INTO `bl_carrier_shop` VALUES (1,1),(2,1),(3,1),(4,1),(5,1),(6,1),(7,1),(8,1),(9,1),(10,1);

--
-- Table structure for table `bl_carrier_tax_rules_group_shop`
--

CREATE TABLE `bl_carrier_tax_rules_group_shop` (
  `id_carrier` int(11) unsigned NOT NULL,
  `id_tax_rules_group` int(11) unsigned NOT NULL,
  `id_shop` int(11) unsigned NOT NULL,
  PRIMARY KEY (`id_carrier`,`id_tax_rules_group`,`id_shop`)
) ENGINE=InnoDB DEFAULT CHARSET=utf8mb4;

--
-- Dumping data for table `bl_carrier_tax_rules_group_shop`
--

INSERT INTO `bl_carrier_tax_rules_group_shop` VALUES (1,1,1),(2,1,1),(3,1,1),(4,1,1),(5,1,1),(6,1,1),(7,1,1),(8,1,1),(9,1,1),(10,1,1);

--
-- Table structure for table `bl_carrier_zone`
--

CREATE TABLE `bl_carrier_zone` (
  `id_carrier` int(10) unsigned NOT NULL,
  `id_zone` int(10) unsigned NOT NULL,
  PRIMARY KEY (`id_carrier`,`id_zone`)
) ENGINE=InnoDB DEFAULT CHARSET=utf8mb4;

--
-- Dumping data for table `bl_carrier_zone`
--

INSERT INTO `bl_carrier_zone` VALUES (1,1),(2,1),(2,2),(3,1),(3,2),(4,1),(4,2),(5,2),(6,1),(6,2),(7,2),(8,2),(9,2),(10,2);

--
-- Table structure for table `bl_cart`
--

CREATE TABLE `bl_cart` (
  `id_cart` int(10) unsigned NOT NULL AUTO_INCREMENT,
  `id_shop_group` int(11) unsigned NOT NULL DEFAULT '1',
  `id_shop` int(11) unsigned NOT NULL DEFAULT '1',
  `id_carrier` int(10) unsigned NOT NULL,
  `delivery_option` text NOT NULL,
  `id_lang` int(10) unsigned NOT NULL,
  `id_address_delivery` int(10) unsigned NOT NULL,
  `id_address_invoice` int(10) unsigned NOT NULL,
  `id_currency` int(10) unsigned NOT NULL,
  `id_customer` int(10) unsigned NOT NULL,
  `id_guest` int(10) unsigned NOT NULL,
  `secure_key` varchar(32) NOT NULL DEFAULT '-1',
  `recyclable` tinyint(1) unsigned NOT NULL DEFAULT '1',
  `gift` tinyint(1) unsigned NOT NULL DEFAULT '0',
  `gift_message` text,
  `mobile_theme` tinyint(1) NOT NULL DEFAULT '0',
  `allow_seperated_package` tinyint(1) unsigned NOT NULL DEFAULT '0',
  `date_add` datetime NOT NULL,
  `date_upd` datetime NOT NULL,
  `checkout_session_data` mediumtext,
  PRIMARY KEY (`id_cart`),
  KEY `cart_customer` (`id_customer`),
  KEY `id_address_delivery` (`id_address_delivery`),
  KEY `id_address_invoice` (`id_address_invoice`),
  KEY `id_carrier` (`id_carrier`),
  KEY `id_lang` (`id_lang`),
  KEY `id_currency` (`id_currency`),
  KEY `id_guest` (`id_guest`),
  KEY `id_shop_group` (`id_shop_group`),
  KEY `id_shop_2` (`id_shop`,`date_upd`),
  KEY `id_shop` (`id_shop`,`date_add`)
) ENGINE=InnoDB AUTO_INCREMENT=12 DEFAULT CHARSET=utf8mb4;

--
-- Dumping data for table `bl_cart`
--

INSERT INTO `bl_cart` VALUES (1,1,1,2,'{\"3\":\"2,\"}',1,5,5,1,2,1,'b44a6d9efd7a0076a0fbce6b15eaf3b1',0,0,'',0,0,'2023-04-06 11:26:33','2023-04-06 11:26:33',NULL),(2,1,1,2,'{\"3\":\"2,\"}',1,5,5,1,2,1,'b44a6d9efd7a0076a0fbce6b15eaf3b1',0,0,'',0,0,'2023-04-06 11:26:33','2023-04-06 11:26:33',NULL),(3,1,1,2,'{\"3\":\"2,\"}',1,5,5,1,2,1,'b44a6d9efd7a0076a0fbce6b15eaf3b1',0,0,'',0,0,'2023-04-06 11:26:33','2023-04-06 11:26:33',NULL),(4,1,1,2,'{\"3\":\"2,\"}',1,5,5,1,2,1,'b44a6d9efd7a0076a0fbce6b15eaf3b1',0,0,'',0,0,'2023-04-06 11:26:33','2023-04-06 11:26:33',NULL),(5,1,1,2,'{\"3\":\"2,\"}',1,5,5,1,2,1,'b44a6d9efd7a0076a0fbce6b15eaf3b1',0,0,'',0,0,'2023-04-06 11:26:33','2023-04-06 11:26:33',NULL),(6,1,1,0,'',1,0,0,1,0,19,'',0,0,'',0,0,'2023-05-02 10:15:03','2023-05-02 10:15:03',NULL),(7,1,1,5,'{\"7\":\"5,\"}',1,7,7,1,3,29,'0ab1119af722757ed91ee70ec9ca9f56',0,0,'',0,0,'2023-05-04 01:33:50','2023-05-04 03:16:29','{\"checkout-personal-information-step\":{\"step_is_reachable\":true,\"step_is_complete\":true},\"checkout-addresses-step\":{\"step_is_reachable\":true,\"step_is_complete\":true,\"use_same_address\":true},\"checkout-delivery-step\":{\"step_is_reachable\":true,\"step_is_complete\":false},\"checkout-payment-step\":{\"step_is_reachable\":false,\"step_is_complete\":false},\"checksum\":\"d1c551285c5eee50f4be4d1c9bb8f9e44172e37c\"}'),(8,1,1,0,'',1,0,0,1,0,27,'',0,0,'',0,0,'2023-05-17 17:10:46','2023-05-17 17:11:01',NULL),(9,1,1,0,'',1,7,7,1,3,29,'0ab1119af722757ed91ee70ec9ca9f56',0,0,'',0,0,'2023-06-13 08:22:09','2023-06-13 10:48:23','{\"checkout-personal-information-step\":{\"step_is_reachable\":true,\"step_is_complete\":true},\"checkout-addresses-step\":{\"step_is_reachable\":true,\"step_is_complete\":true,\"use_same_address\":true},\"checkout-delivery-step\":{\"step_is_reachable\":true,\"step_is_complete\":false},\"checkout-payment-step\":{\"step_is_reachable\":false,\"step_is_complete\":false},\"checksum\":\"4474258414044b57056c574657e1dde60c184dc7\"}'),(10,1,1,0,'',1,0,0,1,4,106,'97490b231bf668e09db89c7860540560',0,0,'',0,0,'2023-06-13 09:47:47','2023-06-13 12:54:16',NULL),(11,1,1,0,'',1,0,0,1,0,115,'',0,0,'',0,0,'2023-06-13 10:58:36','2023-06-13 10:58:36',NULL);

--
-- Table structure for table `bl_cart_cart_rule`
--

CREATE TABLE `bl_cart_cart_rule` (
  `id_cart` int(10) unsigned NOT NULL,
  `id_cart_rule` int(10) unsigned NOT NULL,
  PRIMARY KEY (`id_cart`,`id_cart_rule`),
  KEY `id_cart_rule` (`id_cart_rule`)
) ENGINE=InnoDB DEFAULT CHARSET=utf8mb4;

--
-- Dumping data for table `bl_cart_cart_rule`
--


--
-- Table structure for table `bl_cart_product`
--

CREATE TABLE `bl_cart_product` (
  `id_cart` int(10) unsigned NOT NULL,
  `id_product` int(10) unsigned NOT NULL,
  `id_address_delivery` int(10) unsigned NOT NULL DEFAULT '0',
  `id_shop` int(10) unsigned NOT NULL DEFAULT '1',
  `id_product_attribute` int(10) unsigned NOT NULL DEFAULT '0',
  `id_customization` int(10) unsigned NOT NULL DEFAULT '0',
  `quantity` int(10) unsigned NOT NULL DEFAULT '0',
  `date_add` datetime NOT NULL,
  PRIMARY KEY (`id_cart`,`id_product`,`id_product_attribute`,`id_customization`,`id_address_delivery`),
  KEY `id_product_attribute` (`id_product_attribute`),
  KEY `id_cart_order` (`id_cart`,`date_add`,`id_product`,`id_product_attribute`)
) ENGINE=InnoDB DEFAULT CHARSET=utf8mb4;

--
-- Dumping data for table `bl_cart_product`
--

INSERT INTO `bl_cart_product` VALUES (6,30,0,1,0,0,1,'2023-05-02 10:15:03'),(7,301,7,1,0,0,1,'2023-05-04 03:14:43'),(8,328,0,1,167,0,3,'2023-05-17 17:10:46'),(9,38,7,1,0,0,1,'2023-06-13 09:57:18'),(9,281,7,1,153,0,1,'2023-06-13 10:48:23'),(10,152,0,1,0,0,2,'2023-06-13 10:59:16'),(10,171,0,1,0,0,1,'2023-06-13 12:37:52'),(11,297,0,1,0,0,1,'2023-06-13 10:58:36');

--
-- Table structure for table `bl_cart_rule`
--

CREATE TABLE `bl_cart_rule` (
  `id_cart_rule` int(10) unsigned NOT NULL AUTO_INCREMENT,
  `id_customer` int(10) unsigned NOT NULL DEFAULT '0',
  `date_from` datetime NOT NULL,
  `date_to` datetime NOT NULL,
  `description` text,
  `quantity` int(10) unsigned NOT NULL DEFAULT '0',
  `quantity_per_user` int(10) unsigned NOT NULL DEFAULT '0',
  `priority` int(10) unsigned NOT NULL DEFAULT '1',
  `partial_use` tinyint(1) unsigned NOT NULL DEFAULT '0',
  `code` varchar(254) NOT NULL,
  `minimum_amount` decimal(20,6) NOT NULL DEFAULT '0.000000',
  `minimum_amount_tax` tinyint(1) NOT NULL DEFAULT '0',
  `minimum_amount_currency` int(10) unsigned NOT NULL DEFAULT '0',
  `minimum_amount_shipping` tinyint(1) NOT NULL DEFAULT '0',
  `country_restriction` tinyint(1) unsigned NOT NULL DEFAULT '0',
  `carrier_restriction` tinyint(1) unsigned NOT NULL DEFAULT '0',
  `group_restriction` tinyint(1) unsigned NOT NULL DEFAULT '0',
  `cart_rule_restriction` tinyint(1) unsigned NOT NULL DEFAULT '0',
  `product_restriction` tinyint(1) unsigned NOT NULL DEFAULT '0',
  `shop_restriction` tinyint(1) unsigned NOT NULL DEFAULT '0',
  `free_shipping` tinyint(1) NOT NULL DEFAULT '0',
  `reduction_percent` decimal(5,2) NOT NULL DEFAULT '0.00',
  `reduction_amount` decimal(20,6) NOT NULL DEFAULT '0.000000',
  `reduction_tax` tinyint(1) unsigned NOT NULL DEFAULT '0',
  `reduction_currency` int(10) unsigned NOT NULL DEFAULT '0',
  `reduction_product` int(10) NOT NULL DEFAULT '0',
  `reduction_exclude_special` tinyint(1) unsigned NOT NULL DEFAULT '0',
  `gift_product` int(10) unsigned NOT NULL DEFAULT '0',
  `gift_product_attribute` int(10) unsigned NOT NULL DEFAULT '0',
  `highlight` tinyint(1) unsigned NOT NULL DEFAULT '0',
  `active` tinyint(1) unsigned NOT NULL DEFAULT '0',
  `date_add` datetime NOT NULL,
  `date_upd` datetime NOT NULL,
  PRIMARY KEY (`id_cart_rule`),
  KEY `id_customer` (`id_customer`,`active`,`date_to`),
  KEY `group_restriction` (`group_restriction`,`active`,`date_to`),
  KEY `id_customer_2` (`id_customer`,`active`,`highlight`,`date_to`),
  KEY `group_restriction_2` (`group_restriction`,`active`,`highlight`,`date_to`),
  KEY `date_from` (`date_from`),
  KEY `date_to` (`date_to`)
) ENGINE=InnoDB DEFAULT CHARSET=utf8mb4;

--
-- Dumping data for table `bl_cart_rule`
--


--
-- Table structure for table `bl_cart_rule_carrier`
--

CREATE TABLE `bl_cart_rule_carrier` (
  `id_cart_rule` int(10) unsigned NOT NULL,
  `id_carrier` int(10) unsigned NOT NULL,
  PRIMARY KEY (`id_cart_rule`,`id_carrier`)
) ENGINE=InnoDB DEFAULT CHARSET=utf8mb4;

--
-- Dumping data for table `bl_cart_rule_carrier`
--


--
-- Table structure for table `bl_cart_rule_combination`
--

CREATE TABLE `bl_cart_rule_combination` (
  `id_cart_rule_1` int(10) unsigned NOT NULL,
  `id_cart_rule_2` int(10) unsigned NOT NULL,
  PRIMARY KEY (`id_cart_rule_1`,`id_cart_rule_2`),
  KEY `id_cart_rule_1` (`id_cart_rule_1`),
  KEY `id_cart_rule_2` (`id_cart_rule_2`)
) ENGINE=InnoDB DEFAULT CHARSET=utf8mb4;

--
-- Dumping data for table `bl_cart_rule_combination`
--


--
-- Table structure for table `bl_cart_rule_country`
--

CREATE TABLE `bl_cart_rule_country` (
  `id_cart_rule` int(10) unsigned NOT NULL,
  `id_country` int(10) unsigned NOT NULL,
  PRIMARY KEY (`id_cart_rule`,`id_country`)
) ENGINE=InnoDB DEFAULT CHARSET=utf8mb4;

--
-- Dumping data for table `bl_cart_rule_country`
--


--
-- Table structure for table `bl_cart_rule_group`
--

CREATE TABLE `bl_cart_rule_group` (
  `id_cart_rule` int(10) unsigned NOT NULL,
  `id_group` int(10) unsigned NOT NULL,
  PRIMARY KEY (`id_cart_rule`,`id_group`)
) ENGINE=InnoDB DEFAULT CHARSET=utf8mb4;

--
-- Dumping data for table `bl_cart_rule_group`
--


--
-- Table structure for table `bl_cart_rule_lang`
--

CREATE TABLE `bl_cart_rule_lang` (
  `id_cart_rule` int(10) unsigned NOT NULL,
  `id_lang` int(10) unsigned NOT NULL,
  `name` varchar(254) NOT NULL,
  PRIMARY KEY (`id_cart_rule`,`id_lang`)
) ENGINE=InnoDB DEFAULT CHARSET=utf8mb4;

--
-- Dumping data for table `bl_cart_rule_lang`
--


--
-- Table structure for table `bl_cart_rule_product_rule`
--

CREATE TABLE `bl_cart_rule_product_rule` (
  `id_product_rule` int(10) unsigned NOT NULL AUTO_INCREMENT,
  `id_product_rule_group` int(10) unsigned NOT NULL,
  `type` enum('products','categories','attributes','manufacturers','suppliers') NOT NULL,
  PRIMARY KEY (`id_product_rule`)
) ENGINE=InnoDB DEFAULT CHARSET=utf8mb4;

--
-- Dumping data for table `bl_cart_rule_product_rule`
--


--
-- Table structure for table `bl_cart_rule_product_rule_group`
--

CREATE TABLE `bl_cart_rule_product_rule_group` (
  `id_product_rule_group` int(10) unsigned NOT NULL AUTO_INCREMENT,
  `id_cart_rule` int(10) unsigned NOT NULL,
  `quantity` int(10) unsigned NOT NULL DEFAULT '1',
  PRIMARY KEY (`id_product_rule_group`)
) ENGINE=InnoDB DEFAULT CHARSET=utf8mb4;

--
-- Dumping data for table `bl_cart_rule_product_rule_group`
--


--
-- Table structure for table `bl_cart_rule_product_rule_value`
--

CREATE TABLE `bl_cart_rule_product_rule_value` (
  `id_product_rule` int(10) unsigned NOT NULL,
  `id_item` int(10) unsigned NOT NULL,
  PRIMARY KEY (`id_product_rule`,`id_item`)
) ENGINE=InnoDB DEFAULT CHARSET=utf8mb4;

--
-- Dumping data for table `bl_cart_rule_product_rule_value`
--


--
-- Table structure for table `bl_cart_rule_shop`
--

CREATE TABLE `bl_cart_rule_shop` (
  `id_cart_rule` int(10) unsigned NOT NULL,
  `id_shop` int(10) unsigned NOT NULL,
  PRIMARY KEY (`id_cart_rule`,`id_shop`)
) ENGINE=InnoDB DEFAULT CHARSET=utf8mb4;

--
-- Dumping data for table `bl_cart_rule_shop`
--


--
-- Table structure for table `bl_category`
--

CREATE TABLE `bl_category` (
  `id_category` int(10) unsigned NOT NULL AUTO_INCREMENT,
  `id_parent` int(10) unsigned NOT NULL,
  `id_shop_default` int(10) unsigned NOT NULL DEFAULT '1',
  `level_depth` tinyint(3) unsigned NOT NULL DEFAULT '0',
  `nleft` int(10) unsigned NOT NULL DEFAULT '0',
  `nright` int(10) unsigned NOT NULL DEFAULT '0',
  `active` tinyint(1) unsigned NOT NULL DEFAULT '0',
  `date_add` datetime NOT NULL,
  `date_upd` datetime NOT NULL,
  `position` int(10) unsigned NOT NULL DEFAULT '0',
  `is_root_category` tinyint(1) NOT NULL DEFAULT '0',
  PRIMARY KEY (`id_category`),
  KEY `category_parent` (`id_parent`),
  KEY `nleftrightactive` (`nleft`,`nright`,`active`),
  KEY `level_depth` (`level_depth`),
  KEY `nright` (`nright`),
  KEY `activenleft` (`active`,`nleft`),
  KEY `activenright` (`active`,`nright`)
) ENGINE=InnoDB AUTO_INCREMENT=69 DEFAULT CHARSET=utf8mb4;

--
-- Dumping data for table `bl_category`
--

INSERT INTO `bl_category` VALUES (1,0,1,0,1,122,1,'2023-04-06 11:25:51','2023-04-06 11:25:51',0,0),(2,1,1,1,2,121,1,'2023-04-06 11:25:51','2023-05-02 10:43:00',0,1),(10,2,1,2,3,24,1,'2023-04-10 04:27:17','2023-06-06 10:29:25',0,0),(11,2,1,2,25,46,1,'2023-04-10 04:28:38','2023-06-06 10:02:58',1,0),(12,2,1,2,47,64,1,'2023-04-10 04:29:00','2023-06-06 10:02:58',2,0),(13,2,1,2,65,80,1,'2023-04-10 04:29:26','2023-06-06 10:02:58',3,0),(14,2,1,2,81,96,1,'2023-04-10 04:29:58','2023-06-06 10:02:58',4,0),(15,2,1,2,97,98,1,'2023-04-10 04:30:30','2023-06-06 10:02:58',5,0),(16,2,1,2,99,114,1,'2023-04-10 04:31:03','2023-06-06 10:02:58',6,0),(17,2,1,2,115,116,1,'2023-04-10 04:31:48','2023-06-13 09:25:20',7,0),(18,10,1,3,4,5,1,'2023-04-10 04:33:48','2023-04-10 04:33:48',0,0),(19,10,1,3,6,7,1,'2023-04-10 04:34:08','2023-04-10 04:34:08',1,0),(20,10,1,3,8,9,1,'2023-04-10 04:34:30','2023-04-10 04:34:30',2,0),(21,10,1,3,10,11,1,'2023-04-10 04:34:51','2023-04-10 04:34:51',3,0),(22,10,1,3,12,13,1,'2023-04-10 04:35:08','2023-04-10 04:35:08',4,0),(23,10,1,3,14,15,1,'2023-04-10 04:35:31','2023-04-10 04:35:31',5,0),(24,10,1,3,16,17,1,'2023-04-10 04:35:46','2023-04-10 04:35:46',6,0),(25,10,1,3,18,19,1,'2023-04-10 04:36:05','2023-04-10 04:36:05',7,0),(26,10,1,3,20,21,1,'2023-04-10 04:36:33','2023-04-10 04:36:33',8,0),(27,10,1,3,22,23,1,'2023-04-10 04:36:50','2023-04-10 04:36:50',9,0),(28,11,1,3,26,27,1,'2023-04-10 04:37:27','2023-04-10 04:37:27',0,0),(29,11,1,3,28,29,1,'2023-04-10 04:37:45','2023-04-10 04:37:45',1,0),(30,11,1,3,30,31,1,'2023-04-10 04:38:05','2023-04-10 04:38:05',2,0),(31,11,1,3,32,33,1,'2023-04-10 04:38:22','2023-04-10 04:38:22',3,0),(32,11,1,3,34,35,1,'2023-04-10 04:38:42','2023-04-10 04:38:42',4,0),(33,11,1,3,36,37,1,'2023-04-10 04:38:57','2023-04-10 04:38:57',5,0),(34,11,1,3,38,39,1,'2023-04-10 04:39:18','2023-04-10 04:39:18',6,0),(35,11,1,3,40,41,1,'2023-04-10 04:39:36','2023-04-10 04:39:36',7,0),(36,11,1,3,42,43,1,'2023-04-10 04:39:49','2023-04-20 23:10:18',8,0),(37,11,1,3,44,45,1,'2023-04-10 04:40:06','2023-04-10 04:40:06',9,0),(38,12,1,3,48,49,1,'2023-04-10 04:40:51','2023-04-10 04:40:51',0,0),(39,12,1,3,50,51,1,'2023-04-10 04:41:05','2023-04-10 04:41:05',1,0),(40,12,1,3,52,53,1,'2023-04-10 04:41:41','2023-04-10 04:41:41',2,0),(41,12,1,3,54,55,1,'2023-04-10 04:42:31','2023-04-10 04:42:31',3,0),(42,12,1,3,56,57,1,'2023-04-10 04:42:48','2023-04-10 04:42:48',4,0),(43,12,1,3,58,59,1,'2023-04-10 04:43:05','2023-04-10 04:43:05',5,0),(44,12,1,3,60,61,1,'2023-04-10 04:43:27','2023-04-10 04:43:27',6,0),(45,12,1,3,62,63,1,'2023-04-10 04:44:04','2023-04-10 04:44:04',7,0),(46,13,1,3,66,67,1,'2023-04-10 04:44:41','2023-04-10 04:44:41',0,0),(47,13,1,3,68,69,1,'2023-04-10 04:45:00','2023-04-10 04:45:00',1,0),(48,13,1,3,70,71,1,'2023-04-10 04:45:21','2023-04-10 04:45:21',2,0),(49,13,1,3,72,73,1,'2023-04-10 04:45:36','2023-04-10 04:45:36',3,0),(50,13,1,3,74,75,1,'2023-04-10 04:45:59','2023-04-10 04:45:59',4,0),(51,13,1,3,76,77,1,'2023-04-10 04:46:23','2023-04-10 04:46:23',5,0),(52,13,1,3,78,79,1,'2023-04-10 04:46:44','2023-04-10 04:46:44',6,0),(53,16,1,3,100,101,1,'2023-04-10 04:47:32','2023-04-10 04:47:32',0,0),(54,16,1,3,102,103,1,'2023-04-10 04:47:46','2023-04-10 04:47:46',1,0),(55,16,1,3,104,105,1,'2023-04-10 04:48:07','2023-04-10 04:48:07',2,0),(56,16,1,3,106,107,1,'2023-04-10 04:48:27','2023-04-10 04:48:27',3,0),(57,16,1,3,108,109,1,'2023-04-10 04:48:48','2023-04-10 04:48:48',4,0),(58,16,1,3,110,111,1,'2023-04-10 04:49:02','2023-04-10 04:49:02',5,0),(59,16,1,3,112,113,1,'2023-04-10 04:49:19','2023-04-10 04:49:19',6,0),(60,2,1,2,117,118,1,'2023-04-10 04:50:35','2023-06-06 10:02:58',8,0),(61,14,1,3,82,83,1,'2023-04-10 17:05:55','2023-04-10 17:05:55',0,0),(62,14,1,3,84,85,1,'2023-04-10 17:06:42','2023-04-10 17:06:42',1,0),(63,14,1,3,86,87,1,'2023-04-10 17:06:55','2023-04-10 17:06:55',2,0),(64,14,1,3,88,89,1,'2023-04-10 17:07:07','2023-04-10 17:07:07',3,0),(65,14,1,3,90,91,1,'2023-04-10 17:07:18','2023-04-10 17:07:18',4,0),(66,14,1,3,92,93,1,'2023-04-10 17:07:26','2023-04-10 17:07:26',5,0),(67,14,1,3,94,95,1,'2023-04-10 17:07:39','2023-04-10 17:07:39',6,0),(68,2,1,2,119,120,1,'2023-06-06 10:03:34','2023-06-06 10:03:34',9,0);

--
-- Table structure for table `bl_category_group`
--

CREATE TABLE `bl_category_group` (
  `id_category` int(10) unsigned NOT NULL,
  `id_group` int(10) unsigned NOT NULL,
  PRIMARY KEY (`id_category`,`id_group`),
  KEY `id_category` (`id_category`),
  KEY `id_group` (`id_group`)
) ENGINE=InnoDB DEFAULT CHARSET=utf8mb4;

--
-- Dumping data for table `bl_category_group`
--

INSERT INTO `bl_category_group` VALUES (1,1),(1,2),(1,3),(2,1),(2,2),(2,3),(10,1),(10,2),(10,3),(11,1),(11,2),(11,3),(12,1),(12,2),(12,3),(13,1),(13,2),(13,3),(14,1),(14,2),(14,3),(15,1),(15,2),(15,3),(16,1),(16,2),(16,3),(17,1),(17,2),(17,3),(18,1),(18,2),(18,3),(19,1),(19,2),(19,3),(20,1),(20,2),(20,3),(21,1),(21,2),(21,3),(22,1),(22,2),(22,3),(23,1),(23,2),(23,3),(24,1),(24,2),(24,3),(25,1),(25,2),(25,3),(26,1),(26,2),(26,3),(27,1),(27,2),(27,3),(28,1),(28,2),(28,3),(29,1),(29,2),(29,3),(30,1),(30,2),(30,3),(31,1),(31,2),(31,3),(32,1),(32,2),(32,3),(33,1),(33,2),(33,3),(34,1),(34,2),(34,3),(35,1),(35,2),(35,3),(36,1),(36,2),(36,3),(37,1),(37,2),(37,3),(38,1),(38,2),(38,3),(39,1),(39,2),(39,3),(40,1),(40,2),(40,3),(41,1),(41,2),(41,3),(42,1),(42,2),(42,3),(43,1),(43,2),(43,3),(44,1),(44,2),(44,3),(45,1),(45,2),(45,3),(46,1),(46,2),(46,3),(47,1),(47,2),(47,3),(48,1),(48,2),(48,3),(49,1),(49,2),(49,3),(50,1),(50,2),(50,3),(51,1),(51,2),(51,3),(52,1),(52,2),(52,3),(53,1),(53,2),(53,3),(54,1),(54,2),(54,3),(55,1),(55,2),(55,3),(56,1),(56,2),(56,3),(57,1),(57,2),(57,3),(58,1),(58,2),(58,3),(59,1),(59,2),(59,3),(60,1),(60,2),(60,3),(61,1),(61,2),(61,3),(62,1),(62,2),(62,3),(63,1),(63,2),(63,3),(64,1),(64,2),(64,3),(65,1),(65,2),(65,3),(66,1),(66,2),(66,3),(67,1),(67,2),(67,3),(68,1),(68,2),(68,3);

--
-- Table structure for table `bl_category_lang`
--

CREATE TABLE `bl_category_lang` (
  `id_category` int(10) unsigned NOT NULL,
  `id_shop` int(11) unsigned NOT NULL DEFAULT '1',
  `id_lang` int(10) unsigned NOT NULL,
  `name` varchar(128) NOT NULL,
  `description` text,
  `additional_description` text,
  `link_rewrite` varchar(128) NOT NULL,
  `meta_title` varchar(255) DEFAULT NULL,
  `meta_keywords` varchar(255) DEFAULT NULL,
  `meta_description` varchar(512) DEFAULT NULL,
  PRIMARY KEY (`id_category`,`id_shop`,`id_lang`),
  KEY `category_name` (`name`)
) ENGINE=InnoDB DEFAULT CHARSET=utf8mb4;

--
-- Dumping data for table `bl_category_lang`
--

INSERT INTO `bl_category_lang` VALUES (1,1,1,'Racine','','','racine','','',''),(1,1,2,'Root','','','root','','',''),(1,1,3,'Racine','','','racine','','',''),(2,1,1,'Boutique','','','boutique','','',''),(2,1,2,'Shop','','','home','','',''),(2,1,3,'Accueil','','','accueil','','',''),(10,1,1,'Produit du terroir','','','produit-du-terroir','','',''),(10,1,2,'Produit du terroir','','','produit-du-terroir','','',''),(10,1,3,'Produit du terroir','','','produit-du-terroir','','',''),(11,1,1,'Épicerie fine','','','epicerie-fine','','',''),(11,1,2,'Épicerie fine','','','epicerie-fine','','',''),(11,1,3,'Épicerie fine','','','epicerie-fine','','',''),(12,1,1,'Viande','','','viande','','',''),(12,1,2,'Viande','','','viande','','',''),(12,1,3,'Viande','','','viande','','',''),(13,1,1,'Boisson','','','boisson','','',''),(13,1,2,'Boisson','','','boisson','','',''),(13,1,3,'Boisson','','','boisson','','',''),(14,1,1,'Nos artisans','','','nos-artisans','','',''),(14,1,2,'Nos artisans','','','nos-artisans','','',''),(14,1,3,'Nos artisans','','','nos-artisans','','',''),(15,1,1,'Sans Gluten','','','sans-gluten','','',''),(15,1,2,'Sans Gluten','','','sans-gluten','','',''),(15,1,3,'Sans Gluten','','','sans-gluten','','',''),(16,1,1,'Cadeaux','','','cadeaux','','',''),(16,1,2,'Cadeaux','','','cadeaux','','',''),(16,1,3,'Cadeaux','','','cadeaux','','',''),(17,1,1,'Corporatif','<h2><strong>Cadeaux parfaits pour vos besoins de cadeaux corporatifs</strong></h2>\n<p>À la recherche de cadeaux distinctifs pour remercier un client, souligner un événement ou encore témoigner votre appréciation à vos employés? Quel que soit votre objectif, vous trouverez chez nous les présents qui combleront ces personnes qui sont si importantes pour votre entreprise ou votre organisation.</p>\n<h3><br /><strong>Un cadeau de choix</strong></h3>\n<p>Plus appréciés que jamais, les produits gourmands s\'adaptent à toutes les occasions et à tous les goûts. Offrez le plaisir de la découverte en encourageant nos artisans locaux et régionaux.</p>\n<h3><br />De notre sélection ou personnalisés</h3>\n<p>À votre gré, vous pouvez choisir un à un les produits qui composeront vos cadeaux, sélectionner des coffrets cadeaux parmi ceux qui sont offerts sur notre boutique en ligne ou encore, nous laisser le soin de composer pour vous de magnifiques emballages...</p>\n<h3><br />Cadeaux petits ou gros, à l\'unité ou par dizaines</h3>\n<p>Nous offrons un service personnalisé parfaitement adapté à vos besoins et à votre budget. Donc que vous ayez besoin d\'un cadeau destiné à un seul collaborateur ou de dizaines de présents pour un événement spécial, que vous ne recherchiez qu\'un petit quelque chose ou un cadeau gourmand plus substantiel, nous avons ce qu\'il faut.</p>\n<h4><br />Services complémentaires offerts</h4>\n<ul>\n<li>Emballages à votre image</li>\n<li>Service de livraison</li>\n<li>Cartes cadeaux</li>\n<li>Prise en charge de vos cadeaux corporatifs</li>\n<li>Possibilités d’inclure des objets promo personnalisés</li>\n</ul>\n<p></p>\n<p><strong>Nous joindre / demande personnalisée</strong></p>\n<p>Appelez-nous au <a href=\"tel:+18194243736\"><strong>819 424-3736</strong></a> ou par courriel au <a href=\"mailto:boutique@laccopping.com\" target=\"_blank\" rel=\"noreferrer noopener\">boutique@laccopping.com</a> pour en discuter ou faites votre sélection en ligne. Vous pouvez aussi remplir le formulaire de demande personnalisée en cliquant ici.</p>','','corporatif','','',''),(17,1,2,'Corporatif','','','corporatif','','',''),(17,1,3,'Corporatif','','','corporatif','','',''),(18,1,1,'Vinaigrette','','','vinaigrette','','',''),(18,1,2,'Vinaigrette','','','vinaigrette','','',''),(18,1,3,'Vinaigrette','','','vinaigrette','','',''),(19,1,1,'Soupe/Pâtes','','','soupepates','','',''),(19,1,2,'Soupe/Pâtes','','','soupepates','','',''),(19,1,3,'Soupe/Pâtes','','','soupepates','','',''),(20,1,1,'Douceurs et collations','','','douceurs-et-collations','','',''),(20,1,2,'Douceurs et collations','','','douceurs-et-collations','','',''),(20,1,3,'Douceurs et collations','','','douceurs-et-collations','','',''),(21,1,1,'Marinades','','','marinades','','',''),(21,1,2,'Marinades','','','marinades','','',''),(21,1,3,'Marinades','','','marinades','','',''),(22,1,1,'Chocolat','','','chocolat','','',''),(22,1,2,'Chocolat','','','chocolat','','',''),(22,1,3,'Chocolat','','','chocolat','','',''),(23,1,1,'Sirop et coulis','','','sirop-et-coulis','','',''),(23,1,2,'Sirop et coulis','','','sirop-et-coulis','','',''),(23,1,3,'Sirop et coulis','','','sirop-et-coulis','','',''),(24,1,1,'Miel','','','miel','','',''),(24,1,2,'Miel','','','miel','','',''),(24,1,3,'Miel','','','miel','','',''),(25,1,1,'Caramel','','','caramel','','',''),(25,1,2,'Caramel','','','caramel','','',''),(25,1,3,'Caramel','','','caramel','','',''),(26,1,1,'Érable','','','erable','','',''),(26,1,2,'Érable','','','erable','','',''),(26,1,3,'Érable','','','erable','','',''),(27,1,1,'BBQ','','','bbq','','',''),(27,1,2,'BBQ','','','bbq','','',''),(27,1,3,'BBQ','','','bbq','','',''),(28,1,1,'Canard','','','canard','','',''),(28,1,2,'Canard','','','canard','','',''),(28,1,3,'Canard','','','canard','','',''),(29,1,1,'Tartinades','','','tartinades','','',''),(29,1,2,'Tartinades','','','tartinades','','',''),(29,1,3,'Tartinades','','','tartinades','','',''),(30,1,1,'Épices et assaisonnements','','','epices-et-assaisonnements','','',''),(30,1,2,'Épices et assaisonnements','','','epices-et-assaisonnements','','',''),(30,1,3,'Épices et assaisonnements','','','epices-et-assaisonnements','','',''),(31,1,1,'Olives et condiments','','','olives-et-condiments','','',''),(31,1,2,'Olives et condiments','','','olives-et-condiments','','',''),(31,1,3,'Olives et condiments','','','olives-et-condiments','','',''),(32,1,1,'Huiles et vinaigres','','','huiles-et-vinaigres','','',''),(32,1,2,'Huiles et vinaigres','','','huiles-et-vinaigres','','',''),(32,1,3,'Huiles et vinaigres','','','huiles-et-vinaigres','','',''),(33,1,1,'Sauces','','','sauces','','',''),(33,1,2,'Sauces','','','sauces','','',''),(33,1,3,'Sauces','','','sauces','','',''),(34,1,1,'Moutardes','','','moutardes','','',''),(34,1,2,'Moutardes','','','moutardes','','',''),(34,1,3,'Moutardes','','','moutardes','','',''),(35,1,1,'Confitures et gelée','','','confitures-et-gelee','','',''),(35,1,2,'Confitures et gelée','','','confitures-et-gelee','','',''),(35,1,3,'Confitures et gelée','','','confitures-et-gelee','','',''),(36,1,1,'Biscuit et craquelin','','','buscuit-et-craquelin','','',''),(36,1,2,'Buscuit et craquelin','','','buscuit-et-craquelin','','',''),(36,1,3,'Buscuit et craquelin','','','buscuit-et-craquelin','','',''),(37,1,1,'Confit,chutney et gelée','','','confitchutney-et-gelee','','',''),(37,1,2,'Confit,chutney et gelée','','','confitchutney-et-gelee','','',''),(37,1,3,'Confit,chutney et gelée','','','confitchutney-et-gelee','','',''),(38,1,1,'Boeuf','','','boeuf','','',''),(38,1,2,'Boeuf','','','boeuf','','',''),(38,1,3,'Boeuf','','','boeuf','','',''),(39,1,1,'Poulet','','','poulet','','',''),(39,1,2,'Poulet','','','poulet','','',''),(39,1,3,'Poulet','','','poulet','','',''),(40,1,1,'Porc','','','porc','','',''),(40,1,2,'Porc','','','porc','','',''),(40,1,3,'Porc','','','porc','','',''),(41,1,1,'Fruit de mer','','','fruit-de-mer','','',''),(41,1,2,'Fruit de mer','','','fruit-de-mer','','',''),(41,1,3,'Fruit de mer','','','fruit-de-mer','','',''),(42,1,1,'Poisson','','','poisson','','',''),(42,1,2,'Poisson','','','poisson','','',''),(42,1,3,'Poisson','','','poisson','','',''),(43,1,1,'Prêt a manger','','','pret-a-manger','','',''),(43,1,2,'Prêt a manger','','','pret-a-manger','','',''),(43,1,3,'Prêt a manger','','','pret-a-manger','','',''),(44,1,1,'Fondue au fromage','','','fondue-au-fromage','','',''),(44,1,2,'Fondue au fromage','','','fondue-au-fromage','','',''),(44,1,3,'Fondue au fromage','','','fondue-au-fromage','','',''),(45,1,1,'Dessert','','','dessert','','',''),(45,1,2,'Dessert','','','dessert','','',''),(45,1,3,'Dessert','','','dessert','','',''),(46,1,1,'Vin  Vignoble','','','vin-vignoble','','',''),(46,1,2,'Vin  Vignoble','','','vin-vignoble','','',''),(46,1,3,'Vin  Vignoble','','','vin-vignoble','','',''),(47,1,1,'Cidre','','','cidre','','',''),(47,1,2,'Cidre','','','cidre','','',''),(47,1,3,'Cidre','','','cidre','','',''),(48,1,1,'Érable','','','erable','','',''),(48,1,2,'Érable','','','erable','','',''),(48,1,3,'Érable','','','erable','','',''),(49,1,1,'Bière','','','biere','','',''),(49,1,2,'Bière','','','biere','','',''),(49,1,3,'Bière','','','biere','','',''),(50,1,1,'Café/thé','','','cafethe','','',''),(50,1,2,'Café/thé','','','cafethe','','',''),(50,1,3,'Café/thé','','','cafethe','','',''),(51,1,1,'Non alccolisé','','','non-alccolise','','',''),(51,1,2,'Non alccolisé','','','non-alccolise','','',''),(51,1,3,'Non alccolisé','','','non-alccolise','','',''),(52,1,1,'Autres','','','autres','','',''),(52,1,2,'Autres','','','autres','','',''),(52,1,3,'Autres','','','autres','','',''),(53,1,1,'Emballage cadeaux','','','emballage-cadeaux','','',''),(53,1,2,'Emballage cadeaux','','','emballage-cadeaux','','',''),(53,1,3,'Emballage cadeaux','','','emballage-cadeaux','','',''),(54,1,1,'Coffrets personnalisés','','','coffrets-personnalises','','',''),(54,1,2,'Coffrets personnalisés','','','coffrets-personnalises','','',''),(54,1,3,'Coffrets personnalisés','','','coffrets-personnalises','','',''),(55,1,1,'Cadeau gourmand/terroir','','','cadeau-gourmandterroir','','',''),(55,1,2,'Cadeau gourmand/terroir','','','cadeau-gourmandterroir','','',''),(55,1,3,'Cadeau gourmand/terroir','','','cadeau-gourmandterroir','','',''),(56,1,1,'Cadeau hotesse','','','cadeau-hotesse','','',''),(56,1,2,'Cadeau hotesse','','','cadeau-hotesse','','',''),(56,1,3,'Cadeau hotesse','','','cadeau-hotesse','','',''),(57,1,1,'Occasion spéciale','','','occasion-speciale','','',''),(57,1,2,'Occasion spéciale','','','occasion-speciale','','',''),(57,1,3,'Occasion spéciale','','','occasion-speciale','','',''),(58,1,1,'Carte cadeaux','','','carte-cadeaux','','',''),(58,1,2,'Carte cadeaux','','','carte-cadeaux','','',''),(58,1,3,'Carte cadeaux','','','carte-cadeaux','','',''),(59,1,1,'Produits/Souvenir','','','produitssouvenir','','',''),(59,1,2,'Produits/Souvenir','','','produitssouvenir','','',''),(59,1,3,'Produits/Souvenir','','','produitssouvenir','','',''),(60,1,1,'Promotions','','','promotions','','',''),(60,1,2,'Promotions','','','promotions','','',''),(60,1,3,'Promotions','','','promotions','','',''),(61,1,1,'Confection et Atelier','','','confection-et-atelier','','',''),(61,1,2,'Confection et Atelier','','','confection-et-atelier','','',''),(61,1,3,'Confection et Atelier','','','confection-et-atelier','','',''),(62,1,1,'Savons et Bougies','','','savons-et-bougies','','',''),(62,1,2,'Savons et Bougies','','','savons-et-bougies','','',''),(62,1,3,'Savons et Bougies','','','savons-et-bougies','','',''),(63,1,1,'Bébé','','','bebe','','',''),(63,1,2,'Bébé','','','bebe','','',''),(63,1,3,'Bébé','','','bebe','','',''),(64,1,1,'Décoration','','','decoration','','',''),(64,1,2,'Décoration','','','decoration','','',''),(64,1,3,'Décoration','','','decoration','','',''),(65,1,1,'Bijoux','','','bijoux','','',''),(65,1,2,'Bijoux','','','bijoux','','',''),(65,1,3,'Bijoux','','','bijoux','','',''),(66,1,1,'Maison','','','maison','','',''),(66,1,2,'Maison','','','maison','','',''),(66,1,3,'Maison','','','maison','','',''),(67,1,1,'Soins','','','soins','','',''),(67,1,2,'Soins','','','soins','','',''),(67,1,3,'Soins','','','soins','','',''),(68,1,1,'Découverte','','','decouverte','','',''),(68,1,2,'Découverte','','','decouverte','','',''),(68,1,3,'Découverte','','','decouverte','','','');

--
-- Table structure for table `bl_category_product`
--

CREATE TABLE `bl_category_product` (
  `id_category` int(10) unsigned NOT NULL,
  `id_product` int(10) unsigned NOT NULL,
  `position` int(10) unsigned NOT NULL DEFAULT '0',
  PRIMARY KEY (`id_category`,`id_product`),
  KEY `id_product` (`id_product`),
  KEY `id_category` (`id_category`,`position`)
) ENGINE=InnoDB DEFAULT CHARSET=utf8mb4;

--
-- Dumping data for table `bl_category_product`
--

INSERT INTO `bl_category_product` VALUES (2,19,1),(2,20,2),(2,23,3),(2,25,4),(2,26,5),(2,27,6),(2,28,7),(2,29,8),(2,30,9),(2,31,10),(2,32,11),(2,33,12),(2,34,13),(2,35,14),(2,36,15),(2,37,16),(2,38,17),(2,39,18),(2,41,19),(2,42,20),(2,45,21),(2,46,22),(2,47,23),(2,48,24),(2,49,25),(2,50,26),(2,51,27),(2,52,28),(2,53,29),(2,54,30),(2,55,31),(2,56,32),(2,57,33),(2,58,34),(2,59,35),(2,60,36),(2,61,37),(2,62,38),(2,63,39),(2,64,40),(2,66,41),(2,67,42),(2,68,43),(2,69,44),(2,70,45),(2,71,46),(2,73,47),(2,74,48),(2,75,49),(2,76,50),(2,77,51),(2,78,52),(2,79,53),(2,81,54),(2,82,55),(2,83,56),(2,84,57),(2,85,58),(2,86,59),(2,87,60),(2,89,61),(2,90,62),(2,91,63),(2,92,64),(2,93,65),(2,95,66),(2,96,67),(2,97,68),(2,98,69),(2,99,70),(2,100,71),(2,101,72),(2,102,73),(2,103,74),(2,104,75),(2,105,76),(2,106,77),(2,107,78),(2,108,79),(2,111,80),(2,113,81),(2,114,82),(2,115,83),(2,116,84),(2,117,85),(2,118,86),(2,119,87),(2,120,88),(2,121,89),(2,122,90),(2,123,91),(2,124,92),(2,125,93),(2,126,94),(2,127,95),(2,129,96),(2,130,97),(2,131,98),(2,132,99),(2,133,100),(2,134,101),(2,135,102),(2,136,103),(2,137,104),(2,138,105),(2,139,106),(2,140,107),(2,141,108),(2,143,109),(2,144,110),(2,145,111),(2,147,112),(2,148,113),(2,150,114),(2,151,115),(2,152,116),(2,153,117),(2,154,118),(2,155,119),(2,156,120),(2,157,121),(2,158,122),(2,159,123),(2,160,124),(2,161,125),(2,162,126),(2,163,127),(2,164,128),(2,165,129),(2,166,130),(2,167,131),(2,168,132),(2,169,133),(2,170,134),(2,171,135),(2,172,136),(2,173,137),(2,174,138),(2,175,139),(2,176,140),(2,177,141),(2,178,142),(2,179,143),(2,180,144),(2,181,145),(2,182,146),(2,183,147),(2,184,148),(2,185,149),(2,186,150),(2,187,151),(2,188,152),(2,189,153),(2,190,154),(2,191,155),(2,192,156),(2,193,157),(2,194,158),(2,195,159),(2,196,160),(2,197,161),(2,198,162),(2,199,163),(2,200,164),(2,201,165),(2,202,166),(2,203,167),(2,204,168),(2,205,169),(2,207,170),(2,208,171),(2,209,172),(2,211,173),(2,212,174),(2,213,175),(2,215,176),(2,216,177),(2,217,178),(2,218,179),(2,219,180),(2,220,181),(2,221,182),(2,222,183),(2,223,184),(2,224,185),(2,225,186),(2,227,187),(2,228,188),(2,229,189),(2,230,190),(2,231,191),(2,232,192),(2,233,193),(2,234,194),(2,235,195),(2,236,196),(2,237,197),(2,238,198),(2,239,199),(2,240,200),(2,241,201),(2,242,202),(2,243,203),(2,244,204),(2,245,205),(2,246,206),(2,247,207),(2,249,208),(2,251,209),(2,252,210),(2,254,211),(2,255,212),(2,259,213),(2,260,214),(2,261,215),(2,262,216),(2,263,217),(2,264,218),(2,265,219),(2,266,220),(2,267,221),(2,268,222),(2,269,223),(2,270,224),(2,271,225),(2,272,226),(2,273,227),(2,274,228),(2,275,229),(2,276,230),(2,277,231),(2,278,232),(2,279,233),(2,281,234),(2,282,235),(2,283,236),(2,284,237),(2,285,238),(2,286,239),(2,287,240),(2,288,241),(2,289,242),(2,290,243),(2,291,244),(2,292,245),(2,293,246),(2,294,247),(2,295,248),(2,296,249),(2,297,250),(2,298,251),(2,299,252),(2,300,253),(2,301,254),(2,302,255),(2,303,256),(2,304,257),(2,305,258),(2,306,259),(2,307,260),(2,308,261),(2,309,262),(2,310,263),(2,311,264),(2,312,265),(2,313,266),(2,314,267),(2,315,268),(2,316,269),(2,317,270),(2,319,271),(2,321,272),(2,324,273),(2,325,274),(2,326,275),(2,327,276),(2,328,277),(2,329,278),(2,330,279),(2,331,280),(2,332,281),(2,333,282),(2,334,283),(2,335,284),(2,336,285),(2,337,286),(2,338,287),(2,339,288),(2,341,289),(2,342,290),(2,343,291),(2,344,292),(2,345,293),(2,346,294),(2,347,295),(2,348,296),(2,349,297),(2,350,298),(2,351,299),(2,352,300),(2,353,301),(2,354,302),(2,355,303),(2,356,304),(2,357,305),(2,358,306),(2,359,307),(2,360,308),(2,361,309),(2,362,310),(2,363,311),(2,364,312),(2,365,313),(2,366,314),(2,367,315),(2,368,316),(2,369,317),(2,370,318),(2,371,319),(2,372,320),(2,373,321),(2,374,322),(2,375,323),(2,376,324),(2,377,325),(2,378,326),(2,379,327),(2,380,328),(2,381,329),(2,382,330),(2,383,331),(2,384,332),(2,385,333),(2,387,334),(2,388,335),(2,389,336),(2,390,337),(2,391,338),(2,392,339),(2,393,340),(2,394,341),(2,395,342),(2,396,343),(2,397,344),(2,398,345),(2,399,346),(2,400,347),(2,401,348),(2,402,349),(2,403,350),(2,405,351),(2,406,352),(2,407,353),(2,408,354),(2,409,355),(2,410,356),(2,411,357),(2,412,358),(2,413,359),(2,415,360),(2,416,361),(2,417,362),(2,418,363),(2,419,364),(2,420,365),(2,421,366),(2,422,367),(2,423,368),(2,424,369),(2,425,370),(2,426,371),(2,427,372),(2,428,373),(2,429,374),(2,430,375),(10,70,1),(10,69,2),(10,67,3),(10,68,4),(10,136,5),(10,140,6),(11,50,1),(11,51,2),(11,52,3),(11,56,4),(11,57,5),(11,58,6),(11,59,7),(11,60,8),(11,61,9),(11,62,10),(11,63,11),(11,64,12),(11,73,13),(11,74,14),(11,71,15),(11,77,16),(11,76,17),(11,75,18),(11,78,19),(11,66,20),(12,398,1),(12,400,2),(12,401,3),(12,402,4),(12,403,5),(13,297,1),(13,298,2),(13,299,3),(13,300,4),(13,301,5),(13,302,6),(15,23,1),(15,25,2),(15,26,3),(15,27,4),(15,28,5),(15,29,6),(15,30,7),(15,31,8),(15,32,9),(15,33,10),(15,34,11),(15,36,12),(15,54,13),(15,64,14),(15,63,15),(15,62,16),(15,61,17),(15,59,18),(15,58,19),(15,57,20),(15,56,21),(15,53,22),(15,52,23),(15,50,24),(15,51,25),(15,60,26),(15,73,27),(15,74,28),(15,70,29),(15,71,30),(15,77,31),(15,76,32),(15,75,33),(15,78,34),(15,69,35),(15,67,36),(15,68,37),(15,66,38),(15,79,39),(15,81,40),(15,82,41),(15,83,42),(15,84,43),(15,85,44),(15,86,45),(15,87,46),(15,89,47),(15,90,48),(15,91,49),(15,92,50),(15,93,51),(15,95,52),(15,96,53),(15,97,54),(15,98,55),(15,99,56),(15,100,57),(15,101,58),(15,113,59),(15,114,60),(15,115,61),(15,116,62),(15,117,63),(15,181,64),(15,182,65),(15,183,66),(15,184,67),(15,185,68),(15,186,69),(15,187,70),(15,188,71),(15,209,72),(15,208,73),(15,207,74),(15,211,75),(15,213,76),(15,212,77),(15,215,78),(15,216,79),(15,217,80),(15,218,81),(15,219,82),(15,220,83),(15,221,84),(15,222,85),(15,223,86),(15,224,87),(15,225,88),(15,227,89),(15,228,90),(15,229,91),(15,230,92),(15,231,93),(15,232,94),(15,233,95),(15,234,96),(15,235,97),(15,236,98),(15,237,99),(15,296,100),(15,297,101),(15,298,102),(15,299,103),(15,300,104),(15,301,105),(15,302,106),(15,359,107),(15,360,108),(15,361,109),(15,368,110),(15,369,111),(15,370,112),(15,371,113),(15,372,114),(15,373,115),(15,374,116),(15,375,117),(15,376,118),(15,377,119),(15,378,120),(15,379,121),(15,380,122),(15,381,123),(18,70,1),(18,69,2),(18,67,3),(18,68,4),(18,122,5),(18,125,6),(18,126,7),(19,136,1),(19,140,2),(19,196,3),(19,276,4),(19,382,5),(19,383,6),(19,384,7),(19,385,8),(19,387,9),(20,79,1),(20,81,2),(20,82,3),(20,83,4),(20,84,5),(20,85,6),(20,86,7),(20,87,8),(20,89,9),(20,90,10),(20,91,11),(20,92,12),(20,96,13),(20,97,14),(20,113,15),(20,114,16),(20,115,17),(20,116,18),(20,117,19),(20,123,20),(20,145,21),(20,189,22),(20,190,23),(20,181,24),(20,182,25),(20,183,26),(20,184,27),(20,185,28),(20,186,29),(20,187,30),(20,188,31),(20,201,32),(20,392,33),(20,393,34),(20,394,35),(20,395,36),(21,152,1),(21,158,2),(21,148,3),(21,150,4),(21,151,5),(21,153,6),(21,154,7),(21,155,8),(21,156,9),(21,157,10),(21,200,11),(21,202,12),(21,203,13),(21,204,14),(22,79,1),(22,81,2),(22,82,3),(22,83,4),(22,84,5),(22,85,6),(22,86,7),(22,87,8),(22,89,9),(22,90,10),(22,91,11),(22,92,12),(22,93,13),(22,95,14),(22,96,15),(22,97,16),(22,98,17),(22,99,18),(22,100,19),(22,101,20),(22,113,21),(22,114,22),(22,115,23),(22,116,24),(22,117,25),(22,118,26),(22,119,27),(22,120,28),(22,123,29),(22,130,30),(22,131,31),(22,141,32),(22,197,33),(22,199,34),(22,212,35),(23,316,1),(24,102,1),(24,124,2),(24,127,3),(24,129,4),(24,130,5),(24,131,6),(24,132,7),(24,133,8),(24,134,9),(24,135,10),(24,138,11),(24,141,12),(24,144,13),(24,145,14),(25,79,1),(25,92,2),(25,111,3),(25,113,4),(25,116,5),(25,117,6),(25,123,7),(25,129,8),(25,132,9),(26,85,1),(26,91,2),(26,96,3),(26,99,4),(26,103,5),(26,104,6),(26,108,7),(26,114,8),(26,121,9),(26,122,10),(26,192,11),(26,208,12),(26,230,13),(26,316,14),(27,303,1),(27,311,2),(27,319,3),(27,341,4),(28,50,1),(28,52,2),(28,55,3),(28,56,4),(28,57,5),(28,58,6),(28,59,7),(28,60,8),(28,61,9),(28,63,10),(28,64,11),(29,62,1),(29,166,2),(29,167,3),(29,168,4),(29,205,5),(29,228,6),(29,224,7),(30,32,1),(30,73,2),(30,74,3),(30,71,4),(30,77,5),(30,76,6),(30,75,7),(30,78,8),(30,66,9),(30,370,10),(30,371,11),(30,372,12),(30,373,13),(30,374,14),(30,375,15),(30,376,16),(30,380,17),(30,381,18),(31,36,1),(32,20,1),(32,23,2),(32,25,3),(32,26,4),(32,27,5),(32,28,6),(32,29,7),(32,30,8),(32,31,9),(33,303,1),(33,304,2),(33,305,3),(33,306,4),(33,307,5),(33,308,6),(33,309,7),(33,310,8),(33,311,9),(33,312,10),(33,313,11),(33,314,12),(33,315,13),(33,316,14),(33,317,15),(33,319,16),(33,321,17),(33,334,18),(33,335,19),(33,341,20),(33,369,21),(33,377,22),(34,35,1),(34,108,2),(34,138,3),(34,139,4),(34,230,5),(34,231,6),(34,232,7),(34,233,8),(34,335,9),(35,103,1),(35,104,2),(35,105,3),(35,159,4),(35,160,5),(35,161,6),(35,162,7),(35,163,8),(35,164,9),(35,165,10),(35,191,11),(35,192,12),(35,193,13),(35,194,14),(35,207,15),(35,208,16),(35,209,17),(35,211,18),(35,212,19),(35,213,20),(35,215,21),(35,216,22),(35,217,23),(35,218,24),(35,219,25),(35,220,26),(35,221,27),(35,222,28),(35,223,29),(35,225,30),(35,227,31),(35,229,32),(35,234,33),(35,235,34),(35,236,35),(35,237,36),(36,169,1),(36,170,2),(36,171,3),(36,198,4),(36,199,5),(36,396,6),(36,397,7),(37,33,1),(37,34,2),(37,51,3),(37,53,4),(37,54,5),(37,107,6),(37,106,7),(37,137,8),(37,143,9),(37,144,10),(37,151,11),(38,249,1),(38,251,2),(38,252,3),(38,254,4),(38,281,5),(38,282,6),(38,283,7),(38,284,8),(39,255,1),(39,285,2),(39,286,3),(39,287,4),(39,288,5),(39,289,6),(39,290,7),(39,291,8),(39,292,9),(39,293,10),(39,295,11),(40,331,1),(40,333,2),(40,337,3),(40,398,4),(40,400,5),(40,401,6),(41,273,1),(41,268,2),(41,267,3),(41,263,4),(41,275,5),(41,277,6),(41,278,7),(41,402,8),(41,403,9),(42,259,1),(42,260,2),(42,262,3),(42,263,4),(42,264,5),(42,265,6),(42,266,7),(42,267,8),(42,268,9),(42,269,10),(42,270,11),(42,271,12),(42,272,13),(42,273,14),(42,274,15),(42,275,16),(43,136,1),(43,140,2),(43,269,3),(43,276,4),(43,277,5),(43,278,6),(43,279,7),(43,329,8),(43,330,9),(43,336,10),(43,337,11),(43,338,12),(43,339,13),(43,342,14),(43,425,15),(43,426,16),(43,428,17),(43,429,18),(43,430,19),(44,425,1),(44,426,2),(44,428,3),(44,429,4),(44,430,5),(45,52,1),(45,197,2),(45,198,3),(45,199,4),(45,342,5),(45,388,6),(45,389,7),(45,390,8),(45,391,9),(45,396,10),(45,397,11),(45,405,12),(45,406,13),(45,407,14),(45,408,15),(45,409,16),(45,410,17),(45,411,18),(45,413,19),(45,416,20),(45,417,21),(45,418,22),(45,419,23),(45,420,24),(45,421,25),(45,422,26),(45,423,27),(45,424,28),(46,172,1),(46,173,2),(46,174,3),(46,175,4),(46,176,5),(46,177,6),(46,178,7),(46,179,8),(46,180,9),(48,172,1),(48,173,2),(48,174,3),(48,175,4),(49,344,1),(49,345,2),(49,346,3),(49,347,4),(49,348,5),(49,349,6),(49,350,7),(49,351,8),(49,352,9),(49,353,10),(49,354,11),(49,355,12),(49,356,13),(49,357,14),(49,358,15),(49,359,16),(49,360,17),(49,361,18),(49,362,19),(49,363,20),(49,364,21),(49,365,22),(49,367,23),(49,366,24),(50,296,1),(50,297,2),(50,298,3),(50,299,4),(50,300,5),(50,301,6),(50,302,7),(50,368,8),(50,378,9),(50,379,10),(51,195,1),(52,98,1),(52,100,2),(52,296,3),(52,297,4),(52,298,5),(52,299,6),(52,300,7),(52,301,8),(52,302,9),(56,47,1),(56,48,2),(56,49,3),(56,147,4),(56,233,5),(56,234,6),(56,235,7),(56,236,8),(56,237,9),(56,302,10),(56,370,11),(60,152,1),(60,400,2),(60,391,3),(60,319,4),(61,238,1),(61,239,2),(61,240,3),(61,241,4),(61,242,5),(61,243,6),(61,245,7),(61,246,8),(61,244,9),(61,247,10),(62,42,1),(62,41,2),(62,39,3),(62,37,4),(62,46,5),(62,324,6),(62,325,7),(62,326,8),(62,327,9),(63,238,1),(63,239,2),(63,240,3),(63,241,4),(66,242,1),(66,243,2),(67,39,1),(67,38,2),(67,45,3),(67,245,4),(67,246,5),(67,244,6),(67,247,7),(68,402,1),(68,338,2),(68,61,3);

--
-- Table structure for table `bl_category_shop`
--

CREATE TABLE `bl_category_shop` (
  `id_category` int(11) NOT NULL,
  `id_shop` int(11) NOT NULL,
  `position` int(10) unsigned NOT NULL DEFAULT '0',
  PRIMARY KEY (`id_category`,`id_shop`)
) ENGINE=InnoDB DEFAULT CHARSET=utf8mb4;

--
-- Dumping data for table `bl_category_shop`
--

INSERT INTO `bl_category_shop` VALUES (1,1,0),(2,1,0),(10,1,0),(11,1,1),(12,1,2),(13,1,3),(14,1,4),(15,1,5),(16,1,6),(17,1,7),(18,1,0),(19,1,1),(20,1,2),(21,1,3),(22,1,4),(23,1,5),(24,1,6),(25,1,7),(26,1,8),(27,1,9),(28,1,0),(29,1,1),(30,1,2),(31,1,3),(32,1,4),(33,1,5),(34,1,6),(35,1,7),(36,1,8),(37,1,9),(38,1,0),(39,1,1),(40,1,2),(41,1,3),(42,1,4),(43,1,5),(44,1,6),(45,1,7),(46,1,0),(47,1,1),(48,1,2),(49,1,3),(50,1,4),(51,1,5),(52,1,6),(53,1,0),(54,1,1),(55,1,2),(56,1,3),(57,1,4),(58,1,5),(59,1,6),(60,1,8),(61,1,0),(62,1,1),(63,1,2),(64,1,3),(65,1,4),(66,1,5),(67,1,6),(68,1,9);

--
-- Table structure for table `bl_cms`
--

CREATE TABLE `bl_cms` (
  `id_cms` int(10) unsigned NOT NULL AUTO_INCREMENT,
  `id_cms_category` int(10) unsigned NOT NULL,
  `position` int(10) unsigned NOT NULL DEFAULT '0',
  `active` tinyint(1) unsigned NOT NULL DEFAULT '0',
  `indexation` tinyint(1) unsigned NOT NULL DEFAULT '1',
  PRIMARY KEY (`id_cms`)
) ENGINE=InnoDB AUTO_INCREMENT=7 DEFAULT CHARSET=utf8mb4;

--
-- Dumping data for table `bl_cms`
--

INSERT INTO `bl_cms` VALUES (1,1,0,1,0),(2,1,1,0,0),(3,1,2,1,0),(4,1,3,0,0),(5,1,4,0,0),(6,1,5,1,0);

--
-- Table structure for table `bl_cms_category`
--

CREATE TABLE `bl_cms_category` (
  `id_cms_category` int(10) unsigned NOT NULL AUTO_INCREMENT,
  `id_parent` int(10) unsigned NOT NULL,
  `level_depth` tinyint(3) unsigned NOT NULL DEFAULT '0',
  `active` tinyint(1) unsigned NOT NULL DEFAULT '0',
  `date_add` datetime NOT NULL,
  `date_upd` datetime NOT NULL,
  `position` int(10) unsigned NOT NULL DEFAULT '0',
  PRIMARY KEY (`id_cms_category`),
  KEY `category_parent` (`id_parent`)
) ENGINE=InnoDB AUTO_INCREMENT=2 DEFAULT CHARSET=utf8mb4;

--
-- Dumping data for table `bl_cms_category`
--

INSERT INTO `bl_cms_category` VALUES (1,0,1,1,'2023-04-06 11:25:51','2023-04-06 11:25:51',0);

--
-- Table structure for table `bl_cms_category_lang`
--

CREATE TABLE `bl_cms_category_lang` (
  `id_cms_category` int(10) unsigned NOT NULL,
  `id_lang` int(10) unsigned NOT NULL,
  `id_shop` int(10) unsigned NOT NULL DEFAULT '1',
  `name` varchar(128) NOT NULL,
  `description` text,
  `link_rewrite` varchar(128) NOT NULL,
  `meta_title` varchar(255) DEFAULT NULL,
  `meta_keywords` varchar(255) DEFAULT NULL,
  `meta_description` varchar(512) DEFAULT NULL,
  PRIMARY KEY (`id_cms_category`,`id_shop`,`id_lang`),
  KEY `category_name` (`name`)
) ENGINE=InnoDB DEFAULT CHARSET=utf8mb4;

--
-- Dumping data for table `bl_cms_category_lang`
--

INSERT INTO `bl_cms_category_lang` VALUES (1,1,1,'Accueil','','accueil','','',''),(1,2,1,'Home','','home','','',''),(1,3,1,'Accueil','','accueil','','','');

--
-- Table structure for table `bl_cms_category_shop`
--

CREATE TABLE `bl_cms_category_shop` (
  `id_cms_category` int(10) unsigned NOT NULL AUTO_INCREMENT,
  `id_shop` int(11) unsigned NOT NULL,
  PRIMARY KEY (`id_cms_category`,`id_shop`),
  KEY `id_shop` (`id_shop`)
) ENGINE=InnoDB AUTO_INCREMENT=2 DEFAULT CHARSET=utf8mb4;

--
-- Dumping data for table `bl_cms_category_shop`
--

INSERT INTO `bl_cms_category_shop` VALUES (1,1);

--
-- Table structure for table `bl_cms_lang`
--

CREATE TABLE `bl_cms_lang` (
  `id_cms` int(10) unsigned NOT NULL,
  `id_lang` int(10) unsigned NOT NULL,
  `id_shop` int(10) unsigned NOT NULL DEFAULT '1',
  `meta_title` varchar(255) NOT NULL,
  `head_seo_title` varchar(255) DEFAULT NULL,
  `meta_description` varchar(512) DEFAULT NULL,
  `meta_keywords` varchar(255) DEFAULT NULL,
  `content` longtext,
  `link_rewrite` varchar(128) NOT NULL,
  PRIMARY KEY (`id_cms`,`id_shop`,`id_lang`)
) ENGINE=InnoDB DEFAULT CHARSET=utf8mb4;

--
-- Dumping data for table `bl_cms_lang`
--

INSERT INTO `bl_cms_lang` VALUES (1,1,1,'Politique de livraison','','Nos conditions de livraison','conditions, livraison, délais, expédition, colis, politique','<p>La boutique du Lac Copping assure la livraison de tous ses produits au <strong>Canada</strong> via le service de <strong>Postes Canada</strong>. Suite à la réception de la confirmation de paiement, les commandes sont traitées dans un délai maximum de 48 heures du lundi au vendredi. Selon la destination et la disponibilité des produits, le délai de livraison peut varier de 1 à 13 jours ouvrables.</p>\n<p></p>\n<p><strong>Pour le Québec et l’Ontario</strong>, la livraison est gratuite pour les commandes de 100,00 $ et plus, avant taxes et après application du code promo s’il y a lieu. Des frais de livraison de 14,99 $ s’appliquent pour les commandes de moins de 100,00$ Une surcharge peut s’appliquer pour certaines régions plus éloignées et vous serez prévenu le cas échéant.</p>\n<p>Pour les <strong>autres provinces du Canada</strong>, la livraison est gratuite pour les commandes de 150,00 $ et plus, avant taxes et après application du code promo s’il y a lieu. Des frais de livraison de 24,95 $ s’appliquent pour les commandes de moins de 150,00$</p>\n<p>Ces tarifs s\'appliquent à une seule adresse et dans un seul et même envoi.<br /><strong></strong></p>\n<p></p>\n<p><strong>Régions éloignées</strong></p>\n<p>Notez que des frais de livraison supplémentaires pourraient s\'ajouter pour certaines <strong>régions éloignées</strong> au Canada. Dans un tel cas, nous communiquerons avec le client pour obtenir son accord avant l\'expédition.</p>\n<p></p>\n<p><strong>Colis non reçus</strong></p>\n<p>Si un colis identifié comme étant « Livré » par le service de livraison n\'a pas été reçu, bien vérifier tout casier postal ou boîte postale associé à l\'adresse de livraison. Postes Canada ne livre pas toujours directement à la porte. Si le colis n\'est pas retrouvé après 24 heures, veuillez communiquer avec nous. Nous entreprendrons des démarches auprès du service de livraison pour vérifier ce qu\'il en est.</p>\n<p>Notez que nous ne sommes pas responsables des colis perdus dans les cas où l\'adresse de destination fournie est incomplète ou erronée. Nous ferons néanmoins des démarches auprès du service de livraison pour tenter de savoir ce qu\'il est advenu du colis.</p>\n<p></p>\n<p><strong>Adresses erronées / Colis non réclamées</strong></p>\n<p>Dans les cas où des colis nous sont retournés parce qu\'une adresse incomplète ou erronée nous a été transmise, seul le coût des produits est remboursé. De celui-ci, est déduit le coût de retour exigé de la part du service de livraison. Le remboursement est effectué par le même moyen de paiement que celui utilisé pour l\'achat.</p>\n<p>La même politique s\'applique pour les colis non réclamés qui nous sont retournés par le transporteur</p>\n<p></p>\n<p><strong>Ramassage en boutique</strong></p>\n<p>Une option « Ramassage en boutique » <strong>sans frais</strong> est offerte pour toutes les commandes. Le ramassage de la commande doit alors être effectué <em>chez boutique du lac Copping</em> au 3318, ch des Lacs, Notre-Dame de la Merci, pendant les heures régulières d\'ouverture.</p>','livraison'),(1,2,1,'Delivery','','Our terms and conditions of delivery','conditions, delivery, delay, shipment, pack','<h2>Shipments and returns</h2>\n<h3>Your pack shipment</h3>\n<p>Packages are generally dispatched within 2 days after receipt of payment and are shipped via UPS with tracking and drop-off without signature. If you prefer delivery by UPS Extra with required signature, an additional cost will be applied, so please contact us before choosing this method. Whichever shipment choice you make, we will provide you with a link to track your package online.</p>\n<p>Shipping fees include handling and packing fees as well as postage costs. Handling fees are fixed, whereas transport fees vary according to total weight of the shipment. We advise you to group your items in one order. We cannot group two distinct orders placed separately, and shipping fees will apply to each of them. Your package will be dispatched at your own risk, but special care is taken to protect fragile objects.<br /><br />Boxes are amply sized and your items are well-protected.</p>','delivery'),(1,3,1,'Livraison','','Nos conditions de livraison','conditions, livraison, délais, expédition, colis','<h2>Expéditions et retours</h2>\n<h3>Expédition de votre colis</h3>\n<p>Les colis sont généralement expédiés dans un délai de 2 jours après réception du paiement. Ils sont expédiés via UPS avec un numéro de suivi et remis sans signature. Les colis peuvent également être expédiés via UPS Extra et remis contre signature. Veuillez nous contacter avant de choisir ce mode de livraison, car il induit des frais supplémentaires. Quel que soit le mode de livraison choisi, nous vous envoyons un lien pour suivre votre colis en ligne.</p>\n<p>Les frais d\'expédition incluent les frais de préparation et d\'emballage ainsi que les frais de port. Les frais de préparation sont fixes, tandis que les frais de transport varient selon le poids total du colis. Nous vous recommandons de regrouper tous vos articles dans une seule commande. Nous ne pouvons regrouper deux commandes placées séparément et des frais d\'expédition s\'appliquent à chacune d\'entre elles. Votre colis est expédié à vos propres risques, mais une attention particulière est portée aux objets fragiles.<br /><br />Les dimensions des boîtes sont appropriées et vos articles sont correctement protégés.</p>','livraison'),(2,1,1,'Mentions légales','','Mentions légales','mentions, légales, crédits','<h2>Mentions légales</h2><h3>Crédits</h3><p>Conception et production :</p><p>cette boutique en ligne a été créée à l\'aide du <a href=\"http://www.prestashop.com\">logiciel PrestaShop. </a>Rendez-vous sur le <a href=\"http://www.prestashop.com/blog/en/\">blog e-commerce de PrestaShop</a> pour vous tenir au courant des dernières actualités et obtenir des conseils sur la vente en ligne et la gestion d\'un site d\'e-commerce.</p>','mentions-legales'),(2,2,1,'Legal Notice','','Legal notice','notice, legal, credits','<h2>Legal</h2><h3>Credits</h3><p>Concept and production:</p><p>This Online store was created using <a href=\"http://www.prestashop.com\">Prestashop Shopping Cart Software</a>,check out PrestaShop\'s <a href=\"http://www.prestashop.com/blog/en/\">ecommerce blog</a> for news and advices about selling online and running your ecommerce website.</p>','legal-notice'),(2,3,1,'Mentions légales','','Mentions légales','mentions, légales, crédits','<h2>Mentions légales</h2><h3>Crédits</h3><p>Conception et production :</p><p>cette boutique en ligne a été créée à l\'aide du <a href=\"http://www.prestashop.com\">logiciel PrestaShop. </a>Rendez-vous sur le <a href=\"http://www.prestashop.com/blog/en/\">blog e-commerce de PrestaShop</a> pour vous tenir au courant des dernières actualités et obtenir des conseils sur la vente en ligne et la gestion d\'un site d\'e-commerce.</p>','mentions-legales'),(3,1,1,'Conditions d\'utilisation','','Nos conditions d\'utilisation','conditions, utilisation, vente','<p>CONDITIONS GÉNÉRALES DE VENTE ET D’UTILISATION<br /><br /><br /><br /><strong>ARTICLE 1</strong> – CONDITIONS D’UTILISATION DE NOTRE BOUTIQUE EN LIGNE<br /><br />En acceptant ces Conditions Générales de Vente et d’Utilisation, vous déclarez que vous avez atteint l’âge de la majorité dans votre pays, État ou province de résidence, et que vous nous avez donné votre consentement pour permettre à toute personne d’âge mineur à votre charge d’utiliser ce site web.<br /><br />L’utilisation de nos produits à toute fin illégale ou non autorisée est interdite, et vous ne devez pas non plus, dans le cadre de l’utilisation du Service, violer les lois de votre juridiction (incluant mais ne se limitant pas aux lois relatives aux droits d’auteur).<br /><br />Toute infraction ou violation des présentes Conditions Générales de Vente et d’Utilisation entraînera la résiliation immédiate de vos Services.<br /><br /><br /><strong>ARTICLE 2</strong> – CONDITIONS GÉNÉRALES<br /><br />Nous nous réservons le droit de refuser à tout moment l’accès aux services à toute personne, et ce, pour quelque raison que ce soit.<br /><br />Vous acceptez de ne pas reproduire, dupliquer, copier, vendre, revendre ou exploiter une quelconque partie du Service ou utilisation du Service, ou un quelconque accès au Service ou contact sur le site web, par le biais duquel le Service est fourni, sans autorisation écrite expresse préalable de notre part.<br /><br /><br /><strong>ARTICLE 3</strong> – MODIFICATIONS APPORTÉES AU SERVICE ET AUX PRIX<br /><br />Les prix de nos produits peuvent être modifiés sans préavis.<br /><br />Nous nous réservons le droit à tout moment de modifier ou d’interrompre le Service (ainsi que toute partie ou tout contenu du Service) sans préavis et en tout temps.<br /><br />Nous ne serons pas responsables envers vous ou toute autre tierce partie de toute modification de prix, suspension ou interruption du Service.<br /><br /><br /><strong>ARTICLE 4</strong> – PRODUITS OU SERVICES (le cas échéant)<br /><br />Nous avons fait de notre mieux pour afficher aussi clairement que possible les couleurs et images de nos produits qui apparaissent sur notre boutique. Nous ne pouvons pas garantir que l’affichage des couleurs par l’écran de votre ordinateur sera précis.<br /><br />Nous nous réservons le droit, sans toutefois être obligés de le faire, de limiter les ventes de nos produits ou services à toute personne, et dans toute région géographique ou juridiction. Nous pourrions exercer ce droit au cas par cas. Nous nous réservons le droit de limiter les quantités de tout produit ou service que nous offrons. Toutes les descriptions de produits et tous les prix des produits peuvent être modifiés en tout temps sans avis préalable, à notre seule discrétion. Nous nous réservons le droit d’arrêter d’offrir un produit à tout moment. Toute offre de service ou de produit présentée sur ce site est nulle là où la loi l’interdit.<br /><br /><br /><strong>ARTICLE 5</strong> – EXACTITUDE DE LA FACTURATION ET DES INFORMATIONS DE COMPTE<br /><br />Nous nous réservons le droit de refuser toute commande que vous passez auprès de nous. Nous pourrions, à notre seule discrétion, réduire ou annuler les quantités achetées par personne, par foyer ou par commande. Ces restrictions pourraient inclure des commandes passées par ou depuis le même compte client, la même carte de crédit, et/ou des commandes qui utilisent la même adresse de facturation et/ou d’expédition. Dans le cas où nous modifierions une commande ou si nous venions à l’annuler, nous pourrions tenter de vous avertir en vous contactant à l’e-mail et/ou à l’adresse de facturation/au numéro de téléphone fourni au moment où la commande a été passée. Nous nous réservons le droit de limiter ou d’interdire les commandes qui, à notre seul jugement, pourraient sembler provenir de marchands, de revendeurs ou de distributeurs.<br /><br />Vous acceptez de fournir des informations de commande et de compte à jour, complètes et exactes pour toutes les commandes passées sur notre boutique. Vous vous engagez à mettre à jour rapidement votre compte et vos autres informations, y compris votre adresse e-mail, vos numéros de cartes de crédit et dates d’expiration, pour que nous poussions compléter vos transactions et vous contacter si nécessaire.<br /><br />Pour plus de détails, veuillez consulter notre Politique de Retour.<br /><br /><br /><strong>ARTICLE 6</strong> – LIENS DE TIERS<br /><br />Certains contenus, produits et services disponibles par le biais de notre Service pourraient inclure des éléments provenant de tierces parties.<br /><br />Les liens provenant de tierces parties sur ce site pourraient vous rediriger vers des sites web de tiers qui ne sont pas affiliés à nous. Nous ne sommes pas tenus d’examiner ou d’évaluer le contenu ou l’exactitude de ces sites, et nous ne garantissons pas et n’assumons aucune responsabilité quant à tout contenu, site web, produit, service ou autre élément accessible sur ou depuis ces sites tiers.<br /><br /><br /><strong>ARTICLE 7</strong> – ERREURS, INEXACTITUDES ET OMISSIONS<br /><br />Il se pourrait qu’il y ait parfois des informations sur notre site ou dans le Service qui pourraient contenir des erreurs typographiques, des inexactitudes ou des omissions qui pourraient être relatives aux descriptions de produits, aux prix, aux promotions, aux offres, aux frais d’expédition des produits, aux délais de livraison et à la disponibilité. Nous nous réservons le droit de corriger toute erreur, inexactitude, omission, et de changer ou de mettre à jour des informations ou d’annuler des commandes, si une quelconque information dans le Service ou sur tout autre site web associé est inexacte, et ce, en tout temps et sans préavis (y compris après que vous ayez passé votre commande).<br /><br />Nous ne sommes pas tenus de mettre à jour, de modifier ou de clarifier les informations dans le Service ou sur tout autre site web associé, incluant mais ne se limitant pas aux informations sur les prix, sauf si requis par la loi. Aucune date définie de mise à jour ou d’actualisation dans le Service ou sur tout autre site web associé ne devrait être prise en compte pour conclure que les informations dans le Service ou sur tout autre site web associé ont été modifiées ou mises à jour.</p>','conditions-utilisation'),(3,2,1,'Terms and conditions of use','','Our terms and conditions of use','conditions, terms, use, sell','<h1 class=\"page-heading\">Terms and conditions of use</h1>\n<h3 class=\"page-subheading\">Rule 1</h3>\n<p class=\"bottom-indent\">Lorem ipsum dolor sit amet conse ctetur adipisicing elit, sed do eiusmod tempor incididunt ut labore et dolore magna aliqua. Ut enim ad minim veniam, quis nostrud exercitation ullamco laboris nisi ut aliquip ex ea commodo consequat. Duis aute irure dolor in reprehenderit in voluptate velit esse cillum dolore eu fugiat nulla pariatur. Excepteur sint occaecat cupidatat non proident, sunt in culpa qui officia deserunt mollit anim id est laborum.</p>\n<h3 class=\"page-subheading\">Rule 2</h3>\n<p class=\"bottom-indent\">Sed do eiusmod tempor incididunt ut labore et dolore magna aliqua. Ut enim ad minim veniam, quis nostrud exercitation ullamco laboris nisi ut aliquip ex ea commodo consequat. Duis aute irure dolor in reprehenderit in voluptate velit esse cillum dolore eu fugiat nulla pariatur. Excepteur sint occaecat cupidatat non proident, sunt in culpa qui officia deserunt mollit anim id est laborum. Lorem ipsum dolor sit amet conse ctetur adipisicing elit, sed do eiusmod tempor incididunt ut labore et dolore magna aliqua. Ut enim ad minim veniamю</p>\n<h3 class=\"page-subheading\">Rule 3</h3>\n<p class=\"bottom-indent\">Tempor incididunt ut labore et dolore magna aliqua. Ut enim ad minim veniam, quis nostrud exercitation ullamco laboris nisi ut aliquip ex ea commodo consequat. Duis aute irure dolor in reprehenderit in voluptate velit esse cillum dolore eu fugiat nulla pariatur. Excepteur sint occaecat cupidatat non proident, sunt in culpa qui officia deserunt mollit anim id est laborum. Lorem ipsum dolor sit amet conse ctetur adipisicing elit, sed do eiusmod tempor incididunt ut labore et dolore magna aliqua. Ut enim ad minim veniamю</p>','terms-and-conditions-of-use'),(3,3,1,'Conditions d\'utilisation','','Nos conditions d\'utilisation','conditions, utilisation, vente','<h1 class=\"page-heading\">Conditions d\'utilisation</h1>\n<h3 class=\"page-subheading\">Règle n° 1</h3>\n<p class=\"bottom-indent\">Lorem ipsum dolor sit amet conse ctetur adipisicing elit, sed do eiusmod tempor incididunt ut labore et dolore magna aliqua. Ut enim ad minim veniam, quis nostrud exercitation ullamco laboris nisi ut aliquip ex ea commodo consequat. Duis aute irure dolor in reprehenderit in voluptate velit esse cillum dolore eu fugiat nulla pariatur. Excepteur sint occaecat cupidatat non proident, sunt in culpa qui officia deserunt mollit anim id est laborum.</p>\n<h3 class=\"page-subheading\">Règle n° 2</h3>\n<p class=\"bottom-indent\">Sed do eiusmod tempor incididunt ut labore et dolore magna aliqua. Ut enim ad minim veniam, quis nostrud exercitation ullamco laboris nisi ut aliquip ex ea commodo consequat. Duis aute irure dolor in reprehenderit in voluptate velit esse cillum dolore eu fugiat nulla pariatur. Excepteur sint occaecat cupidatat non proident, sunt in culpa qui officia deserunt mollit anim id est laborum. Lorem ipsum dolor sit amet conse ctetur adipisicing elit, sed do eiusmod tempor incididunt ut labore et dolore magna aliqua. Ut enim ad minim veniamю</p>\n<h3 class=\"page-subheading\">Règle n° 3</h3>\n<p class=\"bottom-indent\">Tempor incididunt ut labore et dolore magna aliqua. Ut enim ad minim veniam, quis nostrud exercitation ullamco laboris nisi ut aliquip ex ea commodo consequat. Duis aute irure dolor in reprehenderit in voluptate velit esse cillum dolore eu fugiat nulla pariatur. Excepteur sint occaecat cupidatat non proident, sunt in culpa qui officia deserunt mollit anim id est laborum. Lorem ipsum dolor sit amet conse ctetur adipisicing elit, sed do eiusmod tempor incididunt ut labore et dolore magna aliqua. Ut enim ad minim veniamю</p>','conditions-utilisation'),(4,1,1,'A propos','','En savoir plus sur notre entreprise','à propos, informations','<h1 class=\"page-heading bottom-indent\">A propos</h1>\n<div class=\"row\">\n<div class=\"col-xs-12 col-sm-4\">\n<div class=\"cms-block\">\n<h3 class=\"page-subheading\">Notre entreprise</h3>\n<p><strong class=\"dark\">Lorem ipsum dolor sit amet conse ctetur adipisicing elit, sed do eiusmod tempor incididun.</strong></p>\n<p>Lorem ipsum dolor sit amet conse ctetur adipisicing elit, sed do eiusmod tempor incididunt ut labore et dolore magna aliqua. Ut enim ad minim veniam. Lorem ipsum dolor sit amet conse ctetur adipisicing elit.</p>\n<ul class=\"list-1\">\n<li><em class=\"icon-ok\"></em>Produits haute qualité</li>\n<li><em class=\"icon-ok\"></em>Service client inégalé</li>\n<li><em class=\"icon-ok\"></em>Remboursement garanti pendant 30 jours</li>\n</ul>\n</div>\n</div>\n<div class=\"col-xs-12 col-sm-4\">\n<div class=\"cms-box\">\n<h3 class=\"page-subheading\">Notre équipe</h3>\n<p><strong class=\"dark\">Lorem set sint occaecat cupidatat non </strong></p>\n<p>Eiusmod tempor incididunt ut labore et dolore magna aliqua. Ut enim ad minim veniam, quis nostrud exercitation ullamco laboris nisi ut aliquip ex ea commodo.</p>\n</div>\n</div>\n<div class=\"col-xs-12 col-sm-4\">\n<div class=\"cms-box\">\n<h3 class=\"page-subheading\">Témoignages</h3>\n<div class=\"testimonials\">\n<div class=\"inner\"><span class=\"before\">“</span>Lorem ipsum dolor sit amet conse ctetur adipisicing elit, sed do eiusmod tempor incididunt ut labore et dolore magna aliqua. Ut enim ad minim.<span class=\"after\">”</span></div>\n</div>\n<p><strong class=\"dark\">Lorem ipsum dolor sit</strong></p>\n<div class=\"testimonials\">\n<div class=\"inner\"><span class=\"before\">“</span>Excepteur sint occaecat cupidatat non proident, sunt in culpa qui officia deserunt mollit anim id est laborum. Lorem ipsum dolor sit amet conse ctetur adipisicing elit. Lorem ipsum dolor sit amet conse ctetur adipisicing elit, sed do eiusmod.<span class=\"after\">”</span></div>\n</div>\n<p><strong class=\"dark\">Ipsum dolor sit</strong></p>\n</div>\n</div>\n</div>','a-propos'),(4,2,1,'About us','','Learn more about us','about us, informations','<h1 class=\"page-heading bottom-indent\">About us</h1>\n<div class=\"row\">\n<div class=\"col-xs-12 col-sm-4\">\n<div class=\"cms-block\">\n<h3 class=\"page-subheading\">Our company</h3>\n<p><strong class=\"dark\">Lorem ipsum dolor sit amet conse ctetur adipisicing elit, sed do eiusmod tempor incididun.</strong></p>\n<p>Lorem ipsum dolor sit amet conse ctetur adipisicing elit, sed do eiusmod tempor incididunt ut labore et dolore magna aliqua. Ut enim ad minim veniam. Lorem ipsum dolor sit amet conse ctetur adipisicing elit.</p>\n<ul class=\"list-1\">\n<li><em class=\"icon-ok\"></em>Top quality products</li>\n<li><em class=\"icon-ok\"></em>Best customer service</li>\n<li><em class=\"icon-ok\"></em>30-days money back guarantee</li>\n</ul>\n</div>\n</div>\n<div class=\"col-xs-12 col-sm-4\">\n<div class=\"cms-box\">\n<h3 class=\"page-subheading\">Our team</h3>\n<p><strong class=\"dark\">Lorem set sint occaecat cupidatat non </strong></p>\n<p>Eiusmod tempor incididunt ut labore et dolore magna aliqua. Ut enim ad minim veniam, quis nostrud exercitation ullamco laboris nisi ut aliquip ex ea commodo.</p>\n</div>\n</div>\n<div class=\"col-xs-12 col-sm-4\">\n<div class=\"cms-box\">\n<h3 class=\"page-subheading\">Testimonials</h3>\n<div class=\"testimonials\">\n<div class=\"inner\"><span class=\"before\">“</span>Lorem ipsum dolor sit amet conse ctetur adipisicing elit, sed do eiusmod tempor incididunt ut labore et dolore magna aliqua. Ut enim ad minim.<span class=\"after\">”</span></div>\n</div>\n<p><strong class=\"dark\">Lorem ipsum dolor sit</strong></p>\n<div class=\"testimonials\">\n<div class=\"inner\"><span class=\"before\">“</span>Excepteur sint occaecat cupidatat non proident, sunt in culpa qui officia deserunt mollit anim id est laborum. Lorem ipsum dolor sit amet conse ctetur adipisicing elit. Lorem ipsum dolor sit amet conse ctetur adipisicing elit, sed do eiusmod.<span class=\"after\">”</span></div>\n</div>\n<p><strong class=\"dark\">Ipsum dolor sit</strong></p>\n</div>\n</div>\n</div>','about-us'),(4,3,1,'A propos','','En savoir plus sur notre entreprise','à propos, informations','<h1 class=\"page-heading bottom-indent\">A propos</h1>\n<div class=\"row\">\n<div class=\"col-xs-12 col-sm-4\">\n<div class=\"cms-block\">\n<h3 class=\"page-subheading\">Notre entreprise</h3>\n<p><strong class=\"dark\">Lorem ipsum dolor sit amet conse ctetur adipisicing elit, sed do eiusmod tempor incididun.</strong></p>\n<p>Lorem ipsum dolor sit amet conse ctetur adipisicing elit, sed do eiusmod tempor incididunt ut labore et dolore magna aliqua. Ut enim ad minim veniam. Lorem ipsum dolor sit amet conse ctetur adipisicing elit.</p>\n<ul class=\"list-1\">\n<li><em class=\"icon-ok\"></em>Produits haute qualité</li>\n<li><em class=\"icon-ok\"></em>Service client inégalé</li>\n<li><em class=\"icon-ok\"></em>Remboursement garanti pendant 30 jours</li>\n</ul>\n</div>\n</div>\n<div class=\"col-xs-12 col-sm-4\">\n<div class=\"cms-box\">\n<h3 class=\"page-subheading\">Notre équipe</h3>\n<p><strong class=\"dark\">Lorem set sint occaecat cupidatat non </strong></p>\n<p>Eiusmod tempor incididunt ut labore et dolore magna aliqua. Ut enim ad minim veniam, quis nostrud exercitation ullamco laboris nisi ut aliquip ex ea commodo.</p>\n</div>\n</div>\n<div class=\"col-xs-12 col-sm-4\">\n<div class=\"cms-box\">\n<h3 class=\"page-subheading\">Témoignages</h3>\n<div class=\"testimonials\">\n<div class=\"inner\"><span class=\"before\">“</span>Lorem ipsum dolor sit amet conse ctetur adipisicing elit, sed do eiusmod tempor incididunt ut labore et dolore magna aliqua. Ut enim ad minim.<span class=\"after\">”</span></div>\n</div>\n<p><strong class=\"dark\">Lorem ipsum dolor sit</strong></p>\n<div class=\"testimonials\">\n<div class=\"inner\"><span class=\"before\">“</span>Excepteur sint occaecat cupidatat non proident, sunt in culpa qui officia deserunt mollit anim id est laborum. Lorem ipsum dolor sit amet conse ctetur adipisicing elit. Lorem ipsum dolor sit amet conse ctetur adipisicing elit, sed do eiusmod.<span class=\"after\">”</span></div>\n</div>\n<p><strong class=\"dark\">Ipsum dolor sit</strong></p>\n</div>\n</div>\n</div>','a-propos'),(5,1,1,'Paiement sécurisé','','Notre méthode de paiement sécurisé','paiement sécurisé, ssl, visa, mastercard, paypal','<h3>Notre paiement sécurisé</h3>\n<p>Avec SSL</p>\n<h3>Avec Visa/Mastercard</h3>\n<p>A propos de ce service</p>','paiement-securise'),(5,2,1,'Secure payment','','Our secure payment method','secure payment, ssl, visa, mastercard, paypal','<h2>Secure payment</h2>\n<h3>Our secure payment</h3>\n<p>With SSL</p>\n<h3>Using Visa/Mastercard/Paypal</h3>\n<p>About this service</p>','secure-payment'),(5,3,1,'Paiement sécurisé','','Notre méthode de paiement sécurisé','paiement sécurisé, ssl, visa, mastercard, paypal','<h2>Paiement sécurisé</h2>\n<h3>Notre paiement sécurisé</h3>\n<p>Avec SSL</p>\n<h3>Avec Visa/Mastercard/Paypal</h3>\n<p>A propos de ce service</p>','paiement-securise'),(6,1,1,'Politique de retour','','Notre politique de retour','retour, politique, remboursement, frais, réclamation, expédition','<p>Considérant la nature de nos produits, nous n\'acceptons généralement pas les retours ou les échanges. En effet, les produits alimentaires ne pourront être retournés ou échangés que s\'ils ont été reçus endommagés.</p>\n<p>Dans le cas d\'un produit non alimentaire, vous avez trente (30) jours suivant la réception de votre commande pour retourner ou échanger un article sous réserve que la marchandise soit dans son état initial, c\'est-à-dire inutilisée et dans son emballage original non-abîmé avec tous les accessoires, pièces et manuels fournis initialement. Le délai de 30 jours s\'applique également pour réclamer un remplacement dans le cas d\'une marchandise reçue endommagée ou défectueuse. Si plus de 30 jours se sont écoulés, nous ne pouvons malheureusement pas vous offrir de remboursement ou d\'échange.</p>\n<p>Notez que certains types de produits ne peuvent pas être retournés. Les marchandises périssables telles les produits alimentaires ne peuvent être retournées que si elles ont été reçues endommagées. Voir ci-dessous les conditions et la procédure de remboursement ou d\'échange.<br /><br />Autres articles ne pouvant pas être retournés :</p>\n<ul>\n<li>Cartes cadeaux</li>\n<li>Articles en liquidation</li>\n</ul>\n<p><strong><br />Faire une réclamation</strong></p>\n<p>Pour tout retour ou réclamation, par exemple si à la réception de la marchandise vous constatez un bris ou un quelconque problème avec celle-ci, veuillez d\'abord nous en aviser dans les plus brefs délais en utilisant un des moyens ci-dessous :</p>\n<p>Par courriel : boutique@laccopping.com<br />Par téléphone : 819-424-3936<br />En boutique : 3318 ch des Lacs, Notre-Dame de la Merci, J0T 2A0</p>\n<p>Assurez-vous de bien nous laisser vos coordonnées complètes afin que nous puissions communiquer avec vous pour la suite des choses.</p>\n<p>En cas de réception d\'un produit endommagé ou défectueux, nous vous demandons de prendre et de nous faire parvenir des photos pour que nous puissions traiter votre réclamation.</p>\n<p>Pour effectuer toute réclamation, vous devez nous présenter un reçu ou une preuve d’achat.<br /><br />Veuillez s’il vous plait ne pas retourner votre achat chez le fabricant.</p>\n<p>De plus, veuillez noter que :</p>\n<ol>\n<li>Cette politique ne s\'applique pas aux produits qui ont été utilisés.</li>\n<li>Les frais de livraison et de manutention ne sont pas remboursables. Seul le prix de l\'article, incluant les taxes, est remboursable.</li>\n<li>Dans le cas d’un échange, les différences de prix entre l\'article échangé et le produit de remplacement sont aux frais du client.</li>\n<li>Les articles achetés en magasin ne peuvent être échangés ou remboursés qu’en magasin.</li>\n<li>Nous n’assumons aucune responsabilité en raison de la perte, du vol ou des dommages subis lors d\'un retour de marchandise.</li>\n</ol>\n<p><strong><br />Remboursements ou échange</strong> (le cas échéant)</p>\n<p>Une fois que nous aurons reçu et inspecté l’article retourné, nous vous enverrons un courriel pour vous confirmer que nous l’avons bien reçu. Nous vous informerons également de notre décision quant à l’approbation ou au rejet de votre demande.</p>\n<p>Si votre demande est approuvée et qu\'un remboursement vous est accordé, un crédit sera automatiquement appliqué à votre carte de crédit ou à votre méthode originale de paiement, dans un délai de 5 jours.</p>\n<p>S\'il s\'agit d\'un échange, l\'article de remplacement vous sera expédié dans un délai de 5 jours.</p>\n<p><strong><br />Expédition</strong></p>\n<p>Pour retourner un produit, vous devez l’envoyer par la poste au 3318 ch des Lacs, Notre-Dame de la Merci, Qc J0T 2A0.  <strong>Notez bien :</strong> avant de retourner un article, assurez-vous de nous en aviser et d\'obtenir notre accord.<br /><br />Il vous incombera de payer vos propres frais d’expédition pour retourner votre article. Les coûts d’expédition ne sont pas remboursables. Si vous recevez un remboursement, les frais de retour seront déduits de celui-ci.<br /><br />En fonction de l’endroit où vous vivez, le délai nécessaire pour recevoir votre produit échangé peut varier.<br /><br />Si vous expédiez un article d’une valeur supérieure à 75 $, vous devriez envisager d’utiliser un service de livraison qui vous permet de suivre l’envoi ou de souscrire à une assurance de livraison. Nous ne garantissons pas que nous recevrons l’article que vous nous retournez.</p>\n<p><br /><strong>Annulation de commande</strong></p>\n<p>Il n’est pas possible d\'annuler votre commande une fois la transaction est complétée et envoyée. Vous devrez donc procéder à son retour pour obtenir un remboursement (dans le cas où s\'agit d\'un produit admissible à un remboursement). Les frais d\'expédition seront alors à votre charge.</p>','politique-de-retour'),(6,2,1,'Politique de retour','','','','','politique-de-retour'),(6,3,1,'Politique de retour','','','','','politique-de-retour');

--
