-- Table structure for table `bl_mail`
--

CREATE TABLE `bl_mail` (
  `id_mail` int(11) unsigned NOT NULL AUTO_INCREMENT,
  `recipient` varchar(126) NOT NULL,
  `template` varchar(62) NOT NULL,
  `subject` varchar(254) NOT NULL,
  `id_lang` int(11) unsigned NOT NULL,
  `date_add` timestamp NOT NULL DEFAULT CURRENT_TIMESTAMP,
  PRIMARY KEY (`id_mail`),
  KEY `recipient` (`recipient`(10))
) ENGINE=InnoDB AUTO_INCREMENT=55 DEFAULT CHARSET=utf8mb4;

--
-- Dumping data for table `bl_mail`
--

INSERT INTO `bl_mail` VALUES (1,'eric@webtotal.ca','productoutofstock','[Boutique Lac Copping] Produit en rupture de stock',1,'2023-04-10 08:52:53'),(2,'eric@webtotal.ca','productoutofstock','[Boutique Lac Copping] Produit en rupture de stock',1,'2023-04-10 08:52:53'),(3,'eric@webtotal.ca','productoutofstock','[Boutique Lac Copping] Produit en rupture de stock',1,'2023-04-10 08:52:53'),(4,'eric@webtotal.ca','productoutofstock','[Boutique Lac Copping] Produit en rupture de stock',1,'2023-04-10 08:52:53'),(5,'eric@webtotal.ca','productoutofstock','[Boutique Lac Copping] Produit en rupture de stock',1,'2023-04-10 08:52:53'),(6,'eric@webtotal.ca','productoutofstock','[Boutique Lac Copping] Produit en rupture de stock',1,'2023-04-10 08:52:54'),(7,'eric@webtotal.ca','productoutofstock','[Boutique Lac Copping] Produit en rupture de stock',1,'2023-04-10 09:11:23'),(8,'eric@webtotal.ca','productoutofstock','[Boutique Lac Copping] Produit en rupture de stock',1,'2023-04-10 09:11:25'),(9,'eric@webtotal.ca','productoutofstock','[Boutique Lac Copping] Produit en rupture de stock',1,'2023-04-10 09:11:44'),(10,'eric@webtotal.ca','productoutofstock','[Boutique Lac Copping] Produit en rupture de stock',1,'2023-04-10 09:12:15'),(11,'eric@webtotal.ca','productoutofstock','[Boutique Lac Copping] Produit en rupture de stock',1,'2023-04-10 09:12:58'),(12,'eric@webtotal.ca','productoutofstock','[Boutique Lac Copping] Produit en rupture de stock',1,'2023-04-10 09:13:53'),(13,'eric@webtotal.ca','productoutofstock','[Boutique Lac Copping] Produit en rupture de stock',1,'2023-04-10 09:14:25'),(14,'eric@webtotal.ca','productoutofstock','[Boutique Lac Copping] Produit en rupture de stock',1,'2023-04-10 09:14:25'),(15,'eric@webtotal.ca','productoutofstock','[Boutique Lac Copping] Produit en rupture de stock',1,'2023-04-10 09:14:56'),(16,'eric@webtotal.ca','productoutofstock','[Boutique Lac Copping] Produit en rupture de stock',1,'2023-04-10 09:14:56'),(17,'eric@webtotal.ca','productoutofstock','[Boutique Lac Copping] Produit en rupture de stock',1,'2023-04-10 09:15:28'),(18,'eric@webtotal.ca','productoutofstock','[Boutique Lac Copping] Produit en rupture de stock',1,'2023-04-10 09:15:28'),(19,'eric@webtotal.ca','productoutofstock','[Boutique Lac Copping] Produit en rupture de stock',1,'2023-04-10 09:15:50'),(20,'eric@webtotal.ca','productoutofstock','[Boutique Lac Copping] Produit en rupture de stock',1,'2023-04-10 09:15:50'),(21,'eric@webtotal.ca','productoutofstock','[Boutique Lac Copping] Produit en rupture de stock',1,'2023-04-10 09:15:50'),(22,'eric@webtotal.ca','productoutofstock','[Boutique Lac Copping] Produit en rupture de stock',1,'2023-04-10 09:15:53'),(23,'eric@webtotal.ca','productoutofstock','[Boutique Lac Copping] Produit en rupture de stock',1,'2023-04-10 09:15:53'),(24,'eric@webtotal.ca','productoutofstock','[Boutique Lac Copping] Produit en rupture de stock',1,'2023-04-10 09:15:54'),(25,'eric@webtotal.ca','productoutofstock','[Boutique Lac Copping] Produit en rupture de stock',1,'2023-04-10 09:16:29'),(26,'eric@webtotal.ca','productoutofstock','[Boutique Lac Copping] Produit en rupture de stock',1,'2023-04-10 09:16:29'),(27,'eric@webtotal.ca','productoutofstock','[Boutique Lac Copping] Produit en rupture de stock',1,'2023-04-10 09:16:29'),(28,'eric@webtotal.ca','productoutofstock','[Boutique Lac Copping] Produit en rupture de stock',1,'2023-04-10 09:18:41'),(29,'eric@webtotal.ca','productoutofstock','[Boutique Lac Copping] Produit en rupture de stock',1,'2023-04-10 09:18:41'),(30,'eric@webtotal.ca','productoutofstock','[Boutique Lac Copping] Produit en rupture de stock',1,'2023-04-10 09:18:41'),(31,'eric@webtotal.ca','productoutofstock','[Boutique Lac Copping] Produit en rupture de stock',1,'2023-04-10 09:19:31'),(32,'eric@webtotal.ca','productoutofstock','[Boutique Lac Copping] Produit en rupture de stock',1,'2023-04-10 09:19:31'),(33,'eric@webtotal.ca','productoutofstock','[Boutique Lac Copping] Produit en rupture de stock',1,'2023-04-10 09:19:31'),(34,'eric@webtotal.ca','productoutofstock','[Boutique Lac Copping] Produit en rupture de stock',1,'2023-04-10 09:19:42'),(35,'eric@webtotal.ca','productoutofstock','[Boutique Lac Copping] Produit en rupture de stock',1,'2023-04-10 09:19:42'),(36,'eric@webtotal.ca','productoutofstock','[Boutique Lac Copping] Produit en rupture de stock',1,'2023-04-10 09:19:42'),(37,'eric@webtotal.ca','productoutofstock','[Boutique Lac Copping] Produit en rupture de stock',1,'2023-04-10 09:19:58'),(38,'eric@webtotal.ca','productoutofstock','[Boutique Lac Copping] Produit en rupture de stock',1,'2023-04-10 09:19:58'),(39,'eric@webtotal.ca','productoutofstock','[Boutique Lac Copping] Produit en rupture de stock',1,'2023-04-10 09:19:58'),(40,'eric@webtotal.ca','productoutofstock','[Boutique Lac Copping] Produit en rupture de stock',1,'2023-04-10 13:24:21'),(41,'eric@webtotal.ca','productoutofstock','[Boutique Lac Copping] Produit en rupture de stock',1,'2023-04-10 13:24:21'),(42,'eric@webtotal.ca','productoutofstock','[Boutique Lac Copping] Produit en rupture de stock',1,'2023-04-10 13:24:21'),(43,'eric@webtotal.ca','productoutofstock','[Boutique Lac Copping] Produit en rupture de stock',1,'2023-04-10 13:27:02'),(44,'eric@webtotal.ca','productoutofstock','[Boutique Lac Copping] Produit en rupture de stock',1,'2023-04-10 13:27:02'),(45,'eric@webtotal.ca','productoutofstock','[Boutique Lac Copping] Produit en rupture de stock',1,'2023-04-10 13:27:02'),(46,'info@webtotal.ca','productoutofstock','[Boutique Lac Copping] Produit en rupture de stock',1,'2023-05-04 05:33:18'),(47,'mic@toprabais.ca','account','[Boutique Lac Copping] Bienvenue !',1,'2023-05-04 05:35:38'),(48,'support@webtotal.ca','productoutofstock','[Boutique Lac Copping] Produit en rupture de stock',1,'2023-06-12 12:32:46'),(49,'support@webtotal.ca','productoutofstock','[Boutique Lac Copping] Produit en rupture de stock',1,'2023-06-12 12:44:00'),(50,'support@webtotal.ca','productoutofstock','[Boutique Lac Copping] Produit en rupture de stock',1,'2023-06-12 12:44:00'),(51,'support@webtotal.ca','productoutofstock','[Boutique Lac Copping] Produit en rupture de stock',1,'2023-06-12 12:44:11'),(52,'support@webtotal.ca','productoutofstock','[Boutique Lac Copping] Produit en rupture de stock',1,'2023-06-12 12:44:11'),(53,'support@webtotal.ca','productoutofstock','[Boutique Lac Copping] Produit en rupture de stock',1,'2023-06-13 12:20:05'),(54,'jula7818@gmail.com','account','[Boutique Lac Copping] Bienvenue !',1,'2023-06-13 14:14:49');

--
-- Table structure for table `bl_mailalert_customer_oos`
--

CREATE TABLE `bl_mailalert_customer_oos` (
  `id_customer` int(10) unsigned NOT NULL,
  `customer_email` varchar(128) NOT NULL,
  `id_product` int(10) unsigned NOT NULL,
  `id_product_attribute` int(10) unsigned NOT NULL,
  `id_shop` int(10) unsigned NOT NULL,
  `id_lang` int(10) unsigned NOT NULL,
  PRIMARY KEY (`id_customer`,`customer_email`,`id_product`,`id_product_attribute`,`id_shop`)
) ENGINE=InnoDB DEFAULT CHARSET=utf8;

--
-- Dumping data for table `bl_mailalert_customer_oos`
--


--
-- Table structure for table `bl_manufacturer`
--

CREATE TABLE `bl_manufacturer` (
  `id_manufacturer` int(10) unsigned NOT NULL AUTO_INCREMENT,
  `name` varchar(64) NOT NULL,
  `date_add` datetime NOT NULL,
  `date_upd` datetime NOT NULL,
  `active` tinyint(1) NOT NULL DEFAULT '0',
  PRIMARY KEY (`id_manufacturer`)
) ENGINE=InnoDB AUTO_INCREMENT=3 DEFAULT CHARSET=utf8mb4;

--
-- Dumping data for table `bl_manufacturer`
--

INSERT INTO `bl_manufacturer` VALUES (1,'Studio Design','2023-04-06 11:26:33','2023-04-06 11:26:33',1),(2,'Graphic Corner','2023-04-06 11:26:33','2023-04-06 11:26:33',1);

--
-- Table structure for table `bl_manufacturer_lang`
--

CREATE TABLE `bl_manufacturer_lang` (
  `id_manufacturer` int(10) unsigned NOT NULL,
  `id_lang` int(10) unsigned NOT NULL,
  `description` text,
  `short_description` text,
  `meta_title` varchar(255) DEFAULT NULL,
  `meta_keywords` varchar(255) DEFAULT NULL,
  `meta_description` varchar(512) DEFAULT NULL,
  PRIMARY KEY (`id_manufacturer`,`id_lang`)
) ENGINE=InnoDB DEFAULT CHARSET=utf8mb4;

--
-- Dumping data for table `bl_manufacturer_lang`
--

INSERT INTO `bl_manufacturer_lang` VALUES (1,1,'<p>Studio Design propose une gamme de produits variée : prêt-à-porter, objets de décoration, accessoires de maison... Depuis sa création en 2012, la marque apporte des idées et des tendances nouvelles à travers ses collections. </p>','','','',''),(1,2,'<p>Studio Design offers a range of items from ready-to-wear collections to contemporary objects. The brand has been presenting new ideas and trends since its creation in 2012.</p>','','','',''),(1,3,'<p>Studio Design offers a range of items from ready-to-wear collections to contemporary objects. The brand has been presenting new ideas and trends since its creation in 2012.</p>','','','',''),(2,1,'<p>Graphic Corner propose depuis 2010 un large choix d\'affiches et de posters disponibles en version papier et sur de nombreux supports. </p>','','','',''),(2,2,'<p>Since 2010, Graphic Corner offers a large choice of quality posters, available on paper and many other formats. </p>','','','',''),(2,3,'<p>Since 2010, Graphic Corner offers a large choice of quality posters, available on paper and many other formats. </p>','','','','');

--
-- Table structure for table `bl_manufacturer_shop`
--

CREATE TABLE `bl_manufacturer_shop` (
  `id_manufacturer` int(11) unsigned NOT NULL,
  `id_shop` int(11) unsigned NOT NULL,
  PRIMARY KEY (`id_manufacturer`,`id_shop`),
  KEY `id_shop` (`id_shop`)
) ENGINE=InnoDB DEFAULT CHARSET=utf8mb4;

--
-- Dumping data for table `bl_manufacturer_shop`
--

INSERT INTO `bl_manufacturer_shop` VALUES (1,1),(2,1);

--
-- Table structure for table `bl_memcached_servers`
--

CREATE TABLE `bl_memcached_servers` (
  `id_memcached_server` int(11) unsigned NOT NULL AUTO_INCREMENT,
  `ip` varchar(254) NOT NULL,
  `port` int(11) unsigned NOT NULL,
  `weight` int(11) unsigned NOT NULL,
  PRIMARY KEY (`id_memcached_server`)
) ENGINE=InnoDB DEFAULT CHARSET=utf8mb4;

--
-- Dumping data for table `bl_memcached_servers`
--


--
-- Table structure for table `bl_message`
--

CREATE TABLE `bl_message` (
  `id_message` int(10) unsigned NOT NULL AUTO_INCREMENT,
  `id_cart` int(10) unsigned DEFAULT NULL,
  `id_customer` int(10) unsigned NOT NULL,
  `id_employee` int(10) unsigned DEFAULT NULL,
  `id_order` int(10) unsigned NOT NULL,
  `message` text NOT NULL,
  `private` tinyint(1) unsigned NOT NULL DEFAULT '1',
  `date_add` datetime NOT NULL,
  PRIMARY KEY (`id_message`),
  KEY `message_order` (`id_order`),
  KEY `id_cart` (`id_cart`),
  KEY `id_customer` (`id_customer`),
  KEY `id_employee` (`id_employee`)
) ENGINE=InnoDB DEFAULT CHARSET=utf8mb4;

--
-- Dumping data for table `bl_message`
--


--
-- Table structure for table `bl_message_readed`
--

CREATE TABLE `bl_message_readed` (
  `id_message` int(10) unsigned NOT NULL,
  `id_employee` int(10) unsigned NOT NULL,
  `date_add` datetime NOT NULL,
  PRIMARY KEY (`id_message`,`id_employee`)
) ENGINE=InnoDB DEFAULT CHARSET=utf8mb4;

--
-- Dumping data for table `bl_message_readed`
--


--
-- Table structure for table `bl_meta`
--

CREATE TABLE `bl_meta` (
  `id_meta` int(10) unsigned NOT NULL AUTO_INCREMENT,
  `page` varchar(64) NOT NULL,
  `configurable` tinyint(1) unsigned NOT NULL DEFAULT '1',
  PRIMARY KEY (`id_meta`),
  UNIQUE KEY `page` (`page`)
) ENGINE=InnoDB AUTO_INCREMENT=46 DEFAULT CHARSET=utf8mb4;

--
-- Dumping data for table `bl_meta`
--



--
-- Table structure for table `bl_meta_lang`
--

CREATE TABLE `bl_meta_lang` (
  `id_meta` int(10) unsigned NOT NULL,
  `id_shop` int(11) unsigned NOT NULL DEFAULT '1',
  `id_lang` int(10) unsigned NOT NULL,
  `title` varchar(128) DEFAULT NULL,
  `description` varchar(255) DEFAULT NULL,
  `keywords` varchar(255) DEFAULT NULL,
  `url_rewrite` varchar(254) NOT NULL,
  PRIMARY KEY (`id_meta`,`id_shop`,`id_lang`),
  KEY `id_shop` (`id_shop`),
  KEY `id_lang` (`id_lang`)
) ENGINE=InnoDB DEFAULT CHARSET=utf8mb4;

--
-- Dumping data for table `bl_meta_lang`
--



--
-- Table structure for table `bl_module`
--

CREATE TABLE `bl_module` (
  `id_module` int(10) unsigned NOT NULL AUTO_INCREMENT,
  `name` varchar(64) NOT NULL,
  `active` tinyint(1) unsigned NOT NULL DEFAULT '0',
  `version` varchar(8) NOT NULL,
  PRIMARY KEY (`id_module`),
  UNIQUE KEY `name_UNIQUE` (`name`),
  KEY `name` (`name`)
) ENGINE=InnoDB AUTO_INCREMENT=91 DEFAULT CHARSET=utf8mb4;

--
-- Dumping data for table `bl_module`
--

INSERT INTO `bl_module` VALUES (1,'ps_linklist',1,'5.0.5'),(2,'blockreassurance',0,'5.1.2'),(3,'blockwishlist',0,'2.1.2'),(4,'psgdpr',1,'1.4.3'),(5,'ps_contactinfo',1,'3.3.2'),(6,'ps_languageselector',1,'2.1.3'),(7,'ps_currencyselector',1,'2.1.1'),(8,'ps_customersignin',1,'2.0.5'),(9,'ps_shoppingcart',1,'2.0.7'),(10,'ps_mainmenu',1,'2.3.2'),(11,'ps_searchbar',1,'2.1.3'),(12,'ps_imageslider',0,'3.1.2'),(13,'ps_featuredproducts',1,'2.1.4'),(14,'ps_banner',1,'2.1.2'),(15,'ps_customtext',1,'4.2.1'),(16,'ps_specials',1,'1.0.2'),(17,'ps_newproducts',1,'1.0.4'),(18,'ps_bestsellers',1,'1.0.6'),(19,'ps_emailsubscription',0,'2.7.1'),(20,'ps_socialfollow',1,'2.3.0'),(21,'ps_customeraccountlinks',1,'3.2.0'),(22,'productcomments',0,'5.0.3'),(23,'ps_categorytree',1,'2.0.2'),(25,'contactform',1,'4.4.1'),(26,'ps_sharebuttons',1,'2.1.2'),(27,'ps_viewedproduct',1,'1.2.4'),(28,'ps_checkpayment',0,'2.0.6'),(29,'statscatalog',1,'2.0.3'),(30,'dashtrends',1,'2.1.0'),(31,'gsitemap',1,'4.2.1'),(32,'ps_crossselling',1,'2.0.2'),(33,'ps_brandlist',1,'1.0.3'),(34,'ps_emailalerts',1,'2.3.3'),(35,'statsbestproducts',1,'2.0.1'),(36,'statsbestvouchers',1,'2.0.1'),(37,'statssales',1,'2.1.0'),(38,'dashgoals',1,'2.0.3'),(39,'ps_dataprivacy',1,'2.1.1'),(40,'statssearch',1,'2.0.2'),(41,'graphnvd3',1,'2.0.3'),(42,'ps_distributionapiclient',1,'1.1.0'),(43,'statsnewsletter',0,'2.0.3'),(44,'ps_cashondelivery',0,'2.0.1'),(45,'statsproduct',1,'2.1.1'),(46,'statscheckup',1,'2.0.2'),(47,'statsbestcategories',1,'2.0.1'),(48,'statsbestmanufacturers',1,'2.0.3'),(49,'statscarrier',1,'2.0.1'),(50,'statsbestcustomers',1,'2.0.4'),(51,'ps_wirepayment',0,'2.1.3'),(52,'pagesnotfound',1,'2.0.2'),(53,'gridhtml',1,'2.0.3'),(54,'ps_supplierlist',1,'1.0.6'),(55,'dashproducts',1,'2.1.3'),(56,'statsstock',1,'2.0.1'),(57,'ps_categoryproducts',1,'1.0.7'),(58,'dashactivity',1,'2.1.0'),(59,'ps_faviconnotificationbo',1,'2.1.3'),(60,'ps_googleanalytics',1,'4.2.1'),(61,'ps_themecusto',1,'1.2.2'),(62,'statsregistrations',1,'2.0.1'),(63,'statsforecast',1,'2.0.4'),(64,'statsdata',1,'2.1.1'),(65,'statspersonalinfos',1,'2.0.4'),(66,'statsbestsuppliers',1,'2.0.2'),(67,'ps_facetedsearch',1,'3.12.1'),(68,'an_productextratabs',1,'3.1.1'),(69,'anscrolltop',1,'1.1.2'),(70,'an_megamenu',1,'1.0.20'),(71,'an_productattributes',1,'2.1.6'),(72,'an_wishlist',1,'2.2.8'),(73,'an_hurry_up',0,'1.0.7'),(74,'anblog',0,'3.2.0'),(75,'an_logo',1,'1.1.2'),(76,'an_stickyaddtocart',1,'1.0.16'),(77,'an_cookie_popup',0,'1.1.3'),(78,'an_copyright',1,'1.0.0'),(79,'an_sizeguide',1,'1.0.5'),(80,'an_trust_badges',1,'1.0.3'),(81,'an_homeproducts',1,'1.0.7'),(82,'an_advantages',0,'1.0.2'),(83,'an_homeslider',1,'1.0.4'),(84,'an_banners',1,'1.0.4'),(85,'an_simple_contact',1,'1.0.0'),(86,'an_theme',1,'2.4.4'),(87,'an_theme_dashboard',1,'1.0.4'),(88,'amountbeforefreedelivery',1,'2.0.5'),(89,'wkcustompayment',1,'5.0.4'),(90,'stripe_official',1,'3.0.3');

--
-- Table structure for table `bl_module_carrier`
--

CREATE TABLE `bl_module_carrier` (
  `id_module` int(10) unsigned NOT NULL,
  `id_shop` int(11) unsigned NOT NULL DEFAULT '1',
  `id_reference` int(11) NOT NULL,
  PRIMARY KEY (`id_module`,`id_shop`,`id_reference`)
) ENGINE=InnoDB DEFAULT CHARSET=utf8mb4;

--
-- Dumping data for table `bl_module_carrier`
--

INSERT INTO `bl_module_carrier` VALUES (28,1,1),(28,1,2),(28,1,3),(28,1,4),(44,1,1),(44,1,2),(44,1,3),(44,1,4),(51,1,1),(51,1,2),(51,1,3),(51,1,4),(89,1,1),(89,1,2),(89,1,3),(89,1,4),(89,1,8),(90,1,1),(90,1,2),(90,1,3),(90,1,4),(90,1,8);

--
-- Table structure for table `bl_module_country`
--

CREATE TABLE `bl_module_country` (
  `id_module` int(10) unsigned NOT NULL,
  `id_shop` int(11) unsigned NOT NULL DEFAULT '1',
  `id_country` int(10) unsigned NOT NULL,
  PRIMARY KEY (`id_module`,`id_shop`,`id_country`)
) ENGINE=InnoDB DEFAULT CHARSET=utf8mb4;

--
-- Dumping data for table `bl_module_country`
--

INSERT INTO `bl_module_country` VALUES (28,1,4),(44,1,4),(51,1,4),(89,1,4),(90,1,4);

--
-- Table structure for table `bl_module_currency`
--

CREATE TABLE `bl_module_currency` (
  `id_module` int(10) unsigned NOT NULL,
  `id_shop` int(11) unsigned NOT NULL DEFAULT '1',
  `id_currency` int(11) NOT NULL,
  PRIMARY KEY (`id_module`,`id_shop`,`id_currency`),
  KEY `id_module` (`id_module`)
) ENGINE=InnoDB DEFAULT CHARSET=utf8mb4;

--
-- Dumping data for table `bl_module_currency`
--

INSERT INTO `bl_module_currency` VALUES (28,1,1),(44,1,1),(51,1,1),(89,1,1),(90,1,1);

--
-- Table structure for table `bl_module_group`
--

CREATE TABLE `bl_module_group` (
  `id_module` int(10) unsigned NOT NULL,
  `id_shop` int(11) unsigned NOT NULL DEFAULT '1',
  `id_group` int(11) unsigned NOT NULL,
  PRIMARY KEY (`id_module`,`id_shop`,`id_group`)
) ENGINE=InnoDB DEFAULT CHARSET=utf8mb4;

--
-- Dumping data for table `bl_module_group`
--

INSERT INTO `bl_module_group` VALUES (1,1,1),(1,1,2),(1,1,3),(2,1,1),(2,1,2),(2,1,3),(3,1,1),(3,1,2),(3,1,3),(4,1,1),(4,1,2),(4,1,3),(5,1,1),(5,1,2),(5,1,3),(6,1,1),(6,1,2),(6,1,3),(7,1,1),(7,1,2),(7,1,3),(8,1,1),(8,1,2),(8,1,3),(9,1,1),(9,1,2),(9,1,3),(10,1,1),(10,1,2),(10,1,3),(11,1,1),(11,1,2),(11,1,3),(12,1,1),(12,1,2),(12,1,3),(13,1,1),(13,1,2),(13,1,3),(14,1,1),(14,1,2),(14,1,3),(15,1,1),(15,1,2),(15,1,3),(16,1,1),(16,1,2),(16,1,3),(17,1,1),(17,1,2),(17,1,3),(18,1,1),(18,1,2),(18,1,3),(19,1,1),(19,1,2),(19,1,3),(20,1,1),(20,1,2),(20,1,3),(21,1,1),(21,1,2),(21,1,3),(22,1,1),(22,1,2),(22,1,3),(23,1,1),(23,1,2),(23,1,3),(25,1,1),(25,1,2),(25,1,3),(26,1,1),(26,1,2),(26,1,3),(27,1,1),(27,1,2),(27,1,3),(28,1,1),(28,1,2),(28,1,3),(29,1,1),(29,1,2),(29,1,3),(30,1,1),(30,1,2),(30,1,3),(31,1,1),(31,1,2),(31,1,3),(32,1,1),(32,1,2),(32,1,3),(33,1,1),(33,1,2),(33,1,3),(34,1,1),(34,1,2),(34,1,3),(35,1,1),(35,1,2),(35,1,3),(36,1,1),(36,1,2),(36,1,3),(37,1,1),(37,1,2),(37,1,3),(38,1,1),(38,1,2),(38,1,3),(39,1,1),(39,1,2),(39,1,3),(40,1,1),(40,1,2),(40,1,3),(41,1,1),(41,1,2),(41,1,3),(42,1,1),(42,1,2),(42,1,3),(43,1,1),(43,1,2),(43,1,3),(44,1,1),(44,1,2),(44,1,3),(45,1,1),(45,1,2),(45,1,3),(46,1,1),(46,1,2),(46,1,3),(47,1,1),(47,1,2),(47,1,3),(48,1,1),(48,1,2),(48,1,3),(49,1,1),(49,1,2),(49,1,3),(50,1,1),(50,1,2),(50,1,3),(51,1,1),(51,1,2),(51,1,3),(52,1,1),(52,1,2),(52,1,3),(53,1,1),(53,1,2),(53,1,3),(54,1,1),(54,1,2),(54,1,3),(55,1,1),(55,1,2),(55,1,3),(56,1,1),(56,1,2),(56,1,3),(57,1,1),(57,1,2),(57,1,3),(58,1,1),(58,1,2),(58,1,3),(59,1,1),(59,1,2),(59,1,3),(60,1,1),(60,1,2),(60,1,3),(61,1,1),(61,1,2),(61,1,3),(62,1,1),(62,1,2),(62,1,3),(63,1,1),(63,1,2),(63,1,3),(64,1,1),(64,1,2),(64,1,3),(65,1,1),(65,1,2),(65,1,3),(66,1,1),(66,1,2),(66,1,3),(67,1,1),(67,1,2),(67,1,3),(68,1,1),(68,1,2),(68,1,3),(69,1,1),(69,1,2),(69,1,3),(70,1,1),(70,1,2),(70,1,3),(71,1,1),(71,1,2),(71,1,3),(72,1,1),(72,1,2),(72,1,3),(73,1,1),(73,1,2),(73,1,3),(74,1,1),(74,1,2),(74,1,3),(75,1,1),(75,1,2),(75,1,3),(76,1,1),(76,1,2),(76,1,3),(77,1,1),(77,1,2),(77,1,3),(78,1,1),(78,1,2),(78,1,3),(79,1,1),(79,1,2),(79,1,3),(80,1,1),(80,1,2),(80,1,3),(81,1,1),(81,1,2),(81,1,3),(82,1,1),(82,1,2),(82,1,3),(83,1,1),(83,1,2),(83,1,3),(84,1,1),(84,1,2),(84,1,3),(85,1,1),(85,1,2),(85,1,3),(86,1,1),(86,1,2),(86,1,3),(87,1,1),(87,1,2),(87,1,3),(88,1,1),(88,1,2),(88,1,3),(89,1,1),(89,1,2),(89,1,3),(90,1,1),(90,1,2),(90,1,3);

--
-- Table structure for table `bl_module_history`
--

CREATE TABLE `bl_module_history` (
  `id` int(11) NOT NULL AUTO_INCREMENT,
  `id_employee` int(11) NOT NULL,
  `id_module` int(11) NOT NULL,
  `date_add` datetime NOT NULL,
  `date_upd` datetime NOT NULL,
  PRIMARY KEY (`id`)
) ENGINE=InnoDB AUTO_INCREMENT=16 DEFAULT CHARSET=utf8mb4 COLLATE=utf8mb4_unicode_ci;

--
-- Dumping data for table `bl_module_history`
--

INSERT INTO `bl_module_history` VALUES (1,1,34,'2023-04-11 07:59:53','2023-04-11 07:59:53'),(2,3,78,'2023-04-20 15:45:57','2023-04-20 15:45:57'),(3,3,75,'2023-05-02 09:43:03','2023-05-02 09:43:03'),(4,3,68,'2023-05-02 10:03:10','2023-05-02 10:03:10'),(5,3,84,'2023-05-02 10:57:29','2023-05-02 10:57:29'),(6,3,15,'2023-05-02 11:09:33','2023-06-13 09:29:41'),(7,3,13,'2023-05-02 11:23:19','2023-06-06 08:36:33'),(8,3,67,'2023-05-02 11:36:15','2023-05-18 14:28:19'),(9,3,20,'2023-05-02 11:41:32','2023-05-02 11:41:32'),(10,2,89,'2023-05-04 02:27:09','2023-05-04 02:27:09'),(11,2,34,'2023-05-04 02:55:43','2023-05-04 02:55:43'),(12,2,90,'2023-05-04 03:23:27','2023-05-04 03:24:23'),(13,3,23,'2023-05-18 14:25:51','2023-05-18 14:25:51'),(14,2,88,'2023-06-13 10:17:01','2023-06-13 10:40:51'),(15,3,88,'2023-06-13 10:24:56','2023-06-13 12:48:10');

--
-- Table structure for table `bl_module_preference`
--

CREATE TABLE `bl_module_preference` (
  `id_module_preference` int(11) NOT NULL AUTO_INCREMENT,
  `id_employee` int(11) NOT NULL,
  `module` varchar(191) NOT NULL,
  `interest` tinyint(1) DEFAULT NULL,
  `favorite` tinyint(1) DEFAULT NULL,
  PRIMARY KEY (`id_module_preference`),
  UNIQUE KEY `employee_module` (`id_employee`,`module`)
) ENGINE=InnoDB DEFAULT CHARSET=utf8mb4;

--
-- Dumping data for table `bl_module_preference`
--


--
-- Table structure for table `bl_module_shop`
--

CREATE TABLE `bl_module_shop` (
  `id_module` int(11) unsigned NOT NULL,
  `id_shop` int(11) unsigned NOT NULL,
  `enable_device` tinyint(1) NOT NULL DEFAULT '7',
  PRIMARY KEY (`id_module`,`id_shop`),
  KEY `id_shop` (`id_shop`)
) ENGINE=InnoDB DEFAULT CHARSET=utf8mb4;

--
-- Dumping data for table `bl_module_shop`
--

INSERT INTO `bl_module_shop` VALUES (1,1,7),(4,1,7),(5,1,7),(6,1,7),(7,1,7),(8,1,7),(9,1,7),(10,1,7),(11,1,7),(13,1,7),(14,1,3),(15,1,7),(16,1,7),(17,1,7),(18,1,7),(20,1,7),(21,1,7),(23,1,7),(25,1,7),(26,1,7),(27,1,7),(29,1,7),(30,1,7),(31,1,7),(32,1,7),(33,1,7),(34,1,7),(35,1,7),(36,1,7),(37,1,7),(38,1,7),(39,1,7),(40,1,7),(41,1,7),(42,1,7),(45,1,7),(46,1,7),(47,1,7),(48,1,7),(49,1,7),(50,1,7),(52,1,7),(53,1,7),(54,1,7),(55,1,7),(56,1,7),(57,1,7),(58,1,7),(59,1,7),(60,1,7),(61,1,7),(62,1,7),(63,1,7),(64,1,7),(65,1,7),(66,1,7),(67,1,7),(68,1,7),(69,1,7),(70,1,7),(71,1,7),(72,1,7),(75,1,7),(76,1,7),(78,1,7),(79,1,7),(80,1,7),(81,1,7),(83,1,7),(84,1,7),(85,1,7),(86,1,7),(87,1,7),(88,1,7),(89,1,7),(90,1,7);

--
-- Table structure for table `bl_operating_system`
--

CREATE TABLE `bl_operating_system` (
  `id_operating_system` int(10) unsigned NOT NULL AUTO_INCREMENT,
  `name` varchar(64) DEFAULT NULL,
  PRIMARY KEY (`id_operating_system`)
) ENGINE=InnoDB AUTO_INCREMENT=10 DEFAULT CHARSET=utf8mb4;

--
-- Dumping data for table `bl_operating_system`
--

INSERT INTO `bl_operating_system` VALUES (1,'Windows XP'),(2,'Windows Vista'),(3,'Windows 7'),(4,'Windows 8'),(5,'Windows 8.1'),(6,'Windows 10'),(7,'MacOsX'),(8,'Linux'),(9,'Android');

--
-- Table structure for table `bl_order_carrier`
--

CREATE TABLE `bl_order_carrier` (
  `id_order_carrier` int(11) NOT NULL AUTO_INCREMENT,
  `id_order` int(11) unsigned NOT NULL,
  `id_carrier` int(11) unsigned NOT NULL,
  `id_order_invoice` int(11) unsigned DEFAULT NULL,
  `weight` decimal(20,6) DEFAULT NULL,
  `shipping_cost_tax_excl` decimal(20,6) DEFAULT NULL,
  `shipping_cost_tax_incl` decimal(20,6) DEFAULT NULL,
  `tracking_number` varchar(64) DEFAULT NULL,
  `date_add` datetime NOT NULL,
  PRIMARY KEY (`id_order_carrier`),
  KEY `id_order` (`id_order`),
  KEY `id_carrier` (`id_carrier`),
  KEY `id_order_invoice` (`id_order_invoice`)
) ENGINE=InnoDB AUTO_INCREMENT=6 DEFAULT CHARSET=utf8mb4;

--
-- Dumping data for table `bl_order_carrier`
--

INSERT INTO `bl_order_carrier` VALUES (1,1,2,0,0.000000,7.000000,8.400000,'','2023-04-06 11:26:34'),(2,2,2,0,0.000000,7.000000,8.400000,'','2023-04-06 11:26:34'),(3,3,2,0,0.000000,7.000000,8.400000,'','2023-04-06 11:26:34'),(4,4,2,0,0.000000,7.000000,8.400000,'','2023-04-06 11:26:34'),(5,5,2,0,0.000000,7.000000,8.400000,'','2023-04-06 11:26:34');

--
-- Table structure for table `bl_order_cart_rule`
--

CREATE TABLE `bl_order_cart_rule` (
  `id_order_cart_rule` int(10) unsigned NOT NULL AUTO_INCREMENT,
  `id_order` int(10) unsigned NOT NULL,
  `id_cart_rule` int(10) unsigned NOT NULL,
  `id_order_invoice` int(10) unsigned DEFAULT '0',
  `name` varchar(254) NOT NULL,
  `value` decimal(20,6) NOT NULL DEFAULT '0.000000',
  `value_tax_excl` decimal(20,6) NOT NULL DEFAULT '0.000000',
  `free_shipping` tinyint(1) NOT NULL DEFAULT '0',
  `deleted` tinyint(1) unsigned NOT NULL DEFAULT '0',
  PRIMARY KEY (`id_order_cart_rule`),
  KEY `id_order` (`id_order`),
  KEY `id_cart_rule` (`id_cart_rule`)
) ENGINE=InnoDB DEFAULT CHARSET=utf8mb4;

--
-- Dumping data for table `bl_order_cart_rule`
--


--
-- Table structure for table `bl_order_detail`
--

CREATE TABLE `bl_order_detail` (
  `id_order_detail` int(10) unsigned NOT NULL AUTO_INCREMENT,
  `id_order` int(10) unsigned NOT NULL,
  `id_order_invoice` int(11) DEFAULT NULL,
  `id_warehouse` int(10) unsigned DEFAULT '0',
  `id_shop` int(11) unsigned NOT NULL,
  `product_id` int(10) unsigned NOT NULL,
  `product_attribute_id` int(10) unsigned DEFAULT NULL,
  `id_customization` int(10) unsigned DEFAULT '0',
  `product_name` text NOT NULL,
  `product_quantity` int(10) unsigned NOT NULL DEFAULT '0',
  `product_quantity_in_stock` int(10) NOT NULL DEFAULT '0',
  `product_quantity_refunded` int(10) unsigned NOT NULL DEFAULT '0',
  `product_quantity_return` int(10) unsigned NOT NULL DEFAULT '0',
  `product_quantity_reinjected` int(10) unsigned NOT NULL DEFAULT '0',
  `product_price` decimal(20,6) NOT NULL DEFAULT '0.000000',
  `reduction_percent` decimal(5,2) NOT NULL DEFAULT '0.00',
  `reduction_amount` decimal(20,6) NOT NULL DEFAULT '0.000000',
  `reduction_amount_tax_incl` decimal(20,6) NOT NULL DEFAULT '0.000000',
  `reduction_amount_tax_excl` decimal(20,6) NOT NULL DEFAULT '0.000000',
  `group_reduction` decimal(5,2) NOT NULL DEFAULT '0.00',
  `product_quantity_discount` decimal(20,6) NOT NULL DEFAULT '0.000000',
  `product_ean13` varchar(13) DEFAULT NULL,
  `product_isbn` varchar(32) DEFAULT NULL,
  `product_upc` varchar(12) DEFAULT NULL,
  `product_mpn` varchar(40) DEFAULT NULL,
  `product_reference` varchar(64) DEFAULT NULL,
  `product_supplier_reference` varchar(64) DEFAULT NULL,
  `product_weight` decimal(20,6) NOT NULL,
  `id_tax_rules_group` int(11) unsigned DEFAULT '0',
  `tax_computation_method` tinyint(1) unsigned NOT NULL DEFAULT '0',
  `tax_name` varchar(16) NOT NULL,
  `tax_rate` decimal(10,3) NOT NULL DEFAULT '0.000',
  `ecotax` decimal(17,6) NOT NULL DEFAULT '0.000000',
  `ecotax_tax_rate` decimal(5,3) NOT NULL DEFAULT '0.000',
  `discount_quantity_applied` tinyint(1) NOT NULL DEFAULT '0',
  `download_hash` varchar(255) DEFAULT NULL,
  `download_nb` int(10) unsigned DEFAULT '0',
  `download_deadline` datetime DEFAULT NULL,
  `total_price_tax_incl` decimal(20,6) NOT NULL DEFAULT '0.000000',
  `total_price_tax_excl` decimal(20,6) NOT NULL DEFAULT '0.000000',
  `unit_price_tax_incl` decimal(20,6) NOT NULL DEFAULT '0.000000',
  `unit_price_tax_excl` decimal(20,6) NOT NULL DEFAULT '0.000000',
  `total_shipping_price_tax_incl` decimal(20,6) NOT NULL DEFAULT '0.000000',
  `total_shipping_price_tax_excl` decimal(20,6) NOT NULL DEFAULT '0.000000',
  `purchase_supplier_price` decimal(20,6) NOT NULL DEFAULT '0.000000',
  `original_product_price` decimal(20,6) NOT NULL DEFAULT '0.000000',
  `original_wholesale_price` decimal(20,6) NOT NULL DEFAULT '0.000000',
  `total_refunded_tax_excl` decimal(20,6) NOT NULL DEFAULT '0.000000',
  `total_refunded_tax_incl` decimal(20,6) NOT NULL DEFAULT '0.000000',
  PRIMARY KEY (`id_order_detail`),
  KEY `order_detail_order` (`id_order`),
  KEY `product_id` (`product_id`,`product_attribute_id`),
  KEY `product_attribute_id` (`product_attribute_id`),
  KEY `id_tax_rules_group` (`id_tax_rules_group`),
  KEY `id_order_id_order_detail` (`id_order`,`id_order_detail`)
) ENGINE=InnoDB AUTO_INCREMENT=8 DEFAULT CHARSET=utf8mb4;

--
-- Dumping data for table `bl_order_detail`
--

INSERT INTO `bl_order_detail` VALUES (1,1,0,0,1,1,1,0,'Hummingbird printed t-shirt - Color : White, Size : S',1,1,0,0,0,23.900000,0.00,0.000000,0.000000,0.000000,0.00,0.000000,'','','','','demo_1','',0.000000,0,0,'',0.000,0.000000,0.000,0,'',0,'0000-00-00 00:00:00',23.900000,23.900000,23.900000,23.900000,0.000000,0.000000,0.000000,23.900000,5.490000,0.000000,0.000000),(2,1,0,0,1,2,9,0,'Hummingbird printed sweater - Color : White, Size : S',1,1,0,0,0,35.900000,0.00,0.000000,0.000000,0.000000,0.00,0.000000,'','','','','demo_3','',0.000000,0,0,'',0.000,0.000000,0.000,0,'',0,'0000-00-00 00:00:00',35.900000,35.900000,35.900000,35.900000,0.000000,0.000000,0.000000,35.900000,5.490000,0.000000,0.000000),(3,2,0,0,1,4,18,0,'The adventure begins Framed poster - Size : 80x120cm',2,3,0,0,0,79.000000,0.00,0.000000,0.000000,0.000000,0.00,0.000000,'','','','','demo_5','',0.000000,0,0,'',0.000,0.000000,0.000,0,'',0,'0000-00-00 00:00:00',158.000000,79.000000,79.000000,79.000000,0.000000,0.000000,0.000000,79.000000,5.490000,0.000000,0.000000),(4,2,0,0,1,8,0,0,'Mug Today is a good day',1,1,0,0,0,11.900000,0.00,0.000000,0.000000,0.000000,0.00,0.000000,'','','','','demo_13','',0.000000,0,0,'',0.000,0.000000,0.000,0,'',0,'0000-00-00 00:00:00',11.900000,11.900000,11.900000,11.900000,0.000000,0.000000,0.000000,11.900000,5.490000,0.000000,0.000000),(5,3,0,0,1,16,28,0,'Mountain fox notebook Style : Ruled',1,1,0,0,0,12.900000,0.00,0.000000,0.000000,0.000000,0.00,0.000000,'','','','','demo_8','',0.000000,0,0,'',0.000,0.000000,0.000,0,'',0,'0000-00-00 00:00:00',12.900000,12.900000,12.900000,12.900000,0.000000,0.000000,0.000000,12.900000,5.490000,0.000000,0.000000),(6,4,0,0,1,16,29,0,'Mountain fox notebook Style : Plain',1,1,0,0,0,12.900000,0.00,0.000000,0.000000,0.000000,0.00,0.000000,'','','','','demo_8','',0.000000,0,0,'',0.000,0.000000,0.000,0,'',0,'0000-00-00 00:00:00',12.900000,12.900000,12.900000,12.900000,0.000000,0.000000,0.000000,12.900000,5.490000,0.000000,0.000000),(7,5,0,0,1,10,25,0,'Brown bear cushion Color : Black',1,1,0,0,0,18.900000,0.00,0.000000,0.000000,0.000000,0.00,0.000000,'','','','','demo_16','',0.000000,0,0,'',0.000,0.000000,0.000,0,'',0,'0000-00-00 00:00:00',18.900000,18.900000,18.900000,18.900000,0.000000,0.000000,0.000000,18.900000,5.490000,0.000000,0.000000);

--
-- Table structure for table `bl_order_detail_tax`
--

CREATE TABLE `bl_order_detail_tax` (
  `id_order_detail` int(11) NOT NULL,
  `id_tax` int(11) NOT NULL,
  `unit_amount` decimal(16,6) NOT NULL DEFAULT '0.000000',
  `total_amount` decimal(16,6) NOT NULL DEFAULT '0.000000',
  KEY `id_order_detail` (`id_order_detail`),
  KEY `id_tax` (`id_tax`)
) ENGINE=InnoDB DEFAULT CHARSET=utf8mb4;

--
-- Dumping data for table `bl_order_detail_tax`
--


--
-- Table structure for table `bl_order_history`
--

CREATE TABLE `bl_order_history` (
  `id_order_history` int(10) unsigned NOT NULL AUTO_INCREMENT,
  `id_employee` int(10) unsigned NOT NULL,
  `id_order` int(10) unsigned NOT NULL,
  `id_order_state` int(10) unsigned NOT NULL,
  `date_add` datetime NOT NULL,
  PRIMARY KEY (`id_order_history`),
  KEY `order_history_order` (`id_order`),
  KEY `id_employee` (`id_employee`),
  KEY `id_order_state` (`id_order_state`)
) ENGINE=InnoDB AUTO_INCREMENT=8 DEFAULT CHARSET=utf8mb4;

--
-- Dumping data for table `bl_order_history`
--

INSERT INTO `bl_order_history` VALUES (1,0,1,1,'2023-04-06 11:26:34'),(2,0,2,1,'2023-04-06 11:26:34'),(3,0,3,1,'2023-04-06 11:26:34'),(4,0,4,1,'2023-04-06 11:26:34'),(5,0,5,10,'2023-04-06 11:26:34'),(6,1,1,6,'2023-04-06 11:26:34'),(7,1,3,8,'2023-04-06 11:26:34');

--
-- Table structure for table `bl_order_invoice`
--

CREATE TABLE `bl_order_invoice` (
  `id_order_invoice` int(11) unsigned NOT NULL AUTO_INCREMENT,
  `id_order` int(11) NOT NULL,
  `number` int(11) NOT NULL,
  `delivery_number` int(11) NOT NULL,
  `delivery_date` datetime DEFAULT NULL,
  `total_discount_tax_excl` decimal(20,6) NOT NULL DEFAULT '0.000000',
  `total_discount_tax_incl` decimal(20,6) NOT NULL DEFAULT '0.000000',
  `total_paid_tax_excl` decimal(20,6) NOT NULL DEFAULT '0.000000',
  `total_paid_tax_incl` decimal(20,6) NOT NULL DEFAULT '0.000000',
  `total_products` decimal(20,6) NOT NULL DEFAULT '0.000000',
  `total_products_wt` decimal(20,6) NOT NULL DEFAULT '0.000000',
  `total_shipping_tax_excl` decimal(20,6) NOT NULL DEFAULT '0.000000',
  `total_shipping_tax_incl` decimal(20,6) NOT NULL DEFAULT '0.000000',
  `shipping_tax_computation_method` int(10) unsigned NOT NULL,
  `total_wrapping_tax_excl` decimal(20,6) NOT NULL DEFAULT '0.000000',
  `total_wrapping_tax_incl` decimal(20,6) NOT NULL DEFAULT '0.000000',
  `shop_address` text,
  `note` text,
  `date_add` datetime NOT NULL,
  PRIMARY KEY (`id_order_invoice`),
  KEY `id_order` (`id_order`)
) ENGINE=InnoDB DEFAULT CHARSET=utf8mb4;

--
-- Dumping data for table `bl_order_invoice`
--


--
-- Table structure for table `bl_order_invoice_payment`
--

CREATE TABLE `bl_order_invoice_payment` (
  `id_order_invoice` int(11) unsigned NOT NULL,
  `id_order_payment` int(11) unsigned NOT NULL,
  `id_order` int(11) unsigned NOT NULL,
  PRIMARY KEY (`id_order_invoice`,`id_order_payment`),
  KEY `order_payment` (`id_order_payment`),
  KEY `id_order` (`id_order`)
) ENGINE=InnoDB DEFAULT CHARSET=utf8mb4;

--
-- Dumping data for table `bl_order_invoice_payment`
--


--
-- Table structure for table `bl_order_invoice_tax`
--

CREATE TABLE `bl_order_invoice_tax` (
  `id_order_invoice` int(11) NOT NULL,
  `type` varchar(15) NOT NULL,
  `id_tax` int(11) NOT NULL,
  `amount` decimal(10,6) NOT NULL DEFAULT '0.000000',
  KEY `id_tax` (`id_tax`)
) ENGINE=InnoDB DEFAULT CHARSET=utf8mb4;

--
-- Dumping data for table `bl_order_invoice_tax`
--


--
-- Table structure for table `bl_order_message`
--

CREATE TABLE `bl_order_message` (
  `id_order_message` int(10) unsigned NOT NULL AUTO_INCREMENT,
  `date_add` datetime NOT NULL,
  PRIMARY KEY (`id_order_message`)
) ENGINE=InnoDB AUTO_INCREMENT=2 DEFAULT CHARSET=utf8mb4;

--
-- Dumping data for table `bl_order_message`
--

INSERT INTO `bl_order_message` VALUES (1,'2023-04-06 11:26:34');

--
-- Table structure for table `bl_order_message_lang`
--

CREATE TABLE `bl_order_message_lang` (
  `id_order_message` int(10) unsigned NOT NULL,
  `id_lang` int(10) unsigned NOT NULL,
  `name` varchar(128) NOT NULL,
  `message` text NOT NULL,
  PRIMARY KEY (`id_order_message`,`id_lang`)
) ENGINE=InnoDB DEFAULT CHARSET=utf8mb4;

--
-- Dumping data for table `bl_order_message_lang`
--

INSERT INTO `bl_order_message_lang` VALUES (1,1,'Retard','Bonjour,\n\nMalheureusement, un article que vous avez commandé est actuellement en rupture de stock. Pour cette raison, il est possible que la livraison de votre commande soit légèrement retardée.\nNous vous prions de bien vouloir accepter nos excuses. Nous faisons tout notre possible pour remédier à cette situation.\n\nCordialement,'),(1,2,'Delay','Hi,\n\nUnfortunately, an item on your order is currently out of stock. This may cause a slight delay in delivery.\nPlease accept our apologies and rest assured that we are working hard to rectify this.\n\nBest regards,'),(1,3,'Délai','Bonjour,\n\nMalheureusement, un article que vous avez commandé est actuellement en rupture de stock. Pour cette raison, il est possible que la livraison de votre commande soit légèrement retardée.\nNous vous prions de bien vouloir accepter nos excuses. Nous faisons tout notre possible pour remédier à cette situation.\n\nCordialement,');

--
-- Table structure for table `bl_order_payment`
--

CREATE TABLE `bl_order_payment` (
  `id_order_payment` int(11) NOT NULL AUTO_INCREMENT,
  `order_reference` varchar(9) DEFAULT NULL,
  `id_currency` int(10) unsigned NOT NULL,
  `amount` decimal(20,6) NOT NULL,
  `payment_method` varchar(255) NOT NULL,
  `conversion_rate` decimal(13,6) NOT NULL DEFAULT '1.000000',
  `transaction_id` varchar(254) DEFAULT NULL,
  `card_number` varchar(254) DEFAULT NULL,
  `card_brand` varchar(254) DEFAULT NULL,
  `card_expiration` char(7) DEFAULT NULL,
  `card_holder` varchar(254) DEFAULT NULL,
  `date_add` datetime NOT NULL,
  PRIMARY KEY (`id_order_payment`),
  KEY `order_reference` (`order_reference`)
) ENGINE=InnoDB DEFAULT CHARSET=utf8mb4;

--
-- Dumping data for table `bl_order_payment`
--


--
-- Table structure for table `bl_order_return`
--

CREATE TABLE `bl_order_return` (
  `id_order_return` int(10) unsigned NOT NULL AUTO_INCREMENT,
  `id_customer` int(10) unsigned NOT NULL,
  `id_order` int(10) unsigned NOT NULL,
  `state` tinyint(1) unsigned NOT NULL DEFAULT '1',
  `question` text NOT NULL,
  `date_add` datetime NOT NULL,
  `date_upd` datetime NOT NULL,
  PRIMARY KEY (`id_order_return`),
  KEY `order_return_customer` (`id_customer`),
  KEY `id_order` (`id_order`)
) ENGINE=InnoDB DEFAULT CHARSET=utf8mb4;

--
-- Dumping data for table `bl_order_return`
--


--
-- Table structure for table `bl_order_return_detail`
--

CREATE TABLE `bl_order_return_detail` (
  `id_order_return` int(10) unsigned NOT NULL,
  `id_order_detail` int(10) unsigned NOT NULL,
  `id_customization` int(10) unsigned NOT NULL DEFAULT '0',
  `product_quantity` int(10) unsigned NOT NULL DEFAULT '0',
  PRIMARY KEY (`id_order_return`,`id_order_detail`,`id_customization`)
) ENGINE=InnoDB DEFAULT CHARSET=utf8mb4;

--
-- Dumping data for table `bl_order_return_detail`
--


--
-- Table structure for table `bl_order_return_state`
--

CREATE TABLE `bl_order_return_state` (
  `id_order_return_state` int(10) unsigned NOT NULL AUTO_INCREMENT,
  `color` varchar(32) DEFAULT NULL,
  PRIMARY KEY (`id_order_return_state`)
) ENGINE=InnoDB AUTO_INCREMENT=6 DEFAULT CHARSET=utf8mb4;

--
-- Dumping data for table `bl_order_return_state`
--

INSERT INTO `bl_order_return_state` VALUES (1,'#4169E1'),(2,'#8A2BE2'),(3,'#32CD32'),(4,'#DC143C'),(5,'#108510');

--
-- Table structure for table `bl_order_return_state_lang`
--

CREATE TABLE `bl_order_return_state_lang` (
  `id_order_return_state` int(10) unsigned NOT NULL,
  `id_lang` int(10) unsigned NOT NULL,
  `name` varchar(64) NOT NULL,
  PRIMARY KEY (`id_order_return_state`,`id_lang`)
) ENGINE=InnoDB DEFAULT CHARSET=utf8mb4;

--
-- Dumping data for table `bl_order_return_state_lang`
--

INSERT INTO `bl_order_return_state_lang` VALUES (1,1,'En attente de confirmation'),(1,2,'Waiting for confirmation'),(1,3,'En attente de confirmation'),(2,1,'En attente du colis'),(2,2,'Waiting for package'),(2,3,'En attente du colis'),(3,1,'Colis reçu'),(3,2,'Package received'),(3,3,'Colis reçu'),(4,1,'Retour refusé'),(4,2,'Return denied'),(4,3,'Retour refusé'),(5,1,'Retour terminé'),(5,2,'Return completed'),(5,3,'Retour complété');

--
-- Table structure for table `bl_order_slip`
--

CREATE TABLE `bl_order_slip` (
  `id_order_slip` int(10) unsigned NOT NULL AUTO_INCREMENT,
  `conversion_rate` decimal(13,6) NOT NULL DEFAULT '1.000000',
  `id_customer` int(10) unsigned NOT NULL,
  `id_order` int(10) unsigned NOT NULL,
  `total_products_tax_excl` decimal(20,6) DEFAULT NULL,
  `total_products_tax_incl` decimal(20,6) DEFAULT NULL,
  `total_shipping_tax_excl` decimal(20,6) DEFAULT NULL,
  `total_shipping_tax_incl` decimal(20,6) DEFAULT NULL,
  `shipping_cost` tinyint(3) unsigned NOT NULL DEFAULT '0',
  `amount` decimal(20,6) NOT NULL DEFAULT '0.000000',
  `shipping_cost_amount` decimal(20,6) NOT NULL DEFAULT '0.000000',
  `partial` tinyint(1) NOT NULL,
  `order_slip_type` tinyint(1) unsigned NOT NULL DEFAULT '0',
  `date_add` datetime NOT NULL,
  `date_upd` datetime NOT NULL,
  PRIMARY KEY (`id_order_slip`),
  KEY `order_slip_customer` (`id_customer`),
  KEY `id_order` (`id_order`)
) ENGINE=InnoDB DEFAULT CHARSET=utf8mb4;

--
-- Dumping data for table `bl_order_slip`
--


--
-- Table structure for table `bl_order_slip_detail`
--

CREATE TABLE `bl_order_slip_detail` (
  `id_order_slip` int(10) unsigned NOT NULL,
  `id_order_detail` int(10) unsigned NOT NULL,
  `product_quantity` int(10) unsigned NOT NULL DEFAULT '0',
  `unit_price_tax_excl` decimal(20,6) DEFAULT NULL,
  `unit_price_tax_incl` decimal(20,6) DEFAULT NULL,
  `total_price_tax_excl` decimal(20,6) DEFAULT NULL,
  `total_price_tax_incl` decimal(20,6) DEFAULT NULL,
  `amount_tax_excl` decimal(20,6) DEFAULT NULL,
  `amount_tax_incl` decimal(20,6) DEFAULT NULL,
  PRIMARY KEY (`id_order_slip`,`id_order_detail`)
) ENGINE=InnoDB DEFAULT CHARSET=utf8mb4;

--
-- Dumping data for table `bl_order_slip_detail`
--


--
-- Table structure for table `bl_order_state`
--

CREATE TABLE `bl_order_state` (
  `id_order_state` int(10) unsigned NOT NULL AUTO_INCREMENT,
  `invoice` tinyint(1) unsigned DEFAULT '0',
  `send_email` tinyint(1) unsigned NOT NULL DEFAULT '0',
  `module_name` varchar(255) DEFAULT NULL,
  `color` varchar(32) DEFAULT NULL,
  `unremovable` tinyint(1) unsigned NOT NULL,
  `hidden` tinyint(1) unsigned NOT NULL DEFAULT '0',
  `logable` tinyint(1) NOT NULL DEFAULT '0',
  `delivery` tinyint(1) unsigned NOT NULL DEFAULT '0',
  `shipped` tinyint(1) unsigned NOT NULL DEFAULT '0',
  `paid` tinyint(1) unsigned NOT NULL DEFAULT '0',
  `pdf_invoice` tinyint(1) unsigned NOT NULL DEFAULT '0',
  `pdf_delivery` tinyint(1) unsigned NOT NULL DEFAULT '0',
  `deleted` tinyint(1) unsigned NOT NULL DEFAULT '0',
  PRIMARY KEY (`id_order_state`),
  KEY `module_name` (`module_name`)
) ENGINE=InnoDB AUTO_INCREMENT=19 DEFAULT CHARSET=utf8mb4;

--
-- Dumping data for table `bl_order_state`
--

INSERT INTO `bl_order_state` VALUES (1,0,1,'ps_checkpayment','#34209E',1,0,0,0,0,0,0,0,0),(2,1,1,'','#3498D8',1,0,1,0,0,1,1,0,0),(3,1,1,'','#3498D8',1,0,1,1,0,1,0,0,0),(4,1,1,'','#01B887',1,0,1,1,1,1,0,0,0),(5,1,0,'','#01B887',1,0,1,1,1,1,0,0,0),(6,0,1,'','#2C3E50',1,0,0,0,0,0,0,0,0),(7,1,1,'','#01B887',1,0,0,0,0,0,0,0,0),(8,0,1,'','#E74C3C',1,0,0,0,0,0,0,0,0),(9,1,1,'','#3498D8',1,0,0,0,0,1,0,0,0),(10,0,1,'ps_wirepayment','#34209E',1,0,0,0,0,0,0,0,0),(11,1,1,'','#3498D8',1,0,1,0,0,1,0,0,0),(12,0,1,'','#34209E',1,0,0,0,0,0,0,0,0),(13,0,0,'ps_cashondelivery','#34209E',1,0,0,0,0,0,0,0,0),(14,0,0,'stripe_official','#4169E1',0,0,0,0,0,0,0,0,0),(15,0,0,'stripe_official','#03befc',0,0,1,0,0,0,0,0,0),(16,0,0,'stripe_official','#fcba03',0,0,0,0,0,0,0,0,0),(17,0,0,'stripe_official','#e3e1dc',0,0,1,0,0,0,0,0,0),(18,0,0,'stripe_official','#C23416',0,0,0,0,0,0,0,0,0);

--
-- Table structure for table `bl_order_state_lang`
--

CREATE TABLE `bl_order_state_lang` (
  `id_order_state` int(10) unsigned NOT NULL,
  `id_lang` int(10) unsigned NOT NULL,
  `name` varchar(64) NOT NULL,
  `template` varchar(64) NOT NULL,
  PRIMARY KEY (`id_order_state`,`id_lang`)
) ENGINE=InnoDB DEFAULT CHARSET=utf8mb4;

--
-- Dumping data for table `bl_order_state_lang`
--

INSERT INTO `bl_order_state_lang` VALUES (1,1,'En attente du paiement par chèque','cheque'),(1,2,'Awaiting check payment','cheque'),(1,3,'En attente du paiement par chèque','cheque'),(2,1,'Paiement accepté','payment'),(2,2,'Payment accepted','payment'),(2,3,'Paiement accepté','payment'),(3,1,'En cours de préparation','preparation'),(3,2,'Processing in progress','preparation'),(3,3,'En cours de préparation','preparation'),(4,1,'Expédié','shipped'),(4,2,'Shipped','shipped'),(4,3,'Expédié','shipped'),(5,1,'Livré',''),(5,2,'Delivered',''),(5,3,'Livré',''),(6,1,'Annulé','order_canceled'),(6,2,'Canceled','order_canceled'),(6,3,'Annulé','order_canceled'),(7,1,'Remboursé','refund'),(7,2,'Refunded','refund'),(7,3,'Remboursé','refund'),(8,1,'Erreur de paiement','payment_error'),(8,2,'Payment error','payment_error'),(8,3,'Erreur de paiement','payment_error'),(9,1,'En attente de réapprovisionnement (payé)','outofstock'),(9,2,'On backorder (paid)','outofstock'),(9,3,'En attente de réapprovisionnement (payé)','outofstock'),(10,1,'En attente de virement bancaire','bankwire'),(10,2,'Awaiting bank wire payment','bankwire'),(10,3,'En attente de virement bancaire','bankwire'),(11,1,'Paiement à distance accepté','payment'),(11,2,'Remote payment accepted','payment'),(11,3,'Paiement à distance accepté','payment'),(12,1,'En attente de réapprovisionnement (non payé)','outofstock'),(12,2,'On backorder (not paid)','outofstock'),(12,3,'En attente de réapprovisionnement (non payé)','outofstock'),(13,1,'En attente de paiement à la livraison','cashondelivery'),(13,2,'Awaiting Cash On Delivery validation','cashondelivery'),(13,3,'En attente de paiement à la livraison','cashondelivery'),(14,1,'En attente de paiement Sofort',''),(14,2,'En attente de paiement Sofort',''),(14,3,'En attente de paiement Sofort',''),(15,1,'En attente de capture Stripe',''),(15,2,'En attente de capture Stripe',''),(15,3,'En attente de capture Stripe',''),(16,1,'En attente de paiement SEPA',''),(16,2,'En attente de paiement SEPA',''),(16,3,'En attente de paiement SEPA',''),(17,1,'Litige SEPA',''),(17,2,'Litige SEPA',''),(17,3,'Litige SEPA',''),(18,1,'En attente de la confirmation de paiement OXXO',''),(18,2,'En attente de la confirmation de paiement OXXO',''),(18,3,'En attente de la confirmation de paiement OXXO','');

--
-- Table structure for table `bl_orders`
--

CREATE TABLE `bl_orders` (
  `id_order` int(10) unsigned NOT NULL AUTO_INCREMENT,
  `reference` varchar(9) DEFAULT NULL,
  `id_shop_group` int(11) unsigned NOT NULL DEFAULT '1',
  `id_shop` int(11) unsigned NOT NULL DEFAULT '1',
  `id_carrier` int(10) unsigned NOT NULL,
  `id_lang` int(10) unsigned NOT NULL,
  `id_customer` int(10) unsigned NOT NULL,
  `id_cart` int(10) unsigned NOT NULL,
  `id_currency` int(10) unsigned NOT NULL,
  `id_address_delivery` int(10) unsigned NOT NULL,
  `id_address_invoice` int(10) unsigned NOT NULL,
  `current_state` int(10) unsigned NOT NULL,
  `secure_key` varchar(32) NOT NULL DEFAULT '-1',
  `payment` varchar(255) NOT NULL,
  `conversion_rate` decimal(13,6) NOT NULL DEFAULT '1.000000',
  `module` varchar(255) DEFAULT NULL,
  `recyclable` tinyint(1) unsigned NOT NULL DEFAULT '0',
  `gift` tinyint(1) unsigned NOT NULL DEFAULT '0',
  `gift_message` text,
  `mobile_theme` tinyint(1) NOT NULL DEFAULT '0',
  `total_discounts` decimal(20,6) NOT NULL DEFAULT '0.000000',
  `total_discounts_tax_incl` decimal(20,6) NOT NULL DEFAULT '0.000000',
  `total_discounts_tax_excl` decimal(20,6) NOT NULL DEFAULT '0.000000',
  `total_paid` decimal(20,6) NOT NULL DEFAULT '0.000000',
  `total_paid_tax_incl` decimal(20,6) NOT NULL DEFAULT '0.000000',
  `total_paid_tax_excl` decimal(20,6) NOT NULL DEFAULT '0.000000',
  `total_paid_real` decimal(20,6) NOT NULL DEFAULT '0.000000',
  `total_products` decimal(20,6) NOT NULL DEFAULT '0.000000',
  `total_products_wt` decimal(20,6) NOT NULL DEFAULT '0.000000',
  `total_shipping` decimal(20,6) NOT NULL DEFAULT '0.000000',
  `total_shipping_tax_incl` decimal(20,6) NOT NULL DEFAULT '0.000000',
  `total_shipping_tax_excl` decimal(20,6) NOT NULL DEFAULT '0.000000',
  `carrier_tax_rate` decimal(10,3) NOT NULL DEFAULT '0.000',
  `total_wrapping` decimal(20,6) NOT NULL DEFAULT '0.000000',
  `total_wrapping_tax_incl` decimal(20,6) NOT NULL DEFAULT '0.000000',
  `total_wrapping_tax_excl` decimal(20,6) NOT NULL DEFAULT '0.000000',
  `round_mode` tinyint(1) NOT NULL DEFAULT '2',
  `round_type` tinyint(1) NOT NULL DEFAULT '1',
  `invoice_number` int(10) unsigned NOT NULL DEFAULT '0',
  `delivery_number` int(10) unsigned NOT NULL DEFAULT '0',
  `invoice_date` datetime NOT NULL,
  `delivery_date` datetime NOT NULL,
  `valid` int(1) unsigned NOT NULL DEFAULT '0',
  `date_add` datetime NOT NULL,
  `date_upd` datetime NOT NULL,
  `note` text,
  PRIMARY KEY (`id_order`),
  KEY `reference` (`reference`),
  KEY `id_customer` (`id_customer`),
  KEY `id_cart` (`id_cart`),
  KEY `invoice_number` (`invoice_number`),
  KEY `id_carrier` (`id_carrier`),
  KEY `id_lang` (`id_lang`),
  KEY `id_currency` (`id_currency`),
  KEY `id_address_delivery` (`id_address_delivery`),
  KEY `id_address_invoice` (`id_address_invoice`),
  KEY `id_shop_group` (`id_shop_group`),
  KEY `current_state` (`current_state`),
  KEY `id_shop` (`id_shop`),
  KEY `date_add` (`date_add`)
) ENGINE=InnoDB AUTO_INCREMENT=6 DEFAULT CHARSET=utf8mb4;

--
-- Dumping data for table `bl_orders`
--

INSERT INTO `bl_orders` VALUES (1,'XKBKNABJK',1,1,2,1,2,1,1,5,5,6,'b44a6d9efd7a0076a0fbce6b15eaf3b1','Payment by check',1.000000,'ps_checkpayment',0,0,'',0,0.000000,0.000000,0.000000,61.800000,68.200000,66.800000,0.000000,59.800000,59.800000,7.000000,8.400000,7.000000,0.000,0.000000,0.000000,0.000000,0,0,0,0,'0000-00-00 00:00:00','0000-00-00 00:00:00',0,'2023-04-06 11:26:34','2023-04-06 11:26:34','Test'),(2,'OHSATSERP',1,1,2,1,2,2,1,5,5,1,'b44a6d9efd7a0076a0fbce6b15eaf3b1','Payment by check',1.000000,'ps_checkpayment',0,0,'',0,0.000000,0.000000,0.000000,169.900000,169.900000,169.900000,0.000000,169.900000,169.900000,0.000000,0.000000,0.000000,0.000,0.000000,0.000000,0.000000,0,0,0,0,'0000-00-00 00:00:00','0000-00-00 00:00:00',0,'2023-04-06 11:26:34','2023-04-06 11:26:34',''),(3,'UOYEVOLI',1,1,2,1,2,3,1,5,5,8,'b44a6d9efd7a0076a0fbce6b15eaf3b1','Payment by check',1.000000,'ps_checkpayment',0,0,'',0,0.000000,0.000000,0.000000,14.900000,21.300000,19.900000,0.000000,12.900000,12.900000,7.000000,8.400000,7.000000,0.000,0.000000,0.000000,0.000000,0,0,0,0,'0000-00-00 00:00:00','0000-00-00 00:00:00',0,'2023-04-06 11:26:34','2023-04-06 11:26:34',''),(4,'FFATNOMMJ',1,1,2,1,2,4,1,5,5,1,'b44a6d9efd7a0076a0fbce6b15eaf3b1','Payment by check',1.000000,'ps_checkpayment',0,0,'',0,0.000000,0.000000,0.000000,14.900000,21.300000,19.900000,0.000000,12.900000,12.900000,7.000000,8.400000,7.000000,0.000,0.000000,0.000000,0.000000,0,0,0,0,'0000-00-00 00:00:00','0000-00-00 00:00:00',0,'2023-04-06 11:26:34','2023-04-06 11:26:34',''),(5,'KHWLILZLL',1,1,2,1,2,5,1,5,5,10,'b44a6d9efd7a0076a0fbce6b15eaf3b1','Bank wire',1.000000,'ps_wirepayment',0,0,'',0,0.000000,0.000000,0.000000,20.900000,27.300000,25.900000,0.000000,18.900000,18.900000,7.000000,8.400000,7.000000,0.000,0.000000,0.000000,0.000000,0,0,0,0,'0000-00-00 00:00:00','0000-00-00 00:00:00',0,'2023-04-06 11:26:34','2023-04-06 11:26:34','');

--
-- Table structure for table `bl_pack`
--

CREATE TABLE `bl_pack` (
  `id_product_pack` int(10) unsigned NOT NULL,
  `id_product_item` int(10) unsigned NOT NULL,
  `id_product_attribute_item` int(10) unsigned NOT NULL,
  `quantity` int(10) unsigned NOT NULL DEFAULT '1',
  PRIMARY KEY (`id_product_pack`,`id_product_item`,`id_product_attribute_item`),
  KEY `product_item` (`id_product_item`,`id_product_attribute_item`)
) ENGINE=InnoDB DEFAULT CHARSET=utf8mb4;

--
-- Dumping data for table `bl_pack`
--


--
-- Table structure for table `bl_page`
--

CREATE TABLE `bl_page` (
  `id_page` int(10) unsigned NOT NULL AUTO_INCREMENT,
  `id_page_type` int(10) unsigned NOT NULL,
  `id_object` int(10) unsigned DEFAULT NULL,
  PRIMARY KEY (`id_page`),
  KEY `id_page_type` (`id_page_type`),
  KEY `id_object` (`id_object`)
) ENGINE=InnoDB AUTO_INCREMENT=14 DEFAULT CHARSET=utf8mb4;

--
-- Dumping data for table `bl_page`
--

INSERT INTO `bl_page` VALUES (1,1,NULL),(2,2,NULL),(3,3,20),(4,3,34),(5,4,10),(6,4,2),(7,3,316),(8,3,304),(9,4,13),(10,3,241),(11,3,152),(12,5,NULL),(13,4,17);

--
-- Table structure for table `bl_page_type`
--

CREATE TABLE `bl_page_type` (
  `id_page_type` int(10) unsigned NOT NULL AUTO_INCREMENT,
  `name` varchar(255) NOT NULL,
  PRIMARY KEY (`id_page_type`),
  KEY `name` (`name`)
) ENGINE=InnoDB AUTO_INCREMENT=6 DEFAULT CHARSET=utf8mb4;

--
-- Dumping data for table `bl_page_type`
--

INSERT INTO `bl_page_type` VALUES (4,'category'),(5,'cms'),(1,'index'),(2,'pagenotfound'),(3,'product');

--
-- Table structure for table `bl_page_viewed`
--

CREATE TABLE `bl_page_viewed` (
  `id_page` int(10) unsigned NOT NULL,
  `id_shop_group` int(10) unsigned NOT NULL DEFAULT '1',
  `id_shop` int(10) unsigned NOT NULL DEFAULT '1',
  `id_date_range` int(10) unsigned NOT NULL,
  `counter` int(10) unsigned NOT NULL,
  PRIMARY KEY (`id_page`,`id_date_range`,`id_shop`)
) ENGINE=InnoDB DEFAULT CHARSET=utf8mb4;

--
-- Dumping data for table `bl_page_viewed`
--


--
-- Table structure for table `bl_pagenotfound`
--

CREATE TABLE `bl_pagenotfound` (
  `id_pagenotfound` int(10) unsigned NOT NULL AUTO_INCREMENT,
  `id_shop` int(10) unsigned NOT NULL DEFAULT '1',
  `id_shop_group` int(10) unsigned NOT NULL DEFAULT '1',
  `request_uri` varchar(256) NOT NULL,
  `http_referer` varchar(256) NOT NULL,
  `date_add` datetime NOT NULL,
  PRIMARY KEY (`id_pagenotfound`),
  KEY `date_add` (`date_add`)
) ENGINE=InnoDB AUTO_INCREMENT=8 DEFAULT CHARSET=utf8;

--
-- Dumping data for table `bl_pagenotfound`
--

INSERT INTO `bl_pagenotfound` VALUES (1,1,1,'/favicon.ico','','2023-04-06 11:35:38'),(2,1,1,'/favicon.ico','','2023-04-06 11:51:33'),(3,1,1,'/favicon.ico','http://boutiquelaccopping.webtotal.ca/admin852t1mpzinbhcnxfkau/index.php/sell/catalog/products/20?_token=VW1IPZJ3OSVQXgENK_lByE766gyJBm9WlT04ahD5un8','2023-04-10 05:11:26'),(4,1,1,'/favicon.ico','http://boutiquelaccopping.webtotal.ca/admin852t1mpzinbhcnxfkau/index.php/sell/catalog/products/20?_token=VW1IPZJ3OSVQXgENK_lByE766gyJBm9WlT04ahD5un8','2023-04-10 05:15:54'),(5,1,1,'/favicon.ico','http://boutiquelaccopping.webtotal.ca/admin852t1mpzinbhcnxfkau/index.php/sell/catalog/products/20?_token=VW1IPZJ3OSVQXgENK_lByE766gyJBm9WlT04ahD5un8','2023-04-10 05:19:58'),(6,1,1,'/img/tmp/product_mini_80.jpg?time=1681311211','http://boutiquelaccopping.webtotal.ca/admin852t1mpzinbhcnxfkau/index.php/sell/catalog/products?_token=Fuh8h-Ma40YuZBHKngZ4ByGg0oSWLwx8c6sn8sWzVto','2023-04-12 10:53:40'),(7,1,1,'/admin','','2023-04-19 11:23:35');

--
-- Table structure for table `bl_product`
--

CREATE TABLE `bl_product` (
  `id_product` int(10) unsigned NOT NULL AUTO_INCREMENT,
  `id_supplier` int(10) unsigned DEFAULT NULL,
  `id_manufacturer` int(10) unsigned DEFAULT NULL,
  `id_category_default` int(10) unsigned DEFAULT NULL,
  `id_shop_default` int(10) unsigned NOT NULL DEFAULT '1',
  `id_tax_rules_group` int(11) unsigned NOT NULL,
  `on_sale` tinyint(1) unsigned NOT NULL DEFAULT '0',
  `online_only` tinyint(1) unsigned NOT NULL DEFAULT '0',
  `ean13` varchar(13) DEFAULT NULL,
  `isbn` varchar(32) DEFAULT NULL,
  `upc` varchar(12) DEFAULT NULL,
  `mpn` varchar(40) DEFAULT NULL,
  `ecotax` decimal(17,6) NOT NULL DEFAULT '0.000000',
  `quantity` int(10) NOT NULL DEFAULT '0',
  `minimal_quantity` int(10) unsigned NOT NULL DEFAULT '1',
  `low_stock_threshold` int(10) DEFAULT NULL,
  `low_stock_alert` tinyint(1) NOT NULL DEFAULT '0',
  `price` decimal(20,6) NOT NULL DEFAULT '0.000000',
  `wholesale_price` decimal(20,6) NOT NULL DEFAULT '0.000000',
  `unity` varchar(255) DEFAULT NULL,
  `unit_price` decimal(20,6) NOT NULL DEFAULT '0.000000',
  `unit_price_ratio` decimal(20,6) NOT NULL DEFAULT '0.000000',
  `additional_shipping_cost` decimal(20,6) NOT NULL DEFAULT '0.000000',
  `reference` varchar(64) DEFAULT NULL,
  `supplier_reference` varchar(64) DEFAULT NULL,
  `location` varchar(255) NOT NULL DEFAULT '',
  `width` decimal(20,6) NOT NULL DEFAULT '0.000000',
  `height` decimal(20,6) NOT NULL DEFAULT '0.000000',
  `depth` decimal(20,6) NOT NULL DEFAULT '0.000000',
  `weight` decimal(20,6) NOT NULL DEFAULT '0.000000',
  `out_of_stock` int(10) unsigned NOT NULL DEFAULT '2',
  `additional_delivery_times` tinyint(1) unsigned NOT NULL DEFAULT '1',
  `quantity_discount` tinyint(1) DEFAULT '0',
  `customizable` tinyint(2) NOT NULL DEFAULT '0',
  `uploadable_files` tinyint(4) NOT NULL DEFAULT '0',
  `text_fields` tinyint(4) NOT NULL DEFAULT '0',
  `active` tinyint(1) unsigned NOT NULL DEFAULT '0',
  `redirect_type` enum('404','410','301-product','302-product','301-category','302-category') NOT NULL DEFAULT '404',
  `id_type_redirected` int(10) unsigned NOT NULL DEFAULT '0',
  `available_for_order` tinyint(1) NOT NULL DEFAULT '1',
  `available_date` date DEFAULT NULL,
  `show_condition` tinyint(1) NOT NULL DEFAULT '0',
  `condition` enum('new','used','refurbished') NOT NULL DEFAULT 'new',
  `show_price` tinyint(1) NOT NULL DEFAULT '1',
  `indexed` tinyint(1) NOT NULL DEFAULT '0',
  `visibility` enum('both','catalog','search','none') NOT NULL DEFAULT 'both',
  `cache_is_pack` tinyint(1) NOT NULL DEFAULT '0',
  `cache_has_attachments` tinyint(1) NOT NULL DEFAULT '0',
  `is_virtual` tinyint(1) NOT NULL DEFAULT '0',
  `cache_default_attribute` int(10) unsigned DEFAULT NULL,
  `date_add` datetime NOT NULL,
  `date_upd` datetime NOT NULL,
  `advanced_stock_management` tinyint(1) NOT NULL DEFAULT '0',
  `pack_stock_type` int(11) unsigned NOT NULL DEFAULT '3',
  `state` int(11) unsigned NOT NULL DEFAULT '1',
  `product_type` enum('standard','pack','virtual','combinations','') NOT NULL DEFAULT '',
  PRIMARY KEY (`id_product`),
  KEY `reference_idx` (`reference`),
  KEY `supplier_reference_idx` (`supplier_reference`),
  KEY `product_supplier` (`id_supplier`),
  KEY `product_manufacturer` (`id_manufacturer`,`id_product`),
  KEY `id_category_default` (`id_category_default`),
  KEY `indexed` (`indexed`),
  KEY `date_add` (`date_add`),
  KEY `state` (`state`,`date_upd`)
) ENGINE=InnoDB AUTO_INCREMENT=431 DEFAULT CHARSET=utf8mb4;

--
-- Dumping data for table `bl_product`
--

INSERT INTO `bl_product` VALUES (19,2,1,8,1,1,0,0,'','','','',0.000000,0,1,NULL,0,13.900000,5.490000,'',0.000000,0.000000,0.000000,'demo_14','','',0.000000,0.000000,0.000000,0.300000,2,1,0,1,0,1,0,'301-category',0,1,'0000-00-00',0,'new',1,1,'both',0,0,0,0,'2023-04-06 11:26:33','2023-04-10 05:03:15',0,3,1,'standard'),(20,0,0,2,1,0,0,0,'','','','',0.000000,0,1,NULL,0,12.950000,0.000000,'',0.000000,0.000000,0.000000,'BE22','','',0.000000,0.000000,0.000000,0.000000,2,1,0,0,0,0,1,'404',0,1,'0000-00-00',0,'new',1,1,'both',0,0,0,40,'2023-04-10 05:03:18','2023-04-10 11:02:28',0,3,1,'combinations'),(23,0,0,2,1,0,0,0,'','','','',0.000000,0,1,NULL,0,12.950000,0.000000,'',0.000000,0.000000,0.000000,'BE25','','',0.000000,0.000000,0.000000,0.000000,2,1,0,0,0,0,1,'404',0,1,'0000-00-00',0,'new',1,1,'both',0,0,0,44,'2023-04-10 10:25:43','2023-04-12 10:53:32',0,3,1,'combinations'),(25,0,0,2,1,0,0,0,'','','','',0.000000,0,1,NULL,0,29.950000,0.000000,'',0.000000,0.000000,0.000000,'BE29','','',0.000000,0.000000,0.000000,0.000000,2,1,0,0,0,0,1,'404',0,1,'0000-00-00',0,'new',1,1,'both',0,0,0,0,'2023-04-10 11:08:15','2023-04-12 10:53:32',0,3,1,''),(26,0,0,2,1,0,0,0,'','','','',0.000000,0,1,NULL,0,16.500000,0.000000,'',0.000000,0.000000,0.000000,'BE35','','',0.000000,0.000000,0.000000,0.000000,2,1,0,0,0,0,1,'404',0,1,'0000-00-00',0,'new',1,1,'both',0,0,0,0,'2023-04-10 11:14:03','2023-04-12 10:53:32',0,3,1,''),(27,0,0,2,1,0,0,0,'','','','',0.000000,0,1,NULL,0,14.950000,0.000000,'',0.000000,0.000000,0.000000,'BE37','','',0.000000,0.000000,0.000000,0.000000,2,1,0,0,0,0,1,'404',0,1,'0000-00-00',0,'new',1,1,'both',0,0,0,0,'2023-04-10 11:25:47','2023-04-12 10:53:32',0,3,1,''),(28,0,0,2,1,0,0,0,'','','','',0.000000,0,1,NULL,0,16.500000,0.000000,'',0.000000,0.000000,0.000000,'BE34','','',0.000000,0.000000,0.000000,0.000000,2,1,0,0,0,0,1,'404',0,1,'0000-00-00',0,'new',1,1,'both',0,0,0,0,'2023-04-10 11:32:44','2023-04-12 10:53:32',0,3,1,''),(29,0,0,2,1,0,0,0,'','','','',0.000000,0,1,NULL,0,17.950000,0.000000,'',0.000000,0.000000,0.000000,'BE44','','',0.000000,0.000000,0.000000,0.000000,2,1,0,0,0,0,1,'404',0,1,'0000-00-00',0,'new',1,1,'both',0,0,0,0,'2023-04-10 11:38:52','2023-04-12 10:53:32',0,3,1,''),(30,0,0,2,1,0,0,0,'','','','',0.000000,0,1,NULL,0,17.950000,0.000000,'',0.000000,0.000000,0.000000,'BE45','','',0.000000,0.000000,0.000000,0.000000,2,1,0,0,0,0,1,'404',0,1,'0000-00-00',0,'new',1,1,'both',0,0,0,0,'2023-04-10 11:45:46','2023-04-12 10:53:32',0,3,1,''),(31,0,0,2,1,0,0,0,'','','','',0.000000,0,1,NULL,0,11.950000,0.000000,'',0.000000,0.000000,0.000000,'BE38','','',0.000000,0.000000,0.000000,0.000000,2,1,0,0,0,0,1,'404',0,1,'0000-00-00',0,'new',1,1,'both',0,0,0,0,'2023-04-10 11:50:28','2023-04-12 10:53:32',0,3,1,''),(32,0,0,2,1,0,0,0,'','','','',0.000000,0,1,NULL,0,10.950000,0.000000,'',0.000000,0.000000,0.000000,'BE54','','',0.000000,0.000000,0.000000,0.000000,2,1,0,0,0,0,1,'404',0,1,'0000-00-00',0,'new',1,1,'both',0,0,0,0,'2023-04-10 11:56:34','2023-04-12 10:53:32',0,3,1,''),(33,0,0,2,1,0,0,0,'','','','',0.000000,0,1,NULL,0,14.950000,0.000000,'',0.000000,0.000000,0.000000,'BE47','','',0.000000,0.000000,0.000000,0.000000,2,1,0,0,0,0,1,'404',0,1,'0000-00-00',0,'new',1,1,'both',0,0,0,0,'2023-04-10 12:11:58','2023-04-12 10:53:32',0,3,1,''),(34,0,0,2,1,0,0,0,'','','','',0.000000,0,1,NULL,0,14.950000,0.000000,'',0.000000,0.000000,0.000000,'BE48','','',0.000000,0.000000,0.000000,0.000000,2,1,0,0,0,0,1,'404',0,1,'0000-00-00',0,'new',1,1,'both',0,0,0,0,'2023-04-10 16:01:55','2023-04-12 10:53:32',0,3,1,''),(35,0,0,2,1,0,0,0,'','','','',0.000000,0,1,NULL,0,14.950000,0.000000,'',0.000000,0.000000,0.000000,'BE50','','',0.000000,0.000000,0.000000,0.000000,2,1,0,0,0,0,1,'404',0,1,'0000-00-00',0,'new',1,1,'both',0,0,0,0,'2023-04-10 16:12:51','2023-04-12 10:53:32',0,3,1,''),(36,0,0,2,1,0,0,0,'','','','',0.000000,0,1,NULL,0,10.950000,0.000000,'',0.000000,0.000000,0.000000,'BE52','','',0.000000,0.000000,0.000000,0.000000,2,1,0,0,0,0,1,'404',0,1,'0000-00-00',0,'new',1,1,'both',0,0,0,0,'2023-04-10 16:20:22','2023-04-12 10:53:32',0,3,1,''),(37,0,0,2,1,1,0,0,'','','','',0.000000,0,1,NULL,0,15.950000,0.000000,'',0.000000,0.000000,0.000000,'BE61','','',0.000000,0.000000,0.000000,0.000000,2,1,0,0,0,0,1,'404',0,1,'0000-00-00',0,'new',1,1,'both',0,0,0,0,'2023-04-10 16:30:36','2023-04-12 10:53:32',0,3,1,''),(38,0,0,2,1,1,0,0,'','','','',0.000000,0,1,NULL,0,23.950000,0.000000,'',0.000000,0.000000,0.000000,'BE62','','',0.000000,0.000000,0.000000,0.000000,2,1,0,0,0,0,1,'404',0,1,'0000-00-00',0,'new',1,1,'both',0,0,0,0,'2023-04-10 16:41:48','2023-04-12 10:53:32',0,3,1,''),(39,0,0,2,1,1,0,0,'','','','',0.000000,0,1,NULL,0,12.950000,0.000000,'',0.000000,0.000000,0.000000,'BE60','','',0.000000,0.000000,0.000000,0.000000,2,1,0,0,0,0,1,'404',0,1,'0000-00-00',0,'new',1,1,'both',0,0,0,0,'2023-04-10 16:50:00','2023-04-12 10:53:32',0,3,1,''),(41,0,0,2,1,1,0,0,'','','','',0.000000,0,1,NULL,0,12.950000,0.000000,'',0.000000,0.000000,0.000000,'BE59','','',0.000000,0.000000,0.000000,0.000000,2,1,0,0,0,0,1,'404',0,1,'0000-00-00',0,'new',1,1,'both',0,0,0,0,'2023-04-10 16:56:08','2023-04-12 10:53:32',0,3,1,''),(42,0,0,2,1,1,0,0,'','','','',0.000000,0,1,NULL,0,5.950000,0.000000,'',0.000000,0.000000,0.000000,'BE58','','',0.000000,0.000000,0.000000,0.000000,2,1,0,0,0,0,1,'404',0,1,'0000-00-00',0,'new',1,1,'both',0,0,0,0,'2023-04-10 16:59:38','2023-04-12 10:53:32',0,3,1,''),(45,0,0,2,1,1,0,0,'','','','',0.000000,0,1,NULL,0,8.950000,0.000000,'',0.000000,0.000000,0.000000,'BE62','','',0.000000,0.000000,0.000000,0.000000,2,1,0,0,0,0,1,'404',0,1,'0000-00-00',0,'new',1,1,'both',0,0,0,0,'2023-04-10 17:13:31','2023-04-12 10:53:32',0,3,1,''),(46,0,0,2,1,1,0,0,'','','','',0.000000,0,1,NULL,0,27.950000,0.000000,'',0.000000,0.000000,0.000000,'BE67','','',0.000000,0.000000,0.000000,0.000000,2,1,0,0,0,0,1,'404',0,1,'0000-00-00',0,'new',1,1,'both',0,0,0,0,'2023-04-10 17:34:20','2023-04-12 10:53:32',0,3,1,''),(47,0,0,2,1,1,0,0,'','','','',0.000000,0,1,NULL,0,53.950000,0.000000,'',0.000000,0.000000,0.000000,'BE77','','',0.000000,0.000000,0.000000,0.000000,2,1,0,0,0,0,1,'404',0,1,'0000-00-00',0,'new',1,1,'both',0,0,0,0,'2023-04-10 17:43:50','2023-04-12 10:53:32',0,3,1,''),(48,0,0,2,1,1,0,0,'','','','',0.000000,0,1,NULL,0,59.950000,0.000000,'',0.000000,0.000000,0.000000,'BE76','','',0.000000,0.000000,0.000000,0.000000,2,1,0,0,0,0,1,'404',0,1,'0000-00-00',0,'new',1,1,'both',0,0,0,0,'2023-04-10 17:48:11','2023-04-12 10:53:32',0,3,1,''),(49,0,0,2,1,1,0,0,'','','','',0.000000,0,1,NULL,0,53.950000,0.000000,'',0.000000,0.000000,0.000000,'BE78','','',0.000000,0.000000,0.000000,0.000000,2,1,0,0,0,0,1,'404',0,1,'0000-00-00',0,'new',1,1,'both',0,0,0,0,'2023-04-10 17:51:01','2023-04-12 10:53:32',0,3,1,''),(50,0,0,2,1,0,0,0,'','','','',0.000000,0,1,NULL,0,23.990000,0.000000,'',0.000000,0.000000,0.000000,'DMO10','','',0.000000,0.000000,0.000000,0.000000,2,1,0,0,0,0,1,'404',0,1,'0000-00-00',0,'new',1,1,'both',0,0,0,0,'2023-04-10 20:21:00','2023-05-04 02:40:57',0,0,1,''),(51,0,0,2,1,0,0,0,'','','','',0.000000,0,1,NULL,0,8.490000,0.000000,'',0.000000,0.000000,0.000000,'DMO13','','',0.000000,0.000000,0.000000,0.000000,2,1,0,0,0,0,1,'404',0,1,'0000-00-00',0,'new',1,1,'both',0,0,0,0,'2023-04-10 20:30:05','2023-04-12 10:53:32',0,3,1,''),(52,0,0,2,1,0,0,0,'','','','',0.000000,0,1,NULL,0,23.990000,0.000000,'',0.000000,0.000000,0.000000,'DMO14','','',0.000000,0.000000,0.000000,0.000000,2,1,0,0,0,0,1,'404',0,1,'0000-00-00',0,'new',1,1,'both',0,0,0,0,'2023-04-10 21:38:26','2023-04-12 10:53:32',0,3,1,''),(53,0,0,2,1,0,0,0,'','','','',0.000000,0,1,NULL,0,8.490000,0.000000,'',0.000000,0.000000,0.000000,'DMO21','','',0.000000,0.000000,0.000000,0.000000,2,1,0,0,0,0,1,'404',0,1,'0000-00-00',0,'new',1,1,'both',0,0,0,0,'2023-04-10 21:50:42','2023-04-12 10:53:32',0,3,1,''),(54,0,0,2,1,0,0,0,'','','','',0.000000,0,1,NULL,0,8.490000,0.000000,'',0.000000,0.000000,0.000000,'DMO18','','',0.000000,0.000000,0.000000,0.000000,2,1,0,0,0,0,1,'404',0,1,'0000-00-00',0,'new',1,1,'both',0,0,0,0,'2023-04-10 21:55:46','2023-04-12 10:53:32',0,3,1,''),(55,0,0,2,1,0,0,0,'','','','',0.000000,0,1,NULL,0,8.490000,0.000000,'',0.000000,0.000000,0.000000,'DMO33','','',0.000000,0.000000,0.000000,0.000000,2,1,0,0,0,0,1,'404',0,1,'0000-00-00',0,'new',1,1,'both',0,0,0,0,'2023-04-10 22:00:57','2023-04-12 10:53:32',0,3,1,''),(56,0,0,2,1,0,0,0,'','','','',0.000000,0,1,NULL,0,8.490000,0.000000,'',0.000000,0.000000,0.000000,'DMO30','','',0.000000,0.000000,0.000000,0.000000,2,1,0,0,0,0,1,'404',0,1,'0000-00-00',0,'new',1,1,'both',0,0,0,0,'2023-04-10 22:04:35','2023-04-12 10:53:32',0,3,1,''),(57,0,0,2,1,0,0,0,'','','','',0.000000,0,1,NULL,0,8.490000,0.000000,'',0.000000,0.000000,0.000000,'DMO31','','',0.000000,0.000000,0.000000,0.000000,2,1,0,0,0,0,1,'404',0,1,'0000-00-00',0,'new',1,1,'both',0,0,0,0,'2023-04-10 22:07:12','2023-04-12 10:53:32',0,3,1,''),(58,0,0,2,1,0,0,0,'','','','',0.000000,0,1,NULL,0,8.490000,0.000000,'',0.000000,0.000000,0.000000,'DMO24','','',0.000000,0.000000,0.000000,0.000000,2,1,0,0,0,0,1,'404',0,1,'0000-00-00',0,'new',1,1,'both',0,0,0,0,'2023-04-10 22:10:01','2023-04-12 10:53:32',0,3,1,''),(59,0,0,2,1,0,0,0,'','','','',0.000000,0,1,NULL,0,8.490000,0.000000,'',0.000000,0.000000,0.000000,'DMO16','','',0.000000,0.000000,0.000000,0.000000,2,1,0,0,0,0,1,'404',0,1,'0000-00-00',0,'new',1,1,'both',0,0,0,0,'2023-04-10 22:12:47','2023-04-12 10:53:32',0,3,1,''),(60,0,0,2,1,0,0,0,'','','','',0.000000,0,1,NULL,0,8.490000,0.000000,'',0.000000,0.000000,0.000000,'DMO24','','',0.000000,0.000000,0.000000,0.000000,2,1,0,0,0,0,1,'404',0,1,'0000-00-00',0,'new',1,1,'both',0,0,0,0,'2023-04-10 22:15:59','2023-04-12 10:53:32',0,3,1,''),(61,0,0,2,1,0,0,0,'','','','',0.000000,0,1,NULL,0,8.490000,0.000000,'',0.000000,0.000000,0.000000,'DMO27','','',0.000000,0.000000,0.000000,0.000000,2,1,0,0,0,0,1,'404',0,1,'0000-00-00',0,'new',1,1,'both',0,0,0,0,'2023-04-10 22:19:58','2023-06-06 10:04:22',0,0,1,''),(62,0,0,2,1,0,0,0,'','','','',0.000000,0,1,NULL,0,8.490000,0.000000,'',0.000000,0.000000,0.000000,'DMO09','','',0.000000,0.000000,0.000000,0.000000,2,1,0,0,0,0,1,'404',0,1,'0000-00-00',0,'new',1,1,'both',0,0,0,0,'2023-04-10 22:22:51','2023-04-12 10:53:32',0,3,1,''),(63,0,0,2,1,0,0,0,'','','','',0.000000,0,1,NULL,0,8.490000,0.000000,'',0.000000,0.000000,0.000000,'DMO28','','',0.000000,0.000000,0.000000,0.000000,2,1,0,0,0,0,1,'404',0,1,'0000-00-00',0,'new',1,1,'both',0,0,0,0,'2023-04-10 22:25:19','2023-04-12 10:53:32',0,3,1,''),(64,0,0,2,1,0,0,0,'','','','',0.000000,0,1,NULL,0,8.490000,0.000000,'',0.000000,0.000000,0.000000,'DMP25','','',0.000000,0.000000,0.000000,0.000000,2,1,0,0,0,0,1,'404',0,1,'0000-00-00',0,'new',1,1,'both',0,0,0,0,'2023-04-10 22:29:01','2023-04-12 10:53:32',0,3,1,''),(66,0,0,2,1,0,0,0,'','','','',0.000000,0,1,NULL,0,11.990000,0.000000,'',0.000000,0.000000,0.000000,'DMO49','','',0.000000,0.000000,0.000000,0.000000,2,1,0,0,0,0,1,'404',0,1,'0000-00-00',0,'new',1,1,'both',0,0,0,0,'2023-04-10 22:52:42','2023-04-12 10:53:32',0,3,1,''),(67,0,0,2,1,0,0,0,'','','','',0.000000,0,1,NULL,0,9.490000,0.000000,'',0.000000,0.000000,0.000000,'DMO51','','',0.000000,0.000000,0.000000,0.000000,2,1,0,0,0,0,1,'404',0,1,'0000-00-00',0,'new',1,1,'both',0,0,0,0,'2023-04-10 22:55:28','2023-04-12 10:53:32',0,3,1,''),(68,0,0,2,1,0,0,0,'','','','',0.000000,0,1,NULL,0,7.500000,0.000000,'',0.000000,0.000000,0.000000,'DMO50','','',0.000000,0.000000,0.000000,0.000000,2,1,0,0,0,0,1,'404',0,1,'0000-00-00',0,'new',1,1,'both',0,0,0,0,'2023-04-10 22:56:21','2023-04-12 10:53:32',0,3,1,''),(69,0,0,2,1,0,0,0,'','','','',0.000000,0,1,NULL,0,9.500000,0.000000,'',0.000000,0.000000,0.000000,'DMO55','','',0.000000,0.000000,0.000000,0.000000,2,1,0,0,0,0,1,'404',0,1,'0000-00-00',0,'new',1,1,'both',0,0,0,0,'2023-04-10 22:57:26','2023-04-12 10:53:32',0,3,1,''),(70,0,0,2,1,0,0,0,'','','','',0.000000,0,1,NULL,0,9.500000,0.000000,'',0.000000,0.000000,0.000000,'DMO52','','',0.000000,0.000000,0.000000,0.000000,2,1,0,0,0,0,1,'404',0,1,'0000-00-00',0,'new',1,1,'both',0,0,0,0,'2023-04-10 22:58:32','2023-04-12 10:53:32',0,3,1,''),(71,0,0,2,1,0,0,0,'','','','',0.000000,0,1,NULL,0,7.500000,0.000000,'',0.000000,0.000000,0.000000,'DMO38','','',0.000000,0.000000,0.000000,0.000000,2,1,0,0,0,0,1,'404',0,1,'0000-00-00',0,'new',1,1,'both',0,0,0,0,'2023-04-10 22:59:16','2023-04-12 10:53:32',0,3,1,''),(73,0,0,2,1,0,0,0,'','','','',0.000000,0,1,NULL,0,7.500000,0.000000,'',0.000000,0.000000,0.000000,'DMO40','','',0.000000,0.000000,0.000000,0.000000,2,1,0,0,0,0,1,'404',0,1,'0000-00-00',0,'new',1,1,'both',0,0,0,0,'2023-04-11 07:00:10','2023-04-12 10:53:32',0,3,1,''),(74,0,0,2,1,0,0,0,'','','','',0.000000,0,1,NULL,0,7.500000,0.000000,'',0.000000,0.000000,0.000000,'DMO39','','',0.000000,0.000000,0.000000,0.000000,2,1,0,0,0,0,1,'404',0,1,'0000-00-00',0,'new',1,1,'both',0,0,0,0,'2023-04-11 07:09:39','2023-04-12 10:53:32',0,3,1,''),(75,0,0,2,1,0,0,0,'','','','',0.000000,0,1,NULL,0,7.500000,0.000000,'',0.000000,0.000000,0.000000,'DMO44','','',0.000000,0.000000,0.000000,0.000000,2,1,0,0,0,0,1,'404',0,1,'0000-00-00',0,'new',1,1,'both',0,0,0,0,'2023-04-11 07:18:22','2023-04-12 10:53:32',0,3,1,''),(76,0,0,2,1,0,0,0,'','','','',0.000000,0,1,NULL,0,7.500000,0.000000,'',0.000000,0.000000,0.000000,'DMO41','','',0.000000,0.000000,0.000000,0.000000,2,1,0,0,0,0,1,'404',0,1,'0000-00-00',0,'new',1,1,'both',0,0,0,0,'2023-04-11 07:19:52','2023-04-12 10:53:32',0,3,1,''),(77,0,0,2,1,0,0,0,'','','','',0.000000,0,1,NULL,0,7.500000,0.000000,'',0.000000,0.000000,0.000000,'DMO37','','',0.000000,0.000000,0.000000,0.000000,2,1,0,0,0,0,1,'404',0,1,'0000-00-00',0,'new',1,1,'both',0,0,0,0,'2023-04-11 07:23:38','2023-04-12 10:53:32',0,3,1,''),(78,0,0,2,1,0,0,0,'','','','',0.000000,0,1,NULL,0,7.500000,0.000000,'',0.000000,0.000000,0.000000,'DMO47','','',0.000000,0.000000,0.000000,0.000000,2,1,0,0,0,0,1,'404',0,1,'0000-00-00',0,'new',1,1,'both',0,0,0,0,'2023-04-11 07:32:26','2023-04-12 10:53:32',0,3,1,''),(79,0,0,2,1,1,0,0,'','','','',0.000000,0,1,NULL,0,3.990000,0.000000,'',0.000000,0.000000,0.000000,'ROC03','','',0.000000,0.000000,0.000000,0.000000,2,1,0,0,0,0,1,'404',0,1,'0000-00-00',0,'new',1,1,'both',0,0,0,0,'2023-04-11 10:09:57','2023-04-12 10:53:32',0,3,1,''),(81,0,0,2,1,1,0,0,'','','','',0.000000,0,1,NULL,0,5.990000,0.000000,'',0.000000,0.000000,0.000000,'ROC07','','',0.000000,0.000000,0.000000,0.000000,2,1,0,0,0,0,1,'404',0,1,'0000-00-00',0,'new',1,1,'both',0,0,0,0,'2023-04-11 10:30:52','2023-04-12 10:53:32',0,3,1,''),(82,0,0,2,1,1,0,0,'','','','',0.000000,0,1,NULL,0,5.990000,0.000000,'',0.000000,0.000000,0.000000,'ROC09','','',0.000000,0.000000,0.000000,0.000000,2,1,0,0,0,0,1,'404',0,1,'0000-00-00',0,'new',1,1,'both',0,0,0,0,'2023-04-11 10:34:21','2023-04-12 10:53:32',0,3,1,''),(83,0,0,2,1,1,0,0,'','','','',0.000000,0,1,NULL,0,9.990000,0.000000,'',0.000000,0.000000,0.000000,'ROC19','','',0.000000,0.000000,0.000000,0.000000,2,1,0,0,0,0,1,'404',0,1,'0000-00-00',0,'new',1,1,'both',0,0,0,0,'2023-04-11 10:37:58','2023-04-12 10:53:32',0,3,1,''),(84,0,0,2,1,1,0,0,'','','','',0.000000,0,1,NULL,0,9.990000,0.000000,'',0.000000,0.000000,0.000000,'ROC21','','',0.000000,0.000000,0.000000,0.000000,2,1,0,0,0,0,1,'404',0,1,'0000-00-00',0,'new',1,1,'both',0,0,0,0,'2023-04-11 10:42:35','2023-04-12 10:53:32',0,3,1,''),(85,0,0,2,1,1,0,0,'','','','',0.000000,0,1,NULL,0,9.990000,0.000000,'',0.000000,0.000000,0.000000,'ROC21','','',0.000000,0.000000,0.000000,0.000000,2,1,0,0,0,0,1,'404',0,1,'0000-00-00',0,'new',1,1,'both',0,0,0,0,'2023-04-11 10:46:19','2023-04-12 10:53:32',0,3,1,''),(86,0,0,2,1,1,0,0,'','','','',0.000000,0,1,NULL,0,9.990000,0.000000,'',0.000000,0.000000,0.000000,'ROC20','','',0.000000,0.000000,0.000000,0.000000,2,1,0,0,0,0,1,'404',0,1,'0000-00-00',0,'new',1,1,'both',0,0,0,0,'2023-04-11 10:48:33','2023-04-12 10:53:32',0,3,1,''),(87,0,0,2,1,1,0,0,'','','','',0.000000,0,1,NULL,0,9.990000,0.000000,'',0.000000,0.000000,0.000000,'ROC23','','',0.000000,0.000000,0.000000,0.000000,2,1,0,0,0,0,1,'404',0,1,'0000-00-00',0,'new',1,1,'both',0,0,0,0,'2023-04-11 10:55:08','2023-04-12 10:53:32',0,3,1,''),(89,0,0,2,1,1,0,0,'','','','',0.000000,0,1,NULL,0,9.990000,0.000000,'',0.000000,0.000000,0.000000,'ROC23','','',0.000000,0.000000,0.000000,0.000000,2,1,0,0,0,0,1,'404',0,1,'0000-00-00',0,'new',1,1,'both',0,0,0,0,'2023-04-11 11:13:31','2023-04-15 10:50:53',0,3,1,''),(90,0,0,2,1,1,0,0,'','','','',0.000000,0,1,NULL,0,3.990000,0.000000,'',0.000000,0.000000,0.000000,'ROC30','','',0.000000,0.000000,0.000000,0.000000,2,1,0,0,0,0,1,'404',0,1,'0000-00-00',0,'new',1,1,'both',0,0,0,0,'2023-04-11 11:15:23','2023-04-15 10:50:53',0,3,1,''),(91,0,0,2,1,1,0,0,'','','','',0.000000,0,1,NULL,0,3.990000,0.000000,'',0.000000,0.000000,0.000000,'ROC32','','',0.000000,0.000000,0.000000,0.000000,2,1,0,0,0,0,1,'404',0,1,'0000-00-00',0,'new',1,1,'both',0,0,0,0,'2023-04-11 11:17:36','2023-04-15 10:50:53',0,3,1,''),(92,0,0,2,1,1,0,0,'','','','',0.000000,0,1,NULL,0,3.990000,0.000000,'',0.000000,0.000000,0.000000,'ROC31','','',0.000000,0.000000,0.000000,0.000000,2,1,0,0,0,0,1,'404',0,1,'0000-00-00',0,'new',1,1,'both',0,0,0,0,'2023-04-11 11:22:16','2023-04-15 10:50:53',0,3,1,''),(93,0,0,2,1,1,0,0,'','','','',0.000000,0,1,NULL,0,4.990000,0.000000,'',0.000000,0.000000,0.000000,'ROC45','','',0.000000,0.000000,0.000000,0.000000,2,1,0,0,0,0,1,'404',0,1,'0000-00-00',0,'new',1,1,'both',0,0,0,0,'2023-04-11 11:27:42','2023-04-15 10:50:53',0,3,1,''),(95,0,0,2,1,1,0,0,'','','','',0.000000,0,1,NULL,0,4.990000,0.000000,'',0.000000,0.000000,0.000000,'ROC46','','',0.000000,0.000000,0.000000,0.000000,2,1,0,0,0,0,1,'404',0,1,'0000-00-00',0,'new',1,1,'both',0,0,0,0,'2023-04-11 11:34:01','2023-04-15 10:50:53',0,3,1,''),(96,0,0,2,1,1,0,0,'','','','',0.000000,0,1,NULL,0,3.990000,0.000000,'',0.000000,0.000000,0.000000,'ROC04','','',0.000000,0.000000,0.000000,0.000000,2,1,0,0,0,0,1,'404',0,1,'0000-00-00',0,'new',1,1,'both',0,0,0,0,'2023-04-11 11:45:18','2023-04-15 10:50:53',0,3,1,''),(97,0,0,2,1,1,0,0,'','','','',0.000000,0,1,NULL,0,3.990000,0.000000,'',0.000000,0.000000,0.000000,'ROC05','','',0.000000,0.000000,0.000000,0.000000,2,1,0,0,0,0,1,'404',0,1,'0000-00-00',0,'new',1,1,'both',0,0,0,0,'2023-04-11 11:49:13','2023-04-15 10:50:53',0,3,1,''),(98,0,0,2,1,1,0,0,'','','','',0.000000,0,1,NULL,0,4.490000,0.000000,'',0.000000,0.000000,0.000000,'ROC50','','',0.000000,0.000000,0.000000,0.000000,2,1,0,0,0,0,1,'404',0,1,'0000-00-00',0,'new',1,1,'both',0,0,0,0,'2023-04-11 11:53:55','2023-04-15 10:50:53',0,3,1,''),(99,0,0,2,1,1,0,0,'','','','',0.000000,0,1,NULL,0,4.490000,0.000000,'',0.000000,0.000000,0.000000,'ROC49','','',0.000000,0.000000,0.000000,0.000000,2,1,0,0,0,0,1,'404',0,1,'0000-00-00',0,'new',1,1,'both',0,0,0,0,'2023-04-11 11:57:01','2023-04-15 10:50:53',0,3,1,''),(100,0,0,2,1,1,0,0,'','','','',0.000000,0,1,NULL,0,4.490000,0.000000,'',0.000000,0.000000,0.000000,'ROC52','','',0.000000,0.000000,0.000000,0.000000,2,1,0,0,0,0,1,'404',0,1,'0000-00-00',0,'new',1,1,'both',0,0,0,0,'2023-04-11 11:58:43','2023-04-15 10:50:53',0,3,1,''),(101,0,0,2,1,1,0,0,'','','','',0.000000,0,1,NULL,0,4.490000,0.000000,'',0.000000,0.000000,0.000000,'ROC53','','',0.000000,0.000000,0.000000,0.000000,2,1,0,0,0,0,1,'404',0,1,'0000-00-00',0,'new',1,1,'both',0,0,0,0,'2023-04-11 12:01:06','2023-04-15 10:50:53',0,3,1,''),(102,0,0,2,1,0,0,0,'','','','',0.000000,0,1,NULL,0,8.990000,0.000000,'',0.000000,0.000000,0.000000,'CapA','','',0.000000,0.000000,0.000000,0.000000,2,1,0,0,0,0,1,'404',0,1,'0000-00-00',0,'new',1,1,'both',0,0,0,0,'2023-04-11 12:09:07','2023-04-15 10:50:53',0,3,1,''),(103,0,0,2,1,0,0,0,'','','','',0.000000,0,1,NULL,0,8.990000,0.000000,'',0.000000,0.000000,0.000000,'CapA10','','',0.000000,0.000000,0.000000,0.000000,2,1,0,0,0,0,1,'404',0,1,'0000-00-00',0,'new',1,1,'both',0,0,0,0,'2023-04-11 12:13:37','2023-04-15 10:50:53',0,3,1,''),(104,0,0,2,1,0,0,0,'','','','',0.000000,0,1,NULL,0,8.990000,0.000000,'',0.000000,0.000000,0.000000,'CapA11','','',0.000000,0.000000,0.000000,0.000000,2,1,0,0,0,0,1,'404',0,1,'0000-00-00',0,'new',1,1,'both',0,0,0,0,'2023-04-11 12:17:14','2023-04-15 10:50:53',0,3,1,''),(105,0,0,2,1,0,0,0,'','','','',0.000000,0,1,NULL,0,8.990000,0.000000,'',0.000000,0.000000,0.000000,'CapA13','','',0.000000,0.000000,0.000000,0.000000,2,1,0,0,0,0,1,'404',0,1,'0000-00-00',0,'new',1,1,'both',0,0,0,0,'2023-04-11 12:22:07','2023-04-15 10:50:53',0,3,1,''),(106,0,0,2,1,0,0,0,'','','','',0.000000,0,1,NULL,0,9.990000,0.000000,'',0.000000,0.000000,0.000000,'CapA','','',0.000000,0.000000,0.000000,0.000000,2,1,0,0,0,0,1,'404',0,1,'0000-00-00',0,'new',1,1,'both',0,0,0,0,'2023-04-11 12:27:16','2023-04-15 10:50:53',0,3,1,''),(107,0,0,2,1,0,0,0,'','','','',0.000000,0,1,NULL,0,9.990000,0.000000,'',0.000000,0.000000,0.000000,'CapaA19','','',0.000000,0.000000,0.000000,0.000000,2,1,0,0,0,0,1,'404',0,1,'0000-00-00',0,'new',1,1,'both',0,0,0,0,'2023-04-11 12:31:42','2023-04-15 10:50:53',0,3,1,''),(108,0,0,2,1,0,0,0,'','','','',0.000000,0,1,NULL,0,7.990000,0.000000,'',0.000000,0.000000,0.000000,'CapA20','','',0.000000,0.000000,0.000000,0.000000,2,1,0,0,0,0,0,'404',0,1,'0000-00-00',0,'new',1,0,'both',0,0,0,0,'2023-04-11 12:34:46','2023-04-15 10:50:53',0,3,1,''),(111,0,0,2,1,0,0,0,'','','','',0.000000,0,1,NULL,0,7.990000,0.000000,'',0.000000,0.000000,0.000000,'Timo02','','',0.000000,0.000000,0.000000,0.000000,2,1,0,0,0,0,1,'404',0,1,'0000-00-00',0,'new',1,1,'both',0,0,0,0,'2023-04-11 12:50:32','2023-04-15 10:50:53',0,3,1,''),(113,0,0,2,1,1,0,0,'','','','',0.000000,0,1,NULL,0,7.500000,0.000000,'',0.000000,0.000000,0.000000,'ROC36','','',0.000000,0.000000,0.000000,0.000000,2,1,0,0,0,0,1,'404',0,1,'0000-00-00',0,'new',1,1,'both',0,0,0,0,'2023-04-11 15:03:54','2023-04-15 10:50:54',0,3,1,''),(114,0,0,2,1,1,0,0,'','','','',0.000000,0,1,NULL,0,7.500000,0.000000,'',0.000000,0.000000,0.000000,'ROC37','','',0.000000,0.000000,0.000000,0.000000,2,1,0,0,0,0,1,'404',0,1,'0000-00-00',0,'new',1,1,'both',0,0,0,0,'2023-04-11 15:09:39','2023-04-15 10:50:54',0,3,1,''),(115,0,0,2,1,1,0,0,'','','','',0.000000,0,1,NULL,0,7.500000,0.000000,'',0.000000,0.000000,0.000000,'ROC39','','',0.000000,0.000000,0.000000,0.000000,2,1,0,0,0,0,1,'404',0,1,'0000-00-00',0,'new',1,1,'both',0,0,0,0,'2023-04-11 15:11:58','2023-04-15 10:50:54',0,3,1,''),(116,0,0,2,1,1,0,0,'','','','',0.000000,0,1,NULL,0,7.500000,0.000000,'',0.000000,0.000000,0.000000,'ROC38','','',0.000000,0.000000,0.000000,0.000000,2,1,0,0,0,0,1,'404',0,1,'0000-00-00',0,'new',1,1,'both',0,0,0,0,'2023-04-11 15:14:35','2023-04-15 10:50:54',0,3,1,''),(117,0,0,2,1,1,0,0,'','','','',0.000000,0,1,NULL,0,7.500000,0.000000,'',0.000000,0.000000,0.000000,'ROC40','','',0.000000,0.000000,0.000000,0.000000,2,1,0,0,0,0,1,'404',0,1,'0000-00-00',0,'new',1,1,'both',0,0,0,0,'2023-04-11 15:17:53','2023-04-15 10:50:54',0,3,1,''),(118,0,0,2,1,0,0,0,'','','','',0.000000,0,1,NULL,0,7.990000,0.000000,'',0.000000,0.000000,0.000000,'Timo05','','',0.000000,0.000000,0.000000,0.000000,2,1,0,0,0,0,1,'404',0,1,'0000-00-00',0,'new',1,1,'both',0,0,0,0,'2023-04-11 15:23:46','2023-04-15 10:50:54',0,3,1,''),(119,0,0,2,1,0,0,0,'','','','',0.000000,0,1,NULL,0,7.990000,0.000000,'',0.000000,0.000000,0.000000,'Timo06','','',0.000000,0.000000,0.000000,0.000000,2,1,0,0,0,0,1,'404',0,1,'0000-00-00',0,'new',1,1,'both',0,0,0,0,'2023-04-11 15:27:22','2023-04-15 10:50:54',0,3,1,''),(120,0,0,2,1,0,0,0,'','','','',0.000000,0,1,NULL,0,7.990000,0.000000,'',0.000000,0.000000,0.000000,'Timo07','','',0.000000,0.000000,0.000000,0.000000,2,1,0,0,0,0,1,'404',0,1,'0000-00-00',0,'new',1,1,'both',0,0,0,0,'2023-04-11 15:29:02','2023-04-15 10:50:54',0,3,1,''),(121,0,0,2,1,0,0,0,'','','','',0.000000,0,1,NULL,0,9.990000,0.000000,'',0.000000,0.000000,0.000000,'Timo08','','',0.000000,0.000000,0.000000,0.000000,2,1,0,0,0,0,1,'404',0,1,'0000-00-00',0,'new',1,1,'both',0,0,0,0,'2023-04-11 15:36:36','2023-04-15 10:50:54',0,3,1,''),(122,0,0,2,1,0,0,0,'','','','',0.000000,0,1,NULL,0,8.500000,0.000000,'',0.000000,0.000000,0.000000,'Timo09','','',0.000000,0.000000,0.000000,0.000000,2,1,0,0,0,0,1,'404',0,1,'0000-00-00',0,'new',1,1,'both',0,0,0,0,'2023-04-11 15:40:05','2023-04-15 10:50:54',0,3,1,''),(123,0,0,2,1,0,0,0,'','','','',0.000000,0,1,NULL,0,5.950000,0.000000,'',0.000000,0.000000,0.000000,'Timo12','','',0.000000,0.000000,0.000000,0.000000,2,1,0,0,0,0,1,'404',0,1,'0000-00-00',0,'new',1,1,'both',0,0,0,0,'2023-04-11 15:42:19','2023-04-15 10:50:54',0,3,1,''),(124,0,0,2,1,0,0,0,'','','','',0.000000,0,1,NULL,0,11.950000,0.000000,'',0.000000,0.000000,0.000000,'MiMo03','','',0.000000,0.000000,0.000000,0.000000,2,1,0,0,0,0,1,'404',0,1,'0000-00-00',0,'new',1,1,'both',0,0,0,0,'2023-04-11 15:45:44','2023-04-15 10:50:54',0,3,1,''),(125,0,0,2,1,0,0,0,'','','','',0.000000,0,1,NULL,0,8.950000,0.000000,'',0.000000,0.000000,0.000000,'MiMo11','','',0.000000,0.000000,0.000000,0.000000,2,1,0,0,0,0,1,'404',0,1,'0000-00-00',0,'new',1,1,'both',0,0,0,0,'2023-04-11 15:48:51','2023-04-15 10:50:54',0,3,1,''),(126,0,0,2,1,0,0,0,'','','','',0.000000,0,1,NULL,0,8.950000,0.000000,'',0.000000,0.000000,0.000000,'MiMo12','','',0.000000,0.000000,0.000000,0.000000,2,1,0,0,0,0,1,'404',0,1,'0000-00-00',0,'new',1,1,'both',0,0,0,0,'2023-04-11 15:52:08','2023-04-15 10:50:54',0,3,1,''),(127,0,0,2,1,0,0,0,'','','','',0.000000,0,1,NULL,0,6.950000,0.000000,'',0.000000,0.000000,0.000000,'MiMo14','','',0.000000,0.000000,0.000000,0.000000,2,1,0,0,0,0,1,'404',0,1,'0000-00-00',0,'new',1,1,'both',0,0,0,0,'2023-04-11 15:55:13','2023-04-15 10:50:54',0,3,1,''),(129,0,0,2,1,0,0,0,'','','','',0.000000,0,1,NULL,0,7.950000,0.000000,'',0.000000,0.000000,0.000000,'MiMo19','','',0.000000,0.000000,0.000000,0.000000,2,1,0,0,0,0,1,'404',0,1,'0000-00-00',0,'new',1,1,'both',0,0,0,0,'2023-04-11 16:06:23','2023-04-15 10:50:54',0,3,1,''),(130,0,0,2,1,0,0,0,'','','','',0.000000,0,1,NULL,0,7.950000,0.000000,'',0.000000,0.000000,0.000000,'MiMo','','',0.000000,0.000000,0.000000,0.000000,2,1,0,0,0,0,1,'404',0,1,'0000-00-00',0,'new',1,1,'both',0,0,0,0,'2023-04-11 16:08:32','2023-04-15 10:50:54',0,3,1,''),(131,0,0,2,1,0,0,0,'','','','',0.000000,0,1,NULL,0,11.950000,0.000000,'',0.000000,0.000000,0.000000,'MiMo17','','',0.000000,0.000000,0.000000,0.000000,2,1,0,0,0,0,1,'404',0,1,'0000-00-00',0,'new',1,1,'both',0,0,0,0,'2023-04-11 16:10:38','2023-04-15 10:50:54',0,3,1,''),(132,0,0,2,1,0,0,0,'','','','',0.000000,0,1,NULL,0,6.500000,0.000000,'',0.000000,0.000000,0.000000,'MiMo18','','',0.000000,0.000000,0.000000,0.000000,2,1,0,0,0,0,1,'404',0,1,'0000-00-00',0,'new',1,1,'both',0,0,0,0,'2023-04-11 16:14:25','2023-04-15 10:50:54',0,3,1,''),(133,0,0,2,1,0,0,0,'','','','',0.000000,0,1,NULL,0,7.000000,0.000000,'',0.000000,0.000000,0.000000,'MiMo21','','',0.000000,0.000000,0.000000,0.000000,2,1,0,0,0,0,1,'404',0,1,'0000-00-00',0,'new',1,1,'both',0,0,0,0,'2023-04-11 16:19:30','2023-04-15 10:50:54',0,3,1,''),(134,0,0,2,1,0,0,0,'','','','',0.000000,0,1,NULL,0,7.000000,0.000000,'',0.000000,0.000000,0.000000,'MiMo22','','',0.000000,0.000000,0.000000,0.000000,2,1,0,0,0,0,1,'404',0,1,'0000-00-00',0,'new',1,1,'both',0,0,0,0,'2023-04-11 16:23:08','2023-04-15 10:50:54',0,3,1,''),(135,0,0,2,1,0,0,0,'','','','',0.000000,0,1,NULL,0,7.000000,0.000000,'',0.000000,0.000000,0.000000,'MiMo24','','',0.000000,0.000000,0.000000,0.000000,2,1,0,0,0,0,1,'404',0,1,'0000-00-00',0,'new',1,1,'both',0,0,0,0,'2023-04-11 16:26:32','2023-04-15 10:50:54',0,3,1,''),(136,0,0,2,1,0,0,0,'','','','',0.000000,0,1,NULL,0,14.000000,0.000000,'',0.000000,0.000000,0.000000,'TN01','','',0.000000,0.000000,0.000000,0.000000,2,1,0,0,0,0,1,'404',0,1,'0000-00-00',0,'new',1,1,'both',0,0,0,0,'2023-04-11 16:27:41','2023-05-16 17:02:36',0,0,1,''),(137,0,0,2,1,0,0,0,'','','','',0.000000,0,1,NULL,0,8.950000,0.000000,'',0.000000,0.000000,0.000000,'MiMo25','','',0.000000,0.000000,0.000000,0.000000,2,1,0,0,0,0,1,'404',0,1,'0000-00-00',0,'new',1,1,'both',0,0,0,0,'2023-04-11 16:29:22','2023-04-15 10:50:54',0,3,1,''),(138,0,0,2,1,0,0,0,'','','','',0.000000,0,1,NULL,0,6.950000,0.000000,'',0.000000,0.000000,0.000000,'MiMo26','','',0.000000,0.000000,0.000000,0.000000,2,1,0,0,0,0,1,'404',0,1,'0000-00-00',0,'new',1,1,'both',0,0,0,0,'2023-04-11 16:32:33','2023-04-15 10:50:54',0,3,1,''),(139,0,0,2,1,0,0,0,'','','','',0.000000,0,1,NULL,0,6.950000,0.000000,'',0.000000,0.000000,0.000000,'MiMo28','','',0.000000,0.000000,0.000000,0.000000,2,1,0,0,0,0,1,'404',0,1,'0000-00-00',0,'new',1,1,'both',0,0,0,0,'2023-04-11 16:35:12','2023-04-15 10:50:54',0,3,1,''),(140,0,0,2,1,0,0,0,'','','','',0.000000,0,1,NULL,0,14.000000,0.000000,'',0.000000,0.000000,0.000000,'TN02','','',0.000000,0.000000,0.000000,0.000000,2,1,0,0,0,0,1,'404',0,1,'0000-00-00',0,'new',1,1,'both',0,0,0,0,'2023-04-11 16:35:29','2023-04-15 10:50:54',0,3,1,''),(141,0,0,2,1,0,0,0,'','','','',0.000000,0,1,NULL,0,7.950000,0.000000,'',0.000000,0.000000,0.000000,'MiMo29','','',0.000000,0.000000,0.000000,0.000000,2,1,0,0,0,0,1,'404',0,1,'0000-00-00',0,'new',1,1,'both',0,0,0,0,'2023-04-11 16:39:04','2023-04-15 10:50:54',0,3,1,''),(143,0,0,2,1,0,0,0,'','','','',0.000000,0,1,NULL,0,8.950000,0.000000,'',0.000000,0.000000,0.000000,'MiMo31','','',0.000000,0.000000,0.000000,0.000000,2,1,0,0,0,0,1,'404',0,1,'0000-00-00',0,'new',1,1,'both',0,0,0,0,'2023-04-11 16:43:12','2023-04-15 10:50:54',0,3,1,''),(144,0,0,2,1,0,0,0,'','','','',0.000000,0,1,NULL,0,7.950000,0.000000,'',0.000000,0.000000,0.000000,'MiMo32','','',0.000000,0.000000,0.000000,0.000000,2,1,0,0,0,0,1,'404',0,1,'0000-00-00',0,'new',1,1,'both',0,0,0,0,'2023-04-11 16:45:06','2023-04-15 10:50:54',0,3,1,''),(145,0,0,2,1,0,0,0,'','','','',0.000000,0,1,NULL,0,5.950000,0.000000,'',0.000000,0.000000,0.000000,'MiMo33','','',0.000000,0.000000,0.000000,0.000000,2,1,0,0,0,0,1,'404',0,1,'0000-00-00',0,'new',1,1,'both',0,0,0,0,'2023-04-11 16:47:43','2023-04-20 22:24:54',0,3,1,''),(147,0,0,2,1,0,0,0,'','','','',0.000000,0,1,NULL,0,22.990000,0.000000,'',0.000000,0.000000,0.000000,'CAPA22','','',0.000000,0.000000,0.000000,0.000000,2,1,0,0,0,0,1,'404',0,1,'0000-00-00',0,'new',1,1,'both',0,0,0,0,'2023-04-12 05:25:33','2023-04-20 22:25:18',0,3,1,''),(148,0,0,2,1,0,0,0,'','','','',0.000000,0,1,NULL,0,7.500000,0.000000,'',0.000000,0.000000,0.000000,'CBM08','','',0.000000,0.000000,0.000000,0.000000,2,1,0,0,0,0,1,'404',0,1,'0000-00-00',0,'new',1,1,'both',0,0,0,0,'2023-04-12 10:56:24','2023-04-20 22:27:49',0,3,1,''),(150,0,0,2,1,0,0,0,'','','','',0.000000,0,1,NULL,0,7.500000,0.000000,'',0.000000,0.000000,0.000000,'CBM10','','',0.000000,0.000000,0.000000,0.000000,2,1,0,0,0,0,1,'404',0,1,'0000-00-00',0,'new',1,1,'both',0,0,0,0,'2023-04-12 11:06:59','2023-04-20 22:28:27',0,3,1,''),(151,0,0,2,1,0,0,0,'','','','',0.000000,0,1,NULL,0,8.000000,0.000000,'',0.000000,0.000000,0.000000,'CBM07','','',0.000000,0.000000,0.000000,0.000000,2,1,0,0,0,0,1,'404',0,1,'0000-00-00',0,'new',1,1,'both',0,0,0,0,'2023-04-12 11:14:55','2023-04-20 22:29:15',0,3,1,''),(152,0,0,2,1,0,0,0,'','','','',0.000000,0,1,NULL,0,8.000000,0.000000,'',0.000000,0.000000,0.000000,'CBM05','','',0.000000,0.000000,0.000000,0.000000,2,1,0,0,0,0,1,'404',0,1,'0000-00-00',0,'new',1,1,'both',0,0,0,0,'2023-04-12 11:21:34','2023-06-05 15:28:42',0,0,1,''),(153,0,0,2,1,0,0,0,'','','','',0.000000,0,1,NULL,0,8.000000,0.000000,'',0.000000,0.000000,0.000000,'CBM04','','',0.000000,0.000000,0.000000,0.000000,2,1,0,0,0,0,1,'404',0,1,'0000-00-00',0,'new',1,1,'both',0,0,0,0,'2023-04-12 11:24:41','2023-04-20 22:30:19',0,3,1,''),(154,0,0,2,1,0,0,0,'','','','',0.000000,0,1,NULL,0,7.500000,0.000000,'',0.000000,0.000000,0.000000,'CBM12','','',0.000000,0.000000,0.000000,0.000000,2,1,0,0,0,0,1,'404',0,1,'0000-00-00',0,'new',1,1,'both',0,0,0,0,'2023-04-12 11:30:09','2023-04-20 22:31:02',0,3,1,''),(155,0,0,2,1,0,0,0,'','','','',0.000000,0,1,NULL,0,8.000000,0.000000,'',0.000000,0.000000,0.000000,'CBM03','','',0.000000,0.000000,0.000000,0.000000,2,1,0,0,0,0,1,'404',0,1,'0000-00-00',0,'new',1,1,'both',0,0,0,0,'2023-04-12 11:33:45','2023-04-20 22:31:39',0,3,1,''),(156,0,0,2,1,0,0,0,'','','','',0.000000,0,1,NULL,0,7.500000,0.000000,'',0.000000,0.000000,0.000000,'CBM11','','',0.000000,0.000000,0.000000,0.000000,2,1,0,0,0,0,1,'404',0,1,'0000-00-00',0,'new',1,1,'both',0,0,0,0,'2023-04-12 11:37:19','2023-04-20 22:32:07',0,3,1,''),(157,0,0,2,1,0,0,0,'','','','',0.000000,0,1,NULL,0,8.000000,0.000000,'',0.000000,0.000000,0.000000,'CBM02','','',0.000000,0.000000,0.000000,0.000000,2,1,0,0,0,0,1,'404',0,1,'0000-00-00',0,'new',1,1,'both',0,0,0,0,'2023-04-12 11:40:37','2023-04-20 22:32:48',0,3,1,''),(158,0,0,2,1,0,0,0,'','','','',0.000000,0,1,NULL,0,10.000000,0.000000,'',0.000000,0.000000,0.000000,'CBM01','','',0.000000,0.000000,0.000000,0.000000,2,1,0,0,0,0,1,'404',0,1,'0000-00-00',0,'new',1,1,'both',0,0,0,0,'2023-04-12 11:44:32','2023-04-20 22:37:38',0,3,1,''),(159,0,0,2,1,0,0,0,'','','','',0.000000,0,1,NULL,0,7.500000,0.000000,'',0.000000,0.000000,0.000000,'CBM14','','',0.000000,0.000000,0.000000,0.000000,2,1,0,0,0,0,1,'404',0,1,'0000-00-00',0,'new',1,1,'both',0,0,0,0,'2023-04-12 11:50:51','2023-04-20 22:38:07',0,3,1,''),(160,0,0,2,1,0,0,0,'','','','',0.000000,0,1,NULL,0,10.000000,0.000000,'',0.000000,0.000000,0.000000,'CBM15','','',0.000000,0.000000,0.000000,0.000000,2,1,0,0,0,0,1,'404',0,1,'0000-00-00',0,'new',1,1,'both',0,0,0,0,'2023-04-12 11:53:39','2023-04-20 22:38:45',0,3,1,''),(161,0,0,2,1,0,0,0,'','','','',0.000000,0,1,NULL,0,7.500000,0.000000,'',0.000000,0.000000,0.000000,'CBM16','','',0.000000,0.000000,0.000000,0.000000,2,1,0,0,0,0,1,'404',0,1,'0000-00-00',0,'new',1,1,'both',0,0,0,0,'2023-04-12 11:58:26','2023-04-20 22:39:20',0,3,1,''),(162,0,0,2,1,0,0,0,'','','','',0.000000,0,1,NULL,0,8.000000,0.000000,'',0.000000,0.000000,0.000000,'CBM17','','',0.000000,0.000000,0.000000,0.000000,2,1,0,0,0,0,1,'404',0,1,'0000-00-00',0,'new',1,1,'both',0,0,0,0,'2023-04-12 12:01:33','2023-04-20 22:40:02',0,3,1,''),(163,0,0,2,1,0,0,0,'','','','',0.000000,0,1,NULL,0,8.000000,0.000000,'',0.000000,0.000000,0.000000,'CBM18','','',0.000000,0.000000,0.000000,0.000000,2,1,0,0,0,0,1,'404',0,1,'0000-00-00',0,'new',1,1,'both',0,0,0,0,'2023-04-12 12:04:25','2023-04-20 22:40:45',0,3,1,''),(164,0,0,2,1,0,0,0,'','','','',0.000000,0,1,NULL,0,7.500000,0.000000,'',0.000000,0.000000,0.000000,'CBM19','','',0.000000,0.000000,0.000000,0.000000,2,1,0,0,0,0,1,'404',0,1,'0000-00-00',0,'new',1,1,'both',0,0,0,0,'2023-04-12 12:08:12','2023-04-20 22:41:09',0,3,1,''),(165,0,0,2,1,0,0,0,'','','','',0.000000,0,1,NULL,0,7.500000,0.000000,'',0.000000,0.000000,0.000000,'CBM20','','',0.000000,0.000000,0.000000,0.000000,2,1,0,0,0,0,1,'404',0,1,'0000-00-00',0,'new',1,1,'both',0,0,0,0,'2023-04-12 12:10:54','2023-04-20 22:42:59',0,3,1,''),(166,0,0,2,1,0,0,0,'','','','',0.000000,0,1,NULL,0,11.000000,0.000000,'',0.000000,0.000000,0.000000,'CBM32','','',0.000000,0.000000,0.000000,0.000000,2,1,0,0,0,0,1,'404',0,1,'0000-00-00',0,'new',1,1,'both',0,0,0,0,'2023-04-12 12:18:28','2023-04-20 22:45:51',0,3,1,''),(167,0,0,2,1,0,0,0,'','','','',0.000000,0,1,NULL,0,11.000000,0.000000,'',0.000000,0.000000,0.000000,'CBM33','','',0.000000,0.000000,0.000000,0.000000,2,1,0,0,0,0,1,'404',0,1,'0000-00-00',0,'new',1,1,'both',0,0,0,0,'2023-04-12 12:21:50','2023-04-20 22:46:25',0,3,1,''),(168,0,0,2,1,0,0,0,'','','','',0.000000,0,1,NULL,0,11.000000,0.000000,'',0.000000,0.000000,0.000000,'CBM36','','',0.000000,0.000000,0.000000,0.000000,2,1,0,0,0,0,1,'404',0,1,'0000-00-00',0,'new',1,1,'both',0,0,0,0,'2023-04-12 12:24:46','2023-04-20 22:46:24',0,3,1,''),(169,0,0,2,1,1,0,0,'','','','',0.000000,0,1,NULL,0,6.990000,0.000000,'',0.000000,0.000000,0.000000,'MALT01','','',0.000000,0.000000,0.000000,0.000000,2,1,0,0,0,0,1,'404',0,1,'0000-00-00',0,'new',1,1,'both',0,0,0,0,'2023-04-12 13:29:41','2023-04-20 22:49:58',0,3,1,''),(170,0,0,2,1,1,0,0,'','','','',0.000000,0,1,NULL,0,6.990000,0.000000,'',0.000000,0.000000,0.000000,'MALT02','','',0.000000,0.000000,0.000000,0.000000,2,1,0,0,0,0,1,'404',0,1,'0000-00-00',0,'new',1,1,'both',0,0,0,0,'2023-04-12 13:33:40','2023-04-20 22:49:58',0,3,1,''),(171,0,0,2,1,1,0,0,'','','','',0.000000,0,1,NULL,0,6.990000,0.000000,'',0.000000,0.000000,0.000000,'MALT03','','',0.000000,0.000000,0.000000,0.000000,2,1,0,0,0,0,1,'404',0,1,'0000-00-00',0,'new',1,1,'both',0,0,0,0,'2023-04-12 13:37:29','2023-04-20 22:49:56',0,3,1,''),(172,0,0,2,1,1,0,0,'','','','',0.000000,0,1,NULL,0,25.990000,0.000000,'',0.000000,0.000000,0.000000,'MB03','','',0.000000,0.000000,0.000000,0.000000,2,1,0,0,0,0,1,'404',0,1,'0000-00-00',0,'new',1,1,'both',0,0,0,0,'2023-04-12 13:41:53','2023-04-20 22:51:45',0,3,1,''),(173,0,0,2,1,1,0,0,'','','','',0.000000,0,1,NULL,0,16.990000,0.000000,'',0.000000,0.000000,0.000000,'MB04','','',0.000000,0.000000,0.000000,0.000000,2,1,0,0,0,0,1,'404',0,1,'0000-00-00',0,'new',1,1,'both',0,0,0,0,'2023-04-12 13:50:16','2023-04-20 22:51:47',0,3,1,''),(174,0,0,2,1,1,0,0,'','','','',0.000000,0,1,NULL,0,22.990000,0.000000,'',0.000000,0.000000,0.000000,'MB01','','',0.000000,0.000000,0.000000,0.000000,2,1,0,0,0,0,1,'404',0,1,'0000-00-00',0,'new',1,1,'both',0,0,0,0,'2023-04-12 13:54:44','2023-04-20 22:51:47',0,3,1,''),(175,0,0,2,1,1,0,0,'','','','',0.000000,0,1,NULL,0,21.950000,0.000000,'',0.000000,0.000000,0.000000,'MB02','','',0.000000,0.000000,0.000000,0.000000,2,1,0,0,0,0,1,'404',0,1,'0000-00-00',0,'new',1,1,'both',0,0,0,0,'2023-04-12 14:00:21','2023-04-20 22:51:47',0,3,1,''),(176,0,0,2,1,1,0,0,'','','','',0.000000,0,1,NULL,0,18.990000,0.000000,'',0.000000,0.000000,0.000000,'UniL05','','',0.000000,0.000000,0.000000,0.000000,2,1,0,0,0,0,1,'404',0,1,'0000-00-00',0,'new',1,1,'both',0,0,0,0,'2023-04-12 14:06:47','2023-04-20 22:54:50',0,3,1,''),(177,0,0,2,1,1,0,0,'','','','',0.000000,0,1,NULL,0,27.990000,0.000000,'',0.000000,0.000000,0.000000,'UniL03','','',0.000000,0.000000,0.000000,0.000000,2,1,0,0,0,0,1,'404',0,1,'0000-00-00',0,'new',1,1,'both',0,0,0,0,'2023-04-12 14:11:16','2023-04-20 22:54:52',0,3,1,''),(178,0,0,2,1,1,0,0,'','','','',0.000000,0,1,NULL,0,25.990000,0.000000,'',0.000000,0.000000,0.000000,'UniL04','','',0.000000,0.000000,0.000000,0.000000,2,1,0,0,0,0,1,'404',0,1,'0000-00-00',0,'new',1,1,'both',0,0,0,0,'2023-04-12 14:14:17','2023-04-20 22:55:21',0,3,1,''),(179,0,0,2,1,1,0,0,'','','','',0.000000,0,1,NULL,0,25.990000,0.000000,'',0.000000,0.000000,0.000000,'UniL01','','',0.000000,0.000000,0.000000,0.000000,2,1,0,0,0,0,1,'404',0,1,'0000-00-00',0,'new',1,1,'both',0,0,0,0,'2023-04-12 14:17:02','2023-04-20 22:55:20',0,3,1,''),(180,0,0,2,1,1,0,0,'','','','',0.000000,0,1,NULL,0,18.990000,0.000000,'',0.000000,0.000000,0.000000,'UniL02','','',0.000000,0.000000,0.000000,0.000000,2,1,0,0,0,0,1,'404',0,1,'0000-00-00',0,'new',1,1,'both',0,0,0,0,'2023-04-12 14:20:13','2023-04-20 22:55:30',0,3,1,''),(181,0,0,2,1,1,0,0,'','','','',0.000000,0,1,NULL,0,6.990000,0.000000,'',0.000000,0.000000,0.000000,'Innova01','','',0.000000,0.000000,0.000000,0.000000,2,1,0,0,0,0,1,'404',0,1,'0000-00-00',0,'new',1,1,'both',0,0,0,0,'2023-04-12 14:25:06','2023-04-20 23:00:31',0,3,1,''),(182,0,0,2,1,1,0,0,'','','','',0.000000,0,1,NULL,0,6.990000,0.000000,'',0.000000,0.000000,0.000000,'Innova02','','',0.000000,0.000000,0.000000,0.000000,2,1,0,0,0,0,1,'404',0,1,'0000-00-00',0,'new',1,1,'both',0,0,0,0,'2023-04-12 14:29:28','2023-04-20 23:00:32',0,3,1,''),(183,0,0,2,1,1,0,0,'','','','',0.000000,0,1,NULL,0,6.990000,0.000000,'',0.000000,0.000000,0.000000,'Innova03','','',0.000000,0.000000,0.000000,0.000000,2,1,0,0,0,0,1,'404',0,1,'0000-00-00',0,'new',1,1,'both',0,0,0,0,'2023-04-12 14:32:47','2023-04-20 23:00:34',0,3,1,''),(184,0,0,2,1,1,0,0,'','','','',0.000000,0,1,NULL,0,6.990000,0.000000,'',0.000000,0.000000,0.000000,'Innova04','','',0.000000,0.000000,0.000000,0.000000,2,1,0,0,0,0,1,'404',0,1,'0000-00-00',0,'new',1,1,'both',0,0,0,0,'2023-04-12 14:35:55','2023-04-20 23:00:33',0,3,1,''),(185,0,0,2,1,1,0,0,'','','','',0.000000,0,1,NULL,0,6.990000,0.000000,'',0.000000,0.000000,0.000000,'Innova05','','',0.000000,0.000000,0.000000,0.000000,2,1,0,0,0,0,1,'404',0,1,'0000-00-00',0,'new',1,1,'both',0,0,0,0,'2023-04-12 14:38:47','2023-04-20 23:01:20',0,3,1,''),(186,0,0,2,1,1,0,0,'','','','',0.000000,0,1,NULL,0,6.990000,0.000000,'',0.000000,0.000000,0.000000,'Innova06','','',0.000000,0.000000,0.000000,0.000000,2,1,0,0,0,0,1,'404',0,1,'0000-00-00',0,'new',1,1,'both',0,0,0,0,'2023-04-12 14:42:17','2023-04-20 23:01:33',0,3,1,''),(187,0,0,2,1,1,0,0,'','','','',0.000000,0,1,NULL,0,6.990000,0.000000,'',0.000000,0.000000,0.000000,'Innova07','','',0.000000,0.000000,0.000000,0.000000,2,1,0,0,0,0,1,'404',0,1,'0000-00-00',0,'new',1,1,'both',0,0,0,0,'2023-04-12 14:44:42','2023-04-20 23:02:39',0,3,1,''),(188,0,0,2,1,1,0,0,'','','','',0.000000,0,1,NULL,0,6.990000,0.000000,'',0.000000,0.000000,0.000000,'Innova08','','',0.000000,0.000000,0.000000,0.000000,2,1,0,0,0,0,1,'404',0,1,'0000-00-00',0,'new',1,1,'both',0,0,0,0,'2023-04-12 14:47:44','2023-04-20 23:02:41',0,3,1,''),(189,0,0,2,1,1,0,0,'','','','',0.000000,0,1,NULL,0,9.950000,0.000000,'',0.000000,0.000000,0.000000,'LABP03','','',0.000000,0.000000,0.000000,0.000000,2,1,0,0,0,0,1,'404',0,1,'0000-00-00',0,'new',1,1,'both',0,0,0,0,'2023-04-12 14:53:16','2023-04-20 23:02:41',0,3,1,''),(190,0,0,2,1,1,0,0,'','','','',0.000000,0,1,NULL,0,9.950000,0.000000,'',0.000000,0.000000,0.000000,'LABP06','','',0.000000,0.000000,0.000000,0.000000,2,1,0,0,0,0,1,'404',0,1,'0000-00-00',0,'new',1,1,'both',0,0,0,0,'2023-04-12 14:59:03','2023-04-20 23:02:51',0,3,1,''),(191,0,0,2,1,1,0,0,'','','','',0.000000,0,1,NULL,0,8.750000,0.000000,'',0.000000,0.000000,0.000000,'LABP07','','',0.000000,0.000000,0.000000,0.000000,2,1,0,0,0,0,1,'404',0,1,'0000-00-00',0,'new',1,1,'both',0,0,0,0,'2023-04-12 15:02:32','2023-04-20 23:03:13',0,3,1,''),(192,0,0,2,1,1,0,0,'','','','',0.000000,0,1,NULL,0,9.750000,0.000000,'',0.000000,0.000000,0.000000,'LABP09','','',0.000000,0.000000,0.000000,0.000000,2,1,0,0,0,0,1,'404',0,1,'0000-00-00',0,'new',1,1,'both',0,0,0,0,'2023-04-12 15:05:37','2023-04-20 23:03:16',0,3,1,''),(193,0,0,2,1,1,0,0,'','','','',0.000000,0,1,NULL,0,9.750000,0.000000,'',0.000000,0.000000,0.000000,'LABP11','','',0.000000,0.000000,0.000000,0.000000,2,1,0,0,0,0,1,'404',0,1,'0000-00-00',0,'new',1,1,'both',0,0,0,0,'2023-04-12 15:09:12','2023-04-20 23:03:14',0,3,1,''),(194,0,0,2,1,1,0,0,'','','','',0.000000,0,1,NULL,0,9.750000,0.000000,'',0.000000,0.000000,0.000000,'LABP13','','',0.000000,0.000000,0.000000,0.000000,2,1,0,0,0,0,1,'404',0,1,'0000-00-00',0,'new',1,1,'both',0,0,0,0,'2023-04-12 15:11:39','2023-04-20 23:03:17',0,3,1,''),(195,0,0,2,1,1,0,0,'','','','',0.000000,0,1,NULL,0,12.950000,0.000000,'',0.000000,0.000000,0.000000,'LABP17','','',0.000000,0.000000,0.000000,0.000000,2,1,0,0,0,0,1,'404',0,1,'0000-00-00',0,'new',1,1,'both',0,0,0,0,'2023-04-12 15:16:45','2023-04-20 23:03:46',0,3,1,''),(196,0,0,2,1,1,0,0,'','','','',0.000000,0,1,NULL,0,12.950000,0.000000,'',0.000000,0.000000,0.000000,'JULS01','','',0.000000,0.000000,0.000000,0.000000,2,1,0,0,0,0,1,'404',0,1,'0000-00-00',0,'new',1,1,'both',0,0,0,0,'2023-04-12 15:21:54','2023-04-20 23:08:11',0,3,1,''),(197,0,0,2,1,1,0,0,'','','','',0.000000,0,1,NULL,0,14.950000,0.000000,'',0.000000,0.000000,0.000000,'JULS04','','',0.000000,0.000000,0.000000,0.000000,2,1,0,0,0,0,1,'404',0,1,'0000-00-00',0,'new',1,1,'both',0,0,0,0,'2023-04-12 15:27:11','2023-04-20 23:08:12',0,3,1,''),(198,0,0,2,1,1,0,0,'','','','',0.000000,0,1,NULL,0,11.950000,0.000000,'',0.000000,0.000000,0.000000,'JULS03','','',0.000000,0.000000,0.000000,0.000000,2,1,0,0,0,0,1,'404',0,1,'0000-00-00',0,'new',1,1,'both',0,0,0,0,'2023-04-12 15:33:36','2023-04-20 23:08:12',0,3,1,''),(199,0,0,2,1,1,0,0,'','','','',0.000000,0,1,NULL,0,12.950000,0.000000,'',0.000000,0.000000,0.000000,'JULS02','','',0.000000,0.000000,0.000000,0.000000,2,1,0,0,0,0,1,'404',0,1,'0000-00-00',0,'new',1,1,'both',0,0,0,0,'2023-04-12 15:37:21','2023-05-16 17:23:06',0,0,1,''),(200,0,0,2,1,0,0,0,'','','','',0.000000,0,1,NULL,0,5.990000,0.000000,'',0.000000,0.000000,0.000000,'SG01','','',0.000000,0.000000,0.000000,0.000000,2,1,0,0,0,0,1,'404',0,1,'0000-00-00',0,'new',1,1,'both',0,0,0,0,'2023-04-12 15:40:58','2023-04-20 23:14:40',0,3,1,''),(201,0,0,2,1,0,0,0,'','','','',0.000000,0,1,NULL,0,8.990000,0.000000,'',0.000000,0.000000,0.000000,'SG02','','',0.000000,0.000000,0.000000,0.000000,2,1,0,0,0,0,1,'404',0,1,'0000-00-00',0,'new',1,1,'both',0,0,0,0,'2023-04-12 15:45:31','2023-04-20 23:14:41',0,3,1,''),(202,0,0,2,1,0,0,0,'','','','',0.000000,0,1,NULL,0,8.490000,0.000000,'',0.000000,0.000000,0.000000,'SG03','','',0.000000,0.000000,0.000000,0.000000,2,1,0,0,0,0,1,'404',0,1,'0000-00-00',0,'new',1,1,'both',0,0,0,0,'2023-04-12 15:48:29','2023-04-20 23:14:41',0,3,1,''),(203,0,0,2,1,0,0,0,'','','','',0.000000,0,1,NULL,0,8.990000,0.000000,'',0.000000,0.000000,0.000000,'SG05','','',0.000000,0.000000,0.000000,0.000000,2,1,0,0,0,0,1,'404',0,1,'0000-00-00',0,'new',1,1,'both',0,0,0,0,'2023-04-12 15:58:13','2023-04-20 23:14:42',0,3,1,''),(204,0,0,2,1,0,0,0,'','','','',0.000000,0,1,NULL,0,8.490000,0.000000,'',0.000000,0.000000,0.000000,'SG06','','',0.000000,0.000000,0.000000,0.000000,2,1,0,0,0,0,1,'404',0,1,'0000-00-00',0,'new',1,1,'both',0,0,0,0,'2023-04-12 16:03:28','2023-04-20 23:14:50',0,3,1,''),(205,0,0,2,1,0,0,0,'','','','',0.000000,0,1,NULL,0,8.499000,0.000000,'',0.000000,0.000000,0.000000,'SG07','','',0.000000,0.000000,0.000000,0.000000,2,1,0,0,0,0,1,'404',0,1,'0000-00-00',0,'new',1,1,'both',0,0,0,0,'2023-04-12 16:07:14','2023-04-20 23:16:26',0,3,1,''),(207,0,0,2,1,0,0,0,'','','','',0.000000,0,1,NULL,0,10.500000,0.000000,'',0.000000,0.000000,0.000000,'Simon07','','',0.000000,0.000000,0.000000,0.000000,2,1,0,0,0,0,1,'404',0,1,'0000-00-00',0,'new',1,1,'both',0,0,0,0,'2023-04-12 16:23:57','2023-04-20 23:16:27',0,3,1,''),(208,0,0,2,1,0,0,0,'','','','',0.000000,0,1,NULL,0,10.500000,0.000000,'',0.000000,0.000000,0.000000,'Simon08','','',0.000000,0.000000,0.000000,0.000000,2,1,0,0,0,0,1,'404',0,1,'0000-00-00',0,'new',1,1,'both',0,0,0,0,'2023-04-12 16:27:54','2023-04-20 23:16:43',0,3,1,''),(209,0,0,2,1,0,0,0,'','','','',0.000000,0,1,NULL,0,11.550000,0.000000,'',0.000000,0.000000,0.000000,'Simon15','','',0.000000,0.000000,0.000000,0.000000,2,1,0,0,0,0,1,'404',0,1,'0000-00-00',0,'new',1,1,'both',0,0,0,0,'2023-04-12 16:35:42','2023-04-20 23:16:45',0,3,1,''),(211,0,0,2,1,0,0,0,'','','','',0.000000,0,1,NULL,0,11.500000,0.000000,'',0.000000,0.000000,0.000000,'Simon16','','',0.000000,0.000000,0.000000,0.000000,2,1,0,0,0,0,1,'404',0,1,'0000-00-00',0,'new',1,1,'both',0,0,0,0,'2023-04-12 16:43:55','2023-04-20 23:19:27',0,3,1,''),(212,0,0,2,1,0,0,0,'','','','',0.000000,0,1,NULL,0,10.500000,0.000000,'',0.000000,0.000000,0.000000,'Simon11','','',0.000000,0.000000,0.000000,0.000000,2,1,0,0,0,0,1,'404',0,1,'0000-00-00',0,'new',1,1,'both',0,0,0,0,'2023-04-12 16:46:26','2023-04-20 23:19:28',0,3,1,''),(213,0,0,2,1,0,0,0,'','','','',0.000000,0,1,NULL,0,10.500000,0.000000,'',0.000000,0.000000,0.000000,'Simon12','','',0.000000,0.000000,0.000000,0.000000,2,1,0,0,0,0,1,'404',0,1,'0000-00-00',0,'new',1,1,'both',0,0,0,0,'2023-04-12 16:52:18','2023-04-20 23:19:40',0,3,1,''),(215,0,0,2,1,0,0,0,'','','','',0.000000,0,1,NULL,0,10.500000,0.000000,'',0.000000,0.000000,0.000000,'Simon14','','',0.000000,0.000000,0.000000,0.000000,2,1,0,0,0,0,1,'404',0,1,'0000-00-00',0,'new',1,1,'both',0,0,0,0,'2023-04-15 11:26:00','2023-04-20 23:19:41',0,3,1,''),(216,0,0,2,1,0,0,0,'','','','',0.000000,0,1,NULL,0,10.500000,0.000000,'',0.000000,0.000000,0.000000,'Simon09','','',0.000000,0.000000,0.000000,0.000000,2,1,0,0,0,0,1,'404',0,1,'0000-00-00',0,'new',1,1,'both',0,0,0,0,'2023-04-15 11:30:00','2023-04-20 23:19:42',0,3,1,''),(217,0,0,2,1,0,0,0,'','','','',0.000000,0,1,NULL,0,10.500000,0.000000,'',0.000000,0.000000,0.000000,'Simon10','','',0.000000,0.000000,0.000000,0.000000,2,1,0,0,0,0,1,'404',0,1,'0000-00-00',0,'new',1,1,'both',0,0,0,0,'2023-04-15 11:33:43','2023-04-20 23:19:50',0,3,1,''),(218,0,0,2,1,0,0,0,'','','','',0.000000,0,1,NULL,0,10.500000,0.000000,'',0.000000,0.000000,0.000000,'Simon13','','',0.000000,0.000000,0.000000,0.000000,2,1,0,0,0,0,1,'404',0,1,'0000-00-00',0,'new',1,1,'both',0,0,0,0,'2023-04-15 11:36:33','2023-04-20 23:19:52',0,3,1,''),(219,0,0,2,1,0,0,0,'','','','',0.000000,0,1,NULL,0,7.350000,0.000000,'',0.000000,0.000000,0.000000,'Simon18','','',0.000000,0.000000,0.000000,0.000000,2,1,0,0,0,0,1,'404',0,1,'0000-00-00',0,'new',1,1,'both',0,0,0,0,'2023-04-15 11:40:16','2023-04-20 23:19:53',0,3,1,''),(220,0,0,2,1,0,0,0,'','','','',0.000000,0,1,NULL,0,7.350000,0.000000,'',0.000000,0.000000,0.000000,'Simon19','','',0.000000,0.000000,0.000000,0.000000,2,1,0,0,0,0,1,'404',0,1,'0000-00-00',0,'new',1,1,'both',0,0,0,0,'2023-04-15 11:43:06','2023-04-20 23:20:19',0,3,1,''),(221,0,0,2,1,0,0,0,'','','','',0.000000,0,1,NULL,0,7.350000,0.000000,'',0.000000,0.000000,0.000000,'Simon20','','',0.000000,0.000000,0.000000,0.000000,2,1,0,0,0,0,1,'404',0,1,'0000-00-00',0,'new',1,1,'both',0,0,0,0,'2023-04-15 12:30:37','2023-04-20 23:20:07',0,3,1,''),(222,0,0,2,1,0,0,0,'','','','',0.000000,0,1,NULL,0,7.350000,0.000000,'',0.000000,0.000000,0.000000,'Simon21','','',0.000000,0.000000,0.000000,0.000000,2,1,0,0,0,0,1,'404',0,1,'0000-00-00',0,'new',1,1,'both',0,0,0,0,'2023-04-15 12:40:57','2023-04-20 23:20:09',0,3,1,''),(223,0,0,2,1,0,0,0,'','','','',0.000000,0,1,NULL,0,7.350000,0.000000,'',0.000000,0.000000,0.000000,'Simon23','','',0.000000,0.000000,0.000000,0.000000,2,1,0,0,0,0,1,'404',0,1,'0000-00-00',0,'new',1,1,'both',0,0,0,0,'2023-04-15 12:45:08','2023-04-20 23:20:10',0,3,1,''),(224,0,0,2,1,0,0,0,'','','','',0.000000,0,1,NULL,0,7.350000,0.000000,'',0.000000,0.000000,0.000000,'Simon24','','',0.000000,0.000000,0.000000,0.000000,2,1,0,0,0,0,1,'404',0,1,'0000-00-00',0,'new',1,1,'both',0,0,0,0,'2023-04-15 12:48:44','2023-04-20 23:23:42',0,3,1,''),(225,0,0,2,1,0,0,0,'','','','',0.000000,0,1,NULL,0,7.350000,0.000000,'',0.000000,0.000000,0.000000,'Simon25','','',0.000000,0.000000,0.000000,0.000000,2,1,0,0,0,0,1,'404',0,1,'0000-00-00',0,'new',1,1,'both',0,0,0,0,'2023-04-15 12:51:16','2023-04-20 23:21:47',0,3,1,''),(227,0,0,2,1,0,0,0,'','','','',0.000000,0,1,NULL,0,7.900000,0.000000,'',0.000000,0.000000,0.000000,'Simon28','','',0.000000,0.000000,0.000000,0.000000,2,1,0,0,0,0,1,'404',0,1,'0000-00-00',0,'new',1,1,'both',0,0,0,0,'2023-04-15 12:56:37','2023-04-20 23:21:49',0,3,1,''),(228,0,0,2,1,0,0,0,'','','','',0.000000,0,1,NULL,0,7.900000,0.000000,'',0.000000,0.000000,0.000000,'Simon29','','',0.000000,0.000000,0.000000,0.000000,2,1,0,0,0,0,1,'404',0,1,'0000-00-00',0,'new',1,1,'both',0,0,0,0,'2023-04-15 12:59:57','2023-04-20 23:24:01',0,3,1,''),(229,0,0,2,1,0,0,0,'','','','',0.000000,0,1,NULL,0,11.550000,0.000000,'',0.000000,0.000000,0.000000,'Simon31','','',0.000000,0.000000,0.000000,0.000000,2,1,0,0,0,0,1,'404',0,1,'0000-00-00',0,'new',1,1,'both',0,0,0,0,'2023-04-15 13:04:38','2023-04-20 23:23:54',0,3,1,''),(230,0,0,2,1,0,0,0,'','','','',0.000000,0,1,NULL,0,6.300000,0.000000,'',0.000000,0.000000,0.000000,'Simon33','','',0.000000,0.000000,0.000000,0.000000,2,1,0,0,0,0,1,'404',0,1,'0000-00-00',0,'new',1,1,'both',0,0,0,0,'2023-04-15 13:10:11','2023-04-20 23:24:47',0,3,1,''),(231,0,0,2,1,0,0,0,'','','','',0.000000,0,1,NULL,0,6.300000,0.000000,'',0.000000,0.000000,0.000000,'Simon34','','',0.000000,0.000000,0.000000,0.000000,2,1,0,0,0,0,1,'404',0,1,'0000-00-00',0,'new',1,1,'both',0,0,0,0,'2023-04-15 13:14:06','2023-04-20 23:24:48',0,3,1,''),(232,0,0,2,1,0,0,0,'','','','',0.000000,0,1,NULL,0,6.300000,0.000000,'',0.000000,0.000000,0.000000,'Simon35','','',0.000000,0.000000,0.000000,0.000000,2,1,0,0,0,0,1,'404',0,1,'0000-00-00',0,'new',1,1,'both',0,0,0,0,'2023-04-15 13:17:00','2023-04-20 23:24:48',0,3,1,''),(233,0,0,2,1,0,0,0,'','','','',0.000000,0,1,NULL,0,22.500000,0.000000,'',0.000000,0.000000,0.000000,'Simon41','','',0.000000,0.000000,0.000000,0.000000,2,1,0,0,0,0,1,'404',0,1,'0000-00-00',0,'new',1,1,'both',0,0,0,0,'2023-04-15 13:21:38','2023-04-20 23:26:30',0,3,1,''),(234,0,0,2,1,0,0,0,'','','','',0.000000,0,1,NULL,0,26.500000,0.000000,'',0.000000,0.000000,0.000000,'Simon37','','',0.000000,0.000000,0.000000,0.000000,2,1,0,0,0,0,1,'404',0,1,'0000-00-00',0,'new',1,1,'both',0,0,0,0,'2023-04-15 13:24:17','2023-04-20 23:26:31',0,3,1,''),(235,0,0,2,1,0,0,0,'','','','',0.000000,0,1,NULL,0,26.500000,0.000000,'',0.000000,0.000000,0.000000,'Simon38','','',0.000000,0.000000,0.000000,0.000000,2,1,0,0,0,0,1,'404',0,1,'0000-00-00',0,'new',1,1,'both',0,0,0,0,'2023-04-15 13:26:29','2023-04-20 23:26:32',0,3,1,''),(236,0,0,2,1,0,0,0,'','','','',0.000000,0,1,NULL,0,26.500000,0.000000,'',0.000000,0.000000,0.000000,'Simon39','','',0.000000,0.000000,0.000000,0.000000,2,1,0,0,0,0,1,'404',0,1,'0000-00-00',0,'new',1,1,'both',0,0,0,0,'2023-04-15 13:29:35','2023-04-20 23:26:32',0,3,1,''),(237,0,0,2,1,0,0,0,'','','','',0.000000,0,1,NULL,0,28.500000,0.000000,'',0.000000,0.000000,0.000000,'Simon40','','',0.000000,0.000000,0.000000,0.000000,2,1,0,0,0,0,1,'404',0,1,'0000-00-00',0,'new',1,1,'both',0,0,0,0,'2023-04-15 13:31:44','2023-04-20 23:27:14',0,3,1,''),(238,0,0,2,1,0,0,0,'','','','',0.000000,0,1,NULL,0,13.990000,0.000000,'',0.000000,0.000000,0.000000,'CM08','','',0.000000,0.000000,0.000000,0.000000,2,1,0,0,0,0,1,'404',0,1,'0000-00-00',0,'new',1,1,'both',0,0,0,64,'2023-04-15 13:44:24','2023-04-30 13:11:11',0,3,1,'combinations'),(239,0,0,63,1,0,0,0,'','','','',0.000000,0,1,NULL,0,14.990000,0.000000,'',0.000000,0.000000,0.000000,'CM07','','',0.000000,0.000000,0.000000,0.000000,2,1,0,0,0,0,1,'404',0,1,'0000-00-00',0,'new',1,1,'both',0,0,0,66,'2023-04-15 13:47:47','2023-04-30 13:10:16',0,3,1,'combinations'),(240,0,0,2,1,0,0,0,'','','','',0.000000,0,1,NULL,0,27.990000,0.000000,'',0.000000,0.000000,0.000000,'CM09','','',0.000000,0.000000,0.000000,0.000000,2,1,0,0,0,0,1,'404',0,1,'0000-00-00',0,'new',1,1,'both',0,0,0,71,'2023-04-15 13:49:31','2023-04-30 13:10:04',0,3,1,'combinations'),(241,0,0,2,1,0,0,0,'','','','',0.000000,0,1,NULL,0,59.990000,0.000000,'',0.000000,0.000000,0.000000,'CM06','','',0.000000,0.000000,0.000000,0.000000,2,1,0,0,0,0,1,'404',0,1,'0000-00-00',0,'new',1,1,'both',0,0,0,73,'2023-04-15 13:51:40','2023-04-30 13:10:42',0,3,1,'combinations'),(242,0,0,2,1,0,0,0,'','','','',0.000000,0,1,NULL,0,18.990000,0.000000,'',0.000000,0.000000,0.000000,'CM11','','',0.000000,0.000000,0.000000,0.000000,2,1,0,0,0,0,1,'404',0,1,'0000-00-00',0,'new',1,1,'both',0,0,0,82,'2023-04-15 13:54:56','2023-04-30 13:26:48',0,3,1,'combinations'),(243,0,0,2,1,0,0,0,'','','','',0.000000,0,1,NULL,0,10.990000,0.000000,'',0.000000,0.000000,0.000000,'CM10','','',0.000000,0.000000,0.000000,0.000000,2,1,0,0,0,0,1,'404',0,1,'0000-00-00',0,'new',1,1,'both',0,0,0,105,'2023-04-15 13:56:33','2023-04-30 13:26:59',0,3,1,'combinations'),(244,0,0,2,1,0,0,0,'','','','',0.000000,0,1,NULL,0,24.990000,0.000000,'',0.000000,0.000000,0.000000,'CM02','','',0.000000,0.000000,0.000000,0.000000,2,1,0,0,0,0,1,'404',0,1,'0000-00-00',0,'new',1,1,'both',0,0,0,92,'2023-04-15 13:58:32','2023-04-30 13:27:28',0,3,1,'combinations'),(245,0,0,2,1,0,0,0,'','','','',0.000000,0,1,NULL,0,36.990000,0.000000,'',0.000000,0.000000,0.000000,'CM03','','',0.000000,0.000000,0.000000,0.000000,2,1,0,0,0,0,1,'404',0,1,'0000-00-00',0,'new',1,1,'both',0,0,0,108,'2023-04-15 14:04:06','2023-04-30 13:20:41',0,3,1,'combinations'),(246,0,0,2,1,0,0,0,'','','','',0.000000,0,1,NULL,0,18.990000,0.000000,'',0.000000,0.000000,0.000000,'CM01','','',0.000000,0.000000,0.000000,0.000000,2,1,0,0,0,0,1,'404',0,1,'0000-00-00',0,'new',1,1,'both',0,0,0,113,'2023-04-15 14:05:34','2023-04-30 13:27:50',0,3,1,'combinations'),(247,0,0,2,1,0,0,0,'','','','',0.000000,0,1,NULL,0,36.990000,0.000000,'',0.000000,0.000000,0.000000,'CM04','','',0.000000,0.000000,0.000000,0.000000,2,1,0,0,0,0,1,'404',0,1,'0000-00-00',0,'new',1,1,'both',0,0,0,119,'2023-04-15 14:08:52','2023-04-30 13:32:37',0,3,1,'combinations'),(249,0,0,2,1,0,0,0,'','','','',0.000000,0,1,NULL,0,89.000000,0.000000,'Kilo',0.000000,0.000000,0.000000,'101','','',0.000000,0.000000,0.000000,0.000000,2,1,0,0,0,0,1,'404',0,1,'0000-00-00',0,'new',1,1,'both',0,0,0,0,'2023-04-15 14:22:37','2023-04-30 17:47:38',0,3,1,'combinations'),(251,0,0,2,1,0,0,0,'','','','',0.000000,0,1,NULL,0,93.990000,0.000000,'',0.000000,0.000000,0.000000,'103','','',0.000000,0.000000,0.000000,0.000000,2,1,0,0,0,0,1,'404',0,1,'0000-00-00',0,'new',1,1,'both',0,0,0,0,'2023-04-15 14:48:43','2023-04-30 17:52:07',0,3,1,'combinations'),(252,0,0,2,1,0,0,0,'','','','',0.000000,0,1,NULL,0,114.990000,0.000000,'',0.000000,0.000000,0.000000,'117','','',0.000000,0.000000,0.000000,0.000000,2,1,0,0,0,0,1,'404',0,1,'0000-00-00',0,'new',1,1,'both',0,0,0,0,'2023-04-15 15:02:14','2023-04-30 17:54:12',0,3,1,'combinations'),(254,0,0,2,1,0,0,0,'','','','',0.000000,0,1,NULL,0,92.990000,0.000000,'',0.000000,0.000000,0.000000,'109','','',0.000000,0.000000,0.000000,0.000000,2,1,0,0,0,0,1,'404',0,1,'0000-00-00',0,'new',1,1,'both',0,0,0,0,'2023-04-15 15:19:29','2023-04-30 17:58:52',0,3,1,'combinations'),(255,0,0,2,1,0,0,0,'','','','',0.000000,0,1,NULL,0,59.990000,0.000000,'',0.000000,0.000000,0.000000,'197','','',0.000000,0.000000,0.000000,0.000000,2,1,0,0,0,0,1,'404',0,1,'0000-00-00',0,'new',1,1,'both',0,0,0,0,'2023-04-15 15:37:42','2023-05-08 08:28:37',0,0,1,'combinations'),(259,0,0,2,1,0,0,0,'','','','',0.000000,0,1,NULL,0,5.990000,0.000000,'',0.000000,0.000000,0.000000,'238','','',0.000000,0.000000,0.000000,0.000000,2,1,0,0,0,0,1,'404',0,1,'0000-00-00',0,'new',1,1,'both',0,0,0,125,'2023-04-30 14:00:35','2023-04-30 18:43:22',0,3,1,'combinations'),(260,0,0,2,1,0,0,0,'','','','',0.000000,0,1,NULL,0,5.990000,0.000000,'',0.000000,0.000000,0.000000,'241','','',0.000000,0.000000,0.000000,0.000000,2,1,0,0,0,0,1,'404',0,1,'0000-00-00',0,'new',1,1,'both',0,0,0,127,'2023-04-30 14:25:43','2023-04-30 18:43:22',0,3,1,'combinations'),(261,0,0,2,1,0,0,0,'','','','',0.000000,0,1,NULL,0,59.990000,0.000000,'',0.000000,0.000000,0.000000,'221','','',0.000000,0.000000,0.000000,0.000000,2,1,0,0,0,0,1,'404',0,1,'0000-00-00',0,'new',1,1,'both',0,0,0,0,'2023-04-30 14:29:14','2023-04-30 18:43:22',0,3,1,''),(262,0,0,2,1,0,0,0,'','','','',0.000000,0,1,NULL,0,59.990000,0.000000,'',0.000000,0.000000,0.000000,'222','','',0.000000,0.000000,0.000000,0.000000,2,1,0,0,0,0,1,'404',0,1,'0000-00-00',0,'new',1,1,'both',0,0,0,0,'2023-04-30 14:35:45','2023-05-08 08:27:44',0,0,1,'combinations'),(263,0,0,2,1,0,0,0,'','','','',0.000000,0,1,NULL,0,7.990000,0.000000,'',0.000000,0.000000,0.000000,'177','','',0.000000,0.000000,0.000000,0.000000,2,1,0,0,0,0,1,'404',0,1,'0000-00-00',0,'new',1,1,'both',0,0,0,131,'2023-04-30 14:44:56','2023-04-30 18:43:22',0,3,1,'combinations'),(264,0,0,2,1,0,0,0,'','','','',0.000000,0,1,NULL,0,55.000000,0.000000,'',0.000000,0.000000,0.000000,'225','','',0.000000,0.000000,0.000000,0.000000,2,1,0,0,0,0,1,'404',0,1,'0000-00-00',0,'new',1,1,'both',0,0,0,0,'2023-04-30 14:55:25','2023-04-30 18:43:22',0,3,1,''),(265,0,0,2,1,0,0,0,'','','','',0.000000,0,1,NULL,0,78.000000,0.000000,'',0.000000,0.000000,0.000000,'229','','',0.000000,0.000000,0.000000,0.000000,2,1,0,0,0,0,1,'404',0,1,'0000-00-00',0,'new',1,1,'both',0,0,0,0,'2023-04-30 15:18:08','2023-04-30 18:43:22',0,3,1,''),(266,0,0,2,1,0,0,0,'','','','',0.000000,0,1,NULL,0,56.000000,0.000000,'',0.000000,0.000000,0.000000,'233','','',0.000000,0.000000,0.000000,0.000000,2,1,0,0,0,0,1,'404',0,1,'0000-00-00',0,'new',1,1,'both',0,0,0,0,'2023-04-30 15:24:14','2023-04-30 18:43:22',0,3,1,''),(267,0,0,2,1,0,0,0,'','','','',0.000000,0,1,NULL,0,5.990000,0.000000,'',0.000000,0.000000,0.000000,'172','','',0.000000,0.000000,0.000000,0.000000,2,1,0,0,0,0,1,'404',0,1,'0000-00-00',0,'new',1,1,'both',0,0,0,133,'2023-04-30 15:32:21','2023-04-30 18:43:22',0,3,1,'combinations'),(268,0,0,2,1,0,0,0,'','','','',0.000000,0,1,NULL,0,6.990000,0.000000,'',0.000000,0.000000,0.000000,'175','','',0.000000,0.000000,0.000000,0.000000,2,1,0,0,0,0,1,'404',0,1,'0000-00-00',0,'new',1,1,'both',0,0,0,135,'2023-04-30 15:41:34','2023-04-30 18:43:22',0,3,1,'combinations'),(269,0,0,2,1,0,0,0,'','','','',0.000000,0,1,NULL,0,38.000000,0.000000,'',0.000000,0.000000,0.000000,'245','','',0.000000,0.000000,0.000000,0.000000,2,1,0,0,0,0,1,'404',0,1,'0000-00-00',0,'new',1,1,'both',0,0,0,137,'2023-04-30 15:51:25','2023-04-30 18:43:22',0,3,1,'combinations'),(270,0,0,2,1,0,0,0,'','','','',0.000000,0,1,NULL,0,9.990000,0.000000,'',0.000000,0.000000,0.000000,'240','','',0.000000,0.000000,0.000000,0.000000,2,1,0,0,0,0,1,'404',0,1,'0000-00-00',0,'new',1,1,'both',0,0,0,139,'2023-04-30 15:59:18','2023-04-30 18:43:22',0,3,1,'combinations'),(271,0,0,2,1,0,0,0,'','','','',0.000000,0,1,NULL,0,6.990000,0.000000,'',0.000000,0.000000,0.000000,'318','','',0.000000,0.000000,0.000000,0.000000,2,1,0,0,0,0,1,'404',0,1,'0000-00-00',0,'new',1,1,'both',0,0,0,141,'2023-04-30 16:12:32','2023-04-30 18:43:22',0,3,1,'combinations'),(272,0,0,2,1,0,0,0,'','','','',0.000000,0,1,NULL,0,9.500000,0.000000,'',0.000000,0.000000,0.000000,'236','','',0.000000,0.000000,0.000000,0.000000,2,1,0,0,0,0,1,'404',0,1,'0000-00-00',0,'new',1,1,'both',0,0,0,143,'2023-04-30 16:21:37','2023-04-30 18:43:22',0,3,1,'combinations'),(273,0,0,2,1,0,0,0,'','','','',0.000000,0,1,NULL,0,17.990000,0.000000,'',0.000000,0.000000,0.000000,'174','','',0.000000,0.000000,0.000000,0.000000,2,1,0,0,0,0,1,'404',0,1,'0000-00-00',0,'new',1,1,'both',0,0,0,145,'2023-04-30 16:32:58','2023-05-04 01:33:18',0,3,1,'combinations'),(274,0,0,2,1,0,0,0,'','','','',0.000000,0,1,NULL,0,59.990000,0.000000,'',0.000000,0.000000,0.000000,'224','','',0.000000,0.000000,0.000000,0.000000,2,1,0,0,0,0,1,'404',0,1,'0000-00-00',0,'new',1,1,'both',0,0,0,0,'2023-04-30 16:41:45','2023-04-30 18:43:22',0,3,1,''),(275,0,0,2,1,0,0,0,'','','','',0.000000,0,1,NULL,0,5.990000,0.000000,'',0.000000,0.000000,0.000000,'182','','',0.000000,0.000000,0.000000,0.000000,2,1,0,0,0,0,1,'404',0,1,'0000-00-00',0,'new',1,1,'both',0,0,0,147,'2023-04-30 16:47:11','2023-04-30 18:43:22',0,3,1,'combinations'),(276,0,0,2,1,0,0,0,'','','','',0.000000,0,1,NULL,0,5.990000,0.000000,'',0.000000,0.000000,0.000000,'184','','',0.000000,0.000000,0.000000,0.000000,2,1,0,0,0,0,1,'404',0,1,'0000-00-00',0,'new',1,1,'both',0,0,0,149,'2023-04-30 16:55:16','2023-04-30 18:43:22',0,3,1,'combinations'),(277,0,0,2,1,0,0,0,'','','','',0.000000,0,1,NULL,0,5.500000,0.000000,'',0.000000,0.000000,0.000000,'157','','',0.000000,0.000000,0.000000,0.000000,2,1,0,0,0,0,1,'404',0,1,'0000-00-00',0,'new',1,1,'both',0,0,0,151,'2023-04-30 17:08:49','2023-04-30 18:43:22',0,3,1,'combinations'),(278,0,0,2,1,0,0,0,'','','','',0.000000,0,1,NULL,0,39.000000,0.000000,'',0.000000,0.000000,0.000000,'173','','',0.000000,0.000000,0.000000,0.000000,2,1,0,0,0,0,1,'404',0,1,'0000-00-00',0,'new',1,1,'both',0,0,0,0,'2023-04-30 17:13:49','2023-04-30 18:43:22',0,3,1,''),(279,0,0,2,1,0,0,0,'','','','',0.000000,0,1,NULL,0,42.990000,0.000000,'',0.000000,0.000000,0.000000,'150','','',0.000000,0.000000,0.000000,0.000000,2,1,0,0,0,0,1,'404',0,1,'0000-00-00',0,'new',1,1,'both',0,0,0,0,'2023-04-30 17:18:56','2023-04-30 18:43:22',0,3,1,''),(281,0,0,2,1,0,0,0,'','','','',0.000000,0,1,NULL,0,6.750000,0.000000,'',0.000000,0.000000,0.000000,'112','','',0.000000,0.000000,0.000000,0.000000,2,2,0,0,0,0,1,'404',0,1,'0000-00-00',0,'new',1,1,'both',0,0,0,153,'2023-04-30 17:27:05','2023-06-13 10:48:12',0,3,1,'combinations'),(282,0,0,2,1,0,0,0,'','','','',0.000000,0,1,NULL,0,7.990000,0.000000,'',0.000000,0.000000,0.000000,'320','','',0.000000,0.000000,0.000000,0.000000,2,1,0,0,0,0,1,'404',0,1,'0000-00-00',0,'new',1,1,'both',0,0,0,155,'2023-04-30 17:30:37','2023-05-04 01:30:47',0,3,1,'combinations'),(283,0,0,2,1,0,0,0,'','','','',0.000000,0,1,NULL,0,98.000000,0.000000,'',0.000000,0.000000,0.000000,'106-107','','',0.000000,0.000000,0.000000,0.000000,2,1,0,0,0,0,1,'404',0,1,'0000-00-00',0,'new',1,1,'both',0,0,0,0,'2023-04-30 17:36:25','2023-05-04 01:30:47',0,3,1,''),(284,0,0,2,1,0,0,0,'','','','',0.000000,0,1,NULL,0,92.990000,0.000000,'',0.000000,0.000000,0.000000,'116','','',0.000000,0.000000,0.000000,0.000000,2,1,0,0,0,0,1,'404',0,1,'0000-00-00',0,'new',1,1,'both',0,0,0,0,'2023-04-30 17:58:56','2023-05-04 01:30:47',0,3,1,''),(285,0,0,2,1,0,0,0,'','','','',0.000000,0,1,NULL,0,47.000000,0.000000,'',0.000000,0.000000,0.000000,'126','','',0.000000,0.000000,0.000000,0.000000,2,1,0,0,0,0,1,'404',0,1,'0000-00-00',0,'new',1,1,'both',0,0,0,0,'2023-04-30 18:05:23','2023-05-08 08:33:11',0,0,1,''),(286,0,0,2,1,0,0,0,'','','','',0.000000,0,1,NULL,0,59.990000,0.000000,'',0.000000,0.000000,0.000000,'194','','',0.000000,0.000000,0.000000,0.000000,2,1,0,0,0,0,1,'404',0,1,'0000-00-00',0,'new',1,1,'both',0,0,0,0,'2023-04-30 18:13:08','2023-05-08 08:30:02',0,0,1,''),(287,0,0,2,1,0,0,0,'','','','',0.000000,0,1,NULL,0,59.990000,0.000000,'',0.000000,0.000000,0.000000,'200','','',0.000000,0.000000,0.000000,0.000000,2,1,0,0,0,0,1,'404',0,1,'0000-00-00',0,'new',1,1,'both',0,0,0,0,'2023-04-30 18:16:09','2023-05-08 08:32:24',0,0,1,''),(288,0,0,2,1,0,0,0,'','','','',0.000000,0,1,NULL,0,4.990000,0.000000,'',0.000000,0.000000,0.000000,'317','','',0.000000,0.000000,0.000000,0.000000,2,1,0,0,0,0,1,'404',0,1,'0000-00-00',0,'new',1,1,'both',0,0,0,157,'2023-04-30 18:18:45','2023-05-04 01:30:47',0,3,1,'combinations'),(289,0,0,2,1,1,0,0,'','','','',0.000000,0,1,NULL,0,4.990000,0.000000,'',0.000000,0.000000,0.000000,'209','','',0.000000,0.000000,0.000000,0.000000,2,1,0,0,0,0,1,'404',0,1,'0000-00-00',0,'new',1,1,'both',0,0,0,159,'2023-04-30 18:26:27','2023-05-04 01:30:47',0,3,1,'combinations'),(290,0,0,2,1,0,0,0,'','','','',0.000000,0,1,NULL,0,8.990000,0.000000,'',0.000000,0.000000,0.000000,'192','','',0.000000,0.000000,0.000000,0.000000,2,1,0,0,0,0,1,'404',0,1,'0000-00-00',0,'new',1,1,'both',0,0,0,161,'2023-04-30 18:31:35','2023-05-04 01:30:47',0,3,1,'combinations'),(291,0,0,2,1,0,0,0,'','','','',0.000000,0,1,NULL,0,74.990000,0.000000,'',0.000000,0.000000,0.000000,'207','','',0.000000,0.000000,0.000000,0.000000,2,1,0,0,0,0,1,'404',0,1,'0000-00-00',0,'new',1,1,'both',0,0,0,0,'2023-04-30 18:39:21','2023-05-04 01:30:47',0,3,1,''),(292,0,0,2,1,0,0,0,'','','','',0.000000,0,1,NULL,0,10.250000,0.000000,'',0.000000,0.000000,0.000000,'124','','',0.000000,0.000000,0.000000,0.000000,2,1,0,0,0,0,1,'404',0,1,'0000-00-00',0,'new',1,1,'both',0,0,0,163,'2023-04-30 18:43:54','2023-05-04 01:30:47',0,3,1,'combinations'),(293,0,0,2,1,0,0,0,'','','','',0.000000,0,1,NULL,0,32.990000,0.000000,'',0.000000,0.000000,0.000000,'121','','',0.000000,0.000000,0.000000,0.000000,2,1,0,0,0,0,1,'404',0,1,'0000-00-00',0,'new',1,1,'both',0,0,0,0,'2023-04-30 18:50:25','2023-05-04 01:30:47',0,3,1,''),(294,0,0,2,1,0,0,0,'','','','',0.000000,0,1,NULL,0,54.990000,0.000000,'',0.000000,0.000000,0.000000,'120','','',0.000000,0.000000,0.000000,0.000000,2,1,0,0,0,0,1,'404',0,1,'0000-00-00',0,'new',1,1,'both',0,0,0,0,'2023-04-30 18:54:50','2023-05-04 01:30:47',0,3,1,''),(295,0,0,2,1,0,0,0,'','','','',0.000000,0,1,NULL,0,58.990000,0.000000,'',0.000000,0.000000,0.000000,'123','','',0.000000,0.000000,0.000000,0.000000,2,1,0,0,0,0,1,'404',0,1,'0000-00-00',0,'new',1,1,'both',0,0,0,0,'2023-04-30 18:57:13','2023-05-08 08:38:02',0,0,1,''),(296,0,0,2,1,1,0,0,'','','','',0.000000,0,1,NULL,0,13.950000,0.000000,'',0.000000,0.000000,0.000000,'101','','',0.000000,0.000000,0.000000,0.000000,2,1,0,0,0,0,1,'404',0,1,'0000-00-00',0,'new',1,1,'both',0,0,0,0,'2023-04-30 19:13:27','2023-05-04 01:30:47',0,3,1,''),(297,0,0,2,1,1,0,0,'','','','',0.000000,0,1,NULL,0,13.950000,0.000000,'',0.000000,0.000000,0.000000,'102','','',0.000000,0.000000,0.000000,0.000000,2,1,0,0,0,0,1,'404',0,1,'0000-00-00',0,'new',1,1,'both',0,0,0,0,'2023-04-30 19:21:14','2023-05-04 01:30:47',0,3,1,''),(298,0,0,2,1,1,0,0,'','','','',0.000000,0,1,NULL,0,13.950000,0.000000,'',0.000000,0.000000,0.000000,'103','','',0.000000,0.000000,0.000000,0.000000,2,1,0,0,0,0,1,'404',0,1,'0000-00-00',0,'new',1,1,'both',0,0,0,0,'2023-04-30 19:24:53','2023-05-04 01:30:47',0,3,1,''),(299,0,0,2,1,1,0,0,'','','','',0.000000,0,1,NULL,0,13.950000,0.000000,'',0.000000,0.000000,0.000000,'104','','',0.000000,0.000000,0.000000,0.000000,2,1,0,0,0,0,1,'404',0,1,'0000-00-00',0,'new',1,1,'both',0,0,0,0,'2023-04-30 19:27:01','2023-05-04 01:30:47',0,3,1,''),(300,0,0,2,1,1,0,0,'','','','',0.000000,0,1,NULL,0,13.950000,0.000000,'',0.000000,0.000000,0.000000,'105','','',0.000000,0.000000,0.000000,0.000000,2,1,0,0,0,0,1,'404',0,1,'0000-00-00',0,'new',1,1,'both',0,0,0,0,'2023-04-30 19:29:04','2023-05-04 01:30:47',0,3,1,''),(301,0,0,2,1,1,0,0,'','','','',0.000000,0,1,NULL,0,27.950000,0.000000,'',0.000000,0.000000,0.000000,'106','','',0.000000,0.000000,0.000000,0.000000,2,1,0,0,0,0,1,'404',0,1,'0000-00-00',0,'new',1,1,'both',0,0,0,0,'2023-04-30 19:32:56','2023-05-04 03:13:05',0,0,1,''),(302,0,0,2,1,1,0,0,'','','','',0.000000,0,1,NULL,0,17.950000,0.000000,'',0.000000,0.000000,0.000000,'107','','',0.000000,0.000000,0.000000,0.000000,2,1,0,0,0,0,1,'404',0,1,'0000-00-00',0,'new',1,1,'both',0,0,0,0,'2023-04-30 19:35:04','2023-05-04 01:32:09',0,3,1,''),(303,0,0,2,1,0,0,0,'','','','',0.000000,0,1,NULL,0,9.990000,0.000000,'',0.000000,0.000000,0.000000,'','','',0.000000,0.000000,0.000000,0.000000,2,1,0,0,0,0,1,'404',0,1,'0000-00-00',0,'new',1,1,'both',0,0,0,0,'2023-05-14 19:28:40','2023-05-14 20:46:42',0,0,1,''),(304,0,0,2,1,0,0,0,'','','','',0.000000,0,1,NULL,0,11.990000,0.000000,'',0.000000,0.000000,0.000000,'','','',0.000000,0.000000,0.000000,0.000000,2,1,0,0,0,0,1,'404',0,1,'0000-00-00',0,'new',1,1,'both',0,0,0,0,'2023-05-14 19:38:17','2023-05-14 20:46:41',0,0,1,''),(305,0,0,2,1,0,0,0,'','','','',0.000000,0,1,NULL,0,11.990000,0.000000,'',0.000000,0.000000,0.000000,'','','',0.000000,0.000000,0.000000,0.000000,2,1,0,0,0,0,1,'404',0,1,'0000-00-00',0,'new',1,1,'both',0,0,0,0,'2023-05-14 19:41:18','2023-05-14 20:46:39',0,0,1,''),(306,0,0,2,1,0,0,0,'','','','',0.000000,0,1,NULL,0,11.990000,0.000000,'',0.000000,0.000000,0.000000,'','','',0.000000,0.000000,0.000000,0.000000,2,1,0,0,0,0,1,'404',0,1,'0000-00-00',0,'new',1,1,'both',0,0,0,0,'2023-05-14 19:42:44','2023-05-14 20:46:38',0,0,1,''),(307,0,0,2,1,0,0,0,'','','','',0.000000,0,1,NULL,0,11.990000,0.000000,'',0.000000,0.000000,0.000000,'','','',0.000000,0.000000,0.000000,0.000000,2,1,0,0,0,0,1,'404',0,1,'0000-00-00',0,'new',1,1,'both',0,0,0,0,'2023-05-14 19:50:34','2023-05-14 20:46:38',0,0,1,''),(308,0,0,2,1,0,0,0,'','','','',0.000000,0,1,NULL,0,11.990000,0.000000,'',0.000000,0.000000,0.000000,'','','',0.000000,0.000000,0.000000,0.000000,2,1,0,0,0,0,1,'404',0,1,'0000-00-00',0,'new',1,1,'both',0,0,0,0,'2023-05-14 19:52:44','2023-05-14 20:46:37',0,0,1,''),(309,0,0,2,1,0,0,0,'','','','',0.000000,0,1,NULL,0,11.990000,0.000000,'',0.000000,0.000000,0.000000,'','','',0.000000,0.000000,0.000000,0.000000,2,1,0,0,0,0,1,'404',0,1,'0000-00-00',0,'new',1,1,'both',0,0,0,0,'2023-05-14 19:54:11','2023-05-14 20:46:37',0,0,1,''),(310,0,0,2,1,0,0,0,'','','','',0.000000,0,1,NULL,0,11.990000,0.000000,'',0.000000,0.000000,0.000000,'','','',0.000000,0.000000,0.000000,0.000000,2,1,0,0,0,0,1,'404',0,1,'0000-00-00',0,'new',1,1,'both',0,0,0,0,'2023-05-14 19:55:50','2023-05-14 20:46:37',0,0,1,''),(311,0,0,2,1,0,0,0,'','','','',0.000000,0,1,NULL,0,9.990000,0.000000,'',0.000000,0.000000,0.000000,'','','',0.000000,0.000000,0.000000,0.000000,2,1,0,0,0,0,1,'404',0,1,'0000-00-00',0,'new',1,1,'both',0,0,0,0,'2023-05-14 19:58:07','2023-05-14 20:46:34',0,0,1,''),(312,0,0,2,1,0,0,0,'','','','',0.000000,0,1,NULL,0,12.000000,0.000000,'',0.000000,0.000000,0.000000,'','','',0.000000,0.000000,0.000000,0.000000,2,1,0,0,0,0,1,'404',0,1,'0000-00-00',0,'new',1,1,'both',0,0,0,0,'2023-05-14 20:00:08','2023-05-14 20:46:33',0,0,1,''),(313,0,0,2,1,0,0,0,'','','','',0.000000,0,1,NULL,0,11.990000,0.000000,'',0.000000,0.000000,0.000000,'','','',0.000000,0.000000,0.000000,0.000000,2,1,0,0,0,0,1,'404',0,1,'0000-00-00',0,'new',1,1,'both',0,0,0,0,'2023-05-14 20:02:17','2023-05-14 20:46:34',0,0,1,''),(314,0,0,2,1,0,0,0,'','','','',0.000000,0,1,NULL,0,11.990000,0.000000,'',0.000000,0.000000,0.000000,'','','',0.000000,0.000000,0.000000,0.000000,2,1,0,0,0,0,1,'404',0,1,'0000-00-00',0,'new',1,1,'both',0,0,0,0,'2023-05-14 20:03:58','2023-05-14 20:46:31',0,0,1,''),(315,0,0,2,1,0,0,0,'','','','',0.000000,0,1,NULL,0,11.990000,0.000000,'',0.000000,0.000000,0.000000,'','','',0.000000,0.000000,0.000000,0.000000,2,1,0,0,0,0,1,'404',0,1,'0000-00-00',0,'new',1,1,'both',0,0,0,0,'2023-05-14 20:05:28','2023-05-14 20:46:30',0,0,1,''),(316,0,0,2,1,0,0,0,'','','','',0.000000,0,1,NULL,0,18.990000,0.000000,'',0.000000,0.000000,0.000000,'','','',0.000000,0.000000,0.000000,0.000000,2,1,0,0,0,0,1,'404',0,1,'0000-00-00',0,'new',1,1,'both',0,0,0,0,'2023-05-14 20:06:53','2023-05-14 20:46:30',0,0,1,''),(317,0,0,2,1,0,0,0,'','','','',0.000000,0,1,NULL,0,11.990000,0.000000,'',0.000000,0.000000,0.000000,'','','',0.000000,0.000000,0.000000,0.000000,2,1,0,0,0,0,1,'404',0,1,'0000-00-00',0,'new',1,1,'both',0,0,0,0,'2023-05-14 20:10:59','2023-05-14 20:46:30',0,0,1,''),(319,0,0,2,1,0,0,0,'','','','',0.000000,0,1,NULL,0,9.990000,0.000000,'',0.000000,0.000000,0.000000,'','','',0.000000,0.000000,0.000000,0.000000,2,1,0,0,0,0,1,'404',0,1,'0000-00-00',0,'new',1,1,'both',0,0,0,0,'2023-05-14 20:16:23','2023-06-05 15:31:31',0,0,1,''),(321,0,0,2,1,0,0,0,'','','','',0.000000,0,1,NULL,0,11.990000,0.000000,'',0.000000,0.000000,0.000000,'','','',0.000000,0.000000,0.000000,0.000000,2,1,0,0,0,0,1,'404',0,1,'0000-00-00',0,'new',1,1,'both',0,0,0,0,'2023-05-14 20:18:40','2023-05-16 03:14:18',0,0,1,''),(324,0,0,2,1,1,0,0,'','','','',0.000000,0,1,NULL,0,8.500000,0.000000,'',0.000000,0.000000,0.000000,'','','',0.000000,0.000000,0.000000,0.000000,2,1,0,0,0,0,1,'404',0,1,'0000-00-00',0,'new',1,1,'both',0,0,0,0,'2023-05-16 03:14:27','2023-05-16 04:46:54',0,0,1,''),(325,0,0,2,1,1,0,0,'','','','',0.000000,0,1,NULL,0,8.500000,0.000000,'',0.000000,0.000000,0.000000,'','','',0.000000,0.000000,0.000000,0.000000,2,1,0,0,0,0,1,'404',0,1,'0000-00-00',0,'new',1,1,'both',0,0,0,165,'2023-05-16 03:25:31','2023-05-16 04:46:54',0,0,1,'combinations'),(326,0,0,2,1,1,0,0,'','','','',0.000000,0,1,NULL,0,8.500000,0.000000,'',0.000000,0.000000,0.000000,'','','',0.000000,0.000000,0.000000,0.000000,2,1,0,0,0,0,1,'404',0,1,'0000-00-00',0,'new',1,1,'both',0,0,0,0,'2023-05-16 03:36:10','2023-05-16 04:46:52',0,0,1,''),(327,0,0,2,1,1,0,0,'','','','',0.000000,0,1,NULL,0,8.500000,0.000000,'',0.000000,0.000000,0.000000,'','','',0.000000,0.000000,0.000000,0.000000,2,1,0,0,0,0,1,'404',0,1,'0000-00-00',0,'new',1,1,'both',0,0,0,0,'2023-05-16 03:39:35','2023-05-16 04:46:52',0,0,1,''),(328,0,0,2,1,1,0,0,'','','','',0.000000,0,1,NULL,0,0.000000,0.000000,'',0.000000,0.000000,0.000000,'','','',0.000000,0.000000,0.000000,0.000000,2,1,0,0,0,0,1,'404',0,1,'0000-00-00',0,'new',1,1,'both',0,0,0,167,'2023-05-16 03:44:19','2023-05-16 04:46:53',0,0,1,'combinations'),(329,0,0,2,1,0,0,0,'','','','',0.000000,0,1,NULL,0,8.990000,0.000000,'',0.000000,0.000000,0.000000,'','','',0.000000,0.000000,0.000000,0.000000,2,1,0,0,0,0,1,'404',0,1,'0000-00-00',0,'new',1,1,'both',0,0,0,0,'2023-05-16 03:57:30','2023-05-16 04:46:53',0,0,1,''),(330,0,0,2,1,1,0,0,'','','','',0.000000,0,1,NULL,0,17.990000,0.000000,'',0.000000,0.000000,0.000000,'','','',0.000000,0.000000,0.000000,0.000000,2,1,0,0,0,0,1,'404',0,1,'0000-00-00',0,'new',1,1,'both',0,0,0,0,'2023-05-16 04:09:34','2023-05-16 04:46:51',0,0,1,''),(331,0,0,2,1,0,0,0,'','','','',0.000000,0,1,NULL,0,6.750000,0.000000,'',0.000000,0.000000,0.000000,'','','',0.000000,0.000000,0.000000,0.000000,2,1,0,0,0,0,1,'404',0,1,'0000-00-00',0,'new',1,1,'both',0,0,0,0,'2023-05-16 04:12:58','2023-05-16 04:46:50',0,0,1,''),(332,0,0,2,1,0,0,0,'','','','',0.000000,0,1,NULL,0,6.750000,0.000000,'',0.000000,0.000000,0.000000,'','','',0.000000,0.000000,0.000000,0.000000,2,1,0,0,0,0,1,'404',0,1,'0000-00-00',0,'new',1,1,'both',0,0,0,0,'2023-05-16 04:16:09','2023-05-16 04:46:45',0,0,1,''),(333,0,0,2,1,0,0,0,'','','','',0.000000,0,1,NULL,0,6.750000,0.000000,'',0.000000,0.000000,0.000000,'','','',0.000000,0.000000,0.000000,0.000000,2,1,0,0,0,0,1,'404',0,1,'0000-00-00',0,'new',1,1,'both',0,0,0,0,'2023-05-16 04:17:36','2023-05-16 04:46:44',0,0,1,''),(334,0,0,2,1,1,0,0,'','','','',0.000000,0,1,NULL,0,5.750000,0.000000,'',0.000000,0.000000,0.000000,'','','',0.000000,0.000000,0.000000,0.000000,2,1,0,0,0,0,1,'404',0,1,'0000-00-00',0,'new',1,1,'both',0,0,0,0,'2023-05-16 04:21:35','2023-05-16 04:46:44',0,0,1,''),(335,0,0,2,1,1,0,0,'','','','',0.000000,0,1,NULL,0,6.750000,0.000000,'',0.000000,0.000000,0.000000,'','','',0.000000,0.000000,0.000000,0.000000,2,1,0,0,0,0,0,'404',0,1,'0000-00-00',0,'new',1,1,'both',0,0,0,0,'2023-05-16 04:25:40','2023-06-12 10:00:11',0,0,1,''),(336,0,0,2,1,0,0,0,'','','','',0.000000,0,1,NULL,0,12.990000,0.000000,'',0.000000,0.000000,0.000000,'','','',0.000000,0.000000,0.000000,0.000000,2,1,0,0,0,0,1,'404',0,1,'0000-00-00',0,'new',1,1,'both',0,0,0,0,'2023-05-16 04:27:45','2023-05-16 04:46:37',0,0,1,''),(337,0,0,2,1,0,0,0,'','','','',0.000000,0,1,NULL,0,5.990000,0.000000,'',0.000000,0.000000,0.000000,'','','',0.000000,0.000000,0.000000,0.000000,2,1,0,0,0,0,1,'404',0,1,'0000-00-00',0,'new',1,1,'both',0,0,0,0,'2023-05-16 04:30:12','2023-05-16 04:46:43',0,0,1,''),(338,0,0,2,1,0,0,0,'','','','',0.000000,0,1,NULL,0,18.990000,0.000000,'',0.000000,0.000000,0.000000,'','','',0.000000,0.000000,0.000000,0.000000,2,1,0,0,0,0,1,'404',0,1,'0000-00-00',0,'new',1,1,'both',0,0,0,0,'2023-05-16 04:31:51','2023-06-06 10:04:09',0,0,1,''),(339,0,0,2,1,0,0,0,'','','','',0.000000,0,1,NULL,0,19.990000,0.000000,'',0.000000,0.000000,0.000000,'','','',0.000000,0.000000,0.000000,0.000000,2,1,0,0,0,0,1,'404',0,1,'0000-00-00',0,'new',1,1,'both',0,0,0,0,'2023-05-16 04:34:35','2023-05-16 04:46:37',0,0,1,''),(341,0,0,2,1,1,0,0,'','','','',0.000000,0,1,NULL,0,8.990000,0.000000,'',0.000000,0.000000,0.000000,'','','',0.000000,0.000000,0.000000,0.000000,2,1,0,0,0,0,1,'404',0,1,'0000-00-00',0,'new',1,1,'both',0,0,0,0,'2023-05-16 04:37:46','2023-05-17 10:53:45',0,0,1,''),(342,0,0,2,1,1,0,0,'','','','',0.000000,0,1,NULL,0,16.990000,0.000000,'',0.000000,0.000000,0.000000,'','','',0.000000,0.000000,0.000000,0.000000,2,1,0,0,0,0,1,'404',0,1,'0000-00-00',0,'new',1,1,'both',0,0,0,0,'2023-05-16 04:39:37','2023-05-17 10:53:45',0,0,1,''),(343,0,0,2,1,1,0,0,'','','','',0.000000,0,1,NULL,0,35.990000,0.000000,'',0.000000,0.000000,0.000000,'','','',0.000000,0.000000,0.000000,0.000000,2,1,0,0,0,0,1,'404',0,1,'0000-00-00',0,'new',1,1,'both',0,0,0,0,'2023-05-16 04:43:38','2023-05-17 10:53:45',0,0,1,''),(344,0,0,2,1,1,0,0,'','','','',0.000000,0,1,NULL,0,3.750000,0.000000,'',0.000000,0.000000,0.000000,'','','',0.000000,0.000000,0.000000,0.000000,2,1,0,0,0,0,1,'404',0,1,'0000-00-00',0,'new',1,1,'both',0,0,0,0,'2023-05-16 04:50:08','2023-05-17 10:53:45',0,0,1,''),(345,0,0,2,1,1,0,0,'','','','',0.000000,0,1,NULL,0,3.750000,0.000000,'',0.000000,0.000000,0.000000,'','','',0.000000,0.000000,0.000000,0.000000,2,1,0,0,0,0,1,'404',0,1,'0000-00-00',0,'new',1,1,'both',0,0,0,0,'2023-05-16 04:53:07','2023-05-17 10:53:45',0,0,1,''),(346,0,0,2,1,1,0,0,'','','','',0.000000,0,1,NULL,0,3.750000,0.000000,'',0.000000,0.000000,0.000000,'','','',0.000000,0.000000,0.000000,0.000000,2,1,0,0,0,0,1,'404',0,1,'0000-00-00',0,'new',1,1,'both',0,0,0,0,'2023-05-16 04:54:42','2023-05-17 10:53:45',0,0,1,''),(347,0,0,2,1,1,0,0,'','','','',0.000000,0,1,NULL,0,3.750000,0.000000,'',0.000000,0.000000,0.000000,'','','',0.000000,0.000000,0.000000,0.000000,2,1,0,0,0,0,1,'404',0,1,'0000-00-00',0,'new',1,1,'both',0,0,0,0,'2023-05-16 04:55:43','2023-05-17 10:53:45',0,0,1,''),(348,0,0,2,1,1,0,0,'','','','',0.000000,0,1,NULL,0,3.740000,0.000000,'',0.000000,0.000000,0.000000,'','','',0.000000,0.000000,0.000000,0.000000,2,1,0,0,0,0,1,'404',0,1,'0000-00-00',0,'new',1,1,'both',0,0,0,0,'2023-05-16 06:17:03','2023-05-17 10:53:45',0,0,1,''),(349,0,0,2,1,1,0,0,'','','','',0.000000,0,1,NULL,0,3.750000,0.000000,'',0.000000,0.000000,0.000000,'','','',0.000000,0.000000,0.000000,0.000000,2,1,0,0,0,0,1,'404',0,1,'0000-00-00',0,'new',1,1,'both',0,0,0,0,'2023-05-16 06:18:41','2023-05-17 10:53:45',0,0,1,''),(350,0,0,2,1,1,0,0,'','','','',0.000000,0,1,NULL,0,3.750000,0.000000,'',0.000000,0.000000,0.000000,'','','',0.000000,0.000000,0.000000,0.000000,2,1,0,0,0,0,1,'404',0,1,'0000-00-00',0,'new',1,1,'both',0,0,0,0,'2023-05-16 06:21:58','2023-05-17 10:53:45',0,0,1,''),(351,0,0,2,1,1,0,0,'','','','',0.000000,0,1,NULL,0,4.750000,0.000000,'',0.000000,0.000000,0.000000,'','','',0.000000,0.000000,0.000000,0.000000,2,1,0,0,0,0,1,'404',0,1,'0000-00-00',0,'new',1,1,'both',0,0,0,0,'2023-05-16 06:23:44','2023-05-17 10:53:45',0,0,1,''),(352,0,0,2,1,1,0,0,'','','','',0.000000,0,1,NULL,0,4.250000,0.000000,'',0.000000,0.000000,0.000000,'','','',0.000000,0.000000,0.000000,0.000000,2,1,0,0,0,0,1,'404',0,1,'0000-00-00',0,'new',1,1,'both',0,0,0,0,'2023-05-16 06:25:12','2023-05-17 10:53:45',0,0,1,''),(353,0,0,2,1,1,0,0,'','','','',0.000000,0,1,NULL,0,4.750000,0.000000,'',0.000000,0.000000,0.000000,'','','',0.000000,0.000000,0.000000,0.000000,2,1,0,0,0,0,1,'404',0,1,'0000-00-00',0,'new',1,1,'both',0,0,0,0,'2023-05-16 06:28:01','2023-05-17 10:53:45',0,0,1,''),(354,0,0,2,1,1,0,0,'','','','',0.000000,0,1,NULL,0,4.990000,0.000000,'',0.000000,0.000000,0.000000,'','','',0.000000,0.000000,0.000000,0.000000,2,1,0,0,0,0,1,'404',0,1,'0000-00-00',0,'new',1,1,'both',0,0,0,0,'2023-05-16 06:33:35','2023-05-17 10:53:45',0,0,1,''),(355,0,0,2,1,1,0,0,'','','','',0.000000,0,1,NULL,0,4.990000,0.000000,'',0.000000,0.000000,0.000000,'','','',0.000000,0.000000,0.000000,0.000000,2,1,0,0,0,0,1,'404',0,1,'0000-00-00',0,'new',1,1,'both',0,0,0,0,'2023-05-16 06:34:45','2023-05-17 10:53:45',0,0,1,''),(356,0,0,2,1,1,0,0,'','','','',0.000000,0,1,NULL,0,4.990000,0.000000,'',0.000000,0.000000,0.000000,'','','',0.000000,0.000000,0.000000,0.000000,2,1,0,0,0,0,1,'404',0,1,'0000-00-00',0,'new',1,1,'both',0,0,0,0,'2023-05-16 06:35:52','2023-05-17 10:53:45',0,0,1,''),(357,0,0,2,1,1,0,0,'','','','',0.000000,0,1,NULL,0,4.990000,0.000000,'',0.000000,0.000000,0.000000,'','','',0.000000,0.000000,0.000000,0.000000,2,1,0,0,0,0,1,'404',0,1,'0000-00-00',0,'new',1,1,'both',0,0,0,0,'2023-05-16 06:37:27','2023-05-17 10:53:45',0,0,1,''),(358,0,0,2,1,1,0,0,'','','','',0.000000,0,1,NULL,0,4.990000,0.000000,'',0.000000,0.000000,0.000000,'','','',0.000000,0.000000,0.000000,0.000000,2,1,0,0,0,0,1,'404',0,1,'0000-00-00',0,'new',1,1,'both',0,0,0,0,'2023-05-16 06:38:49','2023-05-17 10:53:45',0,0,1,''),(359,0,0,2,1,1,0,0,'','','','',0.000000,0,1,NULL,0,3.250000,0.000000,'',0.000000,0.000000,0.000000,'','','',0.000000,0.000000,0.000000,0.000000,2,1,0,0,0,0,1,'404',0,1,'0000-00-00',0,'new',1,1,'both',0,0,0,0,'2023-05-16 06:45:33','2023-05-17 10:53:45',0,0,1,''),(360,0,0,2,1,1,0,0,'','','','',0.000000,0,1,NULL,0,3.250000,0.000000,'',0.000000,0.000000,0.000000,'','','',0.000000,0.000000,0.000000,0.000000,2,1,0,0,0,0,1,'404',0,1,'0000-00-00',0,'new',1,1,'both',0,0,0,0,'2023-05-16 06:48:51','2023-05-17 10:53:45',0,0,1,''),(361,0,0,2,1,1,0,0,'','','','',0.000000,0,1,NULL,0,3.250000,0.000000,'',0.000000,0.000000,0.000000,'','','',0.000000,0.000000,0.000000,0.000000,2,1,0,0,0,0,1,'404',0,1,'0000-00-00',0,'new',1,1,'both',0,0,0,0,'2023-05-16 06:50:56','2023-05-17 12:24:36',0,0,1,''),(362,0,0,2,1,1,0,0,'','','','',0.000000,0,1,NULL,0,5.250000,0.000000,'',0.000000,0.000000,0.000000,'','','',0.000000,0.000000,0.000000,0.000000,2,1,0,0,0,0,1,'404',0,1,'0000-00-00',0,'new',1,1,'both',0,0,0,0,'2023-05-16 06:52:48','2023-05-17 10:53:45',0,0,1,''),(363,0,0,2,1,1,0,0,'','','','',0.000000,0,1,NULL,0,5.250000,0.000000,'',0.000000,0.000000,0.000000,'','','',0.000000,0.000000,0.000000,0.000000,2,1,0,0,0,0,1,'404',0,1,'0000-00-00',0,'new',1,1,'both',0,0,0,0,'2023-05-16 06:54:26','2023-05-17 10:53:45',0,0,1,''),(364,0,0,2,1,1,0,0,'','','','',0.000000,0,1,NULL,0,4.990000,0.000000,'',0.000000,0.000000,0.000000,'','','',0.000000,0.000000,0.000000,0.000000,2,1,0,0,0,0,1,'404',0,1,'0000-00-00',0,'new',1,1,'both',0,0,0,0,'2023-05-16 06:55:42','2023-05-17 10:53:45',0,0,1,''),(365,0,0,2,1,1,0,0,'','','','',0.000000,0,1,NULL,0,5.250000,0.000000,'',0.000000,0.000000,0.000000,'','','',0.000000,0.000000,0.000000,0.000000,2,1,0,0,0,0,1,'404',0,1,'0000-00-00',0,'new',1,1,'both',0,0,0,0,'2023-05-16 06:56:45','2023-05-17 10:53:45',0,0,1,''),(366,0,0,2,1,1,0,0,'','','','',0.000000,0,1,NULL,0,5.250000,0.000000,'',0.000000,0.000000,0.000000,'','','',0.000000,0.000000,0.000000,0.000000,2,1,0,0,0,0,1,'404',0,1,'0000-00-00',0,'new',1,1,'both',0,0,0,0,'2023-05-16 06:57:48','2023-05-17 10:53:45',0,0,1,''),(367,0,0,2,1,1,0,0,'','','','',0.000000,0,1,NULL,0,5.250000,0.000000,'',0.000000,0.000000,0.000000,'','','',0.000000,0.000000,0.000000,0.000000,2,1,0,0,0,0,1,'404',0,1,'0000-00-00',0,'new',1,1,'both',0,0,0,0,'2023-05-16 06:58:54','2023-05-17 10:53:45',0,0,1,''),(368,0,0,2,1,0,0,0,'','','','',0.000000,0,1,NULL,0,14.990000,0.000000,'',0.000000,0.000000,0.000000,'','','',0.000000,0.000000,0.000000,0.000000,2,1,0,0,0,0,1,'404',0,1,'0000-00-00',0,'new',1,1,'both',0,0,0,0,'2023-05-16 07:10:06','2023-05-17 10:53:45',0,0,1,''),(369,0,0,2,1,0,0,0,'','','','',0.000000,0,1,NULL,0,13.000000,0.000000,'',0.000000,0.000000,0.000000,'','','',0.000000,0.000000,0.000000,0.000000,2,1,0,0,0,0,1,'404',0,1,'0000-00-00',0,'new',1,1,'both',0,0,0,0,'2023-05-16 07:11:41','2023-05-17 10:53:45',0,0,1,''),(370,0,0,2,1,1,0,0,'','','','',0.000000,0,1,NULL,0,28.990000,0.000000,'',0.000000,0.000000,0.000000,'','','',0.000000,0.000000,0.000000,0.000000,2,1,0,0,0,0,1,'404',0,1,'0000-00-00',0,'new',1,1,'both',0,0,0,0,'2023-05-16 07:13:21','2023-05-17 10:53:45',0,0,1,''),(371,0,0,2,1,0,0,0,'','','','',0.000000,0,1,NULL,0,14.990000,0.000000,'',0.000000,0.000000,0.000000,'','','',0.000000,0.000000,0.000000,0.000000,2,1,0,0,0,0,1,'404',0,1,'0000-00-00',0,'new',1,1,'both',0,0,0,0,'2023-05-16 07:15:39','2023-05-17 10:53:45',0,0,1,''),(372,0,0,2,1,0,0,0,'','','','',0.000000,0,1,NULL,0,14.990000,0.000000,'',0.000000,0.000000,0.000000,'','','',0.000000,0.000000,0.000000,0.000000,2,1,0,0,0,0,1,'404',0,1,'0000-00-00',0,'new',1,1,'both',0,0,0,0,'2023-05-16 07:17:23','2023-05-17 10:53:45',0,0,1,''),(373,0,0,2,1,0,0,0,'','','','',0.000000,0,1,NULL,0,29.990000,0.000000,'',0.000000,0.000000,0.000000,'','','',0.000000,0.000000,0.000000,0.000000,2,1,0,0,0,0,1,'404',0,1,'0000-00-00',0,'new',1,1,'both',0,0,0,0,'2023-05-16 07:18:49','2023-05-17 10:53:45',0,0,1,''),(374,0,0,2,1,0,0,0,'','','','',0.000000,0,1,NULL,0,15.990000,0.000000,'',0.000000,0.000000,0.000000,'','','',0.000000,0.000000,0.000000,0.000000,2,1,0,0,0,0,1,'404',0,1,'0000-00-00',0,'new',1,1,'both',0,0,0,0,'2023-05-16 07:20:41','2023-05-17 10:53:45',0,0,1,''),(375,0,0,2,1,0,0,0,'','','','',0.000000,0,1,NULL,0,11.990000,0.000000,'',0.000000,0.000000,0.000000,'','','',0.000000,0.000000,0.000000,0.000000,2,1,0,0,0,0,1,'404',0,1,'0000-00-00',0,'new',1,1,'both',0,0,0,0,'2023-05-16 07:22:10','2023-05-17 10:53:45',0,0,1,''),(376,0,0,2,1,0,0,0,'','','','',0.000000,0,1,NULL,0,11.990000,0.000000,'',0.000000,0.000000,0.000000,'','','',0.000000,0.000000,0.000000,0.000000,2,1,0,0,0,0,1,'404',0,1,'0000-00-00',0,'new',1,1,'both',0,0,0,0,'2023-05-16 07:23:29','2023-05-17 10:53:45',0,0,1,''),(377,0,0,2,1,0,0,0,'','','','',0.000000,0,1,NULL,0,14.990000,0.000000,'',0.000000,0.000000,0.000000,'','','',0.000000,0.000000,0.000000,0.000000,2,1,0,0,0,0,1,'404',0,1,'0000-00-00',0,'new',1,1,'both',0,0,0,0,'2023-05-16 07:24:43','2023-05-17 10:53:45',0,0,1,''),(378,0,0,2,1,0,0,0,'','','','',0.000000,0,1,NULL,0,12.990000,0.000000,'',0.000000,0.000000,0.000000,'','','',0.000000,0.000000,0.000000,0.000000,2,1,0,0,0,0,1,'404',0,1,'0000-00-00',0,'new',1,1,'both',0,0,0,0,'2023-05-16 07:27:47','2023-05-17 10:53:45',0,0,1,''),(379,0,0,2,1,0,0,0,'','','','',0.000000,0,1,NULL,0,12.990000,0.000000,'',0.000000,0.000000,0.000000,'','','',0.000000,0.000000,0.000000,0.000000,2,1,0,0,0,0,1,'404',0,1,'0000-00-00',0,'new',1,1,'both',0,0,0,0,'2023-05-16 07:29:38','2023-05-17 10:53:45',0,0,1,''),(380,0,0,2,1,0,0,0,'','','','',0.000000,0,1,NULL,0,6.990000,0.000000,'',0.000000,0.000000,0.000000,'','','',0.000000,0.000000,0.000000,0.000000,2,1,0,0,0,0,1,'404',0,1,'0000-00-00',0,'new',1,1,'both',0,0,0,0,'2023-05-16 07:35:55','2023-05-17 10:53:45',0,0,1,''),(381,0,0,2,1,0,0,0,'','','','',0.000000,0,1,NULL,0,6.990000,0.000000,'',0.000000,0.000000,0.000000,'','','',0.000000,0.000000,0.000000,0.000000,2,1,0,0,0,0,1,'404',0,1,'0000-00-00',0,'new',1,1,'both',0,0,0,0,'2023-05-16 07:37:53','2023-05-17 10:53:45',0,0,1,''),(382,0,0,2,1,0,0,0,'','','','',0.000000,0,1,NULL,0,10.950000,0.000000,'',0.000000,0.000000,0.000000,'','','',0.000000,0.000000,0.000000,0.000000,2,1,0,0,0,0,1,'404',0,1,'0000-00-00',0,'new',1,1,'both',0,0,0,0,'2023-05-16 07:49:23','2023-05-17 10:53:45',0,0,1,''),(383,0,0,2,1,0,0,0,'','','','',0.000000,0,1,NULL,0,10.950000,0.000000,'',0.000000,0.000000,0.000000,'','','',0.000000,0.000000,0.000000,0.000000,2,1,0,0,0,0,1,'404',0,1,'0000-00-00',0,'new',1,1,'both',0,0,0,0,'2023-05-16 07:52:34','2023-05-17 10:53:45',0,0,1,''),(384,0,0,2,1,0,0,0,'','','','',0.000000,0,1,NULL,0,10.950000,0.000000,'',0.000000,0.000000,0.000000,'','','',0.000000,0.000000,0.000000,0.000000,2,1,0,0,0,0,1,'404',0,1,'0000-00-00',0,'new',1,1,'both',0,0,0,0,'2023-05-16 08:01:26','2023-05-17 10:53:45',0,0,1,''),(385,0,0,2,1,0,0,0,'','','','',0.000000,0,1,NULL,0,10.950000,0.000000,'',0.000000,0.000000,0.000000,'','','',0.000000,0.000000,0.000000,0.000000,2,1,0,0,0,0,1,'404',0,1,'0000-00-00',0,'new',1,1,'both',0,0,0,0,'2023-05-16 08:03:18','2023-05-17 10:53:45',0,0,1,''),(387,0,0,2,1,0,0,0,'','','','',0.000000,0,1,NULL,0,10.950000,0.000000,'',0.000000,0.000000,0.000000,'','','',0.000000,0.000000,0.000000,0.000000,2,1,0,0,0,0,1,'404',0,1,'0000-00-00',0,'new',1,1,'both',0,0,0,0,'2023-05-16 08:09:34','2023-05-17 10:53:45',0,0,1,''),(388,0,0,2,1,0,0,0,'','','','',0.000000,0,1,NULL,0,10.950000,0.000000,'',0.000000,0.000000,0.000000,'','','',0.000000,0.000000,0.000000,0.000000,2,1,0,0,0,0,1,'404',0,1,'0000-00-00',0,'new',1,1,'both',0,0,0,0,'2023-05-16 08:12:11','2023-05-17 10:53:45',0,0,1,''),(389,0,0,2,1,0,0,0,'','','','',0.000000,0,1,NULL,0,10.950000,0.000000,'',0.000000,0.000000,0.000000,'','','',0.000000,0.000000,0.000000,0.000000,2,1,0,0,0,0,1,'404',0,1,'0000-00-00',0,'new',1,1,'both',0,0,0,0,'2023-05-16 08:14:09','2023-05-17 10:53:45',0,0,1,''),(390,0,0,2,1,0,0,0,'','','','',0.000000,0,1,NULL,0,10.950000,0.000000,'',0.000000,0.000000,0.000000,'','','',0.000000,0.000000,0.000000,0.000000,2,1,0,0,0,0,1,'404',0,1,'0000-00-00',0,'new',1,1,'both',0,0,0,0,'2023-05-16 08:15:30','2023-05-17 10:53:45',0,0,1,''),(391,0,0,2,1,0,0,0,'','','','',0.000000,0,1,NULL,0,10.950000,0.000000,'',0.000000,0.000000,0.000000,'','','',0.000000,0.000000,0.000000,0.000000,2,1,0,0,0,0,1,'404',0,1,'0000-00-00',0,'new',1,1,'both',0,0,0,0,'2023-05-16 08:16:52','2023-06-05 15:31:05',0,0,1,''),(392,0,0,2,1,0,0,0,'','','','',0.000000,0,1,NULL,0,10.950000,0.000000,'',0.000000,0.000000,0.000000,'','','',0.000000,0.000000,0.000000,0.000000,2,1,0,0,0,0,1,'404',0,1,'0000-00-00',0,'new',1,1,'both',0,0,0,0,'2023-05-16 08:18:33','2023-05-17 10:53:45',0,0,1,''),(393,0,0,2,1,0,0,0,'','','','',0.000000,0,1,NULL,0,10.950000,0.000000,'',0.000000,0.000000,0.000000,'','','',0.000000,0.000000,0.000000,0.000000,2,1,0,0,0,0,1,'404',0,1,'0000-00-00',0,'new',1,1,'both',0,0,0,0,'2023-05-16 08:21:16','2023-05-17 10:53:45',0,0,1,''),(394,0,0,2,1,0,0,0,'','','','',0.000000,0,1,NULL,0,10.950000,0.000000,'',0.000000,0.000000,0.000000,'','','',0.000000,0.000000,0.000000,0.000000,2,1,0,0,0,0,1,'404',0,1,'0000-00-00',0,'new',1,1,'both',0,0,0,0,'2023-05-16 08:35:54','2023-05-17 10:53:45',0,0,1,''),(395,0,0,2,1,0,0,0,'','','','',0.000000,0,1,NULL,0,10.950000,0.000000,'',0.000000,0.000000,0.000000,'','','',0.000000,0.000000,0.000000,0.000000,2,1,0,0,0,0,1,'404',0,1,'0000-00-00',0,'new',1,1,'both',0,0,0,0,'2023-05-16 08:38:09','2023-05-17 10:53:45',0,0,1,''),(396,0,0,2,1,0,0,0,'','','','',0.000000,0,1,NULL,0,10.950000,0.000000,'',0.000000,0.000000,0.000000,'','','',0.000000,0.000000,0.000000,0.000000,2,1,0,0,0,0,1,'404',0,1,'0000-00-00',0,'new',1,1,'both',0,0,0,0,'2023-05-16 08:40:10','2023-05-17 10:53:45',0,0,1,''),(397,0,0,2,1,0,0,0,'','','','',0.000000,0,1,NULL,0,10.950000,0.000000,'',0.000000,0.000000,0.000000,'','','',0.000000,0.000000,0.000000,0.000000,2,1,0,0,0,0,1,'404',0,1,'0000-00-00',0,'new',1,1,'both',0,0,0,0,'2023-05-16 08:42:22','2023-05-17 10:53:45',0,0,1,''),(398,0,0,2,1,0,0,0,'','','','',0.000000,0,1,NULL,0,8.990000,0.000000,'',0.000000,0.000000,0.000000,'','','',0.000000,0.000000,0.000000,0.000000,2,1,0,0,0,0,1,'404',0,1,'0000-00-00',0,'new',1,1,'both',0,0,0,0,'2023-06-03 20:31:22','2023-06-03 20:53:07',0,0,1,''),(399,0,0,2,1,0,0,0,'','','','',0.000000,0,1,NULL,0,5.990000,0.000000,'',0.000000,0.000000,0.000000,'','','',0.000000,0.000000,0.000000,0.000000,2,1,0,0,0,0,1,'404',0,1,'0000-00-00',0,'new',1,1,'both',0,0,0,0,'2023-06-03 20:45:28','2023-06-03 21:20:24',0,0,1,'combinations'),(400,0,0,2,1,0,0,0,'','','','',0.000000,0,1,NULL,0,9.990000,0.000000,'',0.000000,0.000000,0.000000,'','','',0.000000,0.000000,0.000000,0.000000,2,1,0,0,0,0,1,'404',0,1,'0000-00-00',0,'new',1,1,'both',0,0,0,0,'2023-06-03 21:01:35','2023-06-05 15:30:41',0,0,1,'combinations'),(401,0,0,2,1,0,0,0,'','','','',0.000000,0,1,NULL,0,10.250000,0.000000,'',0.000000,0.000000,0.000000,'','','',0.000000,0.000000,0.000000,0.000000,2,1,0,0,0,0,1,'404',0,1,'0000-00-00',0,'new',1,1,'both',0,0,0,0,'2023-06-03 21:20:42','2023-06-03 21:40:49',0,0,1,''),(402,0,0,2,1,0,0,0,'','','','',0.000000,0,1,NULL,0,5.250000,0.000000,'',0.000000,0.000000,0.000000,'','','',0.000000,0.000000,0.000000,0.000000,2,1,0,0,0,0,1,'404',0,1,'0000-00-00',0,'new',1,1,'both',0,0,0,0,'2023-06-03 21:26:02','2023-06-06 10:03:48',0,0,1,''),(403,0,0,2,1,0,0,0,'','','','',0.000000,0,1,NULL,0,33.000000,0.000000,'',0.000000,0.000000,0.000000,'','','',0.000000,0.000000,0.000000,0.000000,2,1,0,0,0,0,1,'404',0,1,'0000-00-00',0,'new',1,1,'both',0,0,0,0,'2023-06-03 21:28:14','2023-06-03 21:40:29',0,0,1,''),(405,0,0,2,1,1,0,0,'','','','',0.000000,0,1,NULL,0,4.500000,0.000000,'',0.000000,0.000000,0.000000,'','','',0.000000,0.000000,0.000000,0.000000,2,1,0,0,0,0,1,'404',0,1,'0000-00-00',0,'new',1,1,'both',0,0,0,192,'2023-06-03 21:41:06','2023-06-12 09:57:29',0,0,1,'combinations'),(406,0,0,2,1,1,0,0,'','','','',0.000000,0,1,NULL,0,4.500000,0.000000,'',0.000000,0.000000,0.000000,'','','',0.000000,0.000000,0.000000,0.000000,2,1,0,0,0,0,1,'404',0,1,'0000-00-00',0,'new',1,1,'both',0,0,0,190,'2023-06-11 08:42:21','2023-06-12 09:54:24',0,0,1,'combinations'),(407,0,0,2,1,1,0,0,'','','','',0.000000,0,1,NULL,0,4.500000,0.000000,'',0.000000,0.000000,0.000000,'','','',0.000000,0.000000,0.000000,0.000000,2,1,0,0,0,0,1,'404',0,1,'0000-00-00',0,'new',1,1,'both',0,0,0,187,'2023-06-11 08:47:43','2023-06-12 09:58:05',0,0,1,'combinations'),(408,0,0,2,1,1,0,0,'','','','',0.000000,0,1,NULL,0,4.500000,0.000000,'',0.000000,0.000000,0.000000,'','','',0.000000,0.000000,0.000000,0.000000,2,1,0,0,0,0,1,'404',0,1,'0000-00-00',0,'new',1,1,'both',0,0,0,186,'2023-06-11 08:49:09','2023-06-12 09:53:32',0,0,1,'combinations'),(409,0,0,2,1,1,0,0,'','','','',0.000000,0,1,NULL,0,4.500000,0.000000,'',0.000000,0.000000,0.000000,'','','',0.000000,0.000000,0.000000,0.000000,2,1,0,0,0,0,1,'404',0,1,'0000-00-00',0,'new',1,1,'both',0,0,0,184,'2023-06-11 08:52:17','2023-06-12 09:53:06',0,0,1,'combinations'),(410,0,0,2,1,1,0,0,'','','','',0.000000,0,1,NULL,0,4.500000,0.000000,'',0.000000,0.000000,0.000000,'','','',0.000000,0.000000,0.000000,0.000000,2,1,0,0,0,0,1,'404',0,1,'0000-00-00',0,'new',1,1,'both',0,0,0,182,'2023-06-11 08:53:57','2023-06-12 09:50:20',0,0,1,'combinations'),(411,0,0,2,1,1,0,0,'','','','',0.000000,0,1,NULL,0,4.500000,0.000000,'',0.000000,0.000000,0.000000,'','','',0.000000,0.000000,0.000000,0.000000,2,1,0,0,0,0,1,'404',0,1,'0000-00-00',0,'new',1,1,'both',0,0,0,180,'2023-06-11 08:55:55','2023-06-12 09:48:55',0,0,1,'combinations'),(412,0,0,2,1,1,0,0,'','','','',0.000000,0,1,NULL,0,4.500000,0.000000,'',0.000000,0.000000,0.000000,'','','',0.000000,0.000000,0.000000,0.000000,2,1,0,0,0,0,1,'404',0,1,'0000-00-00',0,'new',1,1,'both',0,0,0,178,'2023-06-11 08:57:39','2023-06-12 09:48:05',0,0,1,'combinations'),(413,0,0,2,1,1,0,0,'','','','',0.000000,0,1,NULL,0,4.500000,0.000000,'',0.000000,0.000000,0.000000,'','','',0.000000,0.000000,0.000000,0.000000,2,1,0,0,0,0,1,'404',0,1,'0000-00-00',0,'new',1,1,'both',0,0,0,194,'2023-06-11 09:13:56','2023-06-12 09:45:48',0,0,1,'combinations'),(415,0,0,2,1,1,0,0,'','','','',0.000000,0,1,NULL,0,4.500000,0.000000,'',0.000000,0.000000,0.000000,'','','',0.000000,0.000000,0.000000,0.000000,2,1,0,0,0,0,1,'404',0,1,'0000-00-00',0,'new',1,1,'both',0,0,0,198,'2023-06-11 09:24:42','2023-06-12 09:45:08',0,0,1,'combinations'),(416,0,0,2,1,1,0,0,'','','','',0.000000,0,1,NULL,0,4.500000,0.000000,'',0.000000,0.000000,0.000000,'','','',0.000000,0.000000,0.000000,0.000000,2,1,0,0,0,0,1,'404',0,1,'0000-00-00',0,'new',1,1,'both',0,0,0,217,'2023-06-11 09:28:15','2023-06-12 09:59:11',0,0,1,'combinations'),(417,0,0,2,1,1,0,0,'','','','',0.000000,0,1,NULL,0,4.500000,0.000000,'',0.000000,0.000000,0.000000,'','','',0.000000,0.000000,0.000000,0.000000,2,1,0,0,0,0,1,'404',0,1,'0000-00-00',0,'new',1,1,'both',0,0,0,215,'2023-06-11 09:31:57','2023-06-12 09:54:58',0,0,1,'combinations'),(418,0,0,2,1,1,0,0,'','','','',0.000000,0,1,NULL,0,4.500000,0.000000,'',0.000000,0.000000,0.000000,'','','',0.000000,0.000000,0.000000,0.000000,2,1,0,0,0,0,1,'404',0,1,'0000-00-00',0,'new',1,1,'both',0,0,0,200,'2023-06-11 09:35:10','2023-06-12 09:42:53',0,0,1,'combinations'),(419,0,0,2,1,1,0,0,'','','','',0.000000,0,1,NULL,0,4.500000,0.000000,'',0.000000,0.000000,0.000000,'','','',0.000000,0.000000,0.000000,0.000000,2,1,0,0,0,0,1,'404',0,1,'0000-00-00',0,'new',1,1,'both',0,0,0,202,'2023-06-11 09:38:44','2023-06-12 09:42:26',0,0,1,'combinations'),(420,0,0,2,1,1,0,0,'','','','',0.000000,0,1,NULL,0,4.500000,0.000000,'',0.000000,0.000000,0.000000,'','','',0.000000,0.000000,0.000000,0.000000,2,1,0,0,0,0,1,'404',0,1,'0000-00-00',0,'new',1,1,'both',0,0,0,204,'2023-06-11 09:46:34','2023-06-12 09:55:52',0,0,1,'combinations'),(421,0,0,2,1,1,0,0,'','','','',0.000000,0,1,NULL,0,4.500000,0.000000,'',0.000000,0.000000,0.000000,'','','',0.000000,0.000000,0.000000,0.000000,2,1,0,0,0,0,1,'404',0,1,'0000-00-00',0,'new',1,1,'both',0,0,0,206,'2023-06-11 09:53:45','2023-06-12 09:41:50',0,0,1,'combinations'),(422,0,0,2,1,1,0,0,'','','','',0.000000,0,1,NULL,0,4.500000,0.000000,'',0.000000,0.000000,0.000000,'','','',0.000000,0.000000,0.000000,0.000000,2,1,0,0,0,0,1,'404',0,1,'0000-00-00',0,'new',1,1,'both',0,0,0,208,'2023-06-11 10:12:50','2023-06-12 09:40:01',0,0,1,'combinations'),(423,0,0,2,1,1,0,0,'','','','',0.000000,0,1,NULL,0,4.500000,0.000000,'',0.000000,0.000000,0.000000,'','','',0.000000,0.000000,0.000000,0.000000,2,1,0,0,0,0,1,'404',0,1,'0000-00-00',0,'new',1,1,'both',0,0,0,209,'2023-06-11 10:15:07','2023-06-12 09:56:39',0,0,1,'combinations'),(424,0,0,2,1,1,0,0,'','','','',0.000000,0,1,NULL,0,4.500000,0.000000,'',0.000000,0.000000,0.000000,'','','',0.000000,0.000000,0.000000,0.000000,2,1,0,0,0,0,1,'404',0,1,'0000-00-00',0,'new',1,1,'both',0,0,0,212,'2023-06-11 10:17:04','2023-06-12 09:38:07',0,0,1,'combinations'),(425,0,0,2,1,0,0,0,'','','','',0.000000,0,1,NULL,0,29.950000,0.000000,'',0.000000,0.000000,0.000000,'','','',0.000000,0.000000,0.000000,0.000000,2,1,0,0,0,0,1,'404',0,1,'0000-00-00',0,'new',1,1,'both',0,0,0,0,'2023-06-11 10:23:25','2023-06-12 09:41:10',0,0,1,''),(426,0,0,2,1,0,0,0,'','','','',0.000000,0,1,NULL,0,25.990000,0.000000,'',0.000000,0.000000,0.000000,'','','',0.000000,0.000000,0.000000,0.000000,2,1,0,0,0,0,1,'404',0,1,'0000-00-00',0,'new',1,1,'both',0,0,0,0,'2023-06-11 10:48:18','2023-06-12 09:40:57',0,0,1,''),(427,0,0,2,1,0,0,0,'','','','',0.000000,0,1,NULL,0,28.000000,0.000000,'',0.000000,0.000000,0.000000,'','','',0.000000,0.000000,0.000000,0.000000,2,1,0,0,0,0,1,'404',0,1,'0000-00-00',0,'new',1,1,'both',0,0,0,0,'2023-06-11 10:50:06','2023-06-12 09:40:43',0,0,1,''),(428,0,0,2,1,0,0,0,'','','','',0.000000,0,1,NULL,0,29.950000,0.000000,'',0.000000,0.000000,0.000000,'','','',0.000000,0.000000,0.000000,0.000000,2,1,0,0,0,0,1,'404',0,1,'0000-00-00',0,'new',1,1,'both',0,0,0,0,'2023-06-11 10:51:18','2023-06-12 09:40:32',0,0,1,''),(429,0,0,2,1,1,0,0,'','','','',0.000000,0,1,NULL,0,27.000000,0.000000,'',0.000000,0.000000,0.000000,'','','',0.000000,0.000000,0.000000,0.000000,2,1,0,0,0,0,1,'404',0,1,'0000-00-00',0,'new',1,1,'both',0,0,0,0,'2023-06-11 10:53:32','2023-06-12 09:40:17',0,0,1,''),(430,0,0,2,1,1,0,0,'','','','',0.000000,0,1,NULL,0,27.000000,0.000000,'',0.000000,0.000000,0.000000,'','','',0.000000,0.000000,0.000000,0.000000,2,1,0,0,0,0,1,'404',0,1,'0000-00-00',0,'new',1,1,'both',0,0,0,0,'2023-06-11 10:55:11','2023-06-13 08:20:05',0,0,1,'combinations');

--
-- Table structure for table `bl_product_attachment`
--

CREATE TABLE `bl_product_attachment` (
  `id_product` int(10) unsigned NOT NULL,
  `id_attachment` int(10) unsigned NOT NULL,
  PRIMARY KEY (`id_product`,`id_attachment`)
) ENGINE=InnoDB DEFAULT CHARSET=utf8mb4;

--
-- Dumping data for table `bl_product_attachment`
--


--
-- Table structure for table `bl_product_attribute`
--

CREATE TABLE `bl_product_attribute` (
  `id_product_attribute` int(10) unsigned NOT NULL AUTO_INCREMENT,
  `id_product` int(10) unsigned NOT NULL,
  `reference` varchar(64) DEFAULT NULL,
  `supplier_reference` varchar(64) DEFAULT NULL,
  `ean13` varchar(13) DEFAULT NULL,
  `isbn` varchar(32) DEFAULT NULL,
  `upc` varchar(12) DEFAULT NULL,
  `mpn` varchar(40) DEFAULT NULL,
  `wholesale_price` decimal(20,6) NOT NULL DEFAULT '0.000000',
  `price` decimal(20,6) NOT NULL DEFAULT '0.000000',
  `ecotax` decimal(17,6) NOT NULL DEFAULT '0.000000',
  `weight` decimal(20,6) NOT NULL DEFAULT '0.000000',
  `unit_price_impact` decimal(20,6) NOT NULL DEFAULT '0.000000',
  `default_on` tinyint(1) unsigned DEFAULT NULL,
  `minimal_quantity` int(10) unsigned NOT NULL DEFAULT '1',
  `low_stock_threshold` int(10) DEFAULT NULL,
  `low_stock_alert` tinyint(1) NOT NULL DEFAULT '0',
  `available_date` date DEFAULT NULL,
  PRIMARY KEY (`id_product_attribute`),
  UNIQUE KEY `product_default` (`id_product`,`default_on`),
  KEY `product_attribute_product` (`id_product`),
  KEY `reference` (`reference`),
  KEY `supplier_reference` (`supplier_reference`),
  KEY `id_product_id_product_attribute` (`id_product_attribute`,`id_product`)
) ENGINE=InnoDB AUTO_INCREMENT=218 DEFAULT CHARSET=utf8mb4;

--
-- Dumping data for table `bl_product_attribute`
--

INSERT INTO `bl_product_attribute` VALUES (40,20,'','','','','','',0.000000,0.000000,0.000000,0.000000,0.000000,1,1,NULL,0,'0000-00-00'),(41,20,'','','','','','',0.000000,9.000000,0.000000,0.000000,0.000000,NULL,1,NULL,0,'0000-00-00'),(44,23,'','','','','','',0.000000,0.000000,0.000000,0.000000,0.000000,1,1,NULL,0,'0000-00-00'),(45,23,'','','','','','',0.000000,9.000000,0.000000,0.000000,0.000000,NULL,1,NULL,0,'0000-00-00'),(64,238,'','','','','','',0.000000,0.000000,0.000000,0.000000,0.000000,1,1,NULL,0,'0000-00-00'),(65,238,'','','','','','',0.000000,0.000000,0.000000,0.000000,0.000000,NULL,1,NULL,0,'0000-00-00'),(66,239,'','','','','','',0.000000,0.000000,0.000000,0.000000,0.000000,1,1,NULL,0,'0000-00-00'),(67,239,'','','','','','',0.000000,0.000000,0.000000,0.000000,0.000000,NULL,1,NULL,0,'0000-00-00'),(68,239,'','','','','','',0.000000,0.000000,0.000000,0.000000,0.000000,NULL,1,NULL,0,'0000-00-00'),(69,239,'','','','','','',0.000000,0.000000,0.000000,0.000000,0.000000,NULL,1,NULL,0,'0000-00-00'),(70,239,'','','','','','',0.000000,0.000000,0.000000,0.000000,0.000000,NULL,1,NULL,0,'0000-00-00'),(71,240,'','','','','','',0.000000,0.000000,0.000000,0.000000,0.000000,1,1,NULL,0,'0000-00-00'),(72,240,'','','','','','',0.000000,0.000000,0.000000,0.000000,0.000000,NULL,1,NULL,0,'0000-00-00'),(73,241,'','','','','','',0.000000,0.000000,0.000000,0.000000,0.000000,1,1,NULL,0,'0000-00-00'),(74,241,'','','','','','',0.000000,0.000000,0.000000,0.000000,0.000000,NULL,1,NULL,0,'0000-00-00'),(75,241,'','','','','','',0.000000,0.000000,0.000000,0.000000,0.000000,NULL,1,NULL,0,'0000-00-00'),(77,241,'','','','','','',0.000000,0.000000,0.000000,0.000000,0.000000,NULL,1,NULL,0,'0000-00-00'),(78,241,'','','','','','',0.000000,0.000000,0.000000,0.000000,0.000000,NULL,1,NULL,0,'0000-00-00'),(79,0,'',NULL,'','','','',0.000000,0.000000,0.000000,0.000000,0.000000,NULL,1,NULL,0,'0000-00-00'),(80,0,'',NULL,'','','','',0.000000,0.000000,0.000000,0.000000,0.000000,NULL,1,NULL,0,'0000-00-00'),(81,0,'',NULL,'','','','',0.000000,0.000000,0.000000,0.000000,0.000000,NULL,1,NULL,0,'0000-00-00'),(82,242,'','','','','','',0.000000,0.000000,0.000000,0.000000,0.000000,1,1,NULL,0,'0000-00-00'),(83,242,'','','','','','',0.000000,0.000000,0.000000,0.000000,0.000000,NULL,1,NULL,0,'0000-00-00'),(85,0,'',NULL,'','','','',0.000000,0.000000,0.000000,0.000000,0.000000,NULL,1,NULL,0,'0000-00-00'),(86,242,'','','','','','',0.000000,0.000000,0.000000,0.000000,0.000000,NULL,1,NULL,0,'0000-00-00'),(87,0,'',NULL,'','','','',0.000000,0.000000,0.000000,0.000000,0.000000,NULL,1,NULL,0,'0000-00-00'),(88,0,'',NULL,'','','','',0.000000,0.000000,0.000000,0.000000,0.000000,NULL,1,NULL,0,'0000-00-00'),(89,0,'',NULL,'','','','',0.000000,0.000000,0.000000,0.000000,0.000000,NULL,1,NULL,0,'0000-00-00'),(90,0,'',NULL,'','','','',0.000000,0.000000,0.000000,0.000000,0.000000,NULL,1,NULL,0,'0000-00-00'),(92,244,'','','','','','',0.000000,0.000000,0.000000,0.000000,0.000000,1,1,NULL,0,'0000-00-00'),(93,244,'','','','','','',0.000000,0.000000,0.000000,0.000000,0.000000,NULL,1,NULL,0,'0000-00-00'),(94,0,'',NULL,'','','','',0.000000,0.000000,0.000000,0.000000,0.000000,1,1,NULL,0,'0000-00-00'),(95,244,'','','','','','',0.000000,0.000000,0.000000,0.000000,0.000000,NULL,1,NULL,0,'0000-00-00'),(97,244,'','','','','','',0.000000,0.000000,0.000000,0.000000,0.000000,NULL,1,NULL,0,'0000-00-00'),(104,243,'','','','','','',0.000000,0.000000,0.000000,0.000000,0.000000,NULL,1,NULL,0,'0000-00-00'),(105,243,'','','','','','',0.000000,0.000000,0.000000,0.000000,0.000000,1,1,NULL,0,'0000-00-00'),(106,243,'','','','','','',0.000000,0.000000,0.000000,0.000000,0.000000,NULL,1,NULL,0,'0000-00-00'),(107,243,'','','','','','',0.000000,0.000000,0.000000,0.000000,0.000000,NULL,1,NULL,0,'0000-00-00'),(108,245,'','','','','','',0.000000,0.000000,0.000000,0.000000,0.000000,1,1,NULL,0,'0000-00-00'),(109,245,'','','','','','',0.000000,0.000000,0.000000,0.000000,0.000000,NULL,1,NULL,0,'0000-00-00'),(110,245,'','','','','','',0.000000,0.000000,0.000000,0.000000,0.000000,NULL,1,NULL,0,'0000-00-00'),(111,245,'','','','','','',0.000000,0.000000,0.000000,0.000000,0.000000,NULL,1,NULL,0,'0000-00-00'),(112,245,'','','','','','',0.000000,0.000000,0.000000,0.000000,0.000000,NULL,1,NULL,0,'0000-00-00'),(113,246,'','','','','','',0.000000,0.000000,0.000000,0.000000,0.000000,1,1,NULL,0,'0000-00-00'),(114,246,'','','','','','',0.000000,0.000000,0.000000,0.000000,0.000000,NULL,1,NULL,0,'0000-00-00'),(115,246,'','','','','','',0.000000,0.000000,0.000000,0.000000,0.000000,NULL,1,NULL,0,'0000-00-00'),(116,246,'','','','','','',0.000000,0.000000,0.000000,0.000000,0.000000,NULL,1,NULL,0,'0000-00-00'),(118,246,'','','','','','',0.000000,0.000000,0.000000,0.000000,0.000000,NULL,1,NULL,0,'0000-00-00'),(119,247,'','','','','','',0.000000,0.000000,0.000000,0.000000,0.000000,1,1,NULL,0,'0000-00-00'),(120,247,'','','','','','',0.000000,0.000000,0.000000,0.000000,0.000000,NULL,1,NULL,0,'0000-00-00'),(121,247,'','','','','','',0.000000,0.000000,0.000000,0.000000,0.000000,NULL,1,NULL,0,'0000-00-00'),(122,247,'','','','','','',0.000000,0.000000,0.000000,0.000000,0.000000,NULL,1,NULL,0,'0000-00-00'),(123,247,'','','','','','',0.000000,0.000000,0.000000,0.000000,0.000000,NULL,1,NULL,0,'0000-00-00'),(125,259,'','','','','','',0.000000,0.000000,0.000000,0.000000,0.000000,1,1,NULL,0,'0000-00-00'),(126,259,'','','','','','',0.000000,63.000000,0.000000,0.000000,0.000000,NULL,1,NULL,0,'0000-00-00'),(127,260,'','','','','','',0.000000,0.000000,0.000000,0.000000,0.000000,1,1,NULL,0,'0000-00-00'),(128,260,'','','','','','',0.000000,0.000000,0.000000,0.000000,0.000000,NULL,1,NULL,0,'0000-00-00'),(131,263,'','','','','','',0.000000,0.000000,0.000000,0.000000,0.000000,1,1,NULL,0,'0000-00-00'),(132,263,'','','','','','',0.000000,70.000000,0.000000,0.000000,0.000000,NULL,1,NULL,0,'0000-00-00'),(133,267,'','','','','','',0.000000,0.000000,0.000000,0.000000,0.000000,1,1,NULL,0,'0000-00-00'),(134,267,'','','','','','',0.000000,48.000000,0.000000,0.000000,0.000000,NULL,1,NULL,0,'0000-00-00'),(135,268,'','','','','','',0.000000,0.000000,0.000000,0.000000,0.000000,1,1,NULL,0,'0000-00-00'),(136,268,'','','','','','',0.000000,60.000000,0.000000,0.000000,0.000000,NULL,1,NULL,0,'0000-00-00'),(137,269,'','','','','','',0.000000,0.000000,0.000000,0.000000,0.000000,1,1,NULL,0,'0000-00-00'),(138,269,'','','','','','',0.000000,35.000000,0.000000,0.000000,0.000000,NULL,1,NULL,0,'0000-00-00'),(139,270,'','','','','','',0.000000,0.000000,0.000000,0.000000,0.000000,1,1,NULL,0,'0000-00-00'),(140,270,'','','','','','',0.000000,68.000000,0.000000,0.000000,0.000000,NULL,1,NULL,0,'0000-00-00'),(141,271,'','','','','','',0.000000,0.000000,0.000000,0.000000,0.000000,1,1,NULL,0,'0000-00-00'),(142,271,'','','','','','',0.000000,58.000000,0.000000,0.000000,0.000000,NULL,1,NULL,0,'0000-00-00'),(143,272,'','','','','','',0.000000,0.000000,0.000000,0.000000,0.000000,1,1,NULL,0,'0000-00-00'),(144,272,'','','','','','',0.000000,59.500000,0.000000,0.000000,0.000000,NULL,1,NULL,0,'0000-00-00'),(145,273,'','','','','','',0.000000,0.000000,0.000000,0.000000,0.000000,1,1,NULL,0,'0000-00-00'),(146,273,'','','','','','',0.000000,50.000000,0.000000,0.000000,0.000000,NULL,1,NULL,0,'0000-00-00'),(147,275,'','','','','','',0.000000,0.000000,0.000000,0.000000,0.000000,1,1,NULL,0,'0000-00-00'),(148,275,'','','','','','',0.000000,54.000000,0.000000,0.000000,0.000000,NULL,1,NULL,0,'0000-00-00'),(149,276,'','','','','','',0.000000,0.000000,0.000000,0.000000,0.000000,1,1,NULL,0,'0000-00-00'),(150,276,'','','','','','',0.000000,49.000000,0.000000,0.000000,0.000000,NULL,1,NULL,0,'0000-00-00'),(151,277,'','','','','','',0.000000,0.000000,0.000000,0.000000,0.000000,1,1,NULL,0,'0000-00-00'),(152,277,'','','','','','',0.000000,48.500000,0.000000,0.000000,0.000000,NULL,1,NULL,0,'0000-00-00'),(153,281,'','','','','','',0.000000,0.000000,0.000000,0.000000,0.000000,1,1,NULL,0,'0000-00-00'),(154,281,'','','','','','',0.000000,58.250000,0.000000,0.000000,0.000000,NULL,1,NULL,0,'0000-00-00'),(155,282,'','','','','','',0.000000,0.000000,0.000000,0.000000,0.000000,1,1,NULL,0,'0000-00-00'),(156,282,'','','','','','',0.000000,82.000000,0.000000,0.000000,0.000000,NULL,1,NULL,0,'0000-00-00'),(157,288,'','','','','','',0.000000,0.000000,0.000000,0.000000,0.000000,1,1,NULL,0,'0000-00-00'),(158,288,'','','','','','',0.000000,70.000000,0.000000,0.000000,0.000000,NULL,1,NULL,0,'0000-00-00'),(159,289,'','','','','','',0.000000,0.000000,0.000000,0.000000,0.000000,1,1,NULL,0,'0000-00-00'),(160,289,'','','','','','',0.000000,70.000000,0.000000,0.000000,0.000000,NULL,1,NULL,0,'0000-00-00'),(161,290,'','','','','','',0.000000,0.000000,0.000000,0.000000,0.000000,1,1,NULL,0,'0000-00-00'),(162,290,'','','','','','',0.000000,59.000000,0.000000,0.000000,0.000000,NULL,1,NULL,0,'0000-00-00'),(163,292,'','','','','','',0.000000,0.000000,0.000000,0.000000,0.000000,1,1,NULL,0,'0000-00-00'),(164,292,'','','','','','',0.000000,49.750000,0.000000,0.000000,0.000000,NULL,1,NULL,0,'0000-00-00'),(165,325,'','','','','','',0.000000,0.000000,0.000000,0.000000,0.000000,1,1,NULL,0,'0000-00-00'),(166,325,'','','','','','',0.000000,0.000000,0.000000,0.000000,0.000000,NULL,1,NULL,0,'0000-00-00'),(167,328,'','','','','','',0.000000,0.000000,0.000000,0.000000,0.000000,1,1,NULL,0,'0000-00-00'),(168,328,'','','','','','',0.000000,0.000000,0.000000,0.000000,0.000000,NULL,1,NULL,0,'0000-00-00'),(177,412,'','','','','','',0.000000,0.000000,0.000000,0.000000,0.000000,NULL,1,NULL,0,'0000-00-00'),(178,412,'','','','','','',0.000000,39.000000,0.000000,0.000000,0.000000,1,1,NULL,0,'0000-00-00'),(179,411,'','','','','','',0.000000,0.000000,0.000000,0.000000,0.000000,NULL,1,NULL,0,'0000-00-00'),(180,411,'','','','','','',0.000000,53.500000,0.000000,0.000000,0.000000,1,1,NULL,0,'0000-00-00'),(181,410,'','','','','','',0.000000,0.000000,0.000000,0.000000,0.000000,NULL,1,NULL,0,'0000-00-00'),(182,410,'','','','','','',0.000000,53.500000,0.000000,0.000000,0.000000,1,1,NULL,0,'0000-00-00'),(183,409,'','','','','','',0.000000,0.000000,0.000000,0.000000,0.000000,NULL,1,NULL,0,'0000-00-00'),(184,409,'','','','','','',0.000000,53.500000,0.000000,0.000000,0.000000,1,1,NULL,0,'0000-00-00'),(185,408,'','','','','','',0.000000,0.000000,0.000000,0.000000,0.000000,NULL,1,NULL,0,'0000-00-00'),(186,408,'','','','','','',0.000000,53.500000,0.000000,0.000000,0.000000,1,1,NULL,0,'0000-00-00'),(187,407,'','','','','','',0.000000,0.000000,0.000000,0.000000,0.000000,1,1,NULL,0,'0000-00-00'),(188,407,'','','','','','',0.000000,53.500000,0.000000,0.000000,0.000000,NULL,1,NULL,0,'0000-00-00'),(189,406,'','','','','','',0.000000,0.000000,0.000000,0.000000,0.000000,NULL,1,NULL,0,'0000-00-00'),(190,406,'','','','','','',0.000000,53.500000,0.000000,0.000000,0.000000,1,1,NULL,0,'0000-00-00'),(191,405,'','','','','','',0.000000,0.000000,0.000000,0.000000,0.000000,NULL,1,NULL,0,'0000-00-00'),(192,405,'','','','','','',0.000000,53.500000,0.000000,0.000000,0.000000,1,1,NULL,0,'0000-00-00'),(193,413,'','','','','','',0.000000,0.000000,0.000000,0.000000,0.000000,NULL,1,NULL,0,'0000-00-00'),(194,413,'','','','','','',0.000000,39.000000,0.000000,0.000000,0.000000,1,1,NULL,0,'0000-00-00'),(197,415,'','','','','','',0.000000,0.000000,0.000000,0.000000,0.000000,NULL,1,NULL,0,'0000-00-00'),(198,415,'','','','','','',0.000000,39.000000,0.000000,0.000000,0.000000,1,1,NULL,0,'0000-00-00'),(199,418,'','','','','','',0.000000,0.000000,0.000000,0.000000,0.000000,NULL,1,NULL,0,'0000-00-00'),(200,418,'','','','','','',0.000000,53.500000,0.000000,0.000000,0.000000,1,1,NULL,0,'0000-00-00'),(201,419,'','','','','','',0.000000,0.000000,0.000000,0.000000,0.000000,NULL,1,NULL,0,'0000-00-00'),(202,419,'','','','','','',0.000000,53.500000,0.000000,0.000000,0.000000,1,1,NULL,0,'0000-00-00'),(203,420,'','','','','','',0.000000,39.000000,0.000000,0.000000,0.000000,NULL,1,NULL,0,'0000-00-00'),(204,420,'','','','','','',0.000000,0.000000,0.000000,0.000000,0.000000,1,1,NULL,0,'0000-00-00'),(205,421,'','','','','','',0.000000,0.000000,0.000000,0.000000,0.000000,NULL,1,NULL,0,'0000-00-00'),(206,421,'','','','','','',0.000000,53.500000,0.000000,0.000000,0.000000,1,1,NULL,0,'0000-00-00'),(207,422,'','','','','','',0.000000,0.000000,0.000000,0.000000,0.000000,NULL,1,NULL,0,'0000-00-00'),(208,422,'','','','','','',0.000000,53.500000,0.000000,0.000000,0.000000,1,1,NULL,0,'0000-00-00'),(209,423,'','','','','','',0.000000,0.000000,0.000000,0.000000,0.000000,1,1,NULL,0,'0000-00-00'),(210,423,'','','','','','',0.000000,39.000000,0.000000,0.000000,0.000000,NULL,1,NULL,0,'0000-00-00'),(211,424,'','','','','','',0.000000,0.000000,0.000000,0.000000,0.000000,NULL,1,NULL,0,'0000-00-00'),(212,424,'','','','','','',0.000000,53.500000,0.000000,0.000000,0.000000,1,1,NULL,0,'0000-00-00'),(214,417,'','','','','','',0.000000,53.500000,0.000000,0.000000,0.000000,NULL,1,NULL,0,'0000-00-00'),(215,417,'','','','','','',0.000000,0.000000,0.000000,0.000000,0.000000,1,1,NULL,0,'0000-00-00'),(216,416,'','','','','','',0.000000,39.000000,0.000000,0.000000,0.000000,NULL,1,NULL,0,'0000-00-00'),(217,416,'','','','','','',0.000000,0.000000,0.000000,0.000000,0.000000,1,1,NULL,0,'0000-00-00');

--
-- Table structure for table `bl_product_attribute_combination`
--

CREATE TABLE `bl_product_attribute_combination` (
  `id_attribute` int(10) unsigned NOT NULL,
  `id_product_attribute` int(10) unsigned NOT NULL,
  PRIMARY KEY (`id_attribute`,`id_product_attribute`),
  KEY `id_product_attribute` (`id_product_attribute`)
) ENGINE=InnoDB DEFAULT CHARSET=utf8mb4;

--
-- Dumping data for table `bl_product_attribute_combination`
--

INSERT INTO `bl_product_attribute_combination` VALUES (35,40),(36,41),(35,44),(36,45),(7,64),(14,65),(13,66),(7,67),(14,68),(8,69),(6,70),(13,71),(7,72),(16,73),(13,74),(10,75),(15,77),(14,78),(8,82),(14,83),(7,86),(5,92),(18,93),(14,95),(15,97),(14,104),(7,105),(18,106),(13,107),(18,108),(14,109),(13,110),(5,111),(16,112),(14,113),(13,114),(7,115),(15,116),(10,118),(14,119),(18,120),(15,121),(8,122),(16,123),(39,125),(40,126),(39,127),(40,128),(39,131),(40,132),(39,133),(40,134),(39,135),(40,136),(39,137),(40,138),(39,139),(40,140),(39,141),(40,142),(39,143),(40,144),(39,145),(40,146),(39,147),(40,148),(39,149),(40,150),(39,151),(40,152),(39,153),(40,154),(39,155),(40,156),(39,157),(40,158),(39,159),(40,160),(39,161),(40,162),(39,163),(40,164),(41,165),(42,166),(14,167),(15,168),(44,177),(39,178),(44,179),(39,180),(44,181),(39,182),(44,183),(39,184),(44,185),(39,186),(39,187),(44,188),(44,189),(39,190),(44,191),(39,192),(44,193),(39,194),(44,197),(39,198),(44,199),(39,200),(44,201),(39,202),(44,203),(39,204),(44,205),(39,206),(44,207),(39,208),(39,209),(44,210),(44,211),(39,212),(44,214),(39,215),(44,216),(39,217);

--
-- Table structure for table `bl_product_attribute_image`
--

CREATE TABLE `bl_product_attribute_image` (
  `id_product_attribute` int(10) unsigned NOT NULL,
  `id_image` int(10) unsigned NOT NULL,
  PRIMARY KEY (`id_product_attribute`,`id_image`),
  KEY `id_image` (`id_image`)
) ENGINE=InnoDB DEFAULT CHARSET=utf8mb4;

--
-- Dumping data for table `bl_product_attribute_image`
--

INSERT INTO `bl_product_attribute_image` VALUES (40,26),(41,26),(44,30),(45,30),(64,320),(67,322),(65,333),(69,335),(68,336),(70,337),(66,339),(71,340),(72,341),(79,343),(80,343),(81,343),(74,344),(77,345),(75,347),(73,348),(78,350),(85,351),(86,351),(87,351),(88,351),(89,351),(90,351),(83,352),(82,353),(92,354),(95,355),(93,356),(97,357),(106,358),(105,359),(104,360),(107,361),(110,362),(112,363),(109,364),(111,365),(108,366),(116,368),(115,369),(114,370),(118,371),(113,372),(119,373),(121,374),(120,375),(123,376),(120,377),(122,377),(126,378),(128,380),(127,381),(131,387),(132,387),(135,397),(138,399),(140,401),(139,402),(141,403),(142,403),(143,404),(144,404),(145,405),(146,405),(147,409),(148,409),(150,410),(151,412),(152,412),(153,415),(154,415),(155,416),(157,427),(158,427),(159,428),(160,428),(161,429),(163,432);

--
-- Table structure for table `bl_product_attribute_shop`
--

CREATE TABLE `bl_product_attribute_shop` (
  `id_product` int(10) unsigned NOT NULL,
  `id_product_attribute` int(10) unsigned NOT NULL,
  `id_shop` int(10) unsigned NOT NULL,
  `wholesale_price` decimal(20,6) NOT NULL DEFAULT '0.000000',
  `price` decimal(20,6) NOT NULL DEFAULT '0.000000',
  `ecotax` decimal(17,6) NOT NULL DEFAULT '0.000000',
  `weight` decimal(20,6) NOT NULL DEFAULT '0.000000',
  `unit_price_impact` decimal(20,6) NOT NULL DEFAULT '0.000000',
  `default_on` tinyint(1) unsigned DEFAULT NULL,
  `minimal_quantity` int(10) unsigned NOT NULL DEFAULT '1',
  `low_stock_threshold` int(10) DEFAULT NULL,
  `low_stock_alert` tinyint(1) NOT NULL DEFAULT '0',
  `available_date` date DEFAULT NULL,
  PRIMARY KEY (`id_product_attribute`,`id_shop`),
  UNIQUE KEY `id_product` (`id_product`,`id_shop`,`default_on`)
) ENGINE=InnoDB DEFAULT CHARSET=utf8mb4;

--
-- Dumping data for table `bl_product_attribute_shop`
--

INSERT INTO `bl_product_attribute_shop` VALUES (20,40,1,0.000000,0.000000,0.000000,0.000000,0.000000,1,1,NULL,0,'0000-00-00'),(20,41,1,0.000000,9.000000,0.000000,0.000000,0.000000,NULL,1,NULL,0,'0000-00-00'),(23,44,1,0.000000,0.000000,0.000000,0.000000,0.000000,1,1,NULL,0,'0000-00-00'),(23,45,1,0.000000,9.000000,0.000000,0.000000,0.000000,NULL,1,NULL,0,'0000-00-00'),(238,64,1,0.000000,0.000000,0.000000,0.000000,0.000000,1,1,NULL,0,'0000-00-00'),(238,65,1,0.000000,0.000000,0.000000,0.000000,0.000000,NULL,1,NULL,0,'0000-00-00'),(239,66,1,0.000000,0.000000,0.000000,0.000000,0.000000,1,1,NULL,0,'0000-00-00'),(239,67,1,0.000000,0.000000,0.000000,0.000000,0.000000,NULL,1,NULL,0,'0000-00-00'),(239,68,1,0.000000,0.000000,0.000000,0.000000,0.000000,NULL,1,NULL,0,'0000-00-00'),(239,69,1,0.000000,0.000000,0.000000,0.000000,0.000000,NULL,1,NULL,0,'0000-00-00'),(239,70,1,0.000000,0.000000,0.000000,0.000000,0.000000,NULL,1,NULL,0,'0000-00-00'),(240,71,1,0.000000,0.000000,0.000000,0.000000,0.000000,1,1,NULL,0,'0000-00-00'),(240,72,1,0.000000,0.000000,0.000000,0.000000,0.000000,NULL,1,NULL,0,'0000-00-00'),(241,73,1,0.000000,0.000000,0.000000,0.000000,0.000000,1,1,NULL,0,'0000-00-00'),(241,74,1,0.000000,0.000000,0.000000,0.000000,0.000000,NULL,1,NULL,0,'0000-00-00'),(241,75,1,0.000000,0.000000,0.000000,0.000000,0.000000,NULL,1,NULL,0,'0000-00-00'),(241,77,1,0.000000,0.000000,0.000000,0.000000,0.000000,NULL,1,NULL,0,'0000-00-00'),(241,78,1,0.000000,0.000000,0.000000,0.000000,0.000000,NULL,1,NULL,0,'0000-00-00'),(0,79,1,0.000000,0.000000,0.000000,0.000000,0.000000,NULL,1,NULL,0,'0000-00-00'),(0,80,1,0.000000,0.000000,0.000000,0.000000,0.000000,NULL,1,NULL,0,'0000-00-00'),(0,81,1,0.000000,0.000000,0.000000,0.000000,0.000000,NULL,1,NULL,0,'0000-00-00'),(242,82,1,0.000000,0.000000,0.000000,0.000000,0.000000,1,1,NULL,0,'0000-00-00'),(242,83,1,0.000000,0.000000,0.000000,0.000000,0.000000,NULL,1,NULL,0,'0000-00-00'),(0,85,1,0.000000,0.000000,0.000000,0.000000,0.000000,NULL,1,NULL,0,'0000-00-00'),(242,86,1,0.000000,0.000000,0.000000,0.000000,0.000000,NULL,1,NULL,0,'0000-00-00'),(0,87,1,0.000000,0.000000,0.000000,0.000000,0.000000,NULL,1,NULL,0,'0000-00-00'),(0,88,1,0.000000,0.000000,0.000000,0.000000,0.000000,NULL,1,NULL,0,'0000-00-00'),(0,89,1,0.000000,0.000000,0.000000,0.000000,0.000000,NULL,1,NULL,0,'0000-00-00'),(0,90,1,0.000000,0.000000,0.000000,0.000000,0.000000,NULL,1,NULL,0,'0000-00-00'),(244,92,1,0.000000,0.000000,0.000000,0.000000,0.000000,1,1,NULL,0,'0000-00-00'),(244,93,1,0.000000,0.000000,0.000000,0.000000,0.000000,NULL,1,NULL,0,'0000-00-00'),(0,94,1,0.000000,0.000000,0.000000,0.000000,0.000000,1,1,NULL,0,'0000-00-00'),(244,95,1,0.000000,0.000000,0.000000,0.000000,0.000000,NULL,1,NULL,0,'0000-00-00'),(244,97,1,0.000000,0.000000,0.000000,0.000000,0.000000,NULL,1,NULL,0,'0000-00-00'),(243,104,1,0.000000,0.000000,0.000000,0.000000,0.000000,NULL,1,NULL,0,'0000-00-00'),(243,105,1,0.000000,0.000000,0.000000,0.000000,0.000000,1,1,NULL,0,'0000-00-00'),(243,106,1,0.000000,0.000000,0.000000,0.000000,0.000000,NULL,1,NULL,0,'0000-00-00'),(243,107,1,0.000000,0.000000,0.000000,0.000000,0.000000,NULL,1,NULL,0,'0000-00-00'),(245,108,1,0.000000,0.000000,0.000000,0.000000,0.000000,1,1,NULL,0,'0000-00-00'),(245,109,1,0.000000,0.000000,0.000000,0.000000,0.000000,NULL,1,NULL,0,'0000-00-00'),(245,110,1,0.000000,0.000000,0.000000,0.000000,0.000000,NULL,1,NULL,0,'0000-00-00'),(245,111,1,0.000000,0.000000,0.000000,0.000000,0.000000,NULL,1,NULL,0,'0000-00-00'),(245,112,1,0.000000,0.000000,0.000000,0.000000,0.000000,NULL,1,NULL,0,'0000-00-00'),(246,113,1,0.000000,0.000000,0.000000,0.000000,0.000000,1,1,NULL,0,'0000-00-00'),(246,114,1,0.000000,0.000000,0.000000,0.000000,0.000000,NULL,1,NULL,0,'0000-00-00'),(246,115,1,0.000000,0.000000,0.000000,0.000000,0.000000,NULL,1,NULL,0,'0000-00-00'),(246,116,1,0.000000,0.000000,0.000000,0.000000,0.000000,NULL,1,NULL,0,'0000-00-00'),(246,118,1,0.000000,0.000000,0.000000,0.000000,0.000000,NULL,1,NULL,0,'0000-00-00'),(247,119,1,0.000000,0.000000,0.000000,0.000000,0.000000,1,1,NULL,0,'0000-00-00'),(247,120,1,0.000000,0.000000,0.000000,0.000000,0.000000,NULL,1,NULL,0,'0000-00-00'),(247,121,1,0.000000,0.000000,0.000000,0.000000,0.000000,NULL,1,NULL,0,'0000-00-00'),(247,122,1,0.000000,0.000000,0.000000,0.000000,0.000000,NULL,1,NULL,0,'0000-00-00'),(247,123,1,0.000000,0.000000,0.000000,0.000000,0.000000,NULL,1,NULL,0,'0000-00-00'),(259,125,1,0.000000,0.000000,0.000000,0.000000,0.000000,1,1,NULL,0,'0000-00-00'),(259,126,1,0.000000,63.000000,0.000000,0.000000,0.000000,NULL,1,NULL,0,'0000-00-00'),(260,127,1,0.000000,0.000000,0.000000,0.000000,0.000000,1,1,NULL,0,'0000-00-00'),(260,128,1,0.000000,0.000000,0.000000,0.000000,0.000000,NULL,1,NULL,0,'0000-00-00'),(263,131,1,0.000000,0.000000,0.000000,0.000000,0.000000,1,1,NULL,0,'0000-00-00'),(263,132,1,0.000000,70.000000,0.000000,0.000000,0.000000,NULL,1,NULL,0,'0000-00-00'),(267,133,1,0.000000,0.000000,0.000000,0.000000,0.000000,1,1,NULL,0,'0000-00-00'),(267,134,1,0.000000,48.000000,0.000000,0.000000,0.000000,NULL,1,NULL,0,'0000-00-00'),(268,135,1,0.000000,0.000000,0.000000,0.000000,0.000000,1,1,NULL,0,'0000-00-00'),(268,136,1,0.000000,60.000000,0.000000,0.000000,0.000000,NULL,1,NULL,0,'0000-00-00'),(269,137,1,0.000000,0.000000,0.000000,0.000000,0.000000,1,1,NULL,0,'0000-00-00'),(269,138,1,0.000000,35.000000,0.000000,0.000000,0.000000,NULL,1,NULL,0,'0000-00-00'),(270,139,1,0.000000,0.000000,0.000000,0.000000,0.000000,1,1,NULL,0,'0000-00-00'),(270,140,1,0.000000,68.000000,0.000000,0.000000,0.000000,NULL,1,NULL,0,'0000-00-00'),(271,141,1,0.000000,0.000000,0.000000,0.000000,0.000000,1,1,NULL,0,'0000-00-00'),(271,142,1,0.000000,58.000000,0.000000,0.000000,0.000000,NULL,1,NULL,0,'0000-00-00'),(272,143,1,0.000000,0.000000,0.000000,0.000000,0.000000,1,1,NULL,0,'0000-00-00'),(272,144,1,0.000000,59.500000,0.000000,0.000000,0.000000,NULL,1,NULL,0,'0000-00-00'),(273,145,1,0.000000,0.000000,0.000000,0.000000,0.000000,1,1,NULL,0,'0000-00-00'),(273,146,1,0.000000,50.000000,0.000000,0.000000,0.000000,NULL,1,NULL,0,'0000-00-00'),(275,147,1,0.000000,0.000000,0.000000,0.000000,0.000000,1,1,NULL,0,'0000-00-00'),(275,148,1,0.000000,54.000000,0.000000,0.000000,0.000000,NULL,1,NULL,0,'0000-00-00'),(276,149,1,0.000000,0.000000,0.000000,0.000000,0.000000,1,1,NULL,0,'0000-00-00'),(276,150,1,0.000000,49.000000,0.000000,0.000000,0.000000,NULL,1,NULL,0,'0000-00-00'),(277,151,1,0.000000,0.000000,0.000000,0.000000,0.000000,1,1,NULL,0,'0000-00-00'),(277,152,1,0.000000,48.500000,0.000000,0.000000,0.000000,NULL,1,NULL,0,'0000-00-00'),(281,153,1,0.000000,0.000000,0.000000,0.000000,0.000000,1,1,NULL,0,'0000-00-00'),(281,154,1,0.000000,58.250000,0.000000,0.000000,0.000000,NULL,1,NULL,0,'0000-00-00'),(282,155,1,0.000000,0.000000,0.000000,0.000000,0.000000,1,1,NULL,0,'0000-00-00'),(282,156,1,0.000000,82.000000,0.000000,0.000000,0.000000,NULL,1,NULL,0,'0000-00-00'),(288,157,1,0.000000,0.000000,0.000000,0.000000,0.000000,1,1,NULL,0,'0000-00-00'),(288,158,1,0.000000,70.000000,0.000000,0.000000,0.000000,NULL,1,NULL,0,'0000-00-00'),(289,159,1,0.000000,0.000000,0.000000,0.000000,0.000000,1,1,NULL,0,'0000-00-00'),(289,160,1,0.000000,70.000000,0.000000,0.000000,0.000000,NULL,1,NULL,0,'0000-00-00'),(290,161,1,0.000000,0.000000,0.000000,0.000000,0.000000,1,1,NULL,0,'0000-00-00'),(290,162,1,0.000000,59.000000,0.000000,0.000000,0.000000,NULL,1,NULL,0,'0000-00-00'),(292,163,1,0.000000,0.000000,0.000000,0.000000,0.000000,1,1,NULL,0,'0000-00-00'),(292,164,1,0.000000,49.750000,0.000000,0.000000,0.000000,NULL,1,NULL,0,'0000-00-00'),(325,165,1,0.000000,0.000000,0.000000,0.000000,0.000000,1,1,NULL,0,'0000-00-00'),(325,166,1,0.000000,0.000000,0.000000,0.000000,0.000000,NULL,1,NULL,0,'0000-00-00'),(328,167,1,0.000000,0.000000,0.000000,0.000000,0.000000,1,1,NULL,0,'0000-00-00'),(328,168,1,0.000000,0.000000,0.000000,0.000000,0.000000,NULL,1,NULL,0,'0000-00-00'),(412,177,1,0.000000,0.000000,0.000000,0.000000,0.000000,NULL,1,NULL,0,'0000-00-00'),(412,178,1,0.000000,39.000000,0.000000,0.000000,0.000000,1,1,NULL,0,'0000-00-00'),(411,179,1,0.000000,0.000000,0.000000,0.000000,0.000000,NULL,1,NULL,0,'0000-00-00'),(411,180,1,0.000000,53.500000,0.000000,0.000000,0.000000,1,1,NULL,0,'0000-00-00'),(410,181,1,0.000000,0.000000,0.000000,0.000000,0.000000,NULL,1,NULL,0,'0000-00-00'),(410,182,1,0.000000,53.500000,0.000000,0.000000,0.000000,1,1,NULL,0,'0000-00-00'),(409,183,1,0.000000,0.000000,0.000000,0.000000,0.000000,NULL,1,NULL,0,'0000-00-00'),(409,184,1,0.000000,53.500000,0.000000,0.000000,0.000000,1,1,NULL,0,'0000-00-00'),(408,185,1,0.000000,0.000000,0.000000,0.000000,0.000000,NULL,1,NULL,0,'0000-00-00'),(408,186,1,0.000000,53.500000,0.000000,0.000000,0.000000,1,1,NULL,0,'0000-00-00'),(407,187,1,0.000000,0.000000,0.000000,0.000000,0.000000,1,1,NULL,0,'0000-00-00'),(407,188,1,0.000000,53.500000,0.000000,0.000000,0.000000,NULL,1,NULL,0,'0000-00-00'),(406,189,1,0.000000,0.000000,0.000000,0.000000,0.000000,NULL,1,NULL,0,'0000-00-00'),(406,190,1,0.000000,53.500000,0.000000,0.000000,0.000000,1,1,NULL,0,'0000-00-00'),(405,191,1,0.000000,0.000000,0.000000,0.000000,0.000000,NULL,1,NULL,0,'0000-00-00'),(405,192,1,0.000000,53.500000,0.000000,0.000000,0.000000,1,1,NULL,0,'0000-00-00'),(413,193,1,0.000000,0.000000,0.000000,0.000000,0.000000,NULL,1,NULL,0,'0000-00-00'),(413,194,1,0.000000,39.000000,0.000000,0.000000,0.000000,1,1,NULL,0,'0000-00-00'),(415,197,1,0.000000,0.000000,0.000000,0.000000,0.000000,NULL,1,NULL,0,'0000-00-00'),(415,198,1,0.000000,39.000000,0.000000,0.000000,0.000000,1,1,NULL,0,'0000-00-00'),(418,199,1,0.000000,0.000000,0.000000,0.000000,0.000000,NULL,1,NULL,0,'0000-00-00'),(418,200,1,0.000000,53.500000,0.000000,0.000000,0.000000,1,1,NULL,0,'0000-00-00'),(419,201,1,0.000000,0.000000,0.000000,0.000000,0.000000,NULL,1,NULL,0,'0000-00-00'),(419,202,1,0.000000,53.500000,0.000000,0.000000,0.000000,1,1,NULL,0,'0000-00-00'),(420,203,1,0.000000,39.000000,0.000000,0.000000,0.000000,NULL,1,NULL,0,'0000-00-00'),(420,204,1,0.000000,0.000000,0.000000,0.000000,0.000000,1,1,NULL,0,'0000-00-00'),(421,205,1,0.000000,0.000000,0.000000,0.000000,0.000000,NULL,1,NULL,0,'0000-00-00'),(421,206,1,0.000000,53.500000,0.000000,0.000000,0.000000,1,1,NULL,0,'0000-00-00'),(422,207,1,0.000000,0.000000,0.000000,0.000000,0.000000,NULL,1,NULL,0,'0000-00-00'),(422,208,1,0.000000,53.500000,0.000000,0.000000,0.000000,1,1,NULL,0,'0000-00-00'),(423,209,1,0.000000,0.000000,0.000000,0.000000,0.000000,1,1,NULL,0,'0000-00-00'),(423,210,1,0.000000,39.000000,0.000000,0.000000,0.000000,NULL,1,NULL,0,'0000-00-00'),(424,211,1,0.000000,0.000000,0.000000,0.000000,0.000000,NULL,1,NULL,0,'0000-00-00'),(424,212,1,0.000000,53.500000,0.000000,0.000000,0.000000,1,1,NULL,0,'0000-00-00'),(417,214,1,0.000000,53.500000,0.000000,0.000000,0.000000,NULL,1,NULL,0,'0000-00-00'),(417,215,1,0.000000,0.000000,0.000000,0.000000,0.000000,1,1,NULL,0,'0000-00-00'),(416,216,1,0.000000,39.000000,0.000000,0.000000,0.000000,NULL,1,NULL,0,'0000-00-00'),(416,217,1,0.000000,0.000000,0.000000,0.000000,0.000000,1,1,NULL,0,'0000-00-00');

--
-- Table structure for table `bl_product_carrier`
--

CREATE TABLE `bl_product_carrier` (
  `id_product` int(10) unsigned NOT NULL,
  `id_carrier_reference` int(10) unsigned NOT NULL,
  `id_shop` int(10) unsigned NOT NULL,
  PRIMARY KEY (`id_product`,`id_carrier_reference`,`id_shop`)
) ENGINE=InnoDB DEFAULT CHARSET=utf8mb4;

--
-- Dumping data for table `bl_product_carrier`
--

INSERT INTO `bl_product_carrier` VALUES (50,1,1),(50,2,1),(273,1,1),(281,8,1),(301,1,1),(301,2,1);

--
-- Table structure for table `bl_product_comment`
--

CREATE TABLE `bl_product_comment` (
  `id_product_comment` int(10) unsigned NOT NULL AUTO_INCREMENT,
  `id_product` int(10) unsigned NOT NULL,
  `id_customer` int(10) unsigned NOT NULL,
  `id_guest` int(10) unsigned DEFAULT NULL,
  `title` varchar(64) DEFAULT NULL,
  `content` text NOT NULL,
  `customer_name` varchar(64) DEFAULT NULL,
  `grade` float unsigned NOT NULL,
  `validate` tinyint(1) NOT NULL,
  `deleted` tinyint(1) NOT NULL,
  `date_add` datetime NOT NULL,
  PRIMARY KEY (`id_product_comment`),
  KEY `id_product` (`id_product`),
  KEY `id_customer` (`id_customer`),
  KEY `id_guest` (`id_guest`)
) ENGINE=InnoDB DEFAULT CHARSET=utf8;

--
-- Dumping data for table `bl_product_comment`
--


--
-- Table structure for table `bl_product_comment_criterion`
--

CREATE TABLE `bl_product_comment_criterion` (
  `id_product_comment_criterion` int(10) unsigned NOT NULL AUTO_INCREMENT,
  `id_product_comment_criterion_type` tinyint(1) NOT NULL,
  `active` tinyint(1) NOT NULL,
  PRIMARY KEY (`id_product_comment_criterion`)
) ENGINE=InnoDB AUTO_INCREMENT=2 DEFAULT CHARSET=utf8;

--
-- Dumping data for table `bl_product_comment_criterion`
--

INSERT INTO `bl_product_comment_criterion` VALUES (1,1,1);

--
-- Table structure for table `bl_product_comment_criterion_category`
--

CREATE TABLE `bl_product_comment_criterion_category` (
  `id_product_comment_criterion` int(10) unsigned NOT NULL,
  `id_category` int(10) unsigned NOT NULL,
  PRIMARY KEY (`id_product_comment_criterion`,`id_category`),
  KEY `id_category` (`id_category`)
) ENGINE=InnoDB DEFAULT CHARSET=utf8;

--
-- Dumping data for table `bl_product_comment_criterion_category`
--


--
-- Table structure for table `bl_product_comment_criterion_lang`
--

CREATE TABLE `bl_product_comment_criterion_lang` (
  `id_product_comment_criterion` int(11) unsigned NOT NULL,
  `id_lang` int(11) unsigned NOT NULL,
  `name` varchar(64) NOT NULL,
  PRIMARY KEY (`id_product_comment_criterion`,`id_lang`)
) ENGINE=InnoDB DEFAULT CHARSET=utf8;

--
-- Dumping data for table `bl_product_comment_criterion_lang`
--

INSERT INTO `bl_product_comment_criterion_lang` VALUES (1,1,'Quality'),(1,2,'Quality'),(1,3,'Quality');

--
-- Table structure for table `bl_product_comment_criterion_product`
--

CREATE TABLE `bl_product_comment_criterion_product` (
  `id_product` int(10) unsigned NOT NULL,
  `id_product_comment_criterion` int(10) unsigned NOT NULL,
  PRIMARY KEY (`id_product`,`id_product_comment_criterion`),
  KEY `id_product_comment_criterion` (`id_product_comment_criterion`)
) ENGINE=InnoDB DEFAULT CHARSET=utf8;

--
-- Dumping data for table `bl_product_comment_criterion_product`
--


--
-- Table structure for table `bl_product_comment_grade`
--

CREATE TABLE `bl_product_comment_grade` (
  `id_product_comment` int(10) unsigned NOT NULL,
  `id_product_comment_criterion` int(10) unsigned NOT NULL,
  `grade` int(10) unsigned NOT NULL,
  PRIMARY KEY (`id_product_comment`,`id_product_comment_criterion`),
  KEY `id_product_comment_criterion` (`id_product_comment_criterion`)
) ENGINE=InnoDB DEFAULT CHARSET=utf8;

--
-- Dumping data for table `bl_product_comment_grade`
--


--
-- Table structure for table `bl_product_comment_report`
--

CREATE TABLE `bl_product_comment_report` (
  `id_product_comment` int(10) unsigned NOT NULL,
  `id_customer` int(10) unsigned NOT NULL,
  PRIMARY KEY (`id_product_comment`,`id_customer`)
) ENGINE=InnoDB DEFAULT CHARSET=utf8;

--
-- Dumping data for table `bl_product_comment_report`
--


--
-- Table structure for table `bl_product_comment_usefulness`
--

CREATE TABLE `bl_product_comment_usefulness` (
  `id_product_comment` int(10) unsigned NOT NULL,
  `id_customer` int(10) unsigned NOT NULL,
  `usefulness` tinyint(1) unsigned NOT NULL,
  PRIMARY KEY (`id_product_comment`,`id_customer`)
) ENGINE=InnoDB DEFAULT CHARSET=utf8;

--
-- Dumping data for table `bl_product_comment_usefulness`
--


--
-- Table structure for table `bl_product_country_tax`
--

CREATE TABLE `bl_product_country_tax` (
  `id_product` int(11) NOT NULL,
  `id_country` int(11) NOT NULL,
  `id_tax` int(11) NOT NULL,
  PRIMARY KEY (`id_product`,`id_country`)
) ENGINE=InnoDB DEFAULT CHARSET=utf8mb4;

--
-- Dumping data for table `bl_product_country_tax`
--


--
-- Table structure for table `bl_product_download`
--

CREATE TABLE `bl_product_download` (
  `id_product_download` int(10) unsigned NOT NULL AUTO_INCREMENT,
  `id_product` int(10) unsigned NOT NULL,
  `display_filename` varchar(255) DEFAULT NULL,
  `filename` varchar(255) DEFAULT NULL,
  `date_add` datetime NOT NULL,
  `date_expiration` datetime DEFAULT NULL,
  `nb_days_accessible` int(10) unsigned DEFAULT NULL,
  `nb_downloadable` int(10) unsigned DEFAULT '1',
  `active` tinyint(1) unsigned NOT NULL DEFAULT '1',
  `is_shareable` tinyint(1) unsigned NOT NULL DEFAULT '0',
  PRIMARY KEY (`id_product_download`)
) ENGINE=InnoDB DEFAULT CHARSET=utf8mb4;

--
-- Dumping data for table `bl_product_download`
--


--
-- Table structure for table `bl_product_group_reduction_cache`
--

CREATE TABLE `bl_product_group_reduction_cache` (
  `id_product` int(10) unsigned NOT NULL,
  `id_group` int(10) unsigned NOT NULL,
  `reduction` decimal(5,4) NOT NULL,
  PRIMARY KEY (`id_product`,`id_group`)
) ENGINE=InnoDB DEFAULT CHARSET=utf8mb4;

--
-- Dumping data for table `bl_product_group_reduction_cache`
--


--
-- Table structure for table `bl_product_lang`
--

CREATE TABLE `bl_product_lang` (
  `id_product` int(10) unsigned NOT NULL,
  `id_shop` int(11) unsigned NOT NULL DEFAULT '1',
  `id_lang` int(10) unsigned NOT NULL,
  `description` text,
  `description_short` text,
  `link_rewrite` varchar(128) NOT NULL,
  `meta_description` varchar(512) DEFAULT NULL,
  `meta_keywords` varchar(255) DEFAULT NULL,
  `meta_title` varchar(128) DEFAULT NULL,
  `name` varchar(128) NOT NULL,
  `available_now` varchar(255) DEFAULT NULL,
  `available_later` varchar(255) DEFAULT NULL,
  `delivery_in_stock` varchar(255) DEFAULT NULL,
  `delivery_out_stock` varchar(255) DEFAULT NULL,
  PRIMARY KEY (`id_product`,`id_shop`,`id_lang`),
  KEY `id_lang` (`id_lang`),
  KEY `name` (`name`)
) ENGINE=InnoDB DEFAULT CHARSET=utf8mb4;

--
-- Dumping data for table `bl_product_lang`
--

INSERT INTO `bl_product_lang` VALUES (19,1,1,'<p>Personnalisez votre mug avec le texte de votre choix. Une humeur, un message, une citation... À vous de choisir ! Nombre maximum de caractères : --- Diamètre : 8,2cm / Hauteur : 9,5cm / Poids : 0.43kg. Passe au lave-vaisselle.</p>','<p>Mug en céramique blanche. 325ml</p>','customizable-mug','','','','Mug personnalisable','','','',''),(19,1,2,'<p>Customize your mug with the text of your choice. A mood, a message, a quote... It\'s up to you! Maximum number of characters: ---</p>','<p>White Ceramic Mug. 325ml</p>','customizable-mug','','','','Customizable mug','','','',''),(19,1,3,'<p>Customize your mug with the text of your choice. A mood, a message, a quote... It\'s up to you! Maximum number of characters: ---</p>','<p>White Ceramic Mug. 325ml</p>','customizable-mug','','','','Customizable mug','','','',''),(20,1,1,'<h2>Description du produit</h2>\n<p>Cette belle excuse est faite d’<strong>olives vertes</strong> Koroneïki, cueillies à jeune maturité vers la fin novembre et pressées le même jour. Grâce à son climat et à la richesse de son terroir, la région de Trifilia produit des olives exceptionnelles qui donnent une huile d’une saveur particulière, présentant <strong>moins de 0,3% d’acidité</strong>. Cette <strong>huile non filtrée</strong> décante naturellement durant deux mois, ce qui permet d’éliminer tout résidu nuisible à la cuisson. <strong>LA BELLE EXCUSE</strong> vous propose ainsi une <strong>huile d’olive verte extra vierge </strong>digne d’un grand cru, qui se prête à maintes utilisations.</p>\n<hr />\n<p><strong>TRAITS DISTINCTIFS</strong>: Couleur verte aux reflets dorés, parfum franc et puissant d’olive et de verdure et goût légèrement poivré.</p>\n<hr />\n<p><strong>UTILISATION</strong>: Tout est question de goût!<br />Cette <strong>Belle Excuse</strong> vous sera agréable en cuisson comme en dégustation pour relever et agrémenter poissons, grillades, salades, pâtes, légumes ou sautés.</p>\n<p></p>','<p>Cette <strong>huile non filtrée</strong> décante naturellement durant deux mois, ce qui permet d’éliminer tout résidu nuisible à la cuisson.</p>','-huile-dolive-verte-extra-vierge-premiere-pression-a-froid','','','','Huile d’olive verte extra vierge (première pression à froid)','','','',''),(20,1,2,'','','-huile-dolive-verte-extra-vierge-premiere-pression-a-froid','','','','Huile d’olive verte extra vierge (première pression à froid)','','','',''),(20,1,3,'','','-huile-dolive-verte-extra-vierge-premiere-pression-a-froid','','','','Huile d’olive verte extra vierge (première pression à froid)','','','',''),(23,1,1,'<h2 style=\"font-family:\'Sofia Pro Regular\';font-weight:normal;margin-bottom:0.4em;margin-top:0.4em;color:#010101;font-size:1.8em;\">Description du produit</h2>\n<p style=\"margin:1.5em 0px;color:#333333;font-family:\'Sofia Pro Regular\';font-size:15px;\">Cette belle excuse est faite d’<strong>olives noires</strong> Mavrolïa, cueillies à jeune maturité vers la fin octobre et pressées le même jour. Grâce à son climat et à la richesse de son terroir, la région de Trifilia produit des olives exceptionnelles qui donnent une huile d’une saveur particulière, présentant <strong>moins de 0,3% d’acidité</strong>. Cette huile <strong>non filtrée</strong> décante naturellement durant deux mois, ce qui permet d’éliminer tout résidu nuisible à la cuisson. <strong>LA BELLE EXCUSE</strong> vous propose ainsi une <strong>huile d’olive noire extra vierge</strong> digne d’un grand cru, qui se prête à maintes utilisations.</p>\n<hr style=\"width:100px;margin:0px;color:#333333;font-family:\'Sofia Pro Regular\';font-size:15px;\" />\n<p style=\"margin:1.5em 0px;color:#333333;font-family:\'Sofia Pro Regular\';font-size:15px;\"><strong>TRAITS DISTINCTIFS :</strong> Reflets dorés, goût doux et floral, note de fruit mûr, poivré en fin de bouche.</p>\n<hr style=\"width:100px;margin:0px;color:#333333;font-family:\'Sofia Pro Regular\';font-size:15px;\" />\n<p style=\"margin:1.5em 0px;color:#333333;font-family:\'Sofia Pro Regular\';font-size:15px;\"><strong>UTILISATION : </strong>Tout est question de goût! Cette <strong>Belle Excuse</strong> ajoute saveur et raffinement à la cuisson comme à la dégustation, pour relever et agrémenter poissons, grillades, salades, pâtes, légumes ou sautés.</p>\n<p style=\"margin:1.5em 0px;color:#333333;font-family:\'Sofia Pro Regular\';font-size:15px;\"><b>NOTE : </b>Sans gluten</p>','<p><span style=\"color:#333333;font-family:\'Sofia Pro Regular\';font-size:15px;\">Cette huile </span><strong style=\"color:#333333;font-family:\'Sofia Pro Regular\';font-size:15px;\">non filtrée</strong><span style=\"color:#333333;font-family:\'Sofia Pro Regular\';font-size:15px;\"> décante naturellement durant deux mois, ce qui permet d’éliminer tout résidu nuisible à la cuisson. </span></p>','huile-dolive-noire-extra-vierge-premiere-pression-a-froid','','','','Huile d’olive noire extra vierge (première pression à froid)','','','',''),(23,1,2,'','','huile-dolive-noire-extra-vierge-premiere-pression-a-froid','','','','Huile d’olive noire extra vierge (première pression à froid)','','','',''),(23,1,3,'','','huile-dolive-noire-extra-vierge-premiere-pression-a-froid','','','','Huile d’olive noire extra vierge (première pression à froid)','','','',''),(25,1,1,'<h2 style=\"font-family:\'Sofia Pro Regular\';font-weight:normal;margin-bottom:0.4em;margin-top:0.4em;color:#010101;font-size:1.8em;\">Description du produit</h2>\n<p style=\"margin:1.5em 0px;color:#333333;font-family:\'Sofia Pro Regular\';font-size:15px;\"><strong>LA BELLE EXCUSE </strong>vous propose ce fabuleux huilier de céramique rempli d<strong>‘huile d’olive verte</strong>. Par la suite, refaite le plein avec notre <a href=\"https://www.labelleexcuse.com/produit/huile-olive-extra-vierge-verte/\" style=\"color:#9aa62f;\">grand format de 2 litres</a>. Une solution économique et <strong>écologique</strong>.</p>\n<hr style=\"width:100px;margin:0px;color:#333333;font-family:\'Sofia Pro Regular\';font-size:15px;\" />\n<p style=\"margin:1.5em 0px;color:#333333;font-family:\'Sofia Pro Regular\';font-size:15px;\">Cette belle excuse est faite d’<strong>olives vertes</strong> Koroneïki, cueillies à jeune maturité vers la fin novembre et pressées le même jour. Grâce à son climat et à la richesse de son terroir, la région de Trifilia produit des olives exceptionnelles qui donnent une huile d’une saveur particulière, présentant moins de <strong>0,3% d’acidité</strong>. Cette huile <strong>non filtrée</strong> décante naturellement durant deux mois, ce qui permet d’éliminer tout résidu nuisible à la cuisson. <strong>LA BELLE EXCUSE</strong> vous propose ainsi une huile d’<strong>olive verte extra vierge</strong> digne d’un grand cru, qui se prête à maintes utilisations.</p>\n<hr style=\"width:100px;margin:0px;color:#333333;font-family:\'Sofia Pro Regular\';font-size:15px;\" />\n<p style=\"margin:1.5em 0px;color:#333333;font-family:\'Sofia Pro Regular\';font-size:15px;\"><strong>TRAITS DISTINCTIFS :</strong> Couleur verte aux reflets dorés, parfum franc et puissant d’<strong>olive</strong> et de verdure et goût légèrement poivré.</p>\n<p style=\"margin:1.5em 0px;color:#333333;font-family:\'Sofia Pro Regular\';font-size:15px;\"><b>NOTE : </b>Sans gluten</p>','<p><span style=\"color:#333333;font-family:\'Sofia Pro Regular\';font-size:15px;\">Huilier de céramique rempli d</span><strong style=\"color:#333333;font-family:\'Sofia Pro Regular\';font-size:15px;\">‘huile d’olive verte (500ml)</strong></p>','-huilier-ceramique-huile-dolive-verte-extra-vierge','','','','Huilier céramique, huile d’olive verte extra vierge','','','',''),(25,1,2,'','','-huilier-ceramique-huile-dolive-verte-extra-vierge','','','','Huilier céramique, huile d’olive verte extra vierge','','','',''),(25,1,3,'','','-huilier-ceramique-huile-dolive-verte-extra-vierge','','','','Huilier céramique, huile d’olive verte extra vierge','','','',''),(26,1,1,'<h2 style=\"font-family:\'Sofia Pro Regular\';font-weight:normal;margin-bottom:0.4em;margin-top:0.4em;color:#010101;font-size:1.8em;\">Description du produit</h2>\n<p style=\"margin:1.5em 0px;color:#333333;font-family:\'Sofia Pro Regular\';font-size:15px;\"><b>LA BELLE EXCUSE</b> vous propose ici un balsamique blanc d’importation. <strong>Notre vinaigre balsamique blanc</strong> est produit à Modène selon un savoir-faire séculaire rigoureusement respecté. Il est tiré d’un moût de Lambrusco-Trebbiano blanc cuit  à couvert au bain-marie. Ce vinaigre qui ne subit <strong>aucune caramélisation</strong>, présente une couleur légèrement ambrée.</p>\n<hr style=\"width:100px;margin:0px;color:#333333;font-family:\'Sofia Pro Regular\';font-size:15px;\" />\n<p style=\"margin:1.5em 0px;color:#333333;font-family:\'Sofia Pro Regular\';font-size:15px;\"><b>TRAITS DISTINCTIFS : </b>Sa couleur ambrée au <strong>goût frais et aigre-doux</strong>,  permet au plat de conserver son aspect naturel.</p>\n<hr style=\"width:100px;margin:0px;color:#333333;font-family:\'Sofia Pro Regular\';font-size:15px;\" />\n<p style=\"margin:1.5em 0px;color:#333333;font-family:\'Sofia Pro Regular\';font-size:15px;\"><b>INGRÉDIENTS : </b>Vinaigre de vin blanc et moût de raisin vieilli trois ans en barrique (<strong>5,5% d’acidité</strong>). Contient des sulfites.</p>\n<p style=\"margin:1.5em 0px;color:#333333;font-family:\'Sofia Pro Regular\';font-size:15px;\"><b>NOTE : </b>Sans gluten</p>\n<p style=\"margin:1.5em 0px;color:#333333;font-family:\'Sofia Pro Regular\';font-size:15px;\"><b>UTILISATION :</b> Incontournable dans la <strong>vinaigrette</strong>.  Parfait pour aromatiser vos salades, déglacer des légumes, poissons  ou fruits de mer. Original en gelée pour accompagner vos fromages. Délicieux quand on en met quelques gouttes sur des fraises ou des melons.</p>','<p><span style=\"color:#333333;font-family:\'Sofia Pro Regular\';font-size:15px;\">Vinaigre de vin blanc et moût de raisin vieilli trois ans en barrique. (250ml)</span></p>','vinaigre-balsamique-blanc','','','','Vinaigre balsamique blanc','','','',''),(26,1,2,'','','vinaigre-balsamique-blanc','','','','Vinaigre balsamique blanc','','','',''),(26,1,3,'','','vinaigre-balsamique-blanc','','','','Vinaigre balsamique blanc','','','',''),(27,1,1,'<h2 style=\"font-family:\'Sofia Pro Regular\';font-weight:normal;margin-bottom:0.4em;margin-top:0.4em;color:#010101;font-size:1.8em;\">Description du produit</h2>\n<p style=\"margin:1.5em 0px;color:#333333;font-family:\'Sofia Pro Regular\';font-size:15px;\"><strong>LA BELLE EXCUSE</strong> vous propose ici un <strong>vinaigre de vin rouge</strong> d’importation. Notre vinaigre est tiré d’un moût de cépage <strong>Lambrusco rouge</strong> unique à  la région de Modène.</p>\n<hr style=\"width:100px;margin:0px;color:#333333;font-family:\'Sofia Pro Regular\';font-size:15px;\" />\n<p style=\"margin:1.5em 0px;color:#333333;font-family:\'Sofia Pro Regular\';font-size:15px;\"><b>TRAITS DISTINCTIFS : </b>Riche couleur grenat et un robuste <strong>goût de fruits mûrs</strong></p>\n<hr style=\"width:100px;margin:0px;color:#333333;font-family:\'Sofia Pro Regular\';font-size:15px;\" />\n<p style=\"margin:1.5em 0px;color:#333333;font-family:\'Sofia Pro Regular\';font-size:15px;\"><b>INGRÉDIENTS : </b>Moût de raisin vieilli en barrique (<strong>7% d’acidité</strong>). Contient des sulfites.</p>\n<p style=\"margin:1.5em 0px;color:#333333;font-family:\'Sofia Pro Regular\';font-size:15px;\"><b>NOTE : </b>Sans gluten</p>\n<hr style=\"width:100px;margin:0px;color:#333333;font-family:\'Sofia Pro Regular\';font-size:15px;\" />\n<p style=\"margin:1.5em 0px;color:#333333;font-family:\'Sofia Pro Regular\';font-size:15px;\"><b>UTILISATION :</b> Délicieux en <strong>vinaigrette</strong> sur des tomates et des légumes grillés. Excellent pour déglacer ou dans une marinade de viandes rouges.</p>\n<p></p>','<p><strong style=\"color:#333333;font-family:\'Sofia Pro Regular\';font-size:15px;\">Vinaigre de vin rouge, </strong><span style=\"color:#333333;font-family:\'Sofia Pro Regular\';font-size:15px;\">m</span><span style=\"color:#333333;font-family:\'Sofia Pro Regular\';font-size:15px;\">oût de raisin vieilli en barrique. (250ml)</span></p>','-vinaigre-de-vin-rouge','','','','Vinaigre de vin rouge','','','',''),(27,1,2,'','','-vinaigre-de-vin-rouge','','','','Vinaigre de vin rouge','','','',''),(27,1,3,'','','-vinaigre-de-vin-rouge','','','','Vinaigre de vin rouge','','','',''),(28,1,1,'<h2 style=\"font-family:\'Sofia Pro Regular\';font-weight:normal;margin-bottom:0.4em;margin-top:0.4em;color:#010101;font-size:1.8em;\">Description du produit</h2>\n<p style=\"margin:1.5em 0px;color:#333333;font-family:\'Sofia Pro Regular\';font-size:15px;\"><b>LA BELLE EXCUSE</b> vous propose ici un balsamique traditionnel d’importation. Notre <strong>vinaigre balsamique traditionnel</strong> est produit à Modène selon un savoir-faire séculaire rigoureusement respecté. Il est tiré d’un moût de Lambrusco-Trebbiano blanc réduit à ciel ouvert pour subir une <strong>caramélisation naturelle</strong> qui lui confère sa magnifique couleur noire.</p>\n<hr style=\"width:100px;margin:0px;color:#333333;font-family:\'Sofia Pro Regular\';font-size:15px;\" />\n<p style=\"margin:1.5em 0px;color:#333333;font-family:\'Sofia Pro Regular\';font-size:15px;\"><b>TRAITS DISTINCTIFS : </b>Vinaigre Balsamique parfaitement mûri, avec une <strong>saveur corsée et ronde</strong>.</p>\n<hr style=\"width:100px;margin:0px;color:#333333;font-family:\'Sofia Pro Regular\';font-size:15px;\" />\n<p style=\"margin:1.5em 0px;color:#333333;font-family:\'Sofia Pro Regular\';font-size:15px;\"><b>INGRÉDIENTS : </b>Vinaigre de raisin et moût de raisin vieilli trois ans en barrique (<strong>6% d’acidité</strong>). Contient des sulfites.</p>\n<p style=\"margin:1.5em 0px;color:#333333;font-family:\'Sofia Pro Regular\';font-size:15px;\"><b>NOTE : </b>Sans gluten</p>\n<hr style=\"width:100px;margin:0px;color:#333333;font-family:\'Sofia Pro Regular\';font-size:15px;\" />\n<p style=\"margin:1.5em 0px;color:#333333;font-family:\'Sofia Pro Regular\';font-size:15px;\"><b>UTILISATION :</b> Incontournable dans les <strong>vinaigrettes</strong> et mouillettes. Idéal pour déglacer légumes, pâtes et sautés, marinades de viandes. Savoureux en réduction pour badigeonner les grillades!</p>','<p><b style=\"color:#333333;font-family:\'Sofia Pro Regular\';font-size:15px;\"> </b><span style=\"color:#333333;font-family:\'Sofia Pro Regular\';font-size:15px;\">Vinaigre de raisin et moût de raisin vieilli trois ans en barrique. (250ml)</span></p>','vinaigre-balsamique-traditionnel','','','','Vinaigre balsamique traditionnel','','','',''),(28,1,2,'','','vinaigre-balsamique-traditionnel','','','','Vinaigre balsamique traditionnel','','','',''),(28,1,3,'','','vinaigre-balsamique-traditionnel','','','','Vinaigre balsamique traditionnel','','','',''),(29,1,1,'<h2 style=\"font-family:\'Sofia Pro Regular\';font-weight:normal;margin-bottom:0.4em;margin-top:0.4em;color:#010101;font-size:1.8em;\">Description du produit</h2>\n<p style=\"margin:1.5em 0px;color:#333333;font-family:\'Sofia Pro Regular\';font-size:15px;\"><b>LA BELLE EXCUSE</b> vous propose ici un assemblage de<strong> vinaigre de citron et de balsamique blanc</strong> qui saura charmer vos papilles…. La qualité de cette combinaison de goûts uniques et authentiques remplace agréablement le citron.</p>\n<hr style=\"width:100px;margin:0px;color:#333333;font-family:\'Sofia Pro Regular\';font-size:15px;\" />\n<p style=\"margin:1.5em 0px;color:#333333;font-family:\'Sofia Pro Regular\';font-size:15px;\"><b>TRAITS DISTINCTIFS : </b>Rappelle légèrement le citron confit, ce qui inspirera certainement maints prétextes d’utilisation.</p>\n<hr style=\"width:100px;margin:0px;color:#333333;font-family:\'Sofia Pro Regular\';font-size:15px;\" />\n<p style=\"margin:1.5em 0px;color:#333333;font-family:\'Sofia Pro Regular\';font-size:15px;\"><b>INGRÉDIENTS :</b> <strong>Vinaigre de citron</strong> (France): pulpes de citron (Calamansi), vinaigre d’eau de vie, sucre de canne roux. <strong>Balsamique blanc</strong> (Italie): vinaigre de vin et moût de raisin vieillis trois ans en barrique. (6,5% d’acidité). Contient des sulfites.</p>\n<hr style=\"width:100px;margin:0px;color:#333333;font-family:\'Sofia Pro Regular\';font-size:15px;\" />\n<p style=\"margin:1.5em 0px;color:#333333;font-family:\'Sofia Pro Regular\';font-size:15px;\"><b>UTILISATION :</b> Essayez- le accompagné de notre <a href=\"https://www.labelleexcuse.com/les-produits/\" style=\"color:#9aa62f;\">huile d’olive</a> sur de fines tranches de gravlax ou de saumon fumé. Parfait pour ajouter une touche originale à vos salades, tartares, pour déglacer poissons et fruits de mer. Délicieux dans un tajine de poulet ou d’agneau, pour aromatiser un beurre de homard, vos plats Thaï, une salade de quinoa ou taboulé aux pistaches, oignons frits et canneberges séchées.</p>\n<hr style=\"width:100px;margin:0px;color:#333333;font-family:\'Sofia Pro Regular\';font-size:15px;\" />\n<p style=\"margin:1.5em 0px;color:#333333;font-family:\'Sofia Pro Regular\';font-size:15px;\"><b>NOTE :</b> Agiter avant utilisation et réfrigérer après ouverture. Sans gluten.</p>','<p><span style=\"color:#333333;font-family:\'Sofia Pro Regular\';font-size:15px;\">Vinaigre de vin et citron avec moût de raisin vieillis trois ans en barrique. (250ml)</span></p>','-vinaigre-de-citron-balsamique-blanc','','','','Vinaigre de citron & balsamique blanc','','','',''),(29,1,2,'','','-vinaigre-de-citron-balsamique-blanc','','','','Vinaigre de citron & balsamique blanc','','','',''),(29,1,3,'','','-vinaigre-de-citron-balsamique-blanc','','','','Vinaigre de citron & balsamique blanc','','','',''),(30,1,1,'<h2 style=\"font-family:\'Sofia Pro Regular\';font-weight:normal;margin-bottom:0.4em;margin-top:0.4em;color:#010101;font-size:1.8em;\">Description du produit</h2>\n<p style=\"margin:1.5em 0px;color:#333333;font-family:\'Sofia Pro Regular\';font-size:15px;\"><b>LA BELLE EXCUSE</b> vous propose ici un assemblage de <strong>vinaigre de framboise et de balsamique blanc</strong> qui saura charmer vos papilles. La qualité de cette combinaison de goûts uniques et authentiques donne un vinaigre intense et parfumé.</p>\n<hr style=\"width:100px;margin:0px;color:#333333;font-family:\'Sofia Pro Regular\';font-size:15px;\" />\n<p style=\"margin:1.5em 0px;color:#333333;font-family:\'Sofia Pro Regular\';font-size:15px;\"><b>TRAITS DISTINCTIFS : </b>Pur goût de <strong>framboises bien mûres</strong>, ce qui inspirera certainement maints prétextes d’utilisation.</p>\n<hr style=\"width:100px;margin:0px;color:#333333;font-family:\'Sofia Pro Regular\';font-size:15px;\" />\n<p style=\"margin:1.5em 0px;color:#333333;font-family:\'Sofia Pro Regular\';font-size:15px;\"><b>INGRÉDIENTS :</b> <strong>Vinaigre de framboise</strong> (France): vinaigre de framboise, sucre, concentré de jus de framboise, arôme naturel de framboise. <strong>Balsamique blanc</strong> (Italie): vinaigre de vin et moût de raisin vieillis trois ans en barrique. (<strong>6% d’acidité</strong>). Contient des sulfites.</p>\n<hr style=\"width:100px;margin:0px;color:#333333;font-family:\'Sofia Pro Regular\';font-size:15px;\" />\n<p style=\"margin:1.5em 0px;color:#333333;font-family:\'Sofia Pro Regular\';font-size:15px;\"><b>UTILISATION :</b> Essayez-le accompagné de notre huile d\'olive sur une salade de betteraves, noix rôties et fromage de chèvre de chez nous, une petite verte bien croquante ou la classique salade tiède de canard.  Quelques gouttes ravivent aussi les gésiers et les foies de volaille ou de veau et les fonds de viande.</p>\n<hr style=\"width:100px;margin:0px;color:#333333;font-family:\'Sofia Pro Regular\';font-size:15px;\" />\n<p style=\"margin:1.5em 0px;color:#333333;font-family:\'Sofia Pro Regular\';font-size:15px;\"><b>NOTE :</b> Agiter avant utilisation et réfrigérer après ouverture. <strong>Sans gluten</strong>.</p>','<p><span style=\"color:#333333;font-family:\'Sofia Pro Regular\';font-size:15px;\">Vinaigre de vin et framboise avec moût de raisin vieillis trois ans en barrique. (250ml)</span></p>','vinaigre-de-framboise-balsamique-blanc','','','','Vinaigre de framboise & balsamique blanc','','','',''),(30,1,2,'','','vinaigre-de-framboise-balsamique-blanc','','','','Vinaigre de framboise & balsamique blanc','','','',''),(30,1,3,'','','vinaigre-de-framboise-balsamique-blanc','','','','Vinaigre de framboise & balsamique blanc','','','',''),(31,1,1,'<h2 style=\"font-family:\'Sofia Pro Regular\';font-weight:normal;margin-bottom:0.4em;margin-top:0.4em;color:#010101;font-size:1.8em;\">Description du produit</h2>\n<p style=\"margin:1.5em 0px;color:#333333;font-family:\'Sofia Pro Regular\';font-size:15px;\"><strong>Crème de Balsamique Traditionnel</strong></p>\n<p style=\"margin:1.5em 0px;color:#333333;font-family:\'Sofia Pro Regular\';font-size:15px;\"><strong>La Belle Excuse</strong> vous propose ici une <strong>crème de balsamique</strong> d’importation.<br />Cette <strong>crème de balsamique</strong> ajoutera une touche artistique et aromatique à la présentation de tous vos plats qu’ils soient salés ou sucrés. Pourquoi pas sur une crème glacée!</p>\n<hr style=\"width:100px;margin:0px;color:#333333;font-family:\'Sofia Pro Regular\';font-size:15px;\" />\n<p style=\"margin:1.5em 0px;color:#333333;font-family:\'Sofia Pro Regular\';font-size:15px;\"><strong>TRAITS DISTINCTIFS :</strong><strong> </strong><br />Facile à utiliser grâce à sa bouteille compressible, cette <strong>crème de balsamique</strong> au goût classique et aromatique apportera une touche d’originalité à vos créations culinaires.</p>\n<hr style=\"width:100px;margin:0px;color:#333333;font-family:\'Sofia Pro Regular\';font-size:15px;\" />\n<p style=\"margin:1.5em 0px;color:#333333;font-family:\'Sofia Pro Regular\';font-size:15px;\"><strong>INGRÉDIENTS :</strong><br />Moût de raisin concentré, <strong>balsamique</strong> de Modène, Italie (vinaigre de vin, moût de raisin), amidon modifié.  Contient des sulfites.</p>\n<p style=\"margin:1.5em 0px;color:#333333;font-family:\'Sofia Pro Regular\';font-size:15px;\"><b>NOTE : </b>Sans gluten</p>\n<hr style=\"width:100px;margin:0px;color:#333333;font-family:\'Sofia Pro Regular\';font-size:15px;\" />\n<p style=\"margin:1.5em 0px;color:#333333;font-family:\'Sofia Pro Regular\';font-size:15px;\"><strong>UTILISATION :</strong><br />Bien sûr pour les salades, mais tellement  inoubliable dans un burger!  Que ce soit avec des saucisses,  un plateau de fromages et charcuteries, pour badigeonner  viandes et légumes ou encore parfumer un fond d’assiette avant d’y déposer une grillade, un tartare ou un succulent risotto. Vous ne pourrez plus vous en passer !</p>','<p><span style=\"color:#333333;font-family:\'Sofia Pro Regular\';font-size:15px;\">Moût de raisin concentré, </span><strong style=\"color:#333333;font-family:\'Sofia Pro Regular\';font-size:15px;\">balsamique</strong><span style=\"color:#333333;font-family:\'Sofia Pro Regular\';font-size:15px;\"> de Modène, Italie, amidon modifié. (220g)</span></p>','creme-de-balsamique-traditionnel','','','','Crème de Balsamique Traditionnel','','','',''),(31,1,2,'','','creme-de-balsamique-traditionnel','','','','Crème de Balsamique Traditionnel','','','',''),(31,1,3,'','','creme-de-balsamique-traditionnel','','','','Crème de Balsamique Traditionnel','','','',''),(32,1,1,'<h2 style=\"font-family:\'Sofia Pro Regular\';font-weight:normal;margin-bottom:0.4em;margin-top:0.4em;color:#010101;font-size:1.8em;\">Description du produit</h2>\n<p style=\"margin:1.5em 0px;color:#333333;font-family:\'Sofia Pro Regular\';font-size:15px;\"><b>LA BELLE EXCUSE</b> vous propose ici notre <strong>fleur de sel</strong> qui a été séchée par la brise sous les chauds rayons du soleil de la <strong>Méditerranée</strong>. Récoltée à la main et non raffinée elle conserve tous ses minéraux naturels.</p>\n<hr style=\"width:100px;margin:0px;color:#333333;font-family:\'Sofia Pro Regular\';font-size:15px;\" />\n<p style=\"margin:1.5em 0px;color:#333333;font-family:\'Sofia Pro Regular\';font-size:15px;\"><b>TRAITS DISTINCTIFS : </b><strong>Sel</strong> de finition remplaçant le sel de table, elle est riche en magnésium, calcium et autres oligo-éléments.</p>\n<hr style=\"width:100px;margin:0px;color:#333333;font-family:\'Sofia Pro Regular\';font-size:15px;\" />\n<p style=\"margin:1.5em 0px;color:#333333;font-family:\'Sofia Pro Regular\';font-size:15px;\"><b>UTILISATION :</b> Craquante et au <strong>goût unique</strong>, une petite pincée en finition sublimera toutes les saveurs de vos plats (légumes, poissons, viandes et pâtes).</p>\n<hr style=\"width:100px;margin:0px;color:#333333;font-family:\'Sofia Pro Regular\';font-size:15px;\" />\n<p style=\"margin:1.5em 0px;color:#333333;font-family:\'Sofia Pro Regular\';font-size:15px;\"><strong>FAIT  INTÉRESSANT:</strong> Pour le bonheur des amateurs d’oiseaux, les <strong>salines grecques</strong> engendrent tout un écosystème de micro-organismes qui alimente annuellement un peu plus de 100 espèces d’oiseaux , dont des flamants roses.</p>\n<p style=\"margin:1.5em 0px;color:#333333;font-family:\'Sofia Pro Regular\';font-size:15px;\"><b>NOTE : </b>Sans gluten</p>','<p><strong style=\"color:#333333;font-family:\'Sofia Pro Regular\';font-size:15px;\">Sel</strong><span style=\"color:#333333;font-family:\'Sofia Pro Regular\';font-size:15px;\"> de finition remplaçant le sel de table. (250g)</span></p>','fleur-de-sel-de-la-mediterranee','','','','Fleur de sel de la Méditerranée','','','',''),(32,1,2,'','','fleur-de-sel-de-la-mediterranee','','','','Fleur de sel de la Méditerranée','','','',''),(32,1,3,'','','fleur-de-sel-de-la-mediterranee','','','','Fleur de sel de la Méditerranée','','','',''),(33,1,1,'<h2 style=\"font-family:\'Sofia Pro Regular\';font-weight:normal;margin-bottom:0.4em;margin-top:0.4em;color:#010101;font-size:1.8em;\">Description du produit</h2>\n<p style=\"margin:1.5em 0px;color:#333333;font-family:\'Sofia Pro Regular\';font-size:15px;\">Possédant un vignoble en bordure de la rivière Ouareau, Aristo est aussi producteur de vin artisanal. <b>LA BELLE EXCUSE</b> vous propose donc aujourd’hui notre <strong>confit d’oignons perlés au balsamique de citron</strong>, élaboré à partir de vin fortifié de notre vignoble et de notre vinaigre de citron<a href=\"https://www.labelleexcuse.com/produit/vinaigre-de-citron-balsamique-blanc/\" style=\"color:#9aa62f;\"></a>.</p>\n<hr style=\"width:100px;margin:0px;color:#333333;font-family:\'Sofia Pro Regular\';font-size:15px;\" />\n<p style=\"margin:1.5em 0px;color:#333333;font-family:\'Sofia Pro Regular\';font-size:15px;\"><b>TRAITS DISTINCTIFS : </b>Croquez dans un petit <strong>oignon</strong> bien sirupeux et vous serez envahi par la délicatesse du goût et de la juste présence du poivre de Kampot. Cela vous inspirera certainement maints prétextes d’utilisation.</p>\n<hr style=\"width:100px;margin:0px;color:#333333;font-family:\'Sofia Pro Regular\';font-size:15px;\" />\n<p style=\"margin:1.5em 0px;color:#333333;font-family:\'Sofia Pro Regular\';font-size:15px;\"><b>INGRÉDIENTS : </b><strong>Oignons perlés</strong>, sucre de cane, vin de dessert, vinaigre de <strong>citron</strong>, sel, poivre de Kampot, pectine (sans gluten), acide citrique. Contient des sulfites.</p>\n<p style=\"margin:1.5em 0px;color:#333333;font-family:\'Sofia Pro Regular\';font-size:15px;\"><b>NOTE : </b><strong>Sans gluten. </strong>Réfrigéré après ouverture, il se conservera jusqu’à la date d’expiration.</p>','<p><span style=\"color:#333333;font-family:\'Sofia Pro Regular\';font-size:15px;\">Confit élaboré à partir de vin fortifié de notre vignoble et de notre vinaigre de citron</span><a href=\"https://www.labelleexcuse.com/produit/vinaigre-de-citron-balsamique-blanc/\" style=\"color:#9aa62f;font-family:\'Sofia Pro Regular\';font-size:15px;\"></a><span style=\"color:#333333;font-family:\'Sofia Pro Regular\';font-size:15px;\">. (212ml)</span></p>','confit-doignons-perles-au-balsamique-de-citron','','','','Confit d’oignons perlés au balsamique de citron','','','',''),(33,1,2,'','','confit-doignons-perles-au-balsamique-de-citron','','','','Confit d’oignons perlés au balsamique de citron','','','',''),(33,1,3,'','','confit-doignons-perles-au-balsamique-de-citron','','','','Confit d’oignons perlés au balsamique de citron','','','',''),(34,1,1,'<h2 style=\"font-family:\'Sofia Pro Regular\';font-weight:normal;margin-bottom:0.4em;margin-top:0.4em;color:#010101;font-size:1.8em;\">Description du produit</h2>\n<p style=\"margin:1.5em 0px;color:#333333;font-family:\'Sofia Pro Regular\';font-size:15px;\">Possédant un vignoble en bordure de la rivière Ouareau, Aristo est aussi producteur de vin artisanal.  <b>LA BELLE EXCUSE</b> vous propose donc aujourd’hui notre <strong>confit d’échalotes françaises</strong>, élaboré à partir de vin fortifié de notre vignoble et de notre vinaigre de framboise.</p>\n<hr style=\"width:100px;margin:0px;color:#333333;font-family:\'Sofia Pro Regular\';font-size:15px;\" />\n<p style=\"margin:1.5em 0px;color:#333333;font-family:\'Sofia Pro Regular\';font-size:15px;\"><b>TRAITS DISTINCTIFS : </b>La douceur de l’<strong>échalote française</strong>, le goût de <strong>framboises</strong> cuites et le parfum du poivre de Kampot vous  inspirera certainement maints prétextes d’utilisation.</p>\n<hr style=\"width:100px;margin:0px;color:#333333;font-family:\'Sofia Pro Regular\';font-size:15px;\" />\n<p style=\"margin:1.5em 0px;color:#333333;font-family:\'Sofia Pro Regular\';font-size:15px;\"><b>INGRÉDIENTS : </b><strong>Échalotes françaises</strong>, oignons blancs, oignons rouges, sucre de canne, vin fortifié, vinaigre de framboise<a href=\"https://www.labelleexcuse.com/produit/vinaigre-de-framboise-balsamique-blanc/\" style=\"color:#9aa62f;\"></a>, sel, poivre de Kampot, pectine sans gluten, acide citrique. Contient des sulfites.</p>\n<p style=\"margin:1.5em 0px;color:#333333;font-family:\'Sofia Pro Regular\';font-size:15px;\"><b>NOTE : </b><strong>Sans gluten. </strong>Réfrigéré après ouverture, il se conservera jusqu’à la date d’expiration.</p>','<p><span style=\"color:#333333;font-family:\'Sofia Pro Regular\';font-size:15px;\">Confit élaboré à partir de vin fortifié de notre vignoble et de notre vinaigre de framboise. </span></p>','confit-dechalotes-francaises-au-balsamique-de-framboises','','','','Confit d’échalotes françaises au balsamique de framboises','','','',''),(34,1,2,'','','confit-dechalotes-francaises-au-balsamique-de-framboises','','','','Confit d’échalotes françaises au balsamique de framboises','','','',''),(34,1,3,'','','confit-dechalotes-francaises-au-balsamique-de-framboises','','','','Confit d’échalotes françaises au balsamique de framboises','','','',''),(35,1,1,'<h2 style=\"font-family:\'Sofia Pro Regular\';font-weight:normal;margin-bottom:0.4em;margin-top:0.4em;color:#010101;font-size:1.8em;\">Description du produit</h2>\n<p class=\"xmsonormal\" style=\"margin:1.5em 0px;color:#333333;font-family:\'Sofia Pro Regular\';font-size:15px;\"><strong>LA BELLE EXCUSE</strong> vous propose une savoureuse moutarde à l’huile d’olive, ail rôti et balsamique blanc. Émulsionnée à l’huile d’olive verte La Belle Excuse, cette délicieuse moutarde présente une texture onctueuse, rehaussée d’un subtil arôme d’ail rôti et par la douceur agréablement acidulée du vinaigre balsamique blanc.</p>\n<p class=\"xmsonormal\" style=\"margin:1.5em 0px;color:#333333;font-family:\'Sofia Pro Regular\';font-size:15px;\">Une moutarde artisanale et naturelle à utiliser sans compromis dans tous vos plats! Vos papilles et vos convives seront comblés.</p>\n<p class=\"xmsonormal\" style=\"margin:1.5em 0px;color:#333333;font-family:\'Sofia Pro Regular\';font-size:15px;\">Son nom inspirant qui ouvre l’appétit est aussi sa liste d’ingrédients complète <img class=\"emoji\" alt=\"?\" src=\"https://s.w.org/images/core/emoji/14.0.0/svg/1f642.svg\" style=\"height:auto;border:none;margin:0px 0.07em;vertical-align:-0.1em;background:none;padding:0px;\" /></p>\n<hr style=\"width:100px;margin:0px;color:#333333;font-family:\'Sofia Pro Regular\';font-size:15px;\" />\n<p style=\"margin:1.5em 0px;color:#333333;font-family:\'Sofia Pro Regular\';font-size:15px;\"><b>INGRÉDIENTS : </b>Moutarde (eau, graines de moutarde, vinaigre, sel, acide citrique, sulfites), huile d\'olive La Belle Excuse<a href=\"https://www.labelleexcuse.com/produit/huile-olive-extra-vierge-verte/\" style=\"color:#9aa62f;\"></a>, vinaigre balsamique blanc, ail rôti.</p>\n<p style=\"margin:1.5em 0px;color:#333333;font-family:\'Sofia Pro Regular\';font-size:15px;\">Contient: Moutarde, sulfites.<br />Peut contenir: Gluten d’orge, œufs, soja, poisson, noisettes.</p>\n<p><strong style=\"color:#333333;font-family:\'Sofia Pro Regular\';font-size:15px;\">NOTE</strong><span style=\"color:#333333;font-family:\'Sofia Pro Regular\';font-size:15px;\"> : Réfrigérer après ouverture.</span></p>','<p><span style=\"color:#333333;font-family:\'Sofia Pro Regular\';font-size:15px;\">Une moutarde artisanale et naturelle à utiliser sans compromis dans tous vos plats! (270ml)</span></p>','moutarde-a-lhuile-dolive-ail-roti-et-balsamique-blanc','','','','Moutarde à l’huile d’olive, ail rôti et balsamique blanc','','','',''),(35,1,2,'','','moutarde-a-lhuile-dolive-ail-roti-et-balsamique-blanc','','','','Moutarde à l’huile d’olive, ail rôti et balsamique blanc','','','',''),(35,1,3,'','','moutarde-a-lhuile-dolive-ail-roti-et-balsamique-blanc','','','','Moutarde à l’huile d’olive, ail rôti et balsamique blanc','','','',''),(36,1,1,'<h2 style=\"font-family:\'Sofia Pro Regular\';font-weight:normal;margin-bottom:0.4em;margin-top:0.4em;color:#010101;font-size:1.8em;\">Description du produit</h2>\n<p style=\"margin:1.5em 0px;color:#333333;font-family:\'Sofia Pro Regular\';font-size:15px;\"><b>LA BELLE EXCUSE</b> vous propose ici nos <strong>olives Kalamata</strong>. Cueillies à la main dans la belle région de Kalamata, les olives  macèrent  trois mois dans une saumure dont la recette est un secret familial transmis de génération en génération.</p>\n<hr style=\"width:100px;margin:0px;color:#333333;font-family:\'Sofia Pro Regular\';font-size:15px;\" />\n<p style=\"margin:1.5em 0px;color:#333333;font-family:\'Sofia Pro Regular\';font-size:15px;\"><b>TRAITS DISTINCTIFS : </b>Les <strong>olives Kalamata</strong> sont dodues,  d’un violet foncé et en forme d’amande. Après la transformation, le niveau de propriété de Polyphénols reste généreusement élevé, leur donnant un goût légèrement amer.</p>\n<hr style=\"width:100px;margin:0px;color:#333333;font-family:\'Sofia Pro Regular\';font-size:15px;\" />\n<p style=\"margin:1.5em 0px;color:#333333;font-family:\'Sofia Pro Regular\';font-size:15px;\"><b>INGRÉDIENTS : </b><strong>Olives Kalamata</strong>, saumure, huile d\'olive verte extra vierge<a href=\"https://www.labelleexcuse.com/produit/huile-olive-extra-vierge-verte/\" style=\"color:#9aa62f;\"></a>.</p>\n<p style=\"margin:1.5em 0px;color:#333333;font-family:\'Sofia Pro Regular\';font-size:15px;\"><b>NOTE : </b>Sans gluten. Nous recouvrons les <strong>olives</strong> de notre huile d\'olive verte (ce qui protège les olives de l’oxydation et empêche le sel de la saumure de remonter à la surface). Les olives  se conserveront et seront donc plus savoureuses  laissées à la température ambiante.</p>','<p><span style=\"color:#333333;font-family:\'Sofia Pro Regular\';font-size:15px;\">Cueillies à la main dans la belle région de Kalamata. (180g)</span></p>','olives-kalamata','','','','Olives Kalamata','','','',''),(36,1,2,'','','olives-kalamata','','','','Olives Kalamata','','','',''),(36,1,3,'','','olives-kalamata','','','','Olives Kalamata','','','',''),(37,1,1,'<h2 style=\"font-family:\'Sofia Pro Regular\';font-weight:normal;margin-bottom:0.4em;margin-top:0.4em;color:#010101;font-size:1.8em;\">Description du produit</h2>\n<p style=\"margin:1.5em 0px;color:#333333;font-family:\'Sofia Pro Regular\';font-size:15px;\">Depuis que le monde est monde, l’huile d\'olive accompagne l’homme dans toutes les sphères de sa vie; de la cuisine aux cosmétiques, en passant par la médecine et la religion, cette huile noble et respectable est un cadeau des dieux! Renommée pour ses propriétés, elle purifie les peaux sensibles et protège l’épiderme de l’assèchement causé par la déshydratation.</p>\n<hr style=\"width:100px;margin:0px;color:#333333;font-family:\'Sofia Pro Regular\';font-size:15px;\" />\n<p style=\"margin:1.5em 0px;color:#333333;font-family:\'Sofia Pro Regular\';font-size:15px;\"><b>UTILISATION : </b>Biodégradable, ce <strong>savon</strong> à base d’huile d’olive <strong>LA BELLE EXCUSE</strong> laisse les <strong>mains</strong> impeccablement propres et douces.</p>\n<hr style=\"width:100px;margin:0px;color:#333333;font-family:\'Sofia Pro Regular\';font-size:15px;\" />\n<p style=\"margin:1.5em 0px;color:#333333;font-family:\'Sofia Pro Regular\';font-size:15px;\"><b>INGRÉDIENTS (INCI) : </b>Aqua, Disodium Cocoamphodiacetate, Decyl Glucoside, Olea Europaea (Olive) Fruit Oil, Leuconostoc/Radish Root Ferment Filtrate, Cocomidopropyl Betaine, Aloe Barbadensis Leaf Juice, Sodium Chloride, Glycerine, Olea europaea (Olive) Leaf Extract, Xanthan Gum, Rosmarinus Rfficinalis (Rosemary) Leaf Oil, Cymbogogon Schoenanthus Oil (Lemongrass) Oil, Lavandula Angustifolia (Lavender) Oil, Citrus Bergamia (Bergamot) Oil, Mentha Viridis (Spearmint) Leaf oil, Parfum*.</p>\n<p style=\"margin:1.5em 0px;color:#333333;font-family:\'Sofia Pro Regular\';font-size:15px;\">*Parfum sans alcool ni phtalates, <strong>certifié IFRA</strong>.</p>\n<hr style=\"width:100px;margin:0px;color:#333333;font-family:\'Sofia Pro Regular\';font-size:15px;\" />\n<p style=\"margin:1.5em 0px;color:#333333;font-family:\'Sofia Pro Regular\';font-size:15px;\"><b>NOTE :</b> L’odeur ainsi que l’emballage ont un côté très <strong>unisexe</strong>. Ce produit convient donc aussi bien aux hommes qu’aux femmes! Sans gluten.</p>','<p><span style=\"color:#333333;font-family:\'Sofia Pro Regular\';font-size:15px;\">Laisse les </span><strong style=\"color:#333333;font-family:\'Sofia Pro Regular\';font-size:15px;\">mains</strong><span style=\"color:#333333;font-family:\'Sofia Pro Regular\';font-size:15px;\"> impeccablement propres et douces. (200ml)</span></p>','-savon-a-mains-rafraichissant','','','','Savon à mains rafraîchissant','','','',''),(37,1,2,'','','-savon-a-mains-rafraichissant','','','','Savon à mains rafraîchissant','','','',''),(37,1,3,'','','-savon-a-mains-rafraichissant','','','','Savon à mains rafraîchissant','','','',''),(38,1,1,'<h2 style=\"font-family:\'Sofia Pro Regular\';font-weight:normal;margin-bottom:0.4em;margin-top:0.4em;color:#010101;font-size:1.8em;\">Description du produit</h2>\n<p style=\"margin:1.5em 0px;color:#333333;font-family:\'Sofia Pro Regular\';font-size:15px;\">Depuis que le monde est monde, l’huile d\'olive accompagne l’homme dans toutes les sphères de sa vie; de la cuisine aux cosmétiques, en passant par la médecine et la religion, cette huile noble et respectable est un cadeau des dieux! Renommée pour ses propriétés, elle purifie les peaux sensibles et protège l’épiderme de l’assèchement causé par la déshydratation.</p>\n<hr style=\"width:100px;margin:0px;color:#333333;font-family:\'Sofia Pro Regular\';font-size:15px;\" />\n<p style=\"margin:1.5em 0px;color:#333333;font-family:\'Sofia Pro Regular\';font-size:15px;\"><b>UTILISATION : </b>Régénératrice, cette crème à base<strong> d’huile d’olive</strong> <strong>LA BELLE EXCUSE</strong> protège les <strong>mains</strong> ainsi que toute autre partie du corps contre les agressions quotidiennes. Onctueuse et veloutée, elle saura restaurer toute peau en manque d’hydratation en la laissant agréablement satinée.</p>\n<hr style=\"width:100px;margin:0px;color:#333333;font-family:\'Sofia Pro Regular\';font-size:15px;\" />\n<p style=\"margin:1.5em 0px;color:#333333;font-family:\'Sofia Pro Regular\';font-size:15px;\"><b>INGRÉDIENTS (INCI) : </b>Aqua, Olea Europaea (<strong>Olive</strong>) Fruit Oil, Fractionated Coconut Oil, Glycerin, Leuconostoc/Radish Root Ferment Filtrate, Behenyl Alcohol, Glyceryl Stearate, Cetyl Alcohol, Ceteareth 20, Allantoin, Olea Europaea (Olive) Oil Unsaponifiables, Olea Europaea (Olive) Leaf Extract, Tocopherol, Ascorbyl Palminate, Citric Acid, l-Ascorbic Acid, Hanthan Gum, Rosmarinus Officinalis (Rosemary) Leaf Oil, Cymbogogon Schoenanthus Oil (Lemongrass) Oil, Lavandula Angustifolia (Lavender) Oil, Citrus Bergamia (Bergamot) Oil, Mentha Viridis (Spearmint) Leaf Oil, Parfum*.</p>\n<p style=\"margin:1.5em 0px;color:#333333;font-family:\'Sofia Pro Regular\';font-size:15px;\">*Parfum sans alcool ni phtalates, <strong>certifié IFRA</strong>.</p>\n<hr style=\"width:100px;margin:0px;color:#333333;font-family:\'Sofia Pro Regular\';font-size:15px;\" />\n<p style=\"margin:1.5em 0px;color:#333333;font-family:\'Sofia Pro Regular\';font-size:15px;\"><strong>NOTE : </strong>L’odeur ainsi que l’emballage ont un côté très <strong>unisexe</strong>. Ce produit convient donc aussi bien aux hommes qu’aux femmes! Sans gluten.</p>','<p><span style=\"color:#333333;font-family:\'Sofia Pro Regular\';font-size:15px;\">Onctueuse et veloutée, elle saura restaurer toute peau en manque d’hydratation en la laissant agréablement satinée. (200ml)</span></p>','creme-a-mains-rafraichissante','','','','Crème à mains rafraîchissante','','','',''),(38,1,2,'','','creme-a-mains-rafraichissante','','','','Crème à mains rafraîchissante','','','',''),(38,1,3,'','','creme-a-mains-rafraichissante','','','','Crème à mains rafraîchissante','','','',''),(39,1,1,'<h2 style=\"font-family:\'Sofia Pro Regular\';font-weight:normal;margin-bottom:0.4em;margin-top:0.4em;color:#010101;font-size:1.8em;\">Description du produit</h2>\n<p style=\"margin:1.5em 0px;color:#333333;font-family:\'Sofia Pro Regular\';font-size:15px;\">Depuis que le monde est monde, l’<strong>huile d’olive</strong> accompagne l’homme dans toutes les sphères de sa vie; de la cuisine aux cosmétiques, en passant par la médecine et la religion, cette huile noble et respectable est un cadeau des dieux! Renommée pour ses propriétés, elle <strong>purifie</strong> les peaux sensibles et <strong>protège</strong> l’épiderme de l’assèchement causé par la déshydratation.</p>\n<hr style=\"width:100px;margin:0px;color:#333333;font-family:\'Sofia Pro Regular\';font-size:15px;\" />\n<p style=\"margin:1.5em 0px;color:#333333;font-family:\'Sofia Pro Regular\';font-size:15px;\"><b>UTILISATION :</b> <strong>Exfoliante</strong>, cette <strong>barre de savon</strong> à base d’huile d\'olive et de sel de mer<strong> LA BELLE EXCUSE </strong>élimine les impuretés en douceur. Elle laissera la peau douce et lumineuse, plus facile à hydrater.</p>\n<hr style=\"width:100px;margin:0px;color:#333333;font-family:\'Sofia Pro Regular\';font-size:15px;\" />\n<p style=\"margin:1.5em 0px;color:#333333;font-family:\'Sofia Pro Regular\';font-size:15px;\"><b>INGRÉDIENTS : </b>Cocos nucifera (coconut) oil, sea salt,  olea europaea (<strong>olive</strong>) fruit oil, ricinus communis (castor) seed oil, water (aqua), sodium hydroxide, iron oxide yellow,  rosmarinus officinalis (rosemary) leaf oil, cymbogogon schoenanthus oil (lemongrass) oil, lavandula angustifolia (lavender) oil, citrus bergamia (bergamot) oil, mentha viridis (spearmint) leaf oil, parfum (fragrance).</p>\n<hr style=\"width:100px;margin:0px;color:#333333;font-family:\'Sofia Pro Regular\';font-size:15px;\" />\n<p style=\"margin:1.5em 0px;color:#333333;font-family:\'Sofia Pro Regular\';font-size:15px;\"><b>NOTE : </b>L’odeur ainsi que l’emballage ont un côté très <strong>unisexe</strong>. Ce produit convient donc aussi bien aux hommes qu’aux femmes! Sans gluten.</p>','<p><span style=\"color:#333333;font-family:\'Sofia Pro Regular\';font-size:15px;\">Elle laissera la peau douce et lumineuse, plus facile à hydrater. (160g)</span></p>','barre-exfoliante-rafraichissante-au-sel-de-mer','','','','Barre exfoliante rafraîchissante au sel de mer','','','',''),(39,1,2,'','','barre-exfoliante-rafraichissante-au-sel-de-mer','','','','Barre exfoliante rafraîchissante au sel de mer','','','',''),(39,1,3,'','','barre-exfoliante-rafraichissante-au-sel-de-mer','','','','Barre exfoliante rafraîchissante au sel de mer','','','',''),(41,1,1,'<h2 style=\"font-family:\'Sofia Pro Regular\';font-weight:normal;margin-bottom:0.4em;margin-top:0.4em;color:#010101;font-size:1.8em;\">Description du produit</h2>\n<p style=\"margin:1.5em 0px;color:#333333;font-family:\'Sofia Pro Regular\';font-size:15px;\">Depuis que le monde est monde, l’<strong>huile d’olive</strong> accompagne l’homme dans toutes les sphères de sa vie; de la cuisine aux cosmétiques, en passant par la médecine et la religion, cette huile noble et respectable est un cadeau des dieux! Renommée pour ses propriétés, elle <strong>purifie</strong> les peaux sensibles et <strong>protège</strong> l’épiderme de l’assèchement causé par la déshydratation.</p>\n<hr style=\"width:100px;margin:0px;color:#333333;font-family:\'Sofia Pro Regular\';font-size:15px;\" />\n<p style=\"margin:1.5em 0px;color:#333333;font-family:\'Sofia Pro Regular\';font-size:15px;\"><b>UTILISATION :</b> Très efficace, notre savon de cuisine contient <strong>70% d’huile d’olive</strong> <strong>LA BELLE EXCUSE</strong> et enlève une fois pour toutes les odeurs d’ail, d’oignons et de poisson sur les mains après avoir cuisiné.</p>\n<hr style=\"width:100px;margin:0px;color:#333333;font-family:\'Sofia Pro Regular\';font-size:15px;\" />\n<p style=\"margin:1.5em 0px;color:#333333;font-family:\'Sofia Pro Regular\';font-size:15px;\"><b>INGRÉDIENTS : </b>olea europaea (<strong>olive</strong>) fruit oil, cocos nucifera (coconut) oil, water (aqua), palm oil*, sodium hydroxide, coffea arabica seed oil,  rosmarinus officinalis (rosemary) leaf oil, citrus medica limonum (lemon) peel oil.</p>\n<p style=\"margin:1.5em 0px;color:#333333;font-family:\'Sofia Pro Regular\';font-size:15px;\">* Certifié RSPO</p>\n<hr style=\"width:100px;margin:0px;color:#333333;font-family:\'Sofia Pro Regular\';font-size:15px;\" />\n<p style=\"margin:1.5em 0px;color:#333333;font-family:\'Sofia Pro Regular\';font-size:15px;\"><b>NOTE : </b>L’odeur ainsi que l’emballage ont un côté très <strong>unisexe</strong>. Ce produit convient donc aussi bien aux hommes qu’aux femmes! Sans gluten.</p>','<p><span style=\"color:#333333;font-family:\'Sofia Pro Regular\';font-size:15px;\">Enlève une fois pour toutes les odeurs d’ail, d’oignons et de poisson sur les mains après avoir cuisiné. (135g)</span></p>','-savon-de-cuisine-romarin-citron-cafe','','','','Savon de cuisine (romarin-citron-café)','','','',''),(41,1,2,'','','-savon-de-cuisine-romarin-citron-cafe','','','','Savon de cuisine (romarin-citron-café)','','','',''),(41,1,3,'','','-savon-de-cuisine-romarin-citron-cafe','','','','Savon de cuisine (romarin-citron-café)','','','',''),(42,1,1,'<h2 style=\"font-family:\'Sofia Pro Regular\';font-weight:normal;margin-bottom:0.4em;margin-top:0.4em;color:#010101;font-size:1.8em;\">Description du produit</h2>\n<p style=\"margin:1.5em 0px;color:#333333;font-family:\'Sofia Pro Regular\';font-size:15px;\">Depuis que le monde est monde, l’<strong>huile d’olive</strong> accompagne l’homme dans toutes les sphères de sa vie; de la cuisine aux cosmétiques, en passant par la médecine et la religion, cette huile noble et respectable est un cadeau des dieux! Renommée pour ses propriétés, elle <strong>purifie</strong> les peaux sensibles et <strong>protège</strong> l’épiderme de l’assèchement causé par la déshydratation.</p>\n<hr style=\"width:100px;margin:0px;color:#333333;font-family:\'Sofia Pro Regular\';font-size:15px;\" />\n<p style=\"margin:1.5em 0px;color:#333333;font-family:\'Sofia Pro Regular\';font-size:15px;\"><b>UTILISATION :</b> Très efficace, notre <strong>savon de cuisine</strong> contient 70% d’<strong>huile d’olive</strong> <strong>LA BELLE EXCUSE</strong> et enlève une fois pour toutes les odeurs d’ail, d’oignons et de poisson sur les mains après avoir cuisiné.</p>\n<hr style=\"width:100px;margin:0px;color:#333333;font-family:\'Sofia Pro Regular\';font-size:15px;\" />\n<p style=\"margin:1.5em 0px;color:#333333;font-family:\'Sofia Pro Regular\';font-size:15px;\"><b>INGRÉDIENTS : </b>olea europaea (<strong>olive</strong>) fruit oil, cocos nucifera (coconut) oil, water (aqua), palm oil*, sodium hydroxide, coffea arabica seed oil,  rosmarinus officinalis (rosemary) leaf oil, citrus medica limonum (lemon) peel oil.</p>\n<p style=\"margin:1.5em 0px;color:#333333;font-family:\'Sofia Pro Regular\';font-size:15px;\">* Certifié RSPO</p>\n<hr style=\"width:100px;margin:0px;color:#333333;font-family:\'Sofia Pro Regular\';font-size:15px;\" />\n<p style=\"margin:1.5em 0px;color:#333333;font-family:\'Sofia Pro Regular\';font-size:15px;\"><b>NOTE :</b> L’odeur ainsi que l’emballage ont un côté très <strong>unisexe</strong>. Ce produit convient donc aussi bien aux hommes qu’aux femmes! Sans gluten.</p>','<p><span style=\"color:#333333;font-family:\'Sofia Pro Regular\';font-size:15px;\">Enlève une fois pour toutes les odeurs d’ail, d’oignons et de poisson sur les mains après avoir cuisiné. (65g)</span></p>','savon-de-cuisine-romarin-citron-cafe','','','','Savon de cuisine (romarin-citron-café)','','','',''),(42,1,2,'','','savon-de-cuisine-romarin-citron-cafe','','','','Savon de cuisine (romarin-citron-café)','','','',''),(42,1,3,'','','savon-de-cuisine-romarin-citron-cafe','','','','Savon de cuisine (romarin-citron-café)','','','',''),(45,1,1,'<h2 style=\"font-family:\'Sofia Pro Regular\';font-weight:normal;margin-bottom:0.4em;margin-top:0.4em;color:#010101;font-size:1.8em;\">Description du produit</h2>\n<p style=\"margin:1.5em 0px;color:#333333;font-family:\'Sofia Pro Regular\';font-size:15px;\">Depuis que le monde est monde, l’huile d\'olive<a href=\"https://www.labelleexcuse.com/produit/huile-olive-extra-vierge-verte/\" style=\"color:#9aa62f;\"></a> accompagne l’homme dans toutes les sphères de sa vie; de la cuisine aux cosmétiques, en passant par la médecine et la religion, cette huile noble et respectable est un cadeau des dieux! Renommée pour ses propriétés, elle <strong>purifie</strong> les peaux sensibles et <strong>protège</strong> l’épiderme de l’assèchement causé par la déshydratation.</p>\n<hr style=\"width:100px;margin:0px;color:#333333;font-family:\'Sofia Pro Regular\';font-size:15px;\" />\n<p style=\"margin:1.5em 0px;color:#333333;font-family:\'Sofia Pro Regular\';font-size:15px;\"><b>UTILISATION : </b><strong>Régénératrice</strong>, cette crème à base d’<strong>huile d’olive</strong> <strong>LA BELLE EXCUSE</strong> protège les mains ainsi que toute autre partie du corps contre les agressions quotidiennes. Onctueuse et veloutée, elle saura restaurer toute peau en manque d’hydratation en la laissant agréablement satinée.</p>\n<hr style=\"width:100px;margin:0px;color:#333333;font-family:\'Sofia Pro Regular\';font-size:15px;\" />\n<p style=\"margin:1.5em 0px;color:#333333;font-family:\'Sofia Pro Regular\';font-size:15px;\"><b>INGRÉDIENTS (INCI) : </b>Aqua, Olea Europaea (<strong>Olive</strong>) Fruit Oil, Fractionated Coconut Oil, Glycerin, Leuconostoc/Radish Root Ferment Filtrate, Behenyl Alcohol, Glyceryl Stearate, Cetyl Alcohol, Ceteareth 20, Allantoin, Olea Europaea (Olive) Oil Unsaponifiables, Olea Europaea (Olive) Leaf Extract, Tocopherol, Ascorbyl Palminate, Citric Acid, l-Ascorbic Acid, Hanthan Gum, Rosmarinus Officinalis (Rosemary) Leaf Oil, Cymbogogon Schoenanthus Oil (Lemongrass) Oil, Lavandula Angustifolia (Lavender) Oil, Citrus Bergamia (Bergamot) Oil, Mentha Viridis (Spearmint) Leaf Oil, Parfum*.</p>\n<p style=\"margin:1.5em 0px;color:#333333;font-family:\'Sofia Pro Regular\';font-size:15px;\">*Parfum sans alcool ni phtalates, <strong>certifié IFRA</strong>.</p>\n<hr style=\"width:100px;margin:0px;color:#333333;font-family:\'Sofia Pro Regular\';font-size:15px;\" />\n<p style=\"margin:1.5em 0px;color:#333333;font-family:\'Sofia Pro Regular\';font-size:15px;\"><strong>NOTE : </strong>L’odeur ainsi que l’emballage ont un côté très <strong>unisexe</strong>. Ce produit convient donc aussi bien aux hommes qu’aux femmes! Sans gluten.</p>','<p><span style=\"color:#333333;font-family:\'Sofia Pro Regular\';font-size:15px;\">Crème à base d’</span><strong style=\"color:#333333;font-family:\'Sofia Pro Regular\';font-size:15px;\">huile d’olive</strong><span style=\"color:#333333;font-family:\'Sofia Pro Regular\';font-size:15px;\"> </span><strong style=\"color:#333333;font-family:\'Sofia Pro Regular\';font-size:15px;\">LA BELLE EXCUSE</strong><span style=\"color:#333333;font-family:\'Sofia Pro Regular\';font-size:15px;\"> (50ml)</span></p>','creme-a-mains-rafraichissante-format-voyage','','','','Crème à mains rafraîchissante (format voyage)','','','',''),(45,1,2,'','','creme-a-mains-rafraichissante-format-voyage','','','','Crème à mains rafraîchissante (format voyage)','','','',''),(45,1,3,'','','creme-a-mains-rafraichissante-format-voyage','','','','Crème à mains rafraîchissante (format voyage)','','','',''),(46,1,1,'<h2 style=\"font-family:\'Sofia Pro Regular\';font-weight:normal;margin-bottom:0.4em;margin-top:0.4em;color:#010101;font-size:1.8em;\">Description du produit</h2>\n<p style=\"margin:1.5em 0px;color:#333333;font-family:\'Sofia Pro Regular\';font-size:15px;\">Depuis que le monde est monde, l’huile d\'olive<a href=\"https://www.labelleexcuse.com/produit/huile-olive-extra-vierge-verte/\" style=\"color:#9aa62f;\"></a> accompagne l’homme dans toutes les sphères de sa vie; de la cuisine aux cosmétiques, en passant par la médecine et la religion, cette huile noble et respectable est un cadeau des dieux!</p>\n<p style=\"margin:1.5em 0px;color:#333333;font-family:\'Sofia Pro Regular\';font-size:15px;\">La Belle Excuse présente la Bougie Rafraîchissante faite de cire de soya et d’huile d’olive au doux parfum d’agrumes. Elle est offerte dans un élégant pot de verre réutilisable, recouvert d’un capuchon de liège.</p>\n<p style=\"margin:1.5em 0px;color:#333333;font-family:\'Sofia Pro Regular\';font-size:15px;\">Ses notes olfactives sont les mêmes que celles de la crème à mains et du savon à mains que vous aimez tant; citron, romarin, lavande, eucalyptus, citronnelle.</p>\n<ul style=\"color:#333333;font-family:\'Sofia Pro Regular\';font-size:15px;\">\n<li>Brûle environ 40h</li>\n<li>Sans parabènes, sans phtalates.</li>\n<li>Conforme aux normes Européenne de l’<a href=\"https://ifrafragrance.org/\" style=\"color:#9aa62f;\">IFRA</a></li>\n</ul>\n<hr style=\"width:100px;margin:0px;color:#333333;font-family:\'Sofia Pro Regular\';font-size:15px;\" />\n<p style=\"margin:1.5em 0px;color:#333333;font-family:\'Sofia Pro Regular\';font-size:15px;\"><b>UTILISATION : </b>Couper la mèche à 5 mm. Laisser fondre la cire sur toute la surface à chaque utilisation. Déposer la bougie allumée sur une surface plane et ininflammable, hors de la portée des enfants et des animaux. Ne jamais laisser une bougie allumée sans surveillance ou près des courants d’air. Ne pas laisser la bougie brûler plus de 3h et l’éteindre lorsqu’il reste seulement 8 mm de cire. Aérer la pièce une fois la bougie éteinte.</p>','<p><span style=\"color:#333333;font-family:\'Sofia Pro Regular\';font-size:15px;\">Bougie Rafraîchissante faite de cire de soya et d’huile d’olive au doux parfum d’agrumes.</span></p>','bougie-rafraichissante','','','','Bougie rafraîchissante','','','',''),(46,1,2,'','','bougie-rafraichissante','','','','Bougie rafraîchissante','','','',''),(46,1,3,'','','bougie-rafraichissante','','','','Bougie rafraîchissante','','','',''),(47,1,1,'<h2 style=\"font-family:\'Sofia Pro Regular\';font-weight:normal;margin-bottom:0.4em;margin-top:0.4em;color:#010101;font-size:1.8em;\">Description du produit</h2>\n<p style=\"margin:1.5em 0px;color:#333333;font-family:\'Sofia Pro Regular\';font-size:15px;\">Ce coffret gourmet constitue un cadeau idéal pour les cuistots de tous les niveaux! Composée d’une bouteille d’<a href=\"https://www.labelleexcuse.com/produit/huile-olive-extra-vierge-verte/\" style=\"color:#9aa62f;\"><strong>huile d’olive verte</strong></a> (250 ml), une crème de balsamique (220 g), un <a href=\"https://www.labelleexcuse.com/produit/tablier-de-cuisine/\" style=\"color:#9aa62f;\">tablier de cuisine</a> unisexe, un <a href=\"https://www.labelleexcuse.com/produit/savon-de-cuisine/\" style=\"color:#9aa62f;\">savon de cuisine</a> (65 g) au café, citron et romarin, cette belle excuse égaiera assurément les mets et le quotidien de celle ou celui qui la recevra.</p>\n<hr style=\"width:100px;margin:0px;color:#333333;font-family:\'Sofia Pro Regular\';font-size:15px;\" />\n<p style=\"margin:1.5em 0px;color:#333333;font-family:\'Sofia Pro Regular\';font-size:15px;\"><strong>TRAITS DISTINCTIFS :</strong> L’<strong>huile d’olive verte</strong> LA BELLE EXCUSE possède une couleur verdâtre aux reflets dorés et se distingue par son parfum franc et puissant d’olive et de verdure, sans oublier son effet poivré en fin de bouche qui est occasionné par sa haute teneur en antioxydant. Facile à utiliser grâce à sa bouteille compressible, cette <strong>crème de balsamique</strong> au goût savoureux accompagne à la perfection les plats salés composés de viande et de légumes crus ou grillés ainsi que les mets sucrés comme la crème glacée ou tout simplement sur des fraises ou du melon.</p>\n<hr style=\"width:100px;margin:0px;color:#333333;font-family:\'Sofia Pro Regular\';font-size:15px;\" />\n<p style=\"margin:1.5em 0px;color:#333333;font-family:\'Sofia Pro Regular\';font-size:15px;\"><strong>UTILISATION</strong>: L’<strong>huile d’olive verte</strong> et la crème de balsamique bonifieront la plupart de vos créations culinaires en y ajoutant de la saveur et une touche de raffinement. Cette <strong>huile d’olive extra vierge</strong> peut être autant employée à la cuisson comme à la dégustation ainsi que pour relever et agrémenter poissons, grillades, salades, pâtes, légumes ou sautés. Bien sûr pour les salades, mais tellement  inoubliable dans un burger, la crème de balsamique accompagne à merveille les saucisses du terroir,  un plateau de fromages et charcuteries, les viandes à badigeonner, les légumes à griller et plus encore. Vous ne pourrez plus vous en passer !</p>\n<p style=\"margin:1.5em 0px;color:#333333;font-family:\'Sofia Pro Regular\';font-size:15px;\">Pratique pour tous les cuistots qui n’ont pas peur de se salir les mains, le <strong>savon de cuisine</strong> LA BELLE EXCUSE élimine à merveille les taches et les odeurs occasionnées par certains aliments comme l’ail, l’oignions, les fruits de mer, etc.</p>','<p><span style=\"color:#333333;font-family:\'Sofia Pro Regular\';font-size:15px;\">Composée d’une bouteille d’</span><a href=\"https://www.labelleexcuse.com/produit/huile-olive-extra-vierge-verte/\" style=\"color:#9aa62f;font-family:\'Sofia Pro Regular\';font-size:15px;\"><strong>huile d’olive verte</strong></a><span style=\"color:#333333;font-family:\'Sofia Pro Regular\';font-size:15px;\"> (250 ml), une crème de balsamique (220 g), un </span><a href=\"https://www.labelleexcuse.com/produit/tablier-de-cuisine/\" style=\"color:#9aa62f;font-family:\'Sofia Pro Regular\';font-size:15px;\">tablier de cuisine</a><span style=\"color:#333333;font-family:\'Sofia Pro Regular\';font-size:15px;\"> unisexe, un </span><a href=\"https://www.labelleexcuse.com/produit/savon-de-cuisine/\" style=\"color:#9aa62f;font-family:\'Sofia Pro Regular\';font-size:15px;\">savon de cuisine</a><span style=\"color:#333333;font-family:\'Sofia Pro Regular\';font-size:15px;\"> (65 g)</span></p>','-coffret-cadeau-lessentiel','','','','Coffret cadeau «L’essentiel»','','','',''),(47,1,2,'','','-coffret-cadeau-lessentiel','','','','Coffret cadeau «L’essentiel»','','','',''),(47,1,3,'','','-coffret-cadeau-lessentiel','','','','Coffret cadeau «L’essentiel»','','','',''),(48,1,1,'<h2 style=\"font-family:\'Sofia Pro Regular\';font-weight:normal;margin-bottom:0.4em;margin-top:0.4em;color:#010101;font-size:1.8em;\">Description du produit</h2>\n<p style=\"margin:1.5em 0px;color:#333333;font-family:\'Sofia Pro Regular\';font-size:15px;\">Cet élégant coffret offrira une touche d’authenticité et de raffinement à toutes les cuisines! Composée d’un chic <a href=\"https://www.labelleexcuse.com/produit/huilier-ceramique-huile-olive-extra-vierge-verte/\" style=\"color:#9aa62f;\">huilier</a> contenant 500 ml d’huile d’<strong>olive verte extra vierge</strong>, un <a href=\"https://www.labelleexcuse.com/produit/tablier-de-cuisine/\" style=\"color:#9aa62f;\">tablier de cuisine</a> unisexe et un <a href=\"https://www.labelleexcuse.com/produit/savon-de-cuisine/\" style=\"color:#9aa62f;\">savon de cuisine</a> (65 g) au café, citron et romarin, cette belle excuse saura agrémenter le quotidien des chefs de tous les niveaux.</p>\n<hr style=\"width:100px;margin:0px;color:#333333;font-family:\'Sofia Pro Regular\';font-size:15px;\" />\n<p style=\"margin:1.5em 0px;color:#333333;font-family:\'Sofia Pro Regular\';font-size:15px;\"><strong>TRAITS DISTINCTIFS </strong>: L’<strong>huile d’olive verte</strong> LA BELLE EXCUSE possède une couleur verdâtre aux reflets dorés et se distingue par son parfum franc et puissant d’olive et de verdure, sans oublier son effet poivré en fin de bouche qui est occasionné par sa haute teneur en antioxydant.</p>\n<hr style=\"width:100px;margin:0px;color:#333333;font-family:\'Sofia Pro Regular\';font-size:15px;\" />\n<p style=\"margin:1.5em 0px;color:#333333;font-family:\'Sofia Pro Regular\';font-size:15px;\"><strong>UTILISATION </strong>:  L’huile d’olive verte bonifiera la plupart de vos créations culinaires en y ajoutant de la saveur et une touche de finesse. Cette <strong>huile d’olive extra vierge</strong> peut être autant employé à la cuisson comme à la dégustation ainsi que pour relever et agrémenter poissons, grillades, salades, pâtes, légumes ou sautés.</p>\n<p style=\"margin:1.5em 0px;color:#333333;font-family:\'Sofia Pro Regular\';font-size:15px;\">Pratique pour tous les cuistots qui n’ont pas peur de se salir les mains, le savon de cuisine LA BELLE EXCUSE élimine à merveille les taches et les odeurs occasionnées par certains aliments comme l’ail, l’oignions, les fruits de mer, etc.</p>\n<p style=\"margin:1.5em 0px;color:#333333;font-family:\'Sofia Pro Regular\';font-size:15px;\"><b>NOTE : </b>Produits sans gluten</p>\n<p style=\"margin:1.5em 0px;color:#333333;font-family:\'Sofia Pro Regular\';font-size:15px;\"> </p>','<p><span style=\"color:#333333;font-family:\'Sofia Pro Regular\';font-size:15px;\">Composée d’un chic huilier</span><span style=\"color:#333333;font-family:\'Sofia Pro Regular\';font-size:15px;\"> contenant 500 ml d’huile d’</span><strong style=\"color:#333333;font-family:\'Sofia Pro Regular\';font-size:15px;\">olive verte extra vierge</strong><span style=\"color:#333333;font-family:\'Sofia Pro Regular\';font-size:15px;\">, un </span><a href=\"https://www.labelleexcuse.com/produit/tablier-de-cuisine/\" style=\"color:#9aa62f;font-family:\'Sofia Pro Regular\';font-size:15px;\">tablier de cuisine</a><span style=\"color:#333333;font-family:\'Sofia Pro Regular\';font-size:15px;\"> unisexe et un </span><a href=\"https://www.labelleexcuse.com/produit/savon-de-cuisine/\" style=\"color:#9aa62f;font-family:\'Sofia Pro Regular\';font-size:15px;\">savon de cuisine</a><span style=\"color:#333333;font-family:\'Sofia Pro Regular\';font-size:15px;\"> (65 g)</span></p>','-coffret-cadeau-a-la-grecque','','','','Coffret cadeau «À la grecque»','','','',''),(48,1,2,'','','-coffret-cadeau-a-la-grecque','','','','Coffret cadeau «À la grecque»','','','',''),(48,1,3,'','','-coffret-cadeau-a-la-grecque','','','','Coffret cadeau «À la grecque»','','','',''),(49,1,1,'<h2 style=\"font-family:\'Sofia Pro Regular\';font-weight:normal;margin-bottom:0.4em;margin-top:0.4em;color:#010101;font-size:1.8em;\">Description du produit</h2>\n<p style=\"margin:1.5em 0px;color:#333333;font-family:\'Sofia Pro Regular\';font-size:15px;\">Ce coffret cadeau a tout pour plaire aux épicuriens! Composée d’une <a href=\"https://www.labelleexcuse.com/produit/huile-olive-extra-vierge-noire/\" style=\"color:#9aa62f;\">huile d’olive noire extra vierge</a> (250 ml), une <a href=\"https://www.labelleexcuse.com/produit/fleur-de-sel/\" style=\"color:#9aa62f;\">fleur de sel de la méditerranée</a> (250g), un <a href=\"https://www.labelleexcuse.com/produit/tablier-de-cuisine/\" style=\"color:#9aa62f;\">tablier de cuisine</a> unisexe, un <a href=\"https://www.labelleexcuse.com/produit/savon-de-cuisine/\" style=\"color:#9aa62f;\">savon de cuisine</a> au café, citron et romarin (65 g), cette belle excuse égaiera assurément la cuisine de celle ou celui qui la recevra.</p>\n<hr style=\"width:100px;margin:0px;color:#333333;font-family:\'Sofia Pro Regular\';font-size:15px;\" />\n<p style=\"margin:1.5em 0px;color:#333333;font-family:\'Sofia Pro Regular\';font-size:15px;\"><strong>TRAITS DISTINCTIFS :</strong> L’<strong>huile d’olive noire</strong> LA BELLE EXCUSE possède des reflets dorés, un goût doux et floral, une note de fruit mûr en plus d’un effet poivré en fin de bouche. La fleur de sel peut être utilisée comme sel de finition remplaçant le sel de table, elle est riche en magnésium, calcium et autres oligo-éléments.</p>\n<hr style=\"width:100px;margin:0px;color:#333333;font-family:\'Sofia Pro Regular\';font-size:15px;\" />\n<p style=\"margin:1.5em 0px;color:#333333;font-family:\'Sofia Pro Regular\';font-size:15px;\"><strong>UTILISATION : </strong> L’huile d’olive noire et la <strong>fleur de sel</strong> ajoutent saveur et raffinement à tous les mets. Cette <strong>huile d’olive extra vierge</strong> peut être autant employée à la cuisson comme à la dégustation ainsi que pour relever et agrémenter poissons, grillades, salades, pâtes, légumes ou sautés. Une fois le plat concocté l’ajout d’une pincée de fleur de sel en finition sublimera toutes les saveurs grâce à son goût unique et craquant.</p>\n<p style=\"margin:1.5em 0px;color:#333333;font-family:\'Sofia Pro Regular\';font-size:15px;\">Pratique pour tous les cuistots qui n’ont pas peur de se salir les mains, le <strong>savon de cuisine</strong> LA BELLE EXCUSE élimine à merveille les taches et les odeurs occasionnées par certains aliments comme l’ail, l’oignon, les fruits de mer, etc.</p>\n<p style=\"margin:1.5em 0px;color:#333333;font-family:\'Sofia Pro Regular\';font-size:15px;\"><b>NOTE : </b>Produits sans gluten</p>','<p><span style=\"color:#333333;font-family:\'Sofia Pro Regular\';font-size:15px;\">Composée d’une </span><a href=\"https://www.labelleexcuse.com/produit/huile-olive-extra-vierge-noire/\" style=\"color:#9aa62f;font-family:\'Sofia Pro Regular\';font-size:15px;\">huile d’olive noire extra vierge</a><span style=\"color:#333333;font-family:\'Sofia Pro Regular\';font-size:15px;\"> (250 ml), une </span><a href=\"https://www.labelleexcuse.com/produit/fleur-de-sel/\" style=\"color:#9aa62f;border-bottom:none;font-family:\'Sofia Pro Regular\';font-size:15px;\">fleur de sel de la méditerranée</a><span style=\"color:#333333;font-family:\'Sofia Pro Regular\';font-size:15px;\"> (250g), un </span><a href=\"https://www.labelleexcuse.com/produit/tablier-de-cuisine/\" style=\"color:#9aa62f;font-family:\'Sofia Pro Regular\';font-size:15px;\">tablier de cuisine</a><span style=\"color:#333333;font-family:\'Sofia Pro Regular\';font-size:15px;\"> unisexe, un </span><a href=\"https://www.labelleexcuse.com/produit/savon-de-cuisine/\" style=\"color:#9aa62f;font-family:\'Sofia Pro Regular\';font-size:15px;\">savon de cuisine</a><span style=\"color:#333333;font-family:\'Sofia Pro Regular\';font-size:15px;\"> au café, citron et romarin (65 g)</span></p>','-coffret-cadeau-saveurs-de-la-mediterranee','','','','Coffret cadeau «Saveurs de la méditerranée»','','','',''),(49,1,2,'','','-coffret-cadeau-saveurs-de-la-mediterranee','','','','Coffret cadeau «Saveurs de la méditerranée»','','','',''),(49,1,3,'','','-coffret-cadeau-saveurs-de-la-mediterranee','','','','Coffret cadeau «Saveurs de la méditerranée»','','','',''),(50,1,1,'<p style=\"margin:0px 0px 1em;color:#4a4a4a;font-family:\'Crimson Text\', serif;font-size:18px;line-height:1.22em;background-color:#fcf6f5;\">Un ragoût de canard tout simplement délicieux! Pour un repas gourmand, simple et rapide, videz le cassoulet dans un plat allant au four, ajoutez-y un peu de vin blanc et garnissez de croûtons de pain. Enfournez de 20 à 30 minutes, et laissez les arômes vous enivrer. <br /><em></em></p>\n<p style=\"margin:0px 0px 1em;color:#4a4a4a;font-family:\'Crimson Text\', serif;font-size:18px;line-height:1.22em;background-color:#fcf6f5;\"><em>Se conserve huit jours au réfrigérateur après ouverture. </em></p>\n<p style=\"margin:0px;color:#4a4a4a;font-family:\'Crimson Text\', serif;font-size:18px;line-height:1.22em;background-color:#fcf6f5;\">725 g</p>\n<p style=\"margin:0px;color:#4a4a4a;font-family:\'Crimson Text\', serif;font-size:18px;line-height:1.22em;background-color:#fcf6f5;\"></p>\n<p style=\"margin:0px 0px 1em;color:#4a4a4a;font-family:\'Crimson Text\', serif;font-size:18px;line-height:1.22em;background-color:#fcf6f5;\">Ingrédients : eau, haricots blancs, viande de canard confit, viande de canard fumé, tomates, carottes, oignon frais, sel, ail, épices, saucisse Toulouse, sucre et acide ascorbique.</p>\n<p style=\"margin:0px 0px 1em;color:#4a4a4a;font-family:\'Crimson Text\', serif;font-size:18px;line-height:1.22em;background-color:#fcf6f5;\"><span style=\"font-weight:bolder;\">* Peut contenir de petits os. </span></p>\n<p style=\"margin:0px 0px 1em;color:#4a4a4a;font-family:\'Crimson Text\', serif;font-size:18px;line-height:1.22em;background-color:#fcf6f5;\"><span style=\"font-weight:bolder;\">Sans Gluten</span></p>','<p><span style=\"color:#4a4a4a;font-family:\'Crimson Text\', serif;font-size:18px;background-color:#fcf6f5;\">Un ragoût de canard tout simplement délicieux!</span></p>','cassoulet-toulousain','','','','Cassoulet toulousain','','','',''),(50,1,2,'','','cassoulet-toulousain','','','','Cassoulet toulousain','','','',''),(50,1,3,'','','cassoulet-toulousain','','','','Cassoulet toulousain','','','',''),(51,1,1,'<p style=\"margin:0px 0px 1em;color:#4a4a4a;font-family:\'Crimson Text\', serif;font-size:18px;line-height:1.22em;background-color:#fcf6f5;\">Mettez-en partout! Sur vos pâtés, vos fromages, vos pâtes, vos salades, vos viandes et vos poissons. Pour une vinaigrette rapide, mélangez de l\'huile d\'olive, du vinaigre balsamique, du poivre noir moulu et une grosse cuillère de confit d\'oignons. S\'agence à merveille avec tous les plats! Et pourquoi ne pas remplacer les traditionnels condiments dans vos hamburgers et vos sandwichs par ce délicieux confit d\'oignons? Vous en raffolerez!</p>\n<p style=\"margin:0px 0px 1em;color:#4a4a4a;font-family:\'Crimson Text\', serif;font-size:18px;line-height:1.22em;background-color:#fcf6f5;\"><em>Réfrigérer après ouverture.</em></p>\n<p style=\"margin:0px;color:#4a4a4a;font-family:\'Crimson Text\', serif;font-size:18px;line-height:1.22em;background-color:#fcf6f5;\">90 g</p>\n<div class=\"sc-bqiRlB dabUTs pf-14_\" style=\"padding:16px 0px;font-family:\'Crimson Text\', serif;font-size:16px;background-color:#fcf6f5;\"></div>\n<div class=\"sc-gnnDb ipZJYx pf-17_\" style=\"font-family:\'Crimson Text\', serif;font-size:16px;background-color:#fcf6f5;\">\n<p style=\"margin:0px 0px 1em;color:#4a4a4a;font-size:18px;line-height:1.22em;\">Ingrédients : oignon frais, sirop d\'érable, porto, vinaigre de cidre de pommes, jus de citron, sel et poivre blanc.</p>\n</div>\n<p style=\"margin:0px;color:#4a4a4a;font-family:\'Crimson Text\', serif;font-size:18px;line-height:1.22em;background-color:#fcf6f5;\"><span style=\"font-weight:bold;\">Sans porc, sans gluten, sans agent de conservation. </span></p>','<h1 class=\"sc-cjrPHo eQeXYk pf-13_\" style=\"font-family:\'Crimson Text\', serif;background-color:#fcf6f5;\"><span style=\"color:#4a4a4a;font-size:18px;font-weight:400;\">S\'agence à merveille avec tous les plats!</span></h1>','confit-d-oignons','','','','Confit d\'oignons','','','',''),(51,1,2,'','','confit-d-oignons','','','','Confit d\'oignons','','','',''),(51,1,3,'','','confit-d-oignons','','','','Confit d\'oignons','','','',''),(52,1,1,'<p style=\"margin:0px 0px 1em;color:#4a4a4a;font-family:\'Crimson Text\', serif;font-size:18px;line-height:1.22em;background-color:#fcf6f5;\">Servez très froid sur un biscotti ou un pain brioché, en entrée ou en dessert. Garnissez de sucre d\'érable et faites caraméliser quelques secondes avec un chalumeau de cuisine. Accompagnez d\'un cidre pétillant, de bulles, d\'un vin liquoreux ou d\'une boisson aux petits fruits. <span style=\"color:#522514;\"></span></p>\n<p style=\"margin:0px 0px 1em;color:#4a4a4a;font-family:\'Crimson Text\', serif;font-size:18px;line-height:1.22em;background-color:#fcf6f5;\"><em>Se conserve cinq jours au réfrigérateur après ouverture.</em></p>\n<p style=\"margin:0px 0px 1em;color:#4a4a4a;font-family:\'Crimson Text\', serif;font-size:18px;line-height:1.22em;background-color:#fcf6f5;\"><em><span style=\"font-style:normal;\">Ingrédients : foie gras de canard, crème 35 %, œuf, sucre brun, sel, poivre blanc et acide ascorbique.</span></em></p>\n<p style=\"margin:0px;color:#4a4a4a;font-family:\'Crimson Text\', serif;font-size:18px;line-height:1.22em;background-color:#fcf6f5;\">4 x 36 g</p>\n<p style=\"margin:0px;color:#4a4a4a;font-family:\'Crimson Text\', serif;font-size:18px;line-height:1.22em;background-color:#fcf6f5;\">sans gluten</p>','<p><span style=\"color:#202124;font-family:\'Google Sans\', arial, sans-serif;font-size:22px;background-color:#ffffff;\">tout est au rendez-vous pour un dessert des plus parfait !</span></p>','creme-brulee-au-foie-gras','','','','Crème brûlée au foie gras','','','',''),(52,1,2,'','','creme-brulee-au-foie-gras','','','','Crème brûlée au foie gras','','','',''),(52,1,3,'','','creme-brulee-au-foie-gras','','','','Crème brûlée au foie gras','','','',''),(53,1,1,'<p style=\"margin:0px 0px 1em;color:#4a4a4a;font-family:\'Crimson Text\', serif;font-size:18px;line-height:1.22em;background-color:#fcf6f5;\">Cette gelée unique, conçue en collaboration avec le <span style=\"color:#2b00ff;\"><a href=\"https://www.cepdargent.com/\" title=\"Vignoble Le Cep d\'Argent\" target=\"_blank\" style=\"color:#2b00ff;\" rel=\"noreferrer noopener\">vignoble Le Cep d\'Argent</a></span>, compte dans sa liste d\'ingrédients le vin fortifié <em>L\'Archer</em>, maintes fois primé. À déposer sur la table, avec nos <span style=\"color:#000000;\">rillettes, nos terrines</span> et quelques fromages! Le bonheur est dans la simplicité.</p>\n<p style=\"margin:0px 0px 1em;color:#4a4a4a;font-family:\'Crimson Text\', serif;font-size:18px;line-height:1.22em;background-color:#fcf6f5;\"><em>Réfrigérer après ouverture.</em></p>\n<p style=\"margin:0px;color:#4a4a4a;font-family:\'Crimson Text\', serif;font-size:18px;line-height:1.22em;background-color:#fcf6f5;\">110 ml</p>\n<p style=\"margin:0px 0px 1em;color:#4a4a4a;font-family:\'Crimson Text\', serif;font-size:18px;line-height:1.22em;background-color:#fcf6f5;\">Ingrédients : sucre, eau, vin fortifié (<em>L\'Archer</em> du vignoble Le Cep d\'Argent; contient des sulfites), pectine de fruits et acide ascorbique.</p>\n<p style=\"margin:0px;color:#4a4a4a;font-family:\'Crimson Text\', serif;font-size:18px;line-height:1.22em;background-color:#fcf6f5;\"><span style=\"color:#000000;font-size:16px;\">Sans gluten</span></p>','<p><span style=\"color:#4a4a4a;font-family:\'Crimson Text\', serif;font-size:18px;background-color:#fcf6f5;\">À déposer sur la table, avec nos </span><span style=\"font-family:\'Crimson Text\', serif;font-size:18px;background-color:#fcf6f5;\">rillettes, nos terrines</span><span style=\"color:#4a4a4a;font-family:\'Crimson Text\', serif;font-size:18px;background-color:#fcf6f5;\"> et quelques fromages!</span></p>','gelee-a-l-archer','','','','Gelée à l\'Archer','','','',''),(53,1,2,'','','gelee-a-l-archer','','','','Gelée à l\'Archer','','','',''),(53,1,3,'','','gelee-a-l-archer','','','','Gelée à l\'Archer','','','',''),(54,1,1,'<p style=\"margin:0px 0px 1em;color:#4a4a4a;font-family:\'Crimson Text\', serif;font-size:18px;line-height:1.22em;background-color:#fcf6f5;\">Notre gelée d\'érable aux pleurotes est faite avec du sirop d\'érable biologique de l\'<span style=\"color:#522514;\"><a href=\"http://caseal.com/\" target=\"_blank\" style=\"color:#522514;\" rel=\"noreferrer noopener\"><span style=\"color:#701515;\">érablière Caséal</span>.</a></span> Son goût doux et légèrement sucré accompagne très bien la majorité de nos rillettes et terrines. À essayer avec notre <a href=\"https://ducsdemontrichard.myshopify.com/products/creme-brulee-au-foie-gras\" title=\"Crème brûlée au foie gras\" style=\"color:#909090;\"><span style=\"color:#701515;\"><em><span style=\"font-weight:bolder;\">crème brûlée au foie gras</span></em></span></a>!</p>\n<p style=\"margin:0px 0px 1em;color:#4a4a4a;font-family:\'Crimson Text\', serif;font-size:18px;line-height:1.22em;background-color:#fcf6f5;\"><em>Réfrigérer après ouverture.</em></p>\n<p style=\"margin:0px;color:#4a4a4a;font-family:\'Crimson Text\', serif;font-size:18px;line-height:1.22em;background-color:#fcf6f5;\">110 ml</p>\n<p style=\"margin:0px 0px 1em;color:#4a4a4a;font-family:\'Crimson Text\', serif;font-size:18px;line-height:1.22em;background-color:#fcf6f5;\">Ingrédients : sirop d\'érable biologique, eau, pleurotes bio et agar-agar.</p>\n<p style=\"margin:0px 0px 1em;color:#4a4a4a;font-family:\'Crimson Text\', serif;font-size:18px;line-height:1.22em;background-color:#fcf6f5;\"><span style=\"font-weight:bold;\">Sans porc, sans gluten, sans agent de conservation. </span></p>','<p><span style=\"color:#4a4a4a;font-family:\'Crimson Text\', serif;font-size:18px;background-color:#fcf6f5;\">Son goût doux et légèrement sucré accompagne très bien la majorité de nos rillettes et terrines</span></p>','gelee-d-erable-aux-pleurotes','','','','Gelée d\'érable aux pleurotes','','','',''),(54,1,2,'','','gelee-d-erable-aux-pleurotes','','','','Gelée d\'érable aux pleurotes','','','',''),(54,1,3,'','','gelee-d-erable-aux-pleurotes','','','','Gelée d\'érable aux pleurotes','','','',''),(55,1,1,'<p style=\"margin:0px 0px 1em;color:#4a4a4a;font-family:\'Crimson Text\', serif;font-size:18px;line-height:1.22em;background-color:#fcf6f5;\"><span>Ce pâté, conçu avec la bière Kilt de la microbrasserie La Memphré à Magog, séduit par sa texture fine et veloutée. Son goût rappelle tout en finesse l’amertume d\'une bonne IPA. Servez avec une bonne bière acidulée, l’heure du 5 à 7 a sonné!</span></p>\n<p style=\"margin:0px 0px 1em;color:#4a4a4a;font-family:\'Crimson Text\', serif;font-size:18px;line-height:1.22em;background-color:#fcf6f5;\"><em>Se conserve sept jours au réfrigérateur après ouverture.</em> </p>\n<p style=\"margin:0px;color:#4a4a4a;font-family:\'Crimson Text\', serif;font-size:18px;line-height:1.22em;background-color:#fcf6f5;\">86 g</p>\n<p style=\"margin:0px;color:#4a4a4a;font-family:\'Crimson Text\', serif;font-size:18px;line-height:1.22em;background-color:#fcf6f5;\"></p>\n<p style=\"margin:0px;color:#4a4a4a;font-family:\'Crimson Text\', serif;font-size:18px;line-height:1.22em;background-color:#fcf6f5;\">Ingrédients : canard, bière Kilt (Microbrasserie La Memphré, contient du gluten), foie gras, bouillon de canard, oignons, mélasse, sel, épices et acide ascorbique.</p>\n<p style=\"margin:0px;color:#4a4a4a;font-family:\'Crimson Text\', serif;font-size:18px;line-height:1.22em;background-color:#fcf6f5;\"></p>','<p><span style=\"color:#4a4a4a;font-family:\'Crimson Text\', serif;font-size:18px;background-color:#fcf6f5;\">Ce pâté, conçu avec la bière Kilt de la microbrasserie La Memphré</span></p>','pate-de-foie-gras-a-la-biere','','','','Pâté de foie gras à la bière','','','',''),(55,1,2,'','','pate-de-foie-gras-a-la-biere','','','','Pâté de foie gras à la bière','','','',''),(55,1,3,'','','pate-de-foie-gras-a-la-biere','','','','Pâté de foie gras à la bière','','','',''),(56,1,1,'<p style=\"margin:0px 0px 1em;color:#4a4a4a;font-family:\'Crimson Text\', serif;font-size:18px;line-height:1.22em;background-color:#fcf6f5;\">La texture onctueuse du foie gras est mise en valeur dans ce pâté riche et crémeux. Servez avec des craquelins ou une baguette finement tranchée. Accompagnez-le d\'un bon vin blanc ou rouge. L\'apéro sera festif!</p>\n<p style=\"margin:0px 0px 1em;color:#4a4a4a;font-family:\'Crimson Text\', serif;font-size:18px;line-height:1.22em;background-color:#fcf6f5;\"><em>Se conserve huit jours au réfrigérateur après ouverture.</em></p>\n<p style=\"margin:0px;color:#4a4a4a;font-family:\'Crimson Text\', serif;font-size:18px;line-height:1.22em;background-color:#fcf6f5;\">86 g</p>\n<p style=\"margin:0px;color:#4a4a4a;font-family:\'Crimson Text\', serif;font-size:18px;line-height:1.22em;background-color:#fcf6f5;\"></p>\n<div class=\"sc-gnnDb ipZJYx pf-17_\" style=\"font-family:\'Crimson Text\', serif;font-size:16px;background-color:#fcf6f5;\">\n<p style=\"margin:0px 0px 1em;color:#4a4a4a;font-size:18px;line-height:1.22em;\">Ingrédients : viande de canard, fond de canard (eau, sel, poivre), foie gras de canard, graisse de canard, oignon frais, épices, sel et acide ascorbique.</p>\n<p style=\"margin:0px 0px 1em;color:#4a4a4a;font-size:18px;line-height:1.22em;\"><br /><span style=\"font-weight:bolder;\">* Peut contenir de petits os.</span></p>\n<p style=\"margin:0px 0px 1em;color:#4a4a4a;font-size:18px;line-height:1.22em;\"><span style=\"font-weight:bolder;\"><span style=\"color:#4a4a4a;font-family:\'Crimson Text\', serif;\"><span style=\"font-size:18px;\"><b>Sans porc, sans gluten, sans agent de conservation. </b></span></span></span></p>\n</div>','<p><span style=\"color:#4a4a4a;font-family:\'Crimson Text\', serif;font-size:18px;background-color:#fcf6f5;\">Accompagnez-le d\'un bon vin blanc ou rouge. </span></p>','pate-de-foie-gras-au-5-poivres','','','','Pâté de foie gras au 5 poivres','','','',''),(56,1,2,'','','pate-de-foie-gras-au-5-poivres','','','','Pâté de foie gras au 5 poivres','','','',''),(56,1,3,'','','pate-de-foie-gras-au-5-poivres','','','','Pâté de foie gras au 5 poivres','','','',''),(57,1,1,'<p style=\"margin:0px 0px 1em;color:#4a4a4a;font-family:\'Crimson Text\', serif;font-size:18px;line-height:1.22em;background-color:#fcf6f5;\">Sa texture lisse et son goût délicat sauront ravir votre palais. Combinez avec une de nos gelées pour ajouter une touche sucrée ou dégustez sur une biscotte aux figues pour un mariage divin. Accompagnez d\'un vin blanc doux ou d\'une bière blanche ou blonde, et savourez!</p>\n<p style=\"margin:0px 0px 1em;color:#4a4a4a;font-family:\'Crimson Text\', serif;font-size:18px;line-height:1.22em;background-color:#fcf6f5;\"><em>Se conserve huit jours au réfrigérateur après ouverture.</em> </p>\n<p style=\"margin:0px;color:#4a4a4a;font-family:\'Crimson Text\', serif;font-size:18px;line-height:1.22em;background-color:#fcf6f5;\">86 g</p>\n<p style=\"margin:0px;color:#4a4a4a;font-family:\'Crimson Text\', serif;font-size:18px;line-height:1.22em;background-color:#fcf6f5;\"></p>\n<p style=\"margin:0px;color:#4a4a4a;font-family:\'Crimson Text\', serif;font-size:18px;line-height:1.22em;background-color:#fcf6f5;\">Ingrédients : viande de canard, foie gras de canard, bouillon de canard, oignon, sel, épices et acide ascorbique.</p>\n<p style=\"margin:0px;color:#4a4a4a;font-family:\'Crimson Text\', serif;font-size:18px;line-height:1.22em;background-color:#fcf6f5;\"><span style=\"font-weight:bold;\">Sans porc, sans gluten, sans agent de conservation. </span></p>','<p><span style=\"color:#4a4a4a;font-family:\'Crimson Text\', serif;font-size:18px;background-color:#fcf6f5;\">Sa texture lisse et son goût délicat sauront ravir votre palais.</span></p>','pate-de-foie-gras-nature','','','','Pâté de foie gras nature','','','',''),(57,1,2,'','','pate-de-foie-gras-nature','','','','Pâté de foie gras nature','','','',''),(57,1,3,'','','pate-de-foie-gras-nature','','','','Pâté de foie gras nature','','','',''),(58,1,1,'<div style=\"font-family:\'Crimson Text\', serif;font-size:16px;background-color:#fcf6f5;\">L\'érable et le canard, nous le savons, font bon ménage. Mais qui a dit qu\'il fallait se limiter aux grandes occasions? Étendez les rillettes sur un bon pain grillé, et ajoutez une dose de bonheur à vos déjeuners! Un délice sans artifice.</div>\n<div style=\"font-family:\'Crimson Text\', serif;font-size:16px;background-color:#fcf6f5;\"></div>\n<p style=\"margin:0px 0px 1em;color:#4a4a4a;font-family:\'Crimson Text\', serif;font-size:18px;line-height:1.22em;background-color:#fcf6f5;\"> </p>\n<p style=\"margin:0px 0px 1em;color:#4a4a4a;font-family:\'Crimson Text\', serif;font-size:18px;line-height:1.22em;background-color:#fcf6f5;\"><em></em><em>Se conserve huit jours au réfrigérateur après ouverture.</em></p>\n<p style=\"margin:0px;color:#4a4a4a;font-family:\'Crimson Text\', serif;font-size:18px;line-height:1.22em;background-color:#fcf6f5;\">80 g</p>\n<p style=\"margin:0px;color:#4a4a4a;font-family:\'Crimson Text\', serif;font-size:18px;line-height:1.22em;background-color:#fcf6f5;\"></p>\n<p style=\"margin:0px 0px 1em;color:#4a4a4a;font-family:\'Crimson Text\', serif;font-size:18px;line-height:1.22em;background-color:#fcf6f5;\">Ingrédients : viande de canard, fond de canard (eau, sel, poivre), sirop d\'érable, oignon frais, sel, épices et acide ascorbique.</p>\n<p style=\"margin:0px 0px 1em;color:#4a4a4a;font-family:\'Crimson Text\', serif;font-size:18px;line-height:1.22em;background-color:#fcf6f5;\"><br /><span style=\"font-weight:bolder;\">* Peut contenir de petits os.</span></p>\n<p style=\"margin:0px 0px 1em;color:#4a4a4a;font-family:\'Crimson Text\', serif;font-size:18px;line-height:1.22em;background-color:#fcf6f5;\"><span style=\"font-weight:bolder;\">Sans porc, sans gluten, sans agent de conservation. </span></p>','','rillettes-de-canard-au-sirop-d-erable','','','','Rillettes de canard au sirop d\'érable','','','',''),(58,1,2,'','','rillettes-de-canard-au-sirop-d-erable','','','','Rillettes de canard au sirop d\'érable','','','',''),(58,1,3,'','','rillettes-de-canard-au-sirop-d-erable','','','','Rillettes de canard au sirop d\'érable','','','',''),(59,1,1,'<p style=\"margin:0px 0px 1em;color:#4a4a4a;font-family:\'Crimson Text\', serif;font-size:18px;line-height:1.22em;background-color:#fcf6f5;\">Faites à partir de notre magret fumé au bois d\'érable, ces rillettes sont un parfait équilibre entre le goût relevé du canard et la petite touche fumée tant appréciée. Pas trop intense, juste ce qu\'il faut pour émoustiller vos papilles!</p>\n<p style=\"margin:0px 0px 1em;color:#4a4a4a;font-family:\'Crimson Text\', serif;font-size:18px;line-height:1.22em;background-color:#fcf6f5;\"><em>Se conserve huit jours au réfrigérateur après ouverture.<br /></em></p>\n<p style=\"margin:0px;color:#4a4a4a;font-family:\'Crimson Text\', serif;font-size:18px;line-height:1.22em;background-color:#fcf6f5;\">80 g</p>\n<p style=\"margin:0px;color:#4a4a4a;font-family:\'Crimson Text\', serif;font-size:18px;line-height:1.22em;background-color:#fcf6f5;\"></p>\n<p style=\"margin:0px 0px 1em;color:#4a4a4a;font-family:\'Crimson Text\', serif;font-size:18px;line-height:1.22em;background-color:#fcf6f5;\">Ingrédients : viande de canard, fond de canard (eau, sel, poivre), oignon frais, sel, épices et acide ascorbique.</p>\n<p style=\"margin:0px 0px 1em;color:#4a4a4a;font-family:\'Crimson Text\', serif;font-size:18px;line-height:1.22em;background-color:#fcf6f5;\"><br /><span style=\"font-weight:bolder;\">* Peut contenir de petits os.</span></p>\n<p style=\"margin:0px 0px 1em;color:#4a4a4a;font-family:\'Crimson Text\', serif;font-size:18px;line-height:1.22em;background-color:#fcf6f5;\"><span style=\"font-weight:bolder;\">Sans porc, sans gluten, sans agent de conservation. </span></p>\n<p style=\"margin:0px;color:#4a4a4a;font-family:\'Crimson Text\', serif;font-size:18px;line-height:1.22em;background-color:#fcf6f5;\"></p>','<p><span style=\"color:#4a4a4a;font-family:\'Crimson Text\', serif;font-size:18px;background-color:#fcf6f5;\">Pas trop intense, juste ce qu\'il faut pour émoustiller vos papilles!</span></p>','rillettes-de-canard-fume','','','','Rillettes de canard fumé','','','',''),(59,1,2,'','','rillettes-de-canard-fume','','','','Rillettes de canard fumé','','','',''),(59,1,3,'','','rillettes-de-canard-fume','','','','Rillettes de canard fumé','','','',''),(60,1,1,'<p style=\"margin:0px 0px 1em;color:#4a4a4a;font-family:\'Crimson Text\', serif;font-size:18px;line-height:1.22em;background-color:#fcf6f5;\">Ces rillettes nature au goût de cuisse de canard confite se laissent volontiers accompagner par un petit rosé bien frais. À essayer avec notre savoureux <em><span style=\"color:#701515;\"><a href=\"https://ducsdemontrichard.myshopify.com/products/confit-oignons\" title=\"Confit d\'oignons\" style=\"color:#701515;\"><span style=\"font-weight:bolder;\">c</span></a></span><span style=\"font-weight:bolder;\"><span style=\"color:#522514;\"><span style=\"color:#701515;\"><em><span style=\"font-weight:bolder;\"><a href=\"https://ducsdemontrichard.myshopify.com/products/confit-oignons\" title=\"Confit d\'oignons\" style=\"color:#701515;\">onfit d\'oignons</a> </span></em></span></span></span></em><span style=\"color:#522514;\">pour ceux qui ont un côté un peu plus givré.</span></p>\n<p style=\"margin:0px 0px 1em;color:#4a4a4a;font-family:\'Crimson Text\', serif;font-size:18px;line-height:1.22em;background-color:#fcf6f5;\"><em>Se conserve huit jours au réfrigérateur après ouverture.<br /></em></p>\n<p style=\"margin:0px;color:#4a4a4a;font-family:\'Crimson Text\', serif;font-size:18px;line-height:1.22em;background-color:#fcf6f5;\">80 g</p>\n<p style=\"margin:0px;color:#4a4a4a;font-family:\'Crimson Text\', serif;font-size:18px;line-height:1.22em;background-color:#fcf6f5;\"></p>\n<p style=\"margin:0px 0px 1em;color:#4a4a4a;font-family:\'Crimson Text\', serif;font-size:18px;line-height:1.22em;background-color:#fcf6f5;\">Ingrédients : viande de canard, fond de canard (eau, sel, poivre), oignon frais, sel, épices et acide ascorbique.</p>\n<p style=\"margin:0px 0px 1em;color:#4a4a4a;font-family:\'Crimson Text\', serif;font-size:18px;line-height:1.22em;background-color:#fcf6f5;\"><br /><span style=\"font-weight:bolder;\">* Peut contenir de petits os. </span></p>\n<p style=\"margin:0px 0px 1em;color:#4a4a4a;font-family:\'Crimson Text\', serif;font-size:18px;line-height:1.22em;background-color:#fcf6f5;\"><span style=\"font-weight:bolder;\"><b>Sans porc, sans gluten, sans agent de conservation. </b></span></p>','<p><span style=\"color:#4a4a4a;font-family:\'Crimson Text\', serif;font-size:18px;background-color:#fcf6f5;\">À essayer avec notre savoureux </span><em><span style=\"color:#701515;\"><a href=\"https://ducsdemontrichard.myshopify.com/products/confit-oignons\" title=\"Confit d\'oignons\" style=\"color:#701515;\"><span style=\"font-weight:bolder;\">c</span></a></span><span style=\"font-weight:bolder;\"><span style=\"color:#522514;\"><span style=\"color:#701515;\"><em><span style=\"font-weight:bolder;\"><a href=\"https://ducsdemontrichard.myshopify.com/products/confit-oignons\" title=\"Confit d\'oignons\" style=\"color:#701515;\">onfit d\'oignons</a> </span></em></span></span></span></em></p>','rillettes-de-canard-nature','','','','Rillettes de canard nature','','','',''),(60,1,2,'','','rillettes-de-canard-nature','','','','Rillettes de canard nature','','','',''),(60,1,3,'','','rillettes-de-canard-nature','','','','Rillettes de canard nature','','','',''),(61,1,1,'<p style=\"margin:0px 0px 1em;color:#4a4a4a;font-family:\'Crimson Text\', serif;font-size:18px;line-height:1.22em;background-color:#fcf6f5;\">Du canard, du rhum et des canneberges... Que dire de plus? Le côté sucré des canneberges et la touche épicée du rhum <em>El Dorado</em> <em>5 ans </em>s\'unissent pour<em> </em>mettre en valeur le goût du canard et créer un doux mélange inoubliable.</p>\n<p style=\"margin:0px 0px 1em;color:#4a4a4a;font-family:\'Crimson Text\', serif;font-size:18px;line-height:1.22em;background-color:#fcf6f5;\"><em>Se conserve huit jours au réfrigérateur après ouverture.<br /></em> </p>\n<p style=\"margin:0px;color:#4a4a4a;font-family:\'Crimson Text\', serif;font-size:18px;line-height:1.22em;background-color:#fcf6f5;\">80 g</p>\n<p style=\"margin:0px;color:#4a4a4a;font-family:\'Crimson Text\', serif;font-size:18px;line-height:1.22em;background-color:#fcf6f5;\"></p>\n<p style=\"margin:0px;color:#4a4a4a;font-family:\'Crimson Text\', serif;font-size:18px;line-height:1.22em;background-color:#fcf6f5;\"><span style=\"text-decoration:underline;\"></span></p>\n<div class=\"sc-gnnDb ipZJYx pf-17_\" style=\"font-family:\'Crimson Text\', serif;font-size:16px;background-color:#fcf6f5;\">\n<p style=\"margin:0px 0px 1em;color:#4a4a4a;font-size:18px;line-height:1.22em;\">Ingrédients : viande de canard, graisse de canard, oignon frais, rhum <em>El Dorado 5 ans</em>, canneberges séchées (jus de pommes, huile de tournesol - moins de 0,5 %), épices et acide ascorbique.</p>\n<p style=\"margin:0px 0px 1em;color:#4a4a4a;font-size:18px;line-height:1.22em;\"><br /><span style=\"font-weight:bolder;\">* Peut contenir de petits os.</span></p>\n<p style=\"margin:0px 0px 1em;color:#4a4a4a;font-size:18px;line-height:1.22em;\"><span style=\"font-weight:bolder;\">Sans porc, sans gluten, sans agent de conservation. </span></p>\n</div>','<p><span style=\"color:#4a4a4a;font-family:\'Crimson Text\', serif;font-size:18px;background-color:#fcf6f5;\">Du canard, du rhum et des canneberges... </span></p>','rillettes-de-canard-rhum-et-canneberges','','','','Rillettes de canard rhum et canneberges','','','',''),(61,1,2,'','','rillettes-de-canard-rhum-et-canneberges','','','','Rillettes de canard rhum et canneberges','','','',''),(61,1,3,'','','rillettes-de-canard-rhum-et-canneberges','','','','Rillettes de canard rhum et canneberges','','','',''),(62,1,1,'<p style=\"margin:0px 0px 1em;color:#4a4a4a;font-family:\'Crimson Text\', serif;font-size:18px;line-height:1.22em;background-color:#fcf6f5;\">Cette audacieuse terrine de bison s\'agence habilement à des bières plus relevées et à des vins plus costauds. Pourquoi ne pas décorer d\'une de nos gelées? Accompagnez de croûtons et dégustez.</p>\n<p style=\"margin:0px 0px 1em;color:#4a4a4a;font-family:\'Crimson Text\', serif;font-size:18px;line-height:1.22em;background-color:#fcf6f5;\"><em>Se conserve huit jours au réfrigérateur après ouverture.<br /></em> </p>\n<p style=\"margin:0px;color:#4a4a4a;font-family:\'Crimson Text\', serif;font-size:18px;line-height:1.22em;background-color:#fcf6f5;\">86 g</p>\n<p style=\"margin:0px;color:#4a4a4a;font-family:\'Crimson Text\', serif;font-size:18px;line-height:1.22em;background-color:#fcf6f5;\"></p>\n<div class=\"sc-gnnDb ipZJYx pf-17_\" style=\"font-family:\'Crimson Text\', serif;font-size:16px;background-color:#fcf6f5;\">\n<p style=\"margin:0px 0px 1em;color:#4a4a4a;font-size:18px;line-height:1.22em;\">Ingrédients : viande de bison, viande de canard, fond de canard (eau, sel, poivre), oignon frais, graisse de canard, brandy, épices, sel, ail et acide ascorbique.</p>\n<p style=\"margin:0px 0px 1em;color:#4a4a4a;font-size:18px;line-height:1.22em;\"><br /><span style=\"font-weight:bolder;\">* Peut contenir de petits os.</span></p>\n<p style=\"margin:0px 0px 1em;color:#4a4a4a;font-size:18px;line-height:1.22em;\"><span style=\"font-weight:bolder;\">Sans porc, sans gluten, sans agent de conservation. </span></p>\n</div>','<p><span style=\"color:#4a4a4a;font-family:\'Crimson Text\', serif;font-size:18px;background-color:#fcf6f5;\">Accompagnez de croûtons et dégustez.</span></p>','terrine-de-bison-poivre-noir-et-brandy','','','','Terrine de bison poivre noir et brandy','','','',''),(62,1,2,'','','terrine-de-bison-poivre-noir-et-brandy','','','','Terrine de bison poivre noir et brandy','','','',''),(62,1,3,'','','terrine-de-bison-poivre-noir-et-brandy','','','','Terrine de bison poivre noir et brandy','','','',''),(63,1,1,'<p style=\"margin:0px 0px 1em;color:#4a4a4a;font-family:\'Crimson Text\', serif;font-size:18px;line-height:1.22em;background-color:#fcf6f5;\">En sandwich ou dans un wrap, avec de la laitue et des poivrons rôtis, cette terrine de canard aux tomates séchées a tout pour vous charmer. Il ne vous reste plus qu\'à servir avec une mayonnaise maison aromatisée... et à vous régaler!</p>\n<p style=\"margin:0px 0px 1em;color:#4a4a4a;font-family:\'Crimson Text\', serif;font-size:18px;line-height:1.22em;background-color:#fcf6f5;\"><em>Se conserve huit jours au réfrigérateur après ouverture.</em></p>\n<p style=\"margin:0px;color:#4a4a4a;font-family:\'Crimson Text\', serif;font-size:18px;line-height:1.22em;background-color:#fcf6f5;\">86 g</p>\n<p style=\"margin:0px;color:#4a4a4a;font-family:\'Crimson Text\', serif;font-size:18px;line-height:1.22em;background-color:#fcf6f5;\"></p>\n<p style=\"margin:0px 0px 1em;color:#4a4a4a;font-family:\'Crimson Text\', serif;font-size:18px;line-height:1.22em;background-color:#fcf6f5;\">Ingrédients : viande de canard, fond de canard (eau, sel, poivre), tomates séchées biologiques, oignon frais, sel, épices et acide ascorbique.</p>\n<p style=\"margin:0px 0px 1em;color:#4a4a4a;font-family:\'Crimson Text\', serif;font-size:18px;line-height:1.22em;background-color:#fcf6f5;\"> <br /><span style=\"font-weight:bolder;\">* Peut contenir de petits os.</span></p>\n<p style=\"margin:0px 0px 1em;color:#4a4a4a;font-family:\'Crimson Text\', serif;font-size:18px;line-height:1.22em;background-color:#fcf6f5;\"><span style=\"font-weight:bolder;\">Sans porc, sans gluten, sans agent de conservation. </span></p>','<p><span style=\"color:#4a4a4a;font-family:\'Crimson Text\', serif;font-size:18px;background-color:#fcf6f5;\">Viande de canard, fond de canard (eau, sel, poivre), tomates séchées biologiques, oignon frais, sel, épices et acide ascorbique.</span></p>','terrine-de-canard-aux-tomates-sechees','','','','Terrine de canard aux tomates séchées','','','',''),(63,1,2,'','','terrine-de-canard-aux-tomates-sechees','','','','Terrine de canard aux tomates séchées','','','',''),(63,1,3,'','','terrine-de-canard-aux-tomates-sechees','','','','Terrine de canard aux tomates séchées','','','',''),(64,1,1,'<p style=\"margin:0px 0px 1em;color:#4a4a4a;font-family:\'Crimson Text\', serif;font-size:18px;line-height:1.22em;background-color:#fcf6f5;\"><span style=\"font-weight:400;\">Notre terrine nature met en valeur le bon goût du canard, sans artifice. La saveur est semblable à celle de nos rillettes nature, mais vous découvrirez une texture plus onctueuse et veloutée. À déguster sur craquelin ou pain grillé, accompagnée d’une de nos gelées!</span></p>\n<p style=\"margin:0px 0px 1em;color:#4a4a4a;font-family:\'Crimson Text\', serif;font-size:18px;line-height:1.22em;background-color:#fcf6f5;\"><em>Se conserve sept jour au réfrigérateur après ouverture.</em></p>\n<p style=\"margin:0px 0px 1em;color:#4a4a4a;font-family:\'Crimson Text\', serif;font-size:18px;line-height:1.22em;background-color:#fcf6f5;\"><em><br /></em> 86 g</p>\n<p style=\"margin:0px 0px 1em;color:#4a4a4a;font-family:\'Crimson Text\', serif;font-size:18px;line-height:1.22em;background-color:#fcf6f5;\"><span style=\"font-weight:400;\">Ingrédients : canard, bouillon de canard, gras de canard, oignons, sel, épices, acide ascorbique.</span></p>\n<p style=\"margin:0px 0px 1em;color:#4a4a4a;font-family:\'Crimson Text\', serif;font-size:18px;line-height:1.22em;background-color:#fcf6f5;\"><span style=\"font-weight:bolder;\">*Peut contenir de petit </span></p>\n<p style=\"margin:0px 0px 1em;color:#4a4a4a;font-family:\'Crimson Text\', serif;font-size:18px;line-height:1.22em;background-color:#fcf6f5;\"><span style=\"font-weight:bolder;\">Sans porc, sans gluten, sans agent de conservation. </span></p>','','terrine-de-canard-nature','','','','Terrine de canard nature','','','',''),(64,1,2,'','','terrine-de-canard-nature','','','','Terrine de canard nature','','','',''),(64,1,3,'','','terrine-de-canard-nature','','','','Terrine de canard nature','','','',''),(66,1,1,'<p style=\"margin-top:0px;color:rgba(18,18,18,0.75);font-family:\'-apple-system\', BlinkMacSystemFont, \'Segoe UI\', Roboto, Ubuntu, \'Helvetica Neue\', sans-serif, \'Apple Color Emoji\', \'Segoe UI Emoji\', \'Segoe UI Symbol\';font-size:16px;letter-spacing:0.6px;background-color:#ffffff;\"><span>Un mélange de poivres et épices bien dosé et très polyvalent, délicieux sur tout !</span></p>\n<p style=\"color:rgba(18,18,18,0.75);font-family:\'-apple-system\', BlinkMacSystemFont, \'Segoe UI\', Roboto, Ubuntu, \'Helvetica Neue\', sans-serif, \'Apple Color Emoji\', \'Segoe UI Emoji\', \'Segoe UI Symbol\';font-size:16px;letter-spacing:0.6px;background-color:#ffffff;\"><span>Grains de poivre entiers, à moudre avant utilisation.</span></p>\n<ul style=\"padding-left:2rem;color:rgba(18,18,18,0.75);font-family:\'-apple-system\', BlinkMacSystemFont, \'Segoe UI\', Roboto, Ubuntu, \'Helvetica Neue\', sans-serif, \'Apple Color Emoji\', \'Segoe UI Emoji\', \'Segoe UI Symbol\';font-size:16px;letter-spacing:0.6px;background-color:#ffffff;\">\n<li style=\"list-style:inherit;\">Sans gluten</li>\n<li style=\"list-style:inherit;\">Sans noix ou arachides</li>\n<li style=\"list-style:inherit;\">Sans produits laitiers</li>\n<li style=\"list-style:inherit;\">Sans soya</li>\n<li style=\"list-style:inherit;margin-bottom:0px;\">Sans OGM</li>\n</ul>\n<p style=\"color:rgba(18,18,18,0.75);font-family:\'-apple-system\', BlinkMacSystemFont, \'Segoe UI\', Roboto, Ubuntu, \'Helvetica Neue\', sans-serif, \'Apple Color Emoji\', \'Segoe UI Emoji\', \'Segoe UI Symbol\';font-size:16px;letter-spacing:0.6px;background-color:#ffffff;\">Format : 140 g</p>','<p><span style=\"color:rgba(18,18,18,0.75);font-family:\'-apple-system\', BlinkMacSystemFont, \'Segoe UI\', Roboto, Ubuntu, \'Helvetica Neue\', sans-serif, \'Apple Color Emoji\', \'Segoe UI Emoji\', \'Segoe UI Symbol\';font-size:16px;letter-spacing:0.6px;background-color:#ffffff;\">Grains de poivre entiers, à moudre avant utilisation.</span></p>','mechand-mix-','','','','Le Malabar','','','',''),(66,1,2,'','','mechand-mix-','','','','Méchand mix','','','',''),(66,1,3,'','','mechand-mix-','','','','Méchand mix','','','',''),(67,1,1,'<p><span class=\"type\" style=\"font-weight:900;color:#3e3e3d;font-size:0.625rem;margin-bottom:0.65em;text-transform:uppercase;font-family:Inter, Helvetica, Arial, Verdana, sans-serif;background-color:#ffffff;\">DESCRIPTION</span></p>\n<div class=\"value\" style=\"color:#666666;font-size:0.8125rem;line-height:1.38em;font-family:Inter, Helvetica, Arial, Verdana, sans-serif;background-color:#ffffff;\">\n<p style=\"margin-bottom:1em;margin-top:0px;font-size:0.8125rem;line-height:1.38em;\">Laitue, fruits, légumes, fromages et noix et cette délicieuse vinaigrette Pomme, miel et cari. Salade simple à préparer, mais ô combien savoureuse !</p>\n<p style=\"margin-bottom:1em;margin-top:0px;font-size:0.8125rem;line-height:1.38em;\">S’utilise aussi avantageusement comme coulis sur la volaille, le bœuf, le porc ou le thon.</p>\n<ul style=\"margin-bottom:1.5em;margin-top:0px;\">\n<li style=\"margin-top:0px;margin-bottom:0px;\">Sans gluten</li>\n<li style=\"margin-top:0px;margin-bottom:0px;\">Faible en sodium</li>\n</ul>\n<p style=\"margin-bottom:1em;margin-top:0px;font-size:0.8125rem;line-height:1.38em;\">Format : 250 ml</p>\n</div>','<p>Vinaigrette et s<span style=\"background-color:#ffffff;color:#666666;font-family:Inter, Helvetica, Arial, Verdana, sans-serif;font-size:13px;\">’utilise aussi avantageusement</span><span style=\"background-color:#ffffff;color:#666666;font-family:Inter, Helvetica, Arial, Verdana, sans-serif;font-size:13px;\"> </span><span style=\"background-color:#ffffff;color:#666666;font-family:Inter, Helvetica, Arial, Verdana, sans-serif;font-size:13px;\">comme coulis</span></p>','mechand-mix-cari','','','','Vinaigrette pomme, miel et cari','','','',''),(67,1,2,'','','mechand-mix-cari','','','','méchand mix cari','','','',''),(67,1,3,'','','mechand-mix-cari','','','','méchand mix cari','','','',''),(68,1,1,'<p style=\"margin-bottom:1em;margin-top:0px;font-size:13px;line-height:1.38em;color:#666666;font-family:Inter, Helvetica, Arial, Verdana, sans-serif;background-color:#ffffff;\">Succulente vinaigrette qui assaisonnera à merveille une salade mixte ou de la roquette. Combinée à de la feta, du bleu, du chèvre ou encore des copeaux de parmesan, vous obtiendrez un résultat épatant.<br /><br />Peut également être utilisée en coulis sur les fruits de mer, les poissons, ou toute viande grillée.</p>\n<ul style=\"margin-bottom:1.5em;margin-top:0px;color:#666666;font-family:Inter, Helvetica, Arial, Verdana, sans-serif;font-size:13px;background-color:#ffffff;\">\n<li style=\"margin-top:0px;margin-bottom:0px;\">Sans gluten</li>\n<li style=\"margin-top:0px;margin-bottom:0px;\">Faible en sodium</li>\n</ul>\n<p style=\"margin-bottom:1em;margin-top:0px;font-size:13px;line-height:1.38em;color:#666666;font-family:Inter, Helvetica, Arial, Verdana, sans-serif;background-color:#ffffff;\">Format : 250 ml</p>','<p><span style=\"color:#666666;font-family:Inter, Helvetica, Arial, Verdana, sans-serif;font-size:13px;background-color:#ffffff;\">Succulente vinaigrette ou utilisée comme coulis.</span></p>','mechand-mix-miel','','','','Vinaigrette Ail et estragon','','','',''),(68,1,2,'','','mechand-mix-miel','','','','Méchand mix miel','','','',''),(68,1,3,'','','mechand-mix-miel','','','','Méchand mix miel','','','',''),(69,1,1,'<p><span style=\"color:#1e1e28;font-family:\'Source Sans Pro\';font-size:16px;background-color:#ffffff;\">Attendue à chaque saison estivale, elle demeure un incontournable. Son goût rafraîchissant inspire les vacances, ANANAS LIMETTE est à son meilleur avec une salade d’épinards, des cubes de melon, de pommes, de fraises, un fromage et du poulet grillé… Hummm!</span></p>\n<p><span style=\"color:#1e1e28;font-family:\'Source Sans Pro\';font-size:16px;background-color:#ffffff;\">Sans gluten</span></p>','<p><span style=\"color:#1e1e28;font-family:\'Source Sans Pro\';font-size:16px;background-color:#ffffff;\">Son goût rafraîchissant inspire les vacances.</span></p>','mechand-mix-anana','','','','Vinaigrette ananas et limette','','','',''),(69,1,2,'','','mechand-mix-anana','','','','Méchand mix anana','','','',''),(69,1,3,'','','mechand-mix-anana','','','','Méchand mix anana','','','',''),(70,1,1,'<p><span class=\"type\" style=\"font-weight:900;color:#3e3e3d;font-size:0.625rem;margin-bottom:0.65em;text-transform:uppercase;font-family:Inter, Helvetica, Arial, Verdana, sans-serif;background-color:#ffffff;\">DESCRIPTION</span></p>\n<div class=\"value\" style=\"color:#666666;font-size:0.8125rem;line-height:1.38em;font-family:Inter, Helvetica, Arial, Verdana, sans-serif;background-color:#ffffff;\">\n<p style=\"margin-bottom:1em;margin-top:0px;font-size:0.8125rem;line-height:1.38em;\">Sur une salade mixte, boston, d’épinards, ou de roquette, cette vinaigrette Fraise balsamique et poivre rose vous épatera.</p>\n<p style=\"margin-bottom:1em;margin-top:0px;font-size:0.8125rem;line-height:1.38em;\">Ajoutez des fruits des champs, quelques morceaux de bleu, de chèvre ou de brie et vous obtiendrez un mets tout simplement exquis.</p>\n<p style=\"margin-bottom:1em;margin-top:0px;font-size:0.8125rem;line-height:1.38em;\">Savoureuse également comme sauce de finition, elle rehaussera à merveille gibier, canard ou orignal.</p>\n<ul style=\"margin-bottom:1.5em;margin-top:0px;\">\n<li style=\"margin-top:0px;margin-bottom:0px;\">Sans gluten</li>\n</ul>\n<p style=\"margin-bottom:1em;margin-top:0px;font-size:0.8125rem;line-height:1.38em;\">Format : 250 ml</p>\n</div>','<p>Vinaigrette ou sauce de finition</p>','mechand-mix-fraise','','','','Vinaigrette Fraise balsamique et poivre rose','','','',''),(70,1,2,'','','mechand-mix-fraise','','','','Méchand Mix  fraise','','','',''),(70,1,3,'','','mechand-mix-fraise','','','','Méchand Mix  fraise','','','',''),(71,1,1,'<p style=\"margin-bottom:1em;margin-top:0px;font-size:13px;line-height:1.38em;color:#666666;font-family:Inter, Helvetica, Arial, Verdana, sans-serif;background-color:#ffffff;\">Un mélange d\'épices élaboré pour assaisonner les pommes de terre. Grelots sautés, purées ou pommes au four, elles seront exquises.</p>\n<p style=\"margin-bottom:1em;margin-top:0px;font-size:13px;line-height:1.38em;color:#666666;font-family:Inter, Helvetica, Arial, Verdana, sans-serif;background-color:#ffffff;\">Le Maraîcher est délicieux également sur les légumes qu’ils soient grillés ou en papillote. Ajoutez-le à vos hamburgers, vos tortillas et, pourquoi pas, dans un pâté chinois.</p>\n<ul style=\"margin-bottom:1.5em;margin-top:0px;color:#666666;font-family:Inter, Helvetica, Arial, Verdana, sans-serif;font-size:13px;background-color:#ffffff;\">\n<li style=\"margin-top:0px;margin-bottom:0px;\">Sans gluten</li>\n<li style=\"margin-top:0px;margin-bottom:0px;\">Sans noix ou arachides</li>\n<li style=\"margin-top:0px;margin-bottom:0px;\">Sans produits laitiers</li>\n<li style=\"margin-top:0px;margin-bottom:0px;\">Sans soya</li>\n<li style=\"margin-top:0px;margin-bottom:0px;\">Sans OGM</li>\n</ul>\n\n<p style=\"margin-bottom:1em;margin-top:0px;font-size:13px;line-height:1.38em;color:#666666;font-family:Inter, Helvetica, Arial, Verdana, sans-serif;background-color:#ffffff;\">Format : 55 g</p>','<p><span style=\"color:#666666;font-family:Inter, Helvetica, Arial, Verdana, sans-serif;font-size:13px;background-color:#ffffff;\">Un mélange d\'épices élaboré pour assaisonner les pommes de terre</span></p>','mix-poivre','','','','Le Maraîcher','','','',''),(71,1,2,'','','mix-poivre','','','','Mix poivre','','','',''),(71,1,3,'','','mix-poivre','','','','Mix poivre','','','',''),(73,1,1,'<p><span class=\"type\" style=\"font-weight:900;color:#3e3e3d;font-size:0.625rem;margin-bottom:0.65em;text-transform:uppercase;font-family:Inter, Helvetica, Arial, Verdana, sans-serif;background-color:#ffffff;\">DESCRIPTION</span></p>\n<div class=\"value\" style=\"color:#666666;font-size:0.8125rem;line-height:1.38em;font-family:Inter, Helvetica, Arial, Verdana, sans-serif;background-color:#ffffff;\">\n<p style=\"margin-bottom:1em;margin-top:0px;font-size:0.8125rem;line-height:1.38em;\">Parfait pour parer le pourtour de vos verres de Bloody, cet assaisonnement est également délicieux avec les jus de tomates et Clamato ou le gaspacho.</p>\n<ul style=\"margin-bottom:1.5em;margin-top:0px;\">\n<li style=\"margin-top:0px;margin-bottom:0px;\">Sans gluten</li>\n<li style=\"margin-top:0px;margin-bottom:0px;\">Sans noix ou arachides</li>\n<li style=\"margin-top:0px;margin-bottom:0px;\">Sans produits laitiers</li>\n<li style=\"margin-top:0px;margin-bottom:0px;\">Sans soya</li>\n<li style=\"margin-top:0px;margin-bottom:0px;\">Sans OGM</li>\n</ul>\n<p style=\"margin-bottom:1em;margin-top:0px;font-size:0.8125rem;line-height:1.38em;\">Ingrédients : Sel de mer, légumes déshydratés (oignons, tomates séchées au soleil (sel), ail), épices, sucre de canne, huile de lime, substance aromatisante, huile végétale (canola).</p>\n<p style=\"margin-bottom:1em;margin-top:0px;font-size:0.8125rem;line-height:1.38em;\">Format : 64 g</p>\n</div>','<p><span style=\"color:#666666;font-family:Inter, Helvetica, Arial, Verdana, sans-serif;font-size:13px;background-color:#ffffff;\">Parfait pour parer le pourtour de vos verres de Bloody</span></p>','en-robe','','','','En Robe','','','',''),(73,1,2,'','','en-robe','','','','En Robe','','','',''),(73,1,3,'','','en-robe','','','','En Robe','','','',''),(74,1,1,'<p><span style=\"background-color:#ffffff;color:#3e3e3d;font-family:Inter, Helvetica, Arial, Verdana, sans-serif;font-size:0.625rem;font-weight:900;text-transform:uppercase;\">DESCRIPTION</span></p>\n<div class=\"value\" style=\"color:#666666;font-size:0.8125rem;line-height:1.38em;font-family:Inter, Helvetica, Arial, Verdana, sans-serif;background-color:#ffffff;\">\n<p style=\"margin-bottom:1em;margin-top:0px;font-size:0.8125rem;line-height:1.38em;\">Mélange de cari et noix de coco<br /><br />Suggestion d\'utilisation : mélangez 1 cuillère à soupe de cari-coco pour 4 cuillères à soupe d’huile. Vous obtiendrez une délicieuse sauce pour badigeonner crevettes, volaille, porc ou bœuf.</p>\n<ul style=\"margin-bottom:1.5em;margin-top:0px;\">\n<li style=\"margin-top:0px;margin-bottom:0px;\">Sans gluten</li>\n<li style=\"margin-top:0px;margin-bottom:0px;\">Sans noix ou arachides</li>\n<li style=\"margin-top:0px;margin-bottom:0px;\">Sans produits laitiers</li>\n<li style=\"margin-top:0px;margin-bottom:0px;\">Sans soya</li>\n<li style=\"margin-top:0px;margin-bottom:0px;\">Sans OGM</li>\n</ul>\n\n<p style=\"margin-bottom:1em;margin-top:0px;font-size:0.8125rem;line-height:1.38em;\">Ingrédients : mélange de cari et noix de coco</p>\n<p style=\"margin-bottom:1em;margin-top:0px;font-size:0.8125rem;line-height:1.38em;\">Format : 63 g</p>\n</div>','<p><span style=\"color:#666666;font-family:Inter, Helvetica, Arial, Verdana, sans-serif;font-size:13px;background-color:#ffffff;\">Mélange de cari et noix de coco</span></p>','cari-coco','','','','Cari-coco','','','',''),(74,1,2,'','','cari-coco','','','','Cari-coco','','','',''),(74,1,3,'','','cari-coco','','','','Cari-coco','','','',''),(75,1,1,'<p><span class=\"type\" style=\"font-weight:900;color:#3e3e3d;font-size:0.625rem;margin-bottom:0.65em;text-transform:uppercase;font-family:Inter, Helvetica, Arial, Verdana, sans-serif;background-color:#ffffff;\">DESCRIPTION</span></p>\n<div class=\"value\" style=\"color:#666666;font-size:0.8125rem;line-height:1.38em;font-family:Inter, Helvetica, Arial, Verdana, sans-serif;background-color:#ffffff;\">\n<p style=\"margin-bottom:1em;margin-top:0px;font-size:0.8125rem;line-height:1.38em;\">Piquant, acidulé et sucré. Un savoureux mélanges de chipotle, lime et érable.</p>\n\n<p style=\"margin-bottom:1em;margin-top:0px;font-size:0.8125rem;line-height:1.38em;\">À saupoudrer sur vos viandes, poissons, <span>crevettes ou pétoncles</span>. Excellent dans une mayonnaise pour vos frites, dans vos trempettes et fondues. </p>\n<ul style=\"margin-bottom:1.5em;margin-top:0px;\">\n<li style=\"margin-top:0px;margin-bottom:0px;\">Sans gluten</li>\n<li style=\"margin-top:0px;margin-bottom:0px;\">Sans noix ou arachides</li>\n<li style=\"margin-top:0px;margin-bottom:0px;\">Sans produits laitiers</li>\n<li style=\"margin-top:0px;margin-bottom:0px;\">Sans soya</li>\n<li style=\"margin-top:0px;margin-bottom:0px;\">Sans OGM</li>\n</ul>\n\n<p style=\"margin-bottom:1em;margin-top:0px;font-size:0.8125rem;line-height:1.38em;\">Format : 64 g</p>\n</div>','<p><span style=\"color:#666666;font-family:Inter, Helvetica, Arial, Verdana, sans-serif;font-size:13px;background-color:#ffffff;\">Un savoureux mélanges de chipotle, lime et érable.</span></p>','la-triade','','','','La Triade','','','',''),(75,1,2,'','','la-triade','','','','La Triade','','','',''),(75,1,3,'','','la-triade','','','','La Triade','','','',''),(76,1,1,'<p><span class=\"type\" style=\"font-weight:900;color:#3e3e3d;font-size:0.625rem;margin-bottom:0.65em;text-transform:uppercase;font-family:Inter, Helvetica, Arial, Verdana, sans-serif;background-color:#ffffff;\">DESCRIPTION</span></p>\n<div class=\"value\" style=\"color:#666666;font-size:0.8125rem;line-height:1.38em;font-family:Inter, Helvetica, Arial, Verdana, sans-serif;background-color:#ffffff;\">\n<p style=\"margin-bottom:1em;margin-top:0px;font-size:0.8125rem;line-height:1.38em;\">Voici l\'assaisonnement parfait pour vos plats préparés à la mijoteuse. Il est également excellent avec toutes les viandes grillées ou sautés. </p>\n<ul style=\"margin-bottom:1.5em;margin-top:0px;\">\n<li style=\"margin-top:0px;margin-bottom:0px;\">Sans gluten</li>\n<li style=\"margin-top:0px;margin-bottom:0px;\">Sans noix ou arachides</li>\n<li style=\"margin-top:0px;margin-bottom:0px;\">Sans produits laitiers</li>\n<li style=\"margin-top:0px;margin-bottom:0px;\">Sans soya</li>\n<li style=\"margin-top:0px;margin-bottom:0px;\">Sans OGM</li>\n</ul>\n\n<p style=\"margin-bottom:1em;margin-top:0px;font-size:0.8125rem;line-height:1.38em;\">Ingrédients : Épices, sel, sucre de canne, légumes déshydratés (oignon, ail), moutarde, arôme de fumée (extrait de levure).</p>\n<p style=\"margin-bottom:1em;margin-top:0px;font-size:0.8125rem;line-height:1.38em;\">Format : 49 g</p>\n</div>','<p><span style=\"color:#666666;font-family:Inter, Helvetica, Arial, Verdana, sans-serif;font-size:13px;background-color:#ffffff;\">Voici l\'assaisonnement parfait pour vos plats préparés à la mijoteuse</span></p>','le-mijote','','','','Le Mijoté','','','',''),(76,1,2,'','','le-mijote','','','','Le Mijoté','','','',''),(76,1,3,'','','le-mijote','','','','Le Mijoté','','','',''),(77,1,1,'<p style=\"margin-bottom:1em;margin-top:0px;font-size:13px;line-height:1.38em;color:#666666;font-family:Inter, Helvetica, Arial, Verdana, sans-serif;background-color:#ffffff;\">Épices à steak parfaite pour les fans de BBQ.</p>\n<p style=\"margin-bottom:1em;margin-top:0px;font-size:13px;line-height:1.38em;color:#666666;font-family:Inter, Helvetica, Arial, Verdana, sans-serif;background-color:#ffffff;\">Pensé pour les viandes rouges, ce mélange s’utilise tout aussi bien en sauce tomates, sur le saumon ou encore la volaille.</p>\n<p style=\"margin-bottom:1em;margin-top:0px;font-size:13px;line-height:1.38em;color:#666666;font-family:Inter, Helvetica, Arial, Verdana, sans-serif;background-color:#ffffff;\">Mélange d’épices beaucoup plus piquant et poivré que salé; il ne contient que 10 % de sel par c. à thé, soit beaucoup moins que la plupart des produits de la même catégorie.</p>\n<ul style=\"margin-bottom:1.5em;margin-top:0px;color:#666666;font-family:Inter, Helvetica, Arial, Verdana, sans-serif;font-size:13px;background-color:#ffffff;\">\n<li style=\"margin-top:0px;margin-bottom:0px;\"><span>Seulement 10 % de sel par c. à thé</span></li>\n<li style=\"margin-top:0px;margin-bottom:0px;\">Sans gluten</li>\n<li style=\"margin-top:0px;margin-bottom:0px;\">Sans noix ou arachides</li>\n<li style=\"margin-top:0px;margin-bottom:0px;\">Sans produits laitiers</li>\n<li style=\"margin-top:0px;margin-bottom:0px;\">Sans soya</li>\n<li style=\"margin-top:0px;margin-bottom:0px;\">Sans OGM</li>\n</ul>\n\n<p style=\"margin-bottom:1em;margin-top:0px;font-size:13px;line-height:1.38em;color:#666666;font-family:Inter, Helvetica, Arial, Verdana, sans-serif;background-color:#ffffff;\">Format : 67 g</p>','<p><span style=\"color:#666666;font-family:Inter, Helvetica, Arial, Verdana, sans-serif;font-size:13px;background-color:#ffffff;\">Épices à steak parfaite pour les fans de BBQ.</span></p>','torea-dor','','','','Toréa Dor','','','',''),(77,1,2,'','','torea-dor','','','','Toréa Dor','','','',''),(77,1,3,'','','torea-dor','','','','Toréa Dor','','','',''),(78,1,1,'<p style=\"margin:0px 0px 30px;padding:0px;border:0px;font-size:16px;line-height:28px;font-family:\'Source Sans Pro\';vertical-align:baseline;color:#1e1e28;background-color:#ffffff;\">Heureux mélange de poivres et d’agrumes, légèrement rehaussé de sucre d’érable.</p>\n<p style=\"margin:0px;padding:0px;border:0px;font-size:16px;line-height:28px;font-family:\'Source Sans Pro\';vertical-align:baseline;color:#1e1e28;background-color:#ffffff;\">Un bon mélange pour vos fondues aux fromages, avec tomates cerises, brocolis et petites patates enrobées de bacon.</p>\n<p style=\"margin:0px;padding:0px;border:0px;font-size:16px;line-height:28px;font-family:\'Source Sans Pro\';vertical-align:baseline;color:#1e1e28;background-color:#ffffff;\"></p>\n<ul style=\"margin-bottom:1.5em;margin-top:0px;color:#666666;font-family:Inter, Helvetica, Arial, Verdana, sans-serif;font-size:13px;background-color:#ffffff;\">\n<li style=\"margin-top:0px;margin-bottom:0px;\">Sans gluten</li>\n</ul>','<p>L\'utiliser comme poivre et excellent avec fondue au fromage.</p>','poivres-erable','','','','Poivres & Érable','','','',''),(78,1,2,'','','poivres-erable','','','','Poivres & Érable','','','',''),(78,1,3,'','','poivres-erable','','','','Poivres & Érable','','','',''),(79,1,1,'<p><span style=\"color:#3e1707;font-family:\'Goudy Old Style\', serif;font-size:16px;background-color:#ffffff;\">Nos barres gourmandes sont toutes fabriquées à la main avec les meilleurs ingrédients. Élaborées avec passion par notre maître chocolatier, vous ne pourrez pas y résister!</span></p>','<p><span style=\"color:#3e1707;font-family:\'Goudy Old Style\', serif;font-size:16px;background-color:#ffffff;\">Fabriquées à la main avec les meilleurs ingrédients. (50g)</span></p>','caramel-sale-barre-gourmande-au-chocolat-au-lait','','','','Tablette gourmande chocolat au lait caramel salé','','','',''),(79,1,2,'','','caramel-sale-barre-gourmande-au-chocolat-au-lait','','','','Caramel salé Barre gourmande au chocolat au lait','','','',''),(79,1,3,'','','caramel-sale-barre-gourmande-au-chocolat-au-lait','','','','Caramel salé Barre gourmande au chocolat au lait','','','',''),(81,1,1,'<p><span style=\"color:#3e1707;font-family:\'Goudy Old Style\', serif;font-size:16px;background-color:#ffffff;\">Notre collection enrobés est composée de notre chocolat Rochef de première qualité! Nous n\'utilisons que de vrais fruits séchés, pas de gelée! Notre maître chocolatier torréfie nos noix sur place le matin et une fois grillées, elles sont enrobées de chocolat le jour même afin que vous puissiez profiter du produit le plus frais disponible. Certains disent que nous sommes un peu fou, mais rappelez-vous que nous consommons aussi notre produit, tout comme vous!</span></p>','<p><span style=\"color:#3e1707;font-family:\'Goudy Old Style\', serif;font-size:16px;background-color:#ffffff;\">Coffret cadeau de 150g.</span></p>','amandes-grillees-au-four-recouvertes-de-chocolat-au-lait','','','','Amandes rôties au four enrobées de chocolat au lait','','','',''),(81,1,2,'','','amandes-grillees-au-four-recouvertes-de-chocolat-au-lait','','','','Amandes grillées au four recouvertes de chocolat au lait','','','',''),(81,1,3,'','','amandes-grillees-au-four-recouvertes-de-chocolat-au-lait','','','','Amandes grillées au four recouvertes de chocolat au lait','','','',''),(82,1,1,'<p><span style=\"color:#3e1707;font-family:\'Goudy Old Style\', serif;font-size:16px;background-color:#ffffff;\">Notre collection enrobés est réalisée avec notre chocolat premium Rochef ! Nous n\'utilisons que de vrais fruits secs, pas de gelée ! Notre maître chocolatier torréfie nos noix sur place le matin et une fois prises, elles sont recouvertes de chocolat l\'après-midi afin que vous puissiez profiter du produit le plus frais disponible. Certains disent que nous sommes un peu fous, mais n\'oubliez pas que nous achetons aussi notre produit comme vous !</span></p>','<p><span style=\"color:#3e1707;font-family:\'Goudy Old Style\', serif;font-size:16px;background-color:#ffffff;\">Sachet de collation de 150g.</span></p>','chocolat-noir-enrobe-de-vraies-canneberges-sechees','','','','Canneberges séchées enrobées de chocolat noir','','','',''),(82,1,2,'','','chocolat-noir-enrobe-de-vraies-canneberges-sechees','','','','Chocolat noir enrobé de vraies canneberges séchées','','','',''),(82,1,3,'','','chocolat-noir-enrobe-de-vraies-canneberges-sechees','','','','Chocolat noir enrobé de vraies canneberges séchées','','','',''),(83,1,1,'<p><span style=\"color:#3e1707;font-family:\'Goudy Old Style\', serif;font-size:16px;background-color:#ffffff;\">Notre collection enrobés est réalisée avec notre chocolat premium Rochef ! Nous n\'utilisons que de vrais fruits secs, pas de gelée ! Notre maître chocolatier torréfie nos noix sur place le matin et une fois prises, elles sont recouvertes de chocolat l\'après-midi afin que vous puissiez profiter du produit le plus frais disponible. Certains disent que nous sommes un peu fous, mais n\'oubliez pas que nous achetons aussi notre produit comme vous !</span></p>','<p><span style=\"color:#3e1707;font-family:\'Goudy Old Style\', serif;font-size:16px;background-color:#ffffff;\">Réalisée avec notre chocolat premium Rochef ! (300g)</span></p>','chocolat-noir-recouvert-de-vraies-canneberges-sechees','','','','Canneberges séchées enrobées de chocolat noir','','','',''),(83,1,2,'','','chocolat-noir-recouvert-de-vraies-canneberges-sechees','','','','Chocolat noir recouvert de vraies canneberges séchées','','','',''),(83,1,3,'','','chocolat-noir-recouvert-de-vraies-canneberges-sechees','','','','Chocolat noir recouvert de vraies canneberges séchées','','','',''),(84,1,1,'<p><span style=\"color:#3e1707;font-family:\'Goudy Old Style\', serif;font-size:16px;background-color:#ffffff;\">Notre collection enrobés est réalisée avec notre chocolat premium Rochef ! Nous n\'utilisons que de vrais fruits secs, pas de gelée ! Notre maître chocolatier torréfie nos noix sur place le matin et une fois prises, elles sont recouvertes de chocolat l\'après-midi afin que vous puissiez profiter du produit le plus frais disponible. Certains disent que nous sommes un peu fous, mais n\'oubliez pas que nous achetons aussi notre produit comme vous !</span></p>','<p><span style=\"color:#3e1707;font-family:\'Goudy Old Style\', serif;font-size:16px;background-color:#ffffff;\">Réalisée avec notre chocolat premium Rochef ! (300g)</span></p>','cappuccino-chocolat-au-lait-recouvert-damandes-grillees-au-four','','','','Amandes rôties au four enrobées de chocolat au lait Cappuccino','','','',''),(84,1,2,'','','cappuccino-chocolat-au-lait-recouvert-damandes-grillees-au-four','','','','Cappuccino chocolat au lait recouvert d’amandes grillées au four','','','',''),(84,1,3,'','','cappuccino-chocolat-au-lait-recouvert-damandes-grillees-au-four','','','','Cappuccino chocolat au lait recouvert d’amandes grillées au four','','','',''),(85,1,1,'<p><span style=\"color:#3e1707;font-family:\'Goudy Old Style\', serif;font-size:16px;background-color:#ffffff;\">Notre collection enrobés est réalisée avec notre chocolat premium Rochef ! Nous n\'utilisons que de vrais fruits secs, pas de gelée ! Notre maître chocolatier torréfie nos noix sur place le matin et une fois prises, elles sont recouvertes de chocolat l\'après-midi afin que vous puissiez profiter du produit le plus frais disponible. Certains disent que nous sommes un peu fous, mais n\'oubliez pas que nous achetons aussi notre produit comme vous !</span></p>','<p><span style=\"color:#3e1707;font-family:\'Goudy Old Style\', serif;font-size:16px;background-color:#ffffff;\">Réalisée avec notre chocolat premium Rochef ! (300g)</span></p>','amandes-grillees-au-four-recouvertes-de-chocolat-blanc-a-lerable','','','','Amandes rôties au four enrobées de chocolat blanc à l\'érable','','','',''),(85,1,2,'','','amandes-grillees-au-four-recouvertes-de-chocolat-blanc-a-lerable','','','','Amandes grillées au four recouvertes de chocolat blanc à l’érable','','','',''),(85,1,3,'','','amandes-grillees-au-four-recouvertes-de-chocolat-blanc-a-lerable','','','','Amandes grillées au four recouvertes de chocolat blanc à l’érable','','','',''),(86,1,1,'<p><span style=\"color:#3e1707;font-family:\'Goudy Old Style\', serif;font-size:16px;background-color:#ffffff;\">Notre collection enrobés est réalisée avec notre chocolat premium Rochef ! Nous n\'utilisons que de vrais fruits secs, pas de gelée ! Notre maître chocolatier torréfie nos noix sur place le matin et une fois prises, elles sont recouvertes de chocolat l\'après-midi afin que vous puissiez profiter du produit le plus frais disponible. Certains disent que nous sommes un peu fous, mais n\'oubliez pas que nous achetons aussi notre produit comme vous !</span></p>','<p><span style=\"color:#3e1707;font-family:\'Goudy Old Style\', serif;font-size:16px;background-color:#ffffff;\">Réalisée avec notre chocolat premium Rochef ! (300g)</span></p>','bleuets-seches-enrobes-chocolat-noir','','','','Bleuets séchés enrobés de chocolat noir','','','',''),(86,1,2,'','','bleuets-seches-enrobes-chocolat-noir','','','','Bleuets séchés enrobés chocolat noir','','','',''),(86,1,3,'','','bleuets-seches-enrobes-chocolat-noir','','','','Bleuets séchés enrobés chocolat noir','','','',''),(87,1,1,'<p><span style=\"color:#3e1707;font-family:\'Goudy Old Style\', serif;font-size:16px;background-color:#ffffff;vertical-align:inherit;\">Notre collection enrobés est réalisée avec notre chocolat premium Rochef !</span><span style=\"color:#3e1707;font-family:\'Goudy Old Style\', serif;font-size:16px;background-color:#ffffff;\"> </span><span style=\"color:#3e1707;font-family:\'Goudy Old Style\', serif;font-size:16px;background-color:#ffffff;vertical-align:inherit;\">Nous n\'utilisons que de vrais fruits secs, pas de gelée !</span><span style=\"color:#3e1707;font-family:\'Goudy Old Style\', serif;font-size:16px;background-color:#ffffff;\"> </span><span style=\"color:#3e1707;font-family:\'Goudy Old Style\', serif;font-size:16px;background-color:#ffffff;vertical-align:inherit;\">Notre maître chocolatier torréfie nos noix sur place le matin et une fois prises, elles sont recouvertes de chocolat l\'après-midi afin que vous puissiez profiter du produit le plus frais disponible.</span><span style=\"color:#3e1707;font-family:\'Goudy Old Style\', serif;font-size:16px;background-color:#ffffff;\"> </span><span style=\"color:#3e1707;font-family:\'Goudy Old Style\', serif;font-size:16px;background-color:#ffffff;vertical-align:inherit;\">Certains disent que nous sommes un peu fous, mais n\'oubliez pas que nous achetons aussi notre produit comme vous !</span></p>','<p><span style=\"color:#3e1707;font-family:\'Goudy Old Style\', serif;font-size:16px;background-color:#ffffff;\">Réalisée avec notre chocolat premium Rochef ! (250g)</span></p>','bretzels-sans-gluten-enrobes-de-chocolat-au-lait','','','','Bretzels sans gluten enrobés de chocolat au lait','','','',''),(87,1,2,'','','','','','','Bretzels sans gluten enrobés de chocolat au lait','','','',''),(87,1,3,'','','','','','','Bretzels sans gluten enrobés de chocolat au lait','','','',''),(89,1,1,'<p><span style=\"color:#3e1707;font-family:\'Goudy Old Style\', serif;font-size:16px;background-color:#ffffff;\">Notre collection enrobés est réalisée avec notre chocolat premium Rochef ! Nous n\'utilisons que de vrais fruits secs, pas de gelée ! Notre maître chocolatier torréfie nos noix sur place le matin et une fois prises, elles sont recouvertes de chocolat l\'après-midi afin que vous puissiez profiter du produit le plus frais disponible. Certains disent que nous sommes un peu fous, mais n\'oubliez pas que nous achetons aussi notre produit comme vous !</span></p>','<p><span style=\"color:#3e1707;font-family:\'Goudy Old Style\', serif;font-size:16px;background-color:#ffffff;\">Réalisée avec notre chocolat premium Rochef ! (250g)</span></p>','bretzels-sans-gluten-enrobes-de-chocolat-noir','','','','Bretzels sans gluten enrobés de chocolat noir','','','',''),(89,1,2,'','','','','','','Bretzels sans gluten enrobés de chocolat noir','','','',''),(89,1,3,'','','','','','','Bretzels sans gluten enrobés de chocolat noir','','','',''),(90,1,1,'<p><span style=\"color:#3e1707;font-family:\'Goudy Old Style\', serif;font-size:16px;background-color:#ffffff;\">Nos barres gourmandes sont toutes fabriquées à la main avec les meilleurs ingrédients. Élaborées avec passion par notre maître chocolatier, vous ne pourrez pas y résister!</span></p>','<p><span style=\"color:#3e1707;font-family:\'Goudy Old Style\', serif;font-size:16px;background-color:#ffffff;\">Fabriquées à la main avec les meilleurs ingrédients. (50g)</span></p>','tablette-gourmande-chocolat-noir-et-fleur-de-sel','','','','Tablette gourmande chocolat noir et fleur de sel','','','',''),(90,1,2,'','','','','','','Tablette gourmande chocolat noir et fleur de sel','','','',''),(90,1,3,'','','','','','','Tablette gourmande chocolat noir et fleur de sel','','','',''),(91,1,1,'<p><span style=\"color:#3e1707;font-family:\'Goudy Old Style\', serif;font-size:16px;background-color:#ffffff;\">Nos barres gourmandes sont toutes fabriquées à la main avec les meilleurs ingrédients. Élaborées avec passion par notre maître chocolatier, vous ne pourrez pas y résister!</span></p>','<p><span style=\"color:#3e1707;font-family:\'Goudy Old Style\', serif;font-size:16px;background-color:#ffffff;\">Fabriquées à la main avec les meilleurs ingrédients. (50g)</span></p>','sucre-d-erable-tablette-gourmande-au-chocolat-noir','','','','Sucre d\'érable Tablette gourmande au chocolat noir','','','',''),(91,1,2,'','','sucre-d-erable-tablette-gourmande-au-chocolat-noir','','','','Sucre d\'érable Tablette gourmande au chocolat noir','','','',''),(91,1,3,'','','sucre-d-erable-tablette-gourmande-au-chocolat-noir','','','','Sucre d\'érable Tablette gourmande au chocolat noir','','','',''),(92,1,1,'<p><span style=\"color:#3e1707;font-family:\'Goudy Old Style\', serif;font-size:16px;background-color:#ffffff;\">Nos barres gourmandes sont toutes fabriquées à la main avec les meilleurs ingrédients. Élaborées avec passion par notre maître chocolatier, vous ne pourrez pas y résister!</span></p>','<p><span style=\"color:#3e1707;font-family:\'Goudy Old Style\', serif;font-size:16px;background-color:#ffffff;\">Fabriquées à la main avec les meilleurs ingrédients. (50g)</span></p>','tablette-gourmande-chocolat-noir-caramel-sale','','','','Tablette gourmande chocolat noir caramel salé','','','',''),(92,1,2,'','','','','','','Tablette gourmande chocolat noir caramel salé','','','',''),(92,1,3,'','','','','','','Tablette gourmande chocolat noir caramel salé','','','',''),(93,1,1,'<p><span style=\"color:#3e1707;font-family:\'Goudy Old Style\', serif;font-size:16px;background-color:#ffffff;\">Il suffit de chauffer doucement les pastilles au micro-ondes pendant 45 secondes et vous découvrirez une fondue riche et crémeuse.</span><br style=\"margin-top:0px;margin-bottom:0px;color:#3e1707;font-family:\'Goudy Old Style\', serif;font-size:16px;background-color:#ffffff;\" /><span style=\"color:#3e1707;font-family:\'Goudy Old Style\', serif;font-size:16px;background-color:#ffffff;\">Vous pouvez ajouter votre liqueur préférée ou l\'incorporer à votre dessert préféré.</span></p>','<p><span style=\"color:#3e1707;font-family:\'Goudy Old Style\', serif;font-size:16px;background-color:#ffffff;\">Fondue riche et crémeuse. (200g)</span></p>','creation-fondue-chocolat-au-lait','','','','Création Fondue chocolat au lait','','','',''),(93,1,2,'','','','','','','Création Fondue chocolat au lait','','','',''),(93,1,3,'','','','','','','Création Fondue chocolat au lait','','','',''),(95,1,1,'<p><span style=\"color:#3e1707;font-family:\'Goudy Old Style\', serif;font-size:16px;background-color:#ffffff;\">Il suffit de chauffer doucement les pastilles au micro-ondes pendant 45 secondes et vous découvrirez une fondue riche et crémeuse.</span><br style=\"margin-top:0px;margin-bottom:0px;color:#3e1707;font-family:\'Goudy Old Style\', serif;font-size:16px;background-color:#ffffff;\" /><span style=\"color:#3e1707;font-family:\'Goudy Old Style\', serif;font-size:16px;background-color:#ffffff;\">Vous pouvez ajouter votre liqueur préférée ou l\'incorporer à votre dessert préféré.</span></p>','<p><span style=\"color:#3e1707;font-family:\'Goudy Old Style\', serif;font-size:16px;background-color:#ffffff;\">Fondue riche et crémeuse. (200g)</span></p>','creation-fondue-chocolat-noir-70','','','','Création Fondue chocolat noir 70%','','','',''),(95,1,2,'','','','','','','Création Fondue chocolat noir 70%','','','',''),(95,1,3,'','','','','','','Création Fondue chocolat noir 70%','','','',''),(96,1,1,'<p><span style=\"color:#3e1707;font-family:\'Goudy Old Style\', serif;font-size:16px;background-color:#ffffff;\">Nos barres gourmandes sont toutes fabriquées à la main avec les meilleurs ingrédients. Élaborées avec passion par notre maître chocolatier, vous ne pourrez pas y résister!</span></p>','<p><span style=\"color:#3e1707;font-family:\'Goudy Old Style\', serif;font-size:16px;background-color:#ffffff;\">Fabriquées à la main avec les meilleurs ingrédients. (50g)</span></p>','tablette-gourmande-chocolat-au-lait-et-sucre-d-erable','','','','Tablette gourmande chocolat au lait et sucre d\'érable','','','',''),(96,1,2,'','','','','','','Tablette gourmande chocolat au lait et sucre d\'érable','','','',''),(96,1,3,'','','','','','','Tablette gourmande chocolat au lait et sucre d\'érable','','','',''),(97,1,1,'<p><span style=\"color:#3e1707;font-family:\'Goudy Old Style\', serif;font-size:16px;background-color:#ffffff;\">Nos barres gourmandes sont toutes fabriquées à la main avec les meilleurs ingrédients. Élaborées avec passion par notre maître chocolatier, vous ne pourrez pas y résister!</span></p>','<p><span style=\"color:#3e1707;font-family:\'Goudy Old Style\', serif;font-size:16px;background-color:#ffffff;\">Fabriquées à la main avec les meilleurs ingrédients. (50g)</span></p>','tablette-gourmande-chocolat-au-lait-et-fleur-de-sel','','','','Tablette gourmande chocolat au lait et fleur de sel','','','',''),(97,1,2,'','','','','','','Tablette gourmande chocolat au lait et fleur de sel','','','',''),(97,1,3,'','','','','','','Tablette gourmande chocolat au lait et fleur de sel','','','',''),(98,1,1,'<p style=\"margin-top:0px;color:#3e1707;font-family:\'Goudy Old Style\', serif;font-size:16px;background-color:#ffffff;\">Notre collection de chocolats chauds sur cuillère est le cadeau parfait pour les enfants de tout âge!</p>\n<p style=\"margin-top:0px;color:#3e1707;font-family:\'Goudy Old Style\', serif;font-size:16px;background-color:#ffffff;\">Réchauffez simplement votre lait, mettez le chocolat dans votre tasse et remuez. Le chocolat fondra et vous donnera le meilleur des chocolats chauds. Vous devrez peut-être manger le chocolat restant sur la cuillère en guise de récompense!</p>','<p><span style=\"color:#3e1707;font-family:\'Goudy Old Style\', serif;font-size:16px;background-color:#ffffff;\">Chocolat chaud sur cuillère de bois. (50g)</span></p>','chocolat-chaud-au-lait-et-guimauves-a-la-cuillere','','','','Chocolat chaud au lait et guimauves.','','','',''),(98,1,2,'','','chocolat-chaud-au-lait-et-guimauves-a-la-cuillere','','','','Chocolat chaud au lait et guimauves à la cuillère','','','',''),(98,1,3,'','','chocolat-chaud-au-lait-et-guimauves-a-la-cuillere','','','','Chocolat chaud au lait et guimauves à la cuillère','','','',''),(99,1,1,'<p style=\"margin-top:0px;color:#3e1707;font-family:\'Goudy Old Style\', serif;font-size:16px;background-color:#ffffff;\">Notre collection de chocolats chauds sur cuillère est le cadeau parfait pour les enfants de tout âge!</p>\n<p style=\"margin-top:0px;color:#3e1707;font-family:\'Goudy Old Style\', serif;font-size:16px;background-color:#ffffff;\">Réchauffez simplement votre lait, mettez le chocolat dans votre tasse et remuez. Le chocolat fondra et vous donnera le meilleur des chocolats chauds. Vous devrez peut-être manger le chocolat restant sur la cuillère en guise de récompense!</p>','<p><span style=\"color:#3e1707;font-family:\'Goudy Old Style\', serif;font-size:16px;background-color:#ffffff;\">Chocolat chaud sur une cuillère de bois. (50g)</span></p>','chocolat-chaud-au-lait-et-sucre-d-erable-sur-une-cuillere','','','','Chocolat chaud au lait et sucre d\'érable.','','','',''),(99,1,2,'','','chocolat-chaud-au-lait-et-sucre-d-erable-sur-une-cuillere','','','','Chocolat chaud au lait et sucre d\'érable sur une cuillère','','','',''),(99,1,3,'','','chocolat-chaud-au-lait-et-sucre-d-erable-sur-une-cuillere','','','','Chocolat chaud au lait et sucre d\'érable sur une cuillère','','','',''),(100,1,1,'Notre collection de chocolats chauds sur cuillère est le cadeau parfait pour les enfants de tout âge! Réchauffez simplement votre lait et mettez le chocolat dans votre tasse et remuez. Le chocolat fondra et vous donnera le meilleur chocolat chaud, vous devrez peut-être manger le chocolat restant sur la cuillère en guise de récompense!','Chocolat chaud sur une cuillère de bois. (50g)','chocolat-chaud-noir-et-guimauves-sur-une-cuillere','','','','Chocolat chaud noir et guimauves','','','',''),(100,1,2,'','','chocolat-chaud-noir-et-guimauves-sur-une-cuillere','','','','Chocolat chaud noir et guimauves sur une cuillère','','','',''),(100,1,3,'','','chocolat-chaud-noir-et-guimauves-sur-une-cuillere','','','','Chocolat chaud noir et guimauves sur une cuillère','','','',''),(101,1,1,'<p style=\"margin-top:0px;color:#3e1707;font-family:\'Goudy Old Style\', serif;font-size:16px;background-color:#ffffff;\">Notre collection de chocolats chauds sur cuillère est le cadeau parfait pour les enfants de tout âge!</p>\n<p style=\"margin-top:0px;color:#3e1707;font-family:\'Goudy Old Style\', serif;font-size:16px;background-color:#ffffff;\">réchauffez simplement votre lait et mettez le chocolat dans votre tasse et remuez. Le chocolat fondra et vous donnera le meilleur chocolat chaud, vous devrez peut-être manger le chocolat restant sur la cuillère en guise de récompense!</p>','<p><span style=\"color:#3e1707;font-family:\'Goudy Old Style\', serif;font-size:16px;background-color:#ffffff;\">Chocolat chaud sur une cuillère de bois. (50g)</span></p>','chocolat-chaud-noir-et-caramel-sale-sur-une-cuillere','','','','Chocolat chaud noir sucre d\'érable','','','',''),(101,1,2,'','','chocolat-chaud-noir-et-caramel-sale-sur-une-cuillere','','','','Chocolat chaud noir et caramel salé sur une cuillère','','','',''),(101,1,3,'','','chocolat-chaud-noir-et-caramel-sale-sur-une-cuillere','','','','Chocolat chaud noir et caramel salé sur une cuillère','','','',''),(102,1,1,'<p><span style=\"color:#1a171b;font-family:\'Open Sans\', arial, sans-serif;font-size:13px;text-align:justify;\">Notre miel de trèfle dans sa version aromatisé à la menthe.</span><br style=\"color:#1a171b;font-family:\'Open Sans\', arial, sans-serif;font-size:13px;text-align:justify;\" /><span style=\"color:#1a171b;font-family:\'Open Sans\', arial, sans-serif;font-size:13px;text-align:justify;\">Délicieux avec l\'agneau!</span></p>','<p><span style=\"color:#1a171b;font-family:\'Open Sans\', arial, sans-serif;font-size:13px;text-align:justify;\">Miel de trèfle. (212ml)</span></p>','miel-a-la-menthe','','','','MIEL À LA MENTHE','','','',''),(102,1,2,'','','miel-a-la-menthe','','','','MIEL À LA MENTHE','','','',''),(102,1,3,'','','miel-a-la-menthe','','','','MIEL À LA MENTHE','','','',''),(103,1,1,'<p><span style=\"color:#1a171b;font-family:\'Open Sans\', arial, sans-serif;font-size:13px;text-align:justify;\">Un goût d\'érable de chez nous dans une confiture exotique...</span></p>','<p><span style=\"color:#1a171b;font-family:\'Open Sans\', arial, sans-serif;font-size:13px;text-align:justify;\">Confiture exotique. (212ml)</span></p>','confiture-de-kiwis-a-l-erable','','','','CONFITURE DE KIWIS À L\'ÉRABLE','','','',''),(103,1,2,'','','confiture-de-kiwis-a-l-erable','','','','CONFITURE DE KIWIS À L\'ÉRABLE','','','',''),(103,1,3,'','','confiture-de-kiwis-a-l-erable','','','','CONFITURE DE KIWIS À L\'ÉRABLE','','','',''),(104,1,1,'<p><span style=\"color:#1a171b;font-family:\'Open Sans\', arial, sans-serif;font-size:13px;text-align:justify;\">Un mariage inusité mais combien heureux!</span></p>','<p>Produit gourmet. (212ml)</p>','confiture-de-peches-a-l-erable','','','','CONFITURE DE PÊCHES À L\'ÉRABLE','','','',''),(104,1,2,'','','confiture-de-peches-a-l-erable','','','','CONFITURE DE PÊCHES À L\'ÉRABLE','','','',''),(104,1,3,'','','confiture-de-peches-a-l-erable','','','','CONFITURE DE PÊCHES À L\'ÉRABLE','','','',''),(105,1,1,'<p><span style=\"color:#1a171b;font-family:\'Open Sans\', arial, sans-serif;font-size:13px;text-align:justify;\">Délicieux mélange de d\'écorces d\'orange, et  de citron.</span></p>','<p><span style=\"color:#1a171b;font-family:\'Open Sans\', arial, sans-serif;font-size:13px;text-align:justify;\">Délicieux mélange. (212ml)</span></p>','marmelade-d-agrumes','','','','MARMELADE D\'AGRUMES','','','',''),(105,1,2,'','','','','','','MARMELADE D\'AGRUMES','','','',''),(105,1,3,'','','','','','','MARMELADE D\'AGRUMES','','','',''),(106,1,1,'<p><span style=\"color:#1a171b;font-family:\'Open Sans\', arial, sans-serif;font-size:13px;text-align:justify;\">Pour accompagner vos fromages et terrines.</span></p>','<p>Bon accompagnateur. (125ml)</p>','gelee-de-porto','','','','GELÉE DE PORTO','','','',''),(106,1,2,'','','gelee-de-porto','','','','GELÉE DE PORTO','','','',''),(106,1,3,'','','gelee-de-porto','','','','GELÉE DE PORTO','','','',''),(107,1,1,'<p><span style=\"color:#1a171b;font-family:\'Open Sans\', arial, sans-serif;font-size:13px;text-align:justify;\">Accompagne à merveille vos viandes préférées.</span><br style=\"color:#1a171b;font-family:\'Open Sans\', arial, sans-serif;font-size:13px;text-align:justify;\" /><span style=\"color:#1a171b;font-family:\'Open Sans\', arial, sans-serif;font-size:13px;text-align:justify;\">Délicieux avec les terrines et fromages.</span></p>','<p>Bon accompagnateur. (212ml)</p>','confit-d-oignons-au-porto','','','','CONFIT D\'OIGNONS AU PORTO','','','',''),(107,1,2,'','','confit-d-oignons-au-porto','','','','CONFIT D\'OIGNONS AU PORTO','','','',''),(107,1,3,'','','confit-d-oignons-au-porto','','','','CONFIT D\'OIGNONS AU PORTO','','','',''),(108,1,1,'','<p>(212ml)</p>','moutarde-a-l-erable','','','','MOUTARDE À L\'ÉRABLE','','','',''),(108,1,2,'','','','','','','MOUTARDE À L\'ÉRABLE','','','',''),(108,1,3,'','','','','','','MOUTARDE À L\'ÉRABLE','','','',''),(111,1,1,'<p><span style=\"color:#1a171b;font-family:\'Open Sans\', arial, sans-serif;font-size:13px;text-align:justify;\">Retrouvez le goût du bon caramel au beurre de votre enfance...</span></p>','<p><span style=\"color:#1a171b;font-family:\'Open Sans\', arial, sans-serif;font-size:13px;text-align:justify;\"> </span><span style=\"color:#1a171b;font-family:\'Open Sans\', arial, sans-serif;font-size:13px;text-align:justify;\">Retrouvez le goût du bon caramel au beurre de votre enfance... </span><span style=\"color:#1a171b;font-family:\'Open Sans\', arial, sans-serif;font-size:13px;text-align:justify;\">(212ml)</span></p>','caramel-d-antan','','','','CARAMEL D\'ANTAN','','','',''),(111,1,2,'','','caramel-d-antan','','','','CARAMEL D\'ANTAN','','','',''),(111,1,3,'','','caramel-d-antan','','','','CARAMEL D\'ANTAN','','','',''),(113,1,1,'<p><span style=\"color:#3e1707;font-family:\'Goudy Old Style\', serif;font-size:16px;background-color:#ffffff;\">Notre collection Perles est la version petites bouchées de nos truffes artisanales haut de gamme. Elles sont fabriquées avec des ingrédients purs, de vrais fruits, notre délicieux caramel, de la crème onctueuse et du beurre. Parfait pour une collation ou un cadeau!</span></p>','<p><span style=\"color:#3e1707;font-family:\'Goudy Old Style\', serif;font-size:16px;background-color:#ffffff;\">Coques de chocolat au lait, garnies d\'un centre onctueux. (150g)</span></p>','perles-chocolat-au-lait-et-caramel-sale','','','','Perles chocolat au lait et caramel salé','','','',''),(113,1,2,'','','perles-chocolat-au-lait-et-caramel-sale','','','','Perles chocolat au lait et caramel salé','','','',''),(113,1,3,'','','perles-chocolat-au-lait-et-caramel-sale','','','','Perles chocolat au lait et caramel salé','','','',''),(114,1,1,'<p><span style=\"color:#3e1707;font-family:\'Goudy Old Style\', serif;font-size:16px;background-color:#ffffff;\">Notre collection Perles est la version petites bouchées de nos truffes artisanales haut de gamme. Elles sont fabriquées avec des ingrédients purs, de vrais fruits, notre délicieux caramel, de la crème onctueuse et du beurre. Parfait pour une collation ou un cadeau!</span></p>','<p><span style=\"color:#3e1707;font-family:\'Goudy Old Style\', serif;font-size:16px;background-color:#ffffff;\">Coques de chocolat au lait, garnies d\'un centre onctueux.  (150g)</span></p>','perles-ganache-au-chocolat-au-lait-et-erable-pur','','','','Perles ganache au chocolat au lait et érable pur','','','',''),(114,1,2,'','','perles-ganache-au-chocolat-au-lait-et-erable-pur','','','','Perles ganache au chocolat au lait et érable pur','','','',''),(114,1,3,'','','perles-ganache-au-chocolat-au-lait-et-erable-pur','','','','Perles ganache au chocolat au lait et érable pur','','','',''),(115,1,1,'<p><span style=\"color:#3e1707;font-family:\'Goudy Old Style\', serif;font-size:16px;background-color:#ffffff;\">Notre collection Perles est la version petites bouchées de nos truffes artisanales haut de gamme. Elles sont fabriquées avec des ingrédients purs, de vrais fruits, notre délicieux caramel, de la crème onctueuse et du beurre. Parfait pour une collation ou un cadeau!</span></p>','<p><span style=\"color:#3e1707;font-family:\'Goudy Old Style\', serif;font-size:16px;background-color:#ffffff;\">Coques de chocolat noir, garnies d\'un centre onctueux.  (150g)</span></p>','perles-ganache-au-chocolat-noir-et-vraies-framboises','','','','Perles Ganache au chocolat noir et vraies framboises.','','','',''),(115,1,2,'','','perles-ganache-au-chocolat-noir-et-vraies-framboises','','','','Perles Ganache au chocolat noir et vraies framboises.','','','',''),(115,1,3,'','','perles-ganache-au-chocolat-noir-et-vraies-framboises','','','','Perles Ganache au chocolat noir et vraies framboises.','','','',''),(116,1,1,'<p><span style=\"color:#3e1707;font-family:\'Goudy Old Style\', serif;font-size:16px;background-color:#ffffff;\">Notre collection Perles est la version petites bouchées de nos truffes artisanales haut de gamme. Elles sont fabriquées avec des ingrédients purs, de vrais fruits, notre délicieux caramel, de la crème onctueuse et du beurre. Parfait pour une collation ou un cadeau!</span></p>','<p><span style=\"color:#3e1707;font-family:\'Goudy Old Style\', serif;font-size:16px;background-color:#ffffff;\">Coques de chocolat noir, garnies d\'un centre onctueux. (150g)</span></p>','ganache-au-chocolat-noir-et-caramel-sale','','','','Ganache au chocolat noir et caramel salé','','','',''),(116,1,2,'','','ganache-au-chocolat-noir-et-caramel-sale','','','','Ganache au chocolat noir et caramel salé','','','',''),(116,1,3,'','','ganache-au-chocolat-noir-et-caramel-sale','','','','Ganache au chocolat noir et caramel salé','','','',''),(117,1,1,'<p><span style=\"color:#3e1707;font-family:\'Goudy Old Style\', serif;font-size:16px;background-color:#ffffff;\">Notre collection Perles est la version petites bouchées de nos truffes artisanales haut de gamme. Elles sont fabriquées avec des ingrédients purs, de vrais fruits, notre délicieux caramel, de la crème onctueuse et du beurre. Parfait pour une collation ou un cadeau!</span></p>','<p><span style=\"color:#3e1707;font-family:\'Goudy Old Style\', serif;font-size:16px;background-color:#ffffff;\">Coques de chocolat noir, garnies d\'un centre onctueux. (150g)</span></p>','ganache-au-chocolat-noir-poire-et-caramel-sale','','','','Ganache au chocolat noir, poire et caramel salé','','','',''),(117,1,2,'','','ganache-au-chocolat-noir-poire-et-caramel-sale','','','','Ganache au chocolat noir, poire et caramel salé','','','',''),(117,1,3,'','','ganache-au-chocolat-noir-poire-et-caramel-sale','','','','Ganache au chocolat noir, poire et caramel salé','','','',''),(118,1,1,'<p><span style=\"color:#1a171b;font-family:\'Open Sans\', arial, sans-serif;font-size:13px;text-align:justify;\">Une décadente alternative aux classiques du commerce.</span></p>','<p><span style=\"color:#1a171b;font-family:\'Open Sans\', arial, sans-serif;font-size:13px;text-align:justify;\">Une décadente alternative aux classiques du commerce. </span>(212ml)</p>','chocolat-aux-noisettes-grillees','','','','CHOCOLAT AUX NOISETTES GRILLÉES','','','',''),(118,1,2,'','','chocolat-aux-noisettes-grillees','','','','CHOCOLAT AUX NOISETTES GRILLÉES','','','',''),(118,1,3,'','','chocolat-aux-noisettes-grillees','','','','CHOCOLAT AUX NOISETTES GRILLÉES','','','',''),(119,1,1,'<p><span style=\"color:#1a171b;font-family:\'Open Sans\', arial, sans-serif;font-size:13px;text-align:justify;\">Une tartinade de chocolat délicatement aromatisée à la menthe.</span></p>','<p><span style=\"color:#1a171b;font-family:\'Open Sans\', arial, sans-serif;font-size:13px;text-align:justify;\">Une tartinade de chocolat délicatement aromatisée à la menthe. </span>(212ml)</p>','chocolat-a-la-menthe','','','','CHOCOLAT À LA MENTHE','','','',''),(119,1,2,'','','chocolat-a-la-menthe','','','','CHOCOLAT À LA MENTHE','','','',''),(119,1,3,'','','chocolat-a-la-menthe','','','','CHOCOLAT À LA MENTHE','','','',''),(120,1,1,'<p><span style=\"color:#1a171b;font-family:\'Open Sans\', arial, sans-serif;font-size:13px;text-align:justify;\">Tartinade de chocolat aromatisée à l\'orange. Délicieuse sur un sorbet aux agrumes!</span></p>','<p><span style=\"color:#1a171b;font-family:\'Open Sans\', arial, sans-serif;font-size:13px;text-align:justify;\">Tartinade de chocolat aromatisée à l\'orange. Délicieuse sur un sorbet aux agrumes! </span>(212ml)</p>','chocolat-a-l-orange','','','','CHOCOLAT À L\'ORANGE','','','',''),(120,1,2,'','','chocolat-a-l-orange','','','','CHOCOLAT À L\'ORANGE','','','',''),(120,1,3,'','','chocolat-a-l-orange','','','','CHOCOLAT À L\'ORANGE','','','',''),(121,1,1,'<p><span style=\"color:#1a171b;font-family:\'Open Sans\', arial, sans-serif;font-size:13px;text-align:justify;\">Un beurre onctueux et léger, une touche de sirop d\'érable. Du bonheur en bouche!</span></p>','<p><span style=\"color:#1a171b;font-family:\'Open Sans\', arial, sans-serif;font-size:13px;text-align:justify;\">Un beurre onctueux et léger, une touche de sirop d\'érable. Du bonheur en bouche! (212ml)</span></p>','beurre-de-pomme-a-l-erable','','','','BEURRE DE POMME À L\'ÉRABLE','','','',''),(121,1,2,'','','beurre-de-pomme-a-l-erable','','','','BEURRE DE POMME À L\'ÉRABLE','','','',''),(121,1,3,'','','beurre-de-pomme-a-l-erable','','','','BEURRE DE POMME À L\'ÉRABLE','','','',''),(122,1,1,'<p><span style=\"color:#1a171b;font-family:\'Open Sans\', arial, sans-serif;font-size:13px;text-align:justify;\">Vinaigrette balsamique à base de sirop d\'érable. Idéale dans vos salades.</span></p>','<p><span style=\"color:#1a171b;font-family:\'Open Sans\', arial, sans-serif;font-size:13px;text-align:justify;\">Vinaigrette balsamique à base de sirop d\'érable. Idéale dans vos salades. (250ml)</span></p>','vinaigrette-balsamique-a-l-erable','','','','VINAIGRETTE BALSAMIQUE À L\'ÉRABLE','','','',''),(122,1,2,'','','','','','','VINAIGRETTE BALSAMIQUE À L\'ÉRABLE','','','',''),(122,1,3,'','','','','','','VINAIGRETTE BALSAMIQUE À L\'ÉRABLE','','','',''),(123,1,1,'<p><span style=\"color:#1a171b;font-family:\'Open Sans\', arial, sans-serif;font-size:13px;text-align:justify;\">Chocolat Vanille &amp; Caramel</span></p>','<p><span style=\"color:#1a171b;font-family:\'Open Sans\', arial, sans-serif;font-size:13px;text-align:justify;\">Chocolat Vanille &amp; Caramel (125g)</span></p>','mais-eclate-gourmet','','','','MAÏS ÉCLATÉ GOURMET','','','',''),(123,1,2,'','','mais-eclate-gourmet','','','','MAÏS ÉCLATÉ GOURMET','','','',''),(123,1,3,'','','mais-eclate-gourmet','','','','MAÏS ÉCLATÉ GOURMET','','','',''),(124,1,1,'<p style=\"margin:0px 0px 16px;color:#1a171b;font-family:\'Open Sans\', arial, sans-serif;font-size:13px;text-align:justify;\">Contient des traces de pollen, de cire d\'abeille et de propolis.</p>','<p style=\"margin:0px 0px 16px;color:#1a171b;font-family:\'Open Sans\', arial, sans-serif;font-size:13px;text-align:justify;\">Directement récolté de la ruche! (500g)</p>','miel-brut','','','','MIEL BRUT','','','',''),(124,1,2,'','','','','','','MIEL BRUT','','','',''),(124,1,3,'','','','','','','MIEL BRUT','','','',''),(125,1,1,'<p><span style=\"color:#1a171b;font-family:\'Open Sans\', arial, sans-serif;font-size:13px;text-align:justify;\">Vinaigrette balsamique à base de miel. Bien agiter et verser délicatement sur vos salades préférées.</span></p>','<p><span style=\"color:#1a171b;font-family:\'Open Sans\', arial, sans-serif;font-size:13px;text-align:justify;\">Vinaigrette balsamique à base de miel. (250ml)</span></p>','vinaigrette-balsamique','','','','VINAIGRETTE BALSAMIQUE','','','',''),(125,1,2,'','','','','','','VINAIGRETTE BALSAMIQUE','','','',''),(125,1,3,'','','','','','','VINAIGRETTE BALSAMIQUE','','','',''),(126,1,1,'<p><span style=\"color:#1a171b;font-family:\'Open Sans\', arial, sans-serif;font-size:13px;text-align:justify;\">Vinaigrette à la framboise à base de miel. Bien agiter et verser délicatement sur vos salades préféré</span></p>','<p><span style=\"color:#1a171b;font-family:\'Open Sans\', arial, sans-serif;font-size:13px;text-align:justify;\">Vinaigrette à la framboise à base de miel. (250ml)</span></p>','vinaigrette-a-la-framboise','','','','VINAIGRETTE À LA FRAMBOISE','','','',''),(126,1,2,'','','','','','','VINAIGRETTE À LA FRAMBOISE','','','',''),(126,1,3,'','','','','','','VINAIGRETTE À LA FRAMBOISE','','','',''),(127,1,1,'<p><span style=\"color:#1a171b;font-family:\'Open Sans\', arial, sans-serif;font-size:13px;text-align:justify;\">Un heureux mariage de miel et d\'amandes entières.</span><br style=\"color:#1a171b;font-family:\'Open Sans\', arial, sans-serif;font-size:13px;text-align:justify;\" /><span style=\"color:#1a171b;font-family:\'Open Sans\', arial, sans-serif;font-size:13px;text-align:justify;\">Délicieux à la cuillère ou comme garniture sur un brie cuit au four.</span></p>','<p><span style=\"color:#1a171b;font-family:\'Open Sans\', arial, sans-serif;font-size:13px;text-align:justify;\">Un heureux mariage de miel et d\'amandes entières. (140g)</span></p>','miel-et-amandes','','','','MIEL ET AMANDES','','','',''),(127,1,2,'','','','','','','MIEL ET AMANDES','','','',''),(127,1,3,'','','','','','','MIEL ET AMANDES','','','',''),(129,1,1,'<p><span style=\"color:#1a171b;font-family:\'Open Sans\', arial, sans-serif;font-size:13px;text-align:justify;\">Notre produit vedette! Un onctueux mélange de miel et de caramel maison. Délicieux sur les rôties ou sur la crème glacée.</span></p>','<p><span style=\"color:#1a171b;font-family:\'Open Sans\', arial, sans-serif;font-size:13px;text-align:justify;\">Un onctueux mélange de miel et de caramel maison (300g)</span></p>','caramel-a-base-de-miel','','','','CARAMEL À BASE DE MIEL','','','',''),(129,1,2,'','','','','','','CARAMEL À BASE DE MIEL','','','',''),(129,1,3,'','','','','','','CARAMEL À BASE DE MIEL','','','',''),(130,1,1,'<p><span style=\"color:#1a171b;font-family:\'Open Sans\', arial, sans-serif;font-size:13px;text-align:justify;\"> À tartiner ou pour y tremper vos fruits préférés.</span></p>','<p><span style=\"color:#1a171b;font-family:\'Open Sans\', arial, sans-serif;font-size:13px;text-align:justify;\">Pour les amateurs de chocolat. (300g)</span></p>','chocolat-a-base-de-miel','','','','CHOCOLAT À BASE DE MIEL','','','',''),(130,1,2,'','','','','','','CHOCOLAT À BASE DE MIEL','','','',''),(130,1,3,'','','','','','','CHOCOLAT À BASE DE MIEL','','','',''),(131,1,1,'<p><span style=\"color:#1a171b;font-family:\'Open Sans\', arial, sans-serif;font-size:13px;text-align:justify;\">Pour les amateurs de chocolat. À tartiner ou pour y tremper vos fruits préférés.</span></p>','<p><span style=\"color:#1a171b;font-family:\'Open Sans\', arial, sans-serif;font-size:13px;text-align:justify;\">Pour les amateurs de chocolat. (500g)</span></p>','chocolat-a-base-de-miel','','','','CHOCOLAT À BASE DE MIEL','','','',''),(131,1,2,'','','','','','','CHOCOLAT À BASE DE MIEL','','','',''),(131,1,3,'','','','','','','CHOCOLAT À BASE DE MIEL','','','',''),(132,1,1,'<p><span style=\"color:#1a171b;font-family:\'Open Sans\', arial, sans-serif;font-size:13px;text-align:justify;\">Notre produit vedette! Un onctueux mélange de miel et de caramel maison. Délicieux sur les rôties ou sur la crème glacée.</span></p>','<p><span style=\"color:#1a171b;font-family:\'Open Sans\', arial, sans-serif;font-size:13px;text-align:justify;\">Un onctueux mélange de miel et de caramel maison.</span></p>','caramel-a-base-de-miel','','','','CARAMEL À BASE DE MIEL','','','',''),(132,1,2,'','','caramel-a-base-de-miel','','','','CARAMEL À BASE DE MIEL','','','',''),(132,1,3,'','','caramel-a-base-de-miel','','','','CARAMEL À BASE DE MIEL','','','',''),(133,1,1,'<p><span style=\"color:#1a171b;font-family:\'Open Sans\', arial, sans-serif;font-size:13px;text-align:justify;\">Pour adoucir la gorge lors des jours enrhumés.</span></p>','<p><span style=\"color:#1a171b;font-family:\'Open Sans\', arial, sans-serif;font-size:13px;text-align:justify;\">Pour adoucir la gorge lors des jours enrhumés. (225g)</span></p>','bonbons-au-miel','','','','BONBONS AU MIEL','','','',''),(133,1,2,'','','','','','','BONBONS AU MIEL','','','',''),(133,1,3,'','','','','','','BONBONS AU MIEL','','','',''),(134,1,1,'<p><span style=\"color:#1a171b;font-family:\'Open Sans\', arial, sans-serif;font-size:13px;text-align:justify;\">Pour adoucir la gorge lors des jours enrhumés.</span></p>','<p><span style=\"color:#1a171b;font-family:\'Open Sans\', arial, sans-serif;font-size:13px;text-align:justify;\">Pour adoucir la gorge lors des jours enrhumés. (225g)</span></p>','bonbon-au-miel-et-citron','','','','BONBON AU MIEL ET CITRON','','','',''),(134,1,2,'','','bonbon-au-miel-et-citron','','','','Bonbon au miel et citron','','','',''),(134,1,3,'','','bonbon-au-miel-et-citron','','','','Bonbon au miel et citron','','','',''),(135,1,1,'<p><span style=\"color:#1a171b;font-family:\'Open Sans\', arial, sans-serif;font-size:13px;text-align:justify;\">Pour adoucir la gorge lors des jours enrhumés.</span></p>','<p><span style=\"color:#1a171b;font-family:\'Open Sans\', arial, sans-serif;font-size:13px;text-align:justify;\">Pour adoucir la gorge lors des jours enrhumés. (225g)</span></p>','bonbon-au-miel-et-menthe','','','','BONBON AU MIEL ET MENTHE','','','',''),(135,1,2,'','','bonbon-au-miel-et-menthe','','','','BONBON AU MIEL ET MENTHE','','','',''),(135,1,3,'','','bonbon-au-miel-et-menthe','','','','BONBON AU MIEL ET MENTHE','','','',''),(136,1,1,'<p><span style=\"color:#000000;\"><span style=\"background-color:#ffffff;font-family:\'avenir-lt-w01_35-light1475496\', \'avenir-lt-w05_35-light\', sans-serif;font-size:17px;\">Faire chauffer la soupe, mettre dans des bols allant au four. Disposez les croûtons de pain sur le </span><span style=\"font-family:\'avenir-lt-w01_35-light1475496\', \'avenir-lt-w05_35-light\', sans-serif;font-size:17px;\">dessus. Parsemez de fromage râpé et enfournez quelques minutes en position grill, afin de faire gratiner, dégustez...</span></span></p>\n<p><span style=\"color:#000000;\"><span style=\"font-family:\'avenir-lt-w01_35-light1475496\', \'avenir-lt-w05_35-light\', sans-serif;font-size:17px;\">Oignons de chez </span><strong style=\"background:#ffffff;border:0px;margin:0px;padding:0px;vertical-align:baseline;font-family:\'avenir-lt-w01_35-light1475496\', \'avenir-lt-w05_35-light\', sans-serif;font-size:17px;\">PDTL</strong><span style=\"font-family:\'avenir-lt-w01_35-light1475496\', \'avenir-lt-w05_35-light\', sans-serif;font-size:17px;\"> , eau, Jack Daniel\'s, pur sirop d\'érable du </span><span style=\"background:#ffffff;border:0px;margin:0px;padding:0px;vertical-align:baseline;font-size:17px;font-family:\'avenir-lt-w01_35-light1475496\', \'avenir-lt-w05_35-light\', sans-serif;line-height:inherit;\"><span style=\"background-size:initial;border:0px;margin:0px;padding:0px;vertical-align:baseline;font:inherit;\">domaine Kildare</span></span><span style=\"font-family:\'avenir-lt-w01_35-light1475496\', \'avenir-lt-w05_35-light\', sans-serif;font-size:17px;\">, vin blanc, sel, mélange de poivre maison.</span></span></p>\n<p><span style=\"color:#000000;font-family:\'avenir-lt-w01_35-light1475496\', \'avenir-lt-w05_35-light\', sans-serif;font-size:17px;\">1L </span></p>','<p>Un délice, réconfortant. </p>','soupe-a-l-oignon-au-jack-daniel-s','','','','Soupe à l\'oignon au Jack Daniel\'s','','','',''),(136,1,2,'','','soupe-a-l-oignon-au-jack-daniel-s','','','','Soupe à l\'oignon au Jack Daniel\'s','','','',''),(136,1,3,'','','soupe-a-l-oignon-au-jack-daniel-s','','','','Soupe à l\'oignon au Jack Daniel\'s','','','',''),(137,1,1,'<p><span style=\"color:#1a171b;font-family:\'Open Sans\', arial, sans-serif;font-size:13px;text-align:justify;\">Pour accompagner vos fromages et terrines. Divin!</span></p>','<p><span style=\"color:#1a171b;font-family:\'Open Sans\', arial, sans-serif;font-size:13px;text-align:justify;\">Pour accompagner vos fromages et terrines. Divin! (140g)</span></p>','gelee-de-porto','','','','GELÉE DE PORTO','','','',''),(137,1,2,'','','','','','','GELÉE DE PORTO','','','',''),(137,1,3,'','','','','','','GELÉE DE PORTO','','','',''),(138,1,1,'<p><span style=\"color:#1a171b;font-family:\'Open Sans\', arial, sans-serif;font-size:13px;text-align:justify;\">Accompagne à merveille vos saucisses préférées.</span><br style=\"color:#1a171b;font-family:\'Open Sans\', arial, sans-serif;font-size:13px;text-align:justify;\" /><span style=\"color:#1a171b;font-family:\'Open Sans\', arial, sans-serif;font-size:13px;text-align:justify;\">Délicieuse avec vos sandwiches.</span></p>','<p><span style=\"color:#1a171b;font-family:\'Open Sans\', arial, sans-serif;font-size:13px;text-align:justify;\">Accompagne à merveille vos saucisses préférées. </span><span style=\"color:#1a171b;font-family:\'Open Sans\', arial, sans-serif;font-size:13px;text-align:justify;\">Délicieuse avec vos sandwiches. (250ml)</span></p>','moutarde-miel-epices','','','','MOUTARDE MIEL & ÉPICES','','','',''),(138,1,2,'','','','','','','MOUTARDE MIEL & ÉPICES','','','',''),(138,1,3,'','','','','','','MOUTARDE MIEL & ÉPICES','','','',''),(139,1,1,'<p><span style=\"color:#1a171b;font-family:\'Open Sans\', arial, sans-serif;font-size:13px;text-align:justify;\">Accompagne à merveille vos saucisses préférées.</span><br style=\"color:#1a171b;font-family:\'Open Sans\', arial, sans-serif;font-size:13px;text-align:justify;\" /><span style=\"color:#1a171b;font-family:\'Open Sans\', arial, sans-serif;font-size:13px;text-align:justify;\">Délicieuse avec vos sandwiches.</span></p>','<p><span style=\"color:#1a171b;font-family:\'Open Sans\', arial, sans-serif;font-size:13px;text-align:justify;\">Accompagne à merveille vos saucisses préférées. </span><span style=\"color:#1a171b;font-family:\'Open Sans\', arial, sans-serif;font-size:13px;text-align:justify;\">Délicieuse avec vos sandwiches. (250ml)</span></p>','moutarde-a-l-ancienne','','','','MOUTARDE À L\'ANCIENNE','','','',''),(139,1,2,'','','moutarde-a-l-ancienne','','','','MOUTARDE À L\'ANCIENNE','','','',''),(139,1,3,'','','moutarde-a-l-ancienne','','','','MOUTARDE À L\'ANCIENNE','','','',''),(140,1,1,'<p><span style=\"color:#000000;font-family:\'avenir-lt-w01_35-light1475496\', \'avenir-lt-w05_35-light\', sans-serif;font-size:17px;background-color:#ffffff;\">Faire chauffer la soupe, mettre dans des bols allant au four. Disposez les croûtons de pain sur le dessus. Parsemez de fromage râpé et enfournez quelques minutes en position grill, afin de faire gratiner, dégustez...</span></p>\n<p><span style=\"background-color:#ffffff;color:#000000;\"><span style=\"font-family:\'avenir-lt-w01_35-light1475496\', \'avenir-lt-w05_35-light\', sans-serif;font-size:17px;background-color:#ffffff;\">Oignons de chez </span><strong style=\"background:#ffffff;border:0px;margin:0px;padding:0px;vertical-align:baseline;font-family:\'avenir-lt-w01_35-light1475496\', \'avenir-lt-w05_35-light\', sans-serif;font-size:17px;\">PDTL</strong><span style=\"font-family:\'avenir-lt-w01_35-light1475496\', \'avenir-lt-w05_35-light\', sans-serif;font-size:17px;background-color:#ffffff;\"> , eau, Porto, pur sirop d\'érable du </span><span style=\"background:#ffffff;border:0px;margin:0px;padding:0px;vertical-align:baseline;font-size:17px;font-family:\'avenir-lt-w01_35-light1475496\', \'avenir-lt-w05_35-light\', sans-serif;line-height:inherit;\"><span style=\"background:#ffffff;border:0px;margin:0px;padding:0px;vertical-align:baseline;font:inherit;\">domaine Kildare</span></span><span style=\"font-family:\'avenir-lt-w01_35-light1475496\', \'avenir-lt-w05_35-light\', sans-serif;font-size:17px;background-color:#ffffff;\">, vin blanc, sel, mélange de poivre maison.</span><span style=\"font-family:\'avenir-lt-w01_35-light1475496\', \'avenir-lt-w05_35-light\', sans-serif;font-size:17px;background-color:#ffffff;\"></span></span></p>\n<p><span style=\"color:#000000;font-family:\'avenir-lt-w01_35-light1475496\', \'avenir-lt-w05_35-light\', sans-serif;font-size:17px;background-color:#ffffff;\">1L</span></p>\n<p></p>','<p>Tout simplement délicieuse !</p>','soupe-a-l-oignon-au-porto','','','','Soupe à l\'oignon au (Porto)','','','',''),(140,1,2,'','','','','','','Soupe à l\'oignon au (Porto)','','','',''),(140,1,3,'','','','','','','Soupe à l\'oignon au (Porto)','','','',''),(141,1,1,'<p><span style=\"color:#1a171b;font-family:\'Open Sans\', arial, sans-serif;font-size:13px;text-align:justify;\">Un heureux mariage de nos réputés caramel et chocolat. Pour les indécis...!</span></p>','<p><span style=\"color:#1a171b;font-family:\'Open Sans\', arial, sans-serif;font-size:13px;text-align:justify;\">Un heureux mariage de nos réputés caramel et chocolat. (300g)</span></p>','choco-mel','','','','CHOCO-MEL','','','',''),(141,1,2,'','','choco-mel','','','','CHOCO-MEL','','','',''),(141,1,3,'','','choco-mel','','','','CHOCO-MEL','','','',''),(143,1,1,'<p><span style=\"color:#1a171b;font-family:\'Open Sans\', arial, sans-serif;font-size:13px;text-align:justify;\">Confit d\'oignons confectionné avec notre délicieux hydromel maison</span></p>','<p><span style=\"color:#1a171b;font-family:\'Open Sans\', arial, sans-serif;font-size:13px;text-align:justify;\">Confit d\'oignons confectionné avec notre délicieux hydromel maison. (250ml)</span></p>','confit-d-oignons-a-l-hydromel','','','','CONFIT D\'OIGNONS À L\'HYDROMEL','','','',''),(143,1,2,'','','','','','','CONFIT D\'OIGNONS À L\'HYDROMEL','','','',''),(143,1,3,'','','','','','','CONFIT D\'OIGNONS À L\'HYDROMEL','','','',''),(144,1,1,'<p><span style=\"color:#1a171b;font-family:\'Open Sans\', arial, sans-serif;font-size:13px;text-align:justify;\">Savoureux avec des terrines et des fromages ou en accompagnement de vos viandes préférées.</span></p>','<p><span style=\"color:#1a171b;font-family:\'Open Sans\', arial, sans-serif;font-size:13px;text-align:justify;\">Savoureux avec des terrines et des fromages ou en accompagnement de vos viandes préférées. (250ml)</span></p>','chutney-aux-peches-et-au-miel','','','','CHUTNEY AUX PÊCHES ET AU MIEL','','','',''),(144,1,2,'','','chutney-aux-peches-et-au-miel','','','','CHUTNEY AUX PÊCHES ET AU MIEL','','','',''),(144,1,3,'','','chutney-aux-peches-et-au-miel','','','','CHUTNEY AUX PÊCHES ET AU MIEL','','','',''),(145,1,1,'<p>Maïs éclaté, miel et fleur de sel</p>','<p><span style=\"background-color:#ffffff;color:#686969;font-family:Lato, sans-serif;font-size:15px;\">Vous tomberez en amour avec ce délicieux maïs soufflé au miel, assaisonné de fleur de sel.</span> (125g)</p>','mais-eclate-miel-et-fleur-de-sel','','','','MAÏS ÉCLATÉ MIEL ET FLEUR DE SEL','','','',''),(145,1,2,'','','mais-eclate-miel-et-fleur-de-sel','','','','MAÏS ÉCLATÉ MIEL ET FLEUR DE SEL','','','',''),(145,1,3,'','','mais-eclate-miel-et-fleur-de-sel','','','','MAÏS ÉCLATÉ MIEL ET FLEUR DE SEL','','','',''),(147,1,1,'<p><span style=\"color:#1a171b;font-family:\'Open Sans\', arial, sans-serif;font-size:13px;text-align:justify;\">Voici trois  délicieuses confitures pour débuter la journée du bon pied. À consommer sans modération et à toute heure du jour....</span></p>\n<p><span style=\"color:#1a171b;font-family:\'Open Sans\', arial, sans-serif;font-size:13px;text-align:justify;\">- Confiture fraises et bleuets</span></p>\n<p><span style=\"color:#1a171b;font-family:\'Open Sans\', arial, sans-serif;font-size:13px;text-align:justify;\">- Confiture pêches érable</span><span style=\"color:#1a171b;font-family:\'Open Sans\', arial, sans-serif;font-size:13px;text-align:justify;\"></span></p>\n<p><span style=\"color:#1a171b;font-family:\'Open Sans\', arial, sans-serif;font-size:13px;text-align:justify;\">- </span><span style=\"color:#1a171b;font-family:\'Open Sans\', arial, sans-serif;font-size:13px;text-align:justify;\">Confiture 5 fruits</span></p>','<p><span style=\"color:#1a171b;font-family:\'Open Sans\', arial, sans-serif;font-size:13px;text-align:justify;\">Trio de  trois  délicieuses confitures pour débuter la journée du bon pied. À consommer sans modération et à toute heure du jour....</span></p>','trio-le-bec-sucre-les-caprices-d-angeline','','','','TRIO LE BEC SUCRÉ les caprices d\'angéline','','','',''),(147,1,2,'','','trio-le-bec-sucre-les-caprices-d-angeline','','','','TRIO LE BEC SUCRÉ les caprices d\'angéline','','','',''),(147,1,3,'','','trio-le-bec-sucre-les-caprices-d-angeline','','','','TRIO LE BEC SUCRÉ les caprices d\'angéline','','','',''),(148,1,1,'<p><span style=\"font-family:Lato, Arial, Helvetica, sans-serif;font-size:17px;letter-spacing:0.2px;background-color:#ffffff;\">Authentique et plein de beaux morceaux de fruits, il accompagne à merveille vos pâtés, viandes et saucisses.</span></p>\n<p><em>(tomates, pommes, pêches, poires, oignons, piments, céleris, sucre, vinaigre, sel, épices à marinade (graines de moutarde)</em><span style=\"font-family:Lato, Arial, Helvetica, sans-serif;font-size:17px;letter-spacing:0.2px;background-color:#ffffff;\"></span></p>','<p><strong><span style=\"color:#1d1d1d;font-family:Rubik;font-size:18px;letter-spacing:1.08px;white-space:pre-wrap;background-color:#ffffff;\">Authentique, il accompagne à merveille vos pâtés, viandes et saucisses.</span></strong></p>','ketchup-aux-fruits','','','','Ketchup aux fruits','','','',''),(148,1,2,'','','ketchup-aux-fruits','','','','Ketchup aux fruits','','','',''),(148,1,3,'','','ketchup-aux-fruits','','','','Ketchup aux fruits','','','',''),(150,1,1,'<p><span style=\"font-family:Lato, Arial, Helvetica, sans-serif;font-size:17px;letter-spacing:0.2px;background-color:#ffffff;\">Le ketchup vert accompagne très bien les pâtés et les viandes. Recette approuvée par matante Marcelle !</span></p>\n<p><em>(tomates, oignons, poivrons, céleris, pommes, sucre, vinaigre, sel, épices à marinade (graines de moutarde)</em><span style=\"font-family:Lato, Arial, Helvetica, sans-serif;font-size:17px;letter-spacing:0.2px;background-color:#ffffff;\"></span></p>','<p><span style=\"color:#1d1d1d;font-family:Rubik;font-size:18px;letter-spacing:1.08px;white-space:pre-wrap;background-color:#ffffff;\">Accompagne très bien les pâtés et les viandes</span></p>','ketchup-vert','','','','Ketchup vert','','','',''),(150,1,2,'','','ketchup-vert','','','','Ketchup vert','','','',''),(150,1,3,'','','ketchup-vert','','','','Ketchup vert','','','',''),(151,1,1,'<p><span style=\"font-family:Lato, Arial, Helvetica, sans-serif;font-size:17px;letter-spacing:0.2px;background-color:#ffffff;\">Ce mélange de légumes du jardin est un excellent condiment au parfait équilibre entre le vinaigre et le sucre. Idéal pour les antipastos ou même pour rehausser le goût d’une salade.</span></p>\n<p><em>(courges, carottes, poivrons, chou-fleur, oignons, vinaigre, eau, sucre, ail, sel, poivre, feuilles de laurier)</em><span style=\"font-family:Lato, Arial, Helvetica, sans-serif;font-size:17px;letter-spacing:0.2px;background-color:#ffffff;\"></span></p>','<p><span style=\"color:#1d1d1d;font-family:Rubik;font-size:18px;letter-spacing:1.08px;white-space:pre-wrap;background-color:#ffffff;\">Ce mélange de légumes du jardin est un excellent condiment. (500ML)</span></p>','jardiniere-de-legumes-marines','','','','Jardinière de légumes marinés','','','',''),(151,1,2,'','','','','','','Jardinière de légumes marinés','','','',''),(151,1,3,'','','','','','','Jardinière de légumes marinés','','','',''),(152,1,1,'<p><span style=\"font-family:Lato, Arial, Helvetica, sans-serif;font-size:17px;letter-spacing:0.2px;background-color:#ffffff;\">Croquantes et épicées, ces fèves marinées se mangent comme des chips. Utilisez-les pour agrémenter vos ‘’bloody ceasars’’. C’est bien plus « hot » que du céleri !</span></p>\n<p><em>(fèves, vinaigre, eau, sel, ail, flocons de piments, graines de moutarde, aneth)</em><span style=\"font-family:Lato, Arial, Helvetica, sans-serif;font-size:17px;letter-spacing:0.2px;background-color:#ffffff;\"></span></p>','<p><span style=\"color:#1d1d1d;font-family:Rubik;font-size:18px;letter-spacing:1.08px;white-space:pre-wrap;background-color:#ffffff;\">Croquantes et épicées, ces fèves marinées se mangent comme des chips! (500ml)</span></p>','feves-marinees-epicees','','','','Fèves marinées épicées','','','',''),(152,1,2,'','','feves-marinees-epicees','','','','Fèves marinées épicées','','','',''),(152,1,3,'','','feves-marinees-epicees','','','','Fèves marinées épicées','','','',''),(153,1,1,'<p><span style=\"font-family:Lato, Arial, Helvetica, sans-serif;font-size:17px;letter-spacing:0.2px;background-color:#ffffff;\">Cornichons en rondelles classiques, sucrés et croquants. Essayez-les dans un hamburger ou pourquoi pas, dans un cocktail nouveau genre.</span></p>\n<p><em>(concombres, vinaigre, sucre, épices, graines de moutarde)</em><span style=\"font-family:Lato, Arial, Helvetica, sans-serif;font-size:17px;letter-spacing:0.2px;background-color:#ffffff;\"></span></p>','<p><span style=\"color:#1d1d1d;font-family:Rubik;font-size:18px;letter-spacing:1.08px;white-space:pre-wrap;background-color:#ffffff;\">Cornichons classiques, sucrés et croquants. (500ml)</span></p>','cornichons-sucres','','','','Cornichons sucrés','','','',''),(153,1,2,'','','','','','','Cornichons sucrés','','','',''),(153,1,3,'','','','','','','Cornichons sucrés','','','',''),(154,1,1,'<p><span style=\"font-family:Lato, Arial, Helvetica, sans-serif;font-size:17px;letter-spacing:0.2px;background-color:#ffffff;\">Un peu plus ‘’moutardée’’ que la relish à la courgette, elle vous surprendra à chaque bouchée par son goût éclatant ! Elle fera honneur à toutes vos viandes.</span></p>\n<p><span style=\"color:#1d1d1d;font-family:Rubik;font-size:18px;letter-spacing:1.08px;white-space:pre-wrap;background-color:#ffffff;\">(maïs, poivrons, vinaigre, céleri, oignons, sucre, épices, sel, amidon de maïs)</span><span style=\"font-family:Lato, Arial, Helvetica, sans-serif;font-size:17px;letter-spacing:0.2px;background-color:#ffffff;\"></span></p>','<p><span style=\"color:#1d1d1d;font-family:Rubik;font-size:18px;letter-spacing:1.08px;white-space:pre-wrap;background-color:#ffffff;\">Elle vous surprendra à chaque bouchée par son gout éclatant!</span></p>','relish-de-mais','','','','Relish de maïs','','','',''),(154,1,2,'','','','','','','Relish de maïs','','','',''),(154,1,3,'','','','','','','Relish de maïs','','','',''),(155,1,1,'<p><span style=\"font-family:Lato, Arial, Helvetica, sans-serif;font-size:17px;letter-spacing:0.2px;background-color:#ffffff;\">Entiers ou en quartiers, ils sont croquants à souhait. On peut les frire ou les déguster tel quel. Il n’y a rien de mieux pour accompagner un sandwich.</span></p>\n<p><em>(concombres, vinaigre, eau, sucre, sel, ail, aneth, graines de moutarde, poivre, chlorure de calcium)</em><span style=\"font-family:Lato, Arial, Helvetica, sans-serif;font-size:17px;letter-spacing:0.2px;background-color:#ffffff;\"></span></p>','<p><span style=\"color:#1d1d1d;font-family:Rubik;font-size:18px;letter-spacing:1.08px;white-space:pre-wrap;background-color:#ffffff;\">Cornichons croquants à l’aneth du jardin. (500ml)</span></p>','cornichons-a-laneth','','','','Cornichons à l’aneth','','','',''),(155,1,2,'','','','','','','Cornichons à l’aneth','','','',''),(155,1,3,'','','','','','','Cornichons à l’aneth','','','',''),(156,1,1,'<p><span style=\"font-family:Lato, Arial, Helvetica, sans-serif;font-size:17px;letter-spacing:0.2px;background-color:#ffffff;\">Fait de vinaigre de cidre de pommes, son goût est plus doux et sucré que le ketchup de zucchinis. Ce condiment est savoureux dans les hamburgers et les hot-dogs. On peut l’utiliser pour faire une excellente sauce tartare.</span></p>\n<p><em>(courgettes, oignons, poivrons rouges, sel, sucre, vinaigre de cidre, épices, moutarde sèche, fécule de maïs)</em><span style=\"font-family:Lato, Arial, Helvetica, sans-serif;font-size:17px;letter-spacing:0.2px;background-color:#ffffff;\"></span></p>','<p><span style=\"color:#1d1d1d;font-family:Rubik;font-size:18px;letter-spacing:1.08px;white-space:pre-wrap;background-color:#ffffff;\">Condiment savoureux dans les hamburgers et les hot dogs. Utiliser la relish pour une excellente sauce tartare.</span></p>','relish-a-la-courgette','','','','Relish à la courgette','','','',''),(156,1,2,'','','relish-a-la-courgette','','','','Relish à la courgette','','','',''),(156,1,3,'','','relish-a-la-courgette','','','','Relish à la courgette','','','',''),(157,1,1,'<p style=\"color:#1d1d1d;font-family:Rubik;font-size:18px;letter-spacing:1.08px;background-color:#ffffff;white-space:pre-wrap;\">Betteraves légèrement marinées, sans épice. <br />On y retrouve toute la saveur de la betterave.</p>\n<p style=\"color:#1d1d1d;font-family:Rubik;font-size:18px;letter-spacing:1.08px;background-color:#ffffff;white-space:pre-wrap;\"><em>(betteraves, vinaigre, eau, sucre, sel)</em></p>','<p class=\"p1\" style=\"margin:0px 0px 20px;font-family:Lato, Arial, Helvetica, sans-serif;font-size:17px;letter-spacing:0.2px;background-color:#ffffff;\">Betteraves légèrement marinées, sans épice. (500ml)</p>','betteraves-marinees','','','','Betteraves marinées','','','',''),(157,1,2,'','','','','','','Betteraves marinées','','','',''),(157,1,3,'','','','','','','Betteraves marinées','','','',''),(158,1,1,'<p><em>Ça goûte le printemps ! Salade d\'asperges mariné:)</em></p>','<p style=\"margin:0px;padding:0px 0px 1em;border:0px;font-size:15px;vertical-align:baseline;background:#ffffff;color:#666666;font-family:Outfit, Helvetica, Arial, Lucida, sans-serif;\">Délicieuse salade d\'asperges marinées faites d\'asperge céleri oignons sucre poivrons vinaigre vinaigre de vin sel épices(moutarde)</p>\n<p><span style=\"background-color:#ffffff;color:#666666;font-family:Outfit, Helvetica, Arial, Lucida, sans-serif;font-size:15px;\">Fait a la main par Compliments de belle-maman. </span>(500ml)</p>','salade-d-asperges-marinees','','','','Salade d\'asperges marinées','','','',''),(158,1,2,'','','salade-d-asperges-marinees','','','','Salade d\'asperges marinées','','','',''),(158,1,3,'','','salade-d-asperges-marinees','','','','Salade d\'asperges marinées','','','',''),(159,1,1,'<p><span style=\"font-family:Lato, Arial, Helvetica, sans-serif;font-size:17px;letter-spacing:0.2px;background-color:#ffffff;\">Les bleuets de l’Île d’Orléans font une excellente confiture. À essayer dans un yogourt ou dans un sandwich au beurre d’arachides.</span></p>\n<p><em>(bleuets, sucre, jus de citron, amidon de maïs)</em><span style=\"font-family:Lato, Arial, Helvetica, sans-serif;font-size:17px;letter-spacing:0.2px;background-color:#ffffff;\"></span></p>','<p><span style=\"font-family:Lato, Arial, Helvetica, sans-serif;font-size:17px;letter-spacing:0.2px;background-color:#ffffff;\">Les bleuets de l’Île d’Orléans font une excellente confiture.(250ml)</span></p>','confiture-de-bleuets','','','','Confiture de bleuets','','','',''),(159,1,2,'','','confiture-de-bleuets','','','','Confiture de bleuets','','','',''),(159,1,3,'','','confiture-de-bleuets','','','','Confiture de bleuets','','','',''),(160,1,1,'<p><span style=\"background-color:#ffffff;font-family:Lato, Arial, Helvetica, sans-serif;font-size:17px;letter-spacing:0.2px;\">Un gâteau au fromage à la confiture de cerises ! Miam !</span></p>\n<p><em>(cerises, sucre, jus de citron, amidon de maïs)</em></p>','<p><span style=\"font-family:Lato, Arial, Helvetica, sans-serif;font-size:17px;letter-spacing:0.2px;background-color:#ffffff;\">Un gâteau au fromage à la confiture de cerises ! Miam ! (250ml)</span></p>','confiture-de-cerises','','','','Confiture de cerises','','','',''),(160,1,2,'','','','','','','Confiture de cerises','','','',''),(160,1,3,'','','','','','','Confiture de cerises','','','',''),(161,1,1,'<p><span style=\"font-family:Lato, Arial, Helvetica, sans-serif;font-size:17px;letter-spacing:0.2px;background-color:#ffffff;\">Un gâteau à la vanille, de la crème fouettée et quelques cuillerées de confiture de fraises. Qui dit mieux?</span></p>\n<p><em>(fraises, sucre, jus de citron, amidon de maïs)</em><span style=\"font-family:Lato, Arial, Helvetica, sans-serif;font-size:17px;letter-spacing:0.2px;background-color:#ffffff;\"></span></p>','<p><span style=\"font-family:Lato, Arial, Helvetica, sans-serif;font-size:17px;letter-spacing:0.2px;background-color:#ffffff;\">Un gâteau à la vanille, de la crème fouettée et quelques cuillerées de confiture de fraises. Qui dit mieux?</span></p>','confiture-de-fraises','','','','Confiture de fraises','','','',''),(161,1,2,'','','','','','','Confiture de fraises','','','',''),(161,1,3,'','','','','','','Confiture de fraises','','','',''),(162,1,1,'<p><span style=\"font-family:Lato, Arial, Helvetica, sans-serif;font-size:17px;letter-spacing:0.2px;background-color:#ffffff;\">Un mélange surprenant, mais vraiment savoureux. On y goûte bien le basilic et on la recommande sur un crouton avec votre fromage préféré.</span></p>\n<p><em>(fraises, basilic, sucre, jus de citron, amidon de maïs)</em><span style=\"font-family:Lato, Arial, Helvetica, sans-serif;font-size:17px;letter-spacing:0.2px;background-color:#ffffff;\"></span></p>','<p><span style=\"font-family:Lato, Arial, Helvetica, sans-serif;font-size:17px;letter-spacing:0.2px;background-color:#ffffff;\">Un mélange surprenant, mais vraiment savoureux.(250ml)</span></p>','confiture-de-fraises-et-basilic','','','','Confiture de fraises et basilic','','','',''),(162,1,2,'','','','','','','Confiture de fraises et basilic','','','',''),(162,1,3,'','','','','','','Confiture de fraises et basilic','','','',''),(163,1,1,'<p>La fraise et la rhubarbe se complètent à merveille et cette confiture est un petit peu acidulée. Elle est excellente sur une rôtie avec du beurre pour l’effet sucré/salé. Un goût de nostalgie !</p>\n<p><em>(fraises, rhubarbes, sucre, jus de citron, amidon de maïs)</em></p>','<p>La fraise et la rhubarbe se complètent à merveille et cette confiture est un petit peu acidulée. (250ml)</p>','confiture-de-fraises-et-rhubarbe','','','','Confiture de fraises et rhubarbe','','','',''),(163,1,2,'','','confiture-de-fraises-et-rhubarbe','','','','Confiture de fraises et rhubarbe','','','',''),(163,1,3,'','','confiture-de-fraises-et-rhubarbe','','','','Confiture de fraises et rhubarbe','','','',''),(164,1,1,'<p><span style=\"font-family:Lato, Arial, Helvetica, sans-serif;font-size:17px;letter-spacing:0.2px;background-color:#ffffff;\">Le goût moins sucrée de cette confiture est la raison pourquoi on l’aime tant. Sur de la crème glacée à la vanille c’est gagnant, et ce l’est tout autant sur de la crème glacée au chocolat.</span></p>\n<p><em>(framboises, sucre, jus de citron, amidon de maïs)</em><span style=\"font-family:Lato, Arial, Helvetica, sans-serif;font-size:17px;letter-spacing:0.2px;background-color:#ffffff;\"></span></p>','<p><span style=\"font-family:Lato, Arial, Helvetica, sans-serif;font-size:17px;letter-spacing:0.2px;background-color:#ffffff;\">Le goût moins sucrée de cette confiture est la raison pourquoi on l’aime tant. (250ml)</span></p>','confiture-de-framboises','','','','Confiture de framboises','','','',''),(164,1,2,'','','','','','','Confiture de framboises','','','',''),(164,1,3,'','','','','','','Confiture de framboises','','','',''),(165,1,1,'<p><span style=\"font-family:Lato, Arial, Helvetica, sans-serif;font-size:17px;letter-spacing:0.2px;background-color:#ffffff;\">Un heureux mélange qui se marie à merveille avec les beurres de noix et de graines.</span></p>\n<p><em>(fruits, sucre, jus de citron, amidon de maïs)</em><span style=\"font-family:Lato, Arial, Helvetica, sans-serif;font-size:17px;letter-spacing:0.2px;background-color:#ffffff;\"></span></p>','<p><span style=\"font-family:Lato, Arial, Helvetica, sans-serif;font-size:17px;letter-spacing:0.2px;background-color:#ffffff;\">Un heureux mélange qui se marie à merveille avec les beurres de noix et de graines. (250ml)</span></p>','confiture-de-petits-fruits','','','','Confiture de petits fruits','','','',''),(165,1,2,'','','confiture-de-petits-fruits','','','','Confiture de petits fruits','','','',''),(165,1,3,'','','confiture-de-petits-fruits','','','','Confiture de petits fruits','','','',''),(166,1,1,'<p style=\"margin-top:0px;color:#1d1d1d;font-family:Rubik;font-size:18px;letter-spacing:1.08px;background-color:#ffffff;white-space:pre-wrap;\">Faites à la main et avec passion, ces tartinades sont préparées avec des bleuets de l’Ile d’Orléans. ”Sucré” avec un mélange d’érytritole et de stevia, chaque portion de 15 ml de tartinade contient 2 gr. de glucides nets</p>\n<p style=\"margin-top:0px;color:#1d1d1d;font-family:Rubik;font-size:18px;letter-spacing:1.08px;background-color:#ffffff;white-space:pre-wrap;\"><strong></strong>(bleuets, mélange d’érythritol et stevia, eau,<br />jus de citron, Agar)</p>','<p><span style=\"color:#1d1d1d;font-family:Rubik;font-size:18px;letter-spacing:1.08px;white-space:pre-wrap;background-color:#ffffff;\">Faites à la main et avec passion, ces tartinades sont préparées avec des bleuets de l’Ile d’Orléans. (212ml)</span></p>','tartinade-de-bleuets','','','','Tartinade de bleuets','','','',''),(166,1,2,'','','','','','','Tartinade de bleuets','','','',''),(166,1,3,'','','','','','','Tartinade de bleuets','','','',''),(167,1,1,'<div class=\"product-quantity-input\" style=\"margin-bottom:25px;color:#482714;font-family:runda;font-size:20px;font-style:normal;font-weight:300;letter-spacing:1.2px;text-align:left;text-indent:0px;text-transform:none;white-space:normal;word-spacing:0px;background-color:#ffffff;\"></div>\n<div class=\"ProductItem-details-excerpt\" style=\"margin-bottom:25px;font-family:Rubik;font-weight:300;font-style:normal;font-size:18px;letter-spacing:0.06em;line-height:1.8em;text-transform:none;color:#1d1d1d;text-align:left;text-indent:0px;white-space:normal;word-spacing:0px;background-color:#ffffff;\">\n<p style=\"margin-top:0px;white-space:pre-wrap;\">Faites à la main et avec passion, ces tartinades sont préparées avec des fraises de l’Ile d’Orléans. ”Sucré” avec un mélange d’érytritole et de stevia, chaque portion de 15 ml de tartinade contient 1 gr. de glucides nets</p>\n<p style=\"margin-top:0px;white-space:pre-wrap;\">(fraises, mélange d’érythritol et stevia, eau,<br />jus de citron, Agar)</p>\n</div>','<p><span style=\"color:#1d1d1d;font-family:Rubik;font-size:18px;letter-spacing:1.08px;white-space:pre-wrap;background-color:#ffffff;\">Faites à la main et avec passion, ces tartinades sont préparées avec des fraises de l’Ile d’Orléans. (212ml)</span></p>','tartinade-de-fraises','','','','Tartinade de fraises','','','',''),(167,1,2,'','','','','','','Tartinade de fraises','','','',''),(167,1,3,'','','','','','','Tartinade de fraises','','','',''),(168,1,1,'<p style=\"margin-top:0px;color:#1d1d1d;font-family:Rubik;font-size:18px;letter-spacing:1.08px;background-color:#ffffff;white-space:pre-wrap;\">Faites à la main et avec passion, ces tartinades sont préparées avec des framboises de l’Ile d’Orléans. ”Sucré” avec un mélange d’érytritole et de stevia, chaque portion de 15 ml de tartinade contient 1 gr. de glucides nets</p>\n<p style=\"margin-top:0px;color:#1d1d1d;font-family:Rubik;font-size:18px;letter-spacing:1.08px;background-color:#ffffff;white-space:pre-wrap;\"><strong></strong>(framboises, mélange d’érythritol et stevia, eau,<br />jus de citron, Agar)</p>','<p><span style=\"color:#1d1d1d;font-family:Rubik;font-size:18px;letter-spacing:1.08px;white-space:pre-wrap;background-color:#ffffff;\">Faites à la main et avec passion, ces tartinades sont préparées avec des framboises de l’Ile d’Orléans. (212ml)</span></p>','tartinade-de-framboises','','','','Tartinade de framboises','','','',''),(168,1,2,'','','tartinade-de-framboises','','','','Tartinade de framboises','','','',''),(168,1,3,'','','tartinade-de-framboises','','','','Tartinade de framboises','','','',''),(169,1,1,'<p><span style=\"font-weight:400;\">Ce craquelin digne du bas du fleuve se distingue par sa touche maritime unique. On y retrouve un excellent mélange d’algues provenant de l’entreprise gaspésienne </span><a href=\"https://oceandesaveurs.ca/\" title=\"océan de saveur\" style=\"background:#f8f8f8 0px 0px;border-bottom:1px solid;padding-bottom:1px;font-family:\'Neuzeit Office\', sans-serif;font-size:14px;\"><i>Un océan de saveurs. </i></a><span style=\"font-weight:400;\">L’utilisation des drêches fraîches apporte un côté croquant à ce craquelin.</span><span style=\"font-weight:400;\"><br /></span><span style=\"font-weight:400;\">Nos suggestions : servez-les avec une trempette rafraîchissante, un tartare ou un poisson fumé.</span></p>','<p><span style=\"color:#333333;font-family:\'Neuzeit Office\', sans-serif;font-size:14px;background-color:#f8f8f8;\">Ce craquelin digne du bas du fleuve se distingue par sa touche maritime unique. (100g)</span></p>','craquelins-algues-et-herbes-salees','','','','craquelins algues et herbes salées','','','',''),(169,1,2,'','','','','','','craquelins algues et herbes salées','','','',''),(169,1,3,'','','','','','','craquelins algues et herbes salées','','','',''),(170,1,1,'<p><span style=\"font-weight:400;\">Ce craquelin confectionné avec des drêches fraîches présente un bon côté croustillant. L’ajout du confit d’oignon au cassis de l’entreprise </span><i style=\"color:#333333;font-family:\'Neuzeit Office\', sans-serif;font-size:14px;background-color:#f8f8f8;\"><span style=\"font-weight:400;\">Retour aux sources</span></i><span style=\"font-weight:400;\"> lui apporte un doux côté sucré.Il se démarque par sa couleur légèrement rosée.</span><span style=\"font-weight:400;\"><br /></span><span style=\"font-weight:400;\">Nos suggestions : servez-les avec des rillettes, une mousse de foie ou un végépâté.</span></p>','<p><span style=\"color:#333333;font-family:\'Neuzeit Office\', sans-serif;font-size:14px;background-color:#f8f8f8;\">Ce craquelin confectionné avec des drêches fraîches présente un bon côté croustillant. (100g)</span></p>','craquelins-oignons-confits','','','','craquelins oignons confits','','','',''),(170,1,2,'','','craquelins-oignons-confits','','','','craquelins oignons confits','','','',''),(170,1,3,'','','craquelins-oignons-confits','','','','craquelins oignons confits','','','',''),(171,1,1,'<div class=\"grid product__meta\" style=\"list-style:none;margin:0px;padding:0px;color:#333333;font-family:\'Neuzeit Office\', sans-serif;font-size:14px;font-style:normal;font-weight:400;letter-spacing:normal;text-indent:0px;text-transform:none;white-space:normal;word-spacing:0px;\"></div>\n<div class=\"product-description rte\" style=\"margin-bottom:15px;color:#333333;clear:both;font-family:\'Neuzeit Office\', sans-serif;font-size:14px;font-style:normal;font-weight:400;letter-spacing:normal;text-indent:0px;text-transform:none;white-space:normal;word-spacing:0px;\"><span style=\"font-weight:400;\">Ce craquelin se distingue par sa texture lisse provenant de la farine de drêche. La salsa de l’entreprise<span> </span></span><i><span style=\"font-weight:400;\">Retour aux sources</span></i><span style=\"font-weight:400;\"><span> </span>lui apporte un goût franc de tomate. Nous y saupoudrons un brin de basilic pour vous offrir un craquelin réconfortant.</span><span style=\"font-weight:400;\"><br /></span><span style=\"font-weight:400;\">Nos suggestions : servez-les avec votre fromage favori ou un bon hummus maison.</span></div>','<p><span style=\"color:#333333;font-family:\'Neuzeit Office\', sans-serif;font-size:14px;\">Ce craquelin se distingue par sa texture lisse provenant de la farine de drêche. (100g)</span></p>','craquelins-tomates-et-basilic','','','','craquelins tomates et basilic','','','',''),(171,1,2,'','','','','','','craquelins tomates et basilic','','','',''),(171,1,3,'','','','','','','craquelins tomates et basilic','','','',''),(172,1,1,'<p class=\"font_7\" style=\"background:transparent;border:0px;margin:0px;padding:0px;vertical-align:baseline;font-size:18px;line-height:1.5em;\"><span style=\"background:transparent;border:0px;margin:0px;padding:0px;vertical-align:baseline;\"><span style=\"background:transparent;border:0px;margin:0px;padding:0px;vertical-align:baseline;font-family:\'wfont_d789ab_bfcefccbd245462c86ae3cfd7fd199e6\', \'wf_bfcefccbd245462c86ae3cfd7\', \'orig_arcamajora_3_bold\';letter-spacing:0.02em;\">Millebois Mousseux  prend la fête au sérieux. Élaboré selon la méthode traditionnelle, sa maturation en bouteille lui confère un caractère vif et </span><span style=\"background:transparent;border:0px;margin:0px;padding:0px;vertical-align:baseline;font-family:\'wfont_d789ab_bfcefccbd245462c86ae3cfd7fd199e6\', \'wf_bfcefccbd245462c86ae3cfd7\', \'orig_arcamajora_3_bold\';letter-spacing:0.0211765em;\">exubérant qui invite à la célébration. </span><span style=\"background:transparent;border:0px;margin:0px;padding:0px;vertical-align:baseline;font-family:\'wfont_d789ab_bfcefccbd245462c86ae3cfd7fd199e6\', \'wf_bfcefccbd245462c86ae3cfd7\', \'orig_arcamajora_3_bold\';letter-spacing:0.02em;\"> </span></span></p>\n<p class=\"font_7\" style=\"background:transparent;border:0px;margin:0px;padding:0px;vertical-align:baseline;font-size:18px;line-height:1.5em;\"> </p>\n<p class=\"font_7\" style=\"background:transparent;border:0px;margin:0px;padding:0px;vertical-align:baseline;font-size:18px;line-height:1.5em;\"><span style=\"background:transparent;border:0px;margin:0px;padding:0px;vertical-align:baseline;\"><span class=\"color_15\" style=\"background:transparent;border:0px;margin:0px;padding:0px;vertical-align:baseline;\"><span style=\"background:transparent;border:0px;margin:0px;padding:0px;vertical-align:baseline;letter-spacing:0.02em;\"><span style=\"background:transparent;border:0px;margin:0px;padding:0px;vertical-align:baseline;font-family:\'wfont_d789ab_bfcefccbd245462c86ae3cfd7fd199e6\', \'wf_bfcefccbd245462c86ae3cfd7\', \'orig_arcamajora_3_bold\';\">12% alc./vol.</span></span></span></span></p>','<p><span style=\"font-family:\'wfont_d789ab_bfcefccbd245462c86ae3cfd7fd199e6\', \'wf_bfcefccbd245462c86ae3cfd7\', \'orig_arcamajora_3_bold\';font-size:18px;letter-spacing:0.36px;\">Millebois Mousseux  prend la fête au sérieux. (750ml)</span></p>','-mousseux','','','','Mousseux','','','',''),(172,1,2,'','','mousseux','','','','Mousseux','','','',''),(172,1,3,'','','mousseux','','','','Mousseux','','','',''),(173,1,1,'<p class=\"font_7\" style=\"background:transparent;border:0px;margin:0px;padding:0px;vertical-align:baseline;font-size:18px;line-height:1.5em;\"><span style=\"background:transparent;border:0px;margin:0px;padding:0px;vertical-align:baseline;\"><span style=\"background:transparent;border:0px;margin:0px;padding:0px;vertical-align:baseline;\"><span style=\"background:transparent;border:0px;margin:0px;padding:0px;vertical-align:baseline;letter-spacing:0.02em;\"><span style=\"background:transparent;border:0px;margin:0px;padding:0px;vertical-align:baseline;font-family:\'wfont_d789ab_bfcefccbd245462c86ae3cfd7fd199e6\', \'wf_bfcefccbd245462c86ae3cfd7\', \'orig_arcamajora_3_bold\';\">Millebois Ambré déborde de saveurs d\'érable. Sa douceur et sa fraîcheur en font un compagnon idéal<br />des fromages vieillis et des canapés aux saveurs salées.<br />Ou simplement en guise de  dessert!</span></span></span></span><br /> </p>\n<p class=\"font_7\" style=\"background:transparent;border:0px;margin:0px;padding:0px;vertical-align:baseline;font-size:18px;line-height:1.5em;\"><span style=\"background:transparent;border:0px;margin:0px;padding:0px;vertical-align:baseline;\"><span style=\"background:transparent;border:0px;margin:0px;padding:0px;vertical-align:baseline;\"><span style=\"background:transparent;border:0px;margin:0px;padding:0px;vertical-align:baseline;letter-spacing:0.02em;\"><span style=\"background:transparent;border:0px;margin:0px;padding:0px;vertical-align:baseline;font-family:\'wfont_d789ab_bfcefccbd245462c86ae3cfd7fd199e6\', \'wf_bfcefccbd245462c86ae3cfd7\', \'orig_arcamajora_3_bold\';\">14 % alc./vol.</span></span></span></span></p>','<p><span style=\"font-family:\'wfont_d789ab_bfcefccbd245462c86ae3cfd7fd199e6\', \'wf_bfcefccbd245462c86ae3cfd7\', \'orig_arcamajora_3_bold\';font-size:18px;letter-spacing:0.36px;\">Millebois Ambré déborde de saveurs d\'érable. (375ml)</span></p>','ambre','','','','AMBRE','','','',''),(173,1,2,'','','ambre','','','','AMBRE','','','',''),(173,1,3,'','','ambre','','','','AMBRE','','','',''),(174,1,1,'<div style=\"color:#333333;font-family:\'Open Sans\', sans-serif;font-size:16px;background-color:#ffffff;\"><span class=\"_2PHJq public-DraftStyleDefault-ltr\">Sec et vif, aux saveurs boisées et lactées, avec des notes de poire, de vanille, d\'épices douces et de biscuit. Idéal pour l\'apéro, avec des canapés (crevette tempura ou fleur de courgette farcie) ou avec un plateau de fromages et charcuteries.</span></div>\n<div style=\"color:#333333;font-family:\'Open Sans\', sans-serif;font-size:16px;background-color:#ffffff;\">Les arômes d\'érable sont présents mais le sucre d\'érable lui, ne l\'est pas!</div>\n<div style=\"color:#333333;font-family:\'Open Sans\', sans-serif;font-size:16px;background-color:#ffffff;\">\n<ul style=\"margin-bottom:20px;list-style-position:outside;\">\n<li style=\"margin-bottom:12px;\">12,5% alc./vol.</li>\n</ul>\n</div>','<p><span style=\"color:#333333;font-family:\'Open Sans\', sans-serif;font-size:16px;background-color:#ffffff;\">Boisson alcoolisée d\'érable vieillie en barrique de chêne pendant 12 mois. (750ml)</span></p>','mille-pas-','','','','Mille Pas','','','',''),(174,1,2,'','','mille-pas-','','','','Mille Pas','','','',''),(174,1,3,'','','mille-pas-','','','','Mille Pas','','','',''),(175,1,1,'<p><span style=\"color:#333333;font-family:\'Open Sans\', sans-serif;font-size:16px;background-color:#ffffff;\">Dans l’Bois de chez Millebois est un acer vieilli en fût de bourbon aux arômes d’érable, de fruits confits et de bois torréfié. Offert en format de 375 ml, ce vin doux à 14% d’alcool par volume est un bon digestif ou accompagne bien le foie gras poêlé. </span></p>\n<ul style=\"margin-bottom:20px;list-style-position:outside;color:#333333;font-family:\'Open Sans\', sans-serif;font-size:16px;background-color:#ffffff;\">\n<li style=\"margin-bottom:12px;\">14% alc./vol </li>\n</ul>','<p><span style=\"color:#333333;font-family:\'Open Sans\', sans-serif;font-size:16px;background-color:#ffffff;\">Boisson naturelle issus de la fermentation de l\'érable vieillis en fût de bourbon. (375ml)</span></p>','dans-l-bois','','','','Dans l\'Bois','','','',''),(175,1,2,'','','','','','','Dans l\'Bois','','','',''),(175,1,3,'','','','','','','Dans l\'Bois','','','',''),(176,1,1,'<table class=\"table dvore_prg_product_view_attributes_text\" style=\"border-collapse:collapse;width:463.2px;max-width:100%;margin-bottom:1.143rem;background-color:#ffffff;color:#76838f;font-family:\'Roboto Slab\';font-size:14px;\">\n<tbody>\n<tr>\n<td style=\"padding:0.572rem;vertical-align:top;border-top:1px solid #e4eaec;\">Taux d\'alcool</td>\n<td style=\"padding:0.572rem;vertical-align:top;border-top:1px solid #e4eaec;\">12%</td>\n</tr>\n<tr>\n<td style=\"padding:0.572rem;vertical-align:top;border-top:1px solid #e4eaec;\">Format</td>\n<td style=\"padding:0.572rem;vertical-align:top;border-top:1px solid #e4eaec;\">750 ml</td>\n</tr>\n<tr>\n<td style=\"padding:0.572rem;vertical-align:top;border-top:1px solid #e4eaec;\">Température de service</td>\n<td style=\"padding:0.572rem;vertical-align:top;border-top:1px solid #e4eaec;\">9° à 11°C</td>\n</tr>\n<tr>\n<td style=\"padding:0.572rem;vertical-align:top;border-top:1px solid #e4eaec;\">Dégustation</td>\n<td style=\"padding:0.572rem;vertical-align:top;border-top:1px solid #e4eaec;\">Ce rosé sec aux notes de fruits rouges sauvages et de pamplemousse, il saura plaire lors des journées chaudes sur le bord d\'une piscine. Vin idéal à l\'apéro.</td>\n</tr>\n<tr>\n<td style=\"padding:0.572rem;vertical-align:top;border-top:1px solid #e4eaec;\">Accord</td>\n<td style=\"padding:0.572rem;vertical-align:top;border-top:1px solid #e4eaec;\">Plateau de fromages et de craquelins, des grillades et des salades de tout genre.</td>\n</tr>\n</tbody>\n</table>','<p><span style=\"color:#76838f;font-family:\'Roboto Slab\';font-size:14px;background-color:#ffffff;\">Il saura plaire lors des journées chaudes sur le bord d\'une piscine. (750ml)</span></p>','rose','','','','ROSÉ','','','',''),(176,1,2,'','','','','','','ROSÉ','','','',''),(176,1,3,'','','','','','','ROSÉ','','','',''),(177,1,1,'<table class=\"table dvore_prg_product_view_attributes_text\" style=\"border-collapse:collapse;width:463.2px;max-width:100%;margin-bottom:1.143rem;background-color:#ffffff;color:#76838f;font-family:\'Roboto Slab\';font-size:14px;\">\n<tbody>\n<tr>\n<td style=\"padding:0.572rem;vertical-align:top;border-top:1px solid #e4eaec;\">Taux d\'alcool</td>\n<td style=\"padding:0.572rem;vertical-align:top;border-top:1px solid #e4eaec;\">12%</td>\n</tr>\n<tr>\n<td style=\"padding:0.572rem;vertical-align:top;border-top:1px solid #e4eaec;\">Format</td>\n<td style=\"padding:0.572rem;vertical-align:top;border-top:1px solid #e4eaec;\">750 ml</td>\n</tr>\n<tr>\n<td style=\"padding:0.572rem;vertical-align:top;border-top:1px solid #e4eaec;\">Température de service</td>\n<td style=\"padding:0.572rem;vertical-align:top;border-top:1px solid #e4eaec;\">8° à 10°C</td>\n</tr>\n<tr>\n<td style=\"padding:0.572rem;vertical-align:top;border-top:1px solid #e4eaec;\">Dégustation</td>\n<td style=\"padding:0.572rem;vertical-align:top;border-top:1px solid #e4eaec;\">Ce vin blanc sec et minéral nous enchante avec ses notes citronnées en bouche et ses notes olfactives florales et mielleuses. Caractérisé par sa rondeur en bouche, il saura vous plaire à chaque gorgée.</td>\n</tr>\n<tr>\n<td style=\"padding:0.572rem;vertical-align:top;border-top:1px solid #e4eaec;\">Accord</td>\n<td style=\"padding:0.572rem;vertical-align:top;border-top:1px solid #e4eaec;\">Poulet avec légumes grillés citronnés ou fruits de mer, tels les pétoncles ou le homard.</td>\n</tr>\n</tbody>\n</table>','<p><span style=\"color:#76838f;font-family:\'Roboto Slab\';font-size:14px;background-color:#ffffff;\">Il saura vous plaire à chaque gorgée.(750ml)</span></p>','riesling-pinot-gris','','','','RIESLING- PINOT GRIS','','','',''),(177,1,2,'','','','','','','RIESLING- PINOT GRIS','','','',''),(177,1,3,'','','','','','','RIESLING- PINOT GRIS','','','',''),(178,1,1,'<table class=\"table dvore_prg_product_view_attributes_text\" style=\"border-collapse:collapse;width:463.2px;max-width:100%;margin-bottom:1.143rem;background-color:#ffffff;color:#76838f;font-family:\'Roboto Slab\';font-size:14px;\">\n<tbody>\n<tr>\n<td style=\"padding:0.572rem;vertical-align:top;border-top:1px solid #e4eaec;\">Taux d\'alcool</td>\n<td style=\"padding:0.572rem;vertical-align:top;border-top:1px solid #e4eaec;\">12.5%</td>\n</tr>\n<tr>\n<td style=\"padding:0.572rem;vertical-align:top;border-top:1px solid #e4eaec;\">Format</td>\n<td style=\"padding:0.572rem;vertical-align:top;border-top:1px solid #e4eaec;\">750 ml</td>\n</tr>\n<tr>\n<td style=\"padding:0.572rem;vertical-align:top;border-top:1px solid #e4eaec;\">Température de service</td>\n<td style=\"padding:0.572rem;vertical-align:top;border-top:1px solid #e4eaec;\">9° à 11°C</td>\n</tr>\n<tr>\n<td style=\"padding:0.572rem;vertical-align:top;border-top:1px solid #e4eaec;\">Dégustation</td>\n<td style=\"padding:0.572rem;vertical-align:top;border-top:1px solid #e4eaec;\">Ce vin blanc sec et rond est élaboré de manière légèrement boisé pour permettre aux autres notes de prendre leur place. Des arômes de noix grillées et de miel ravivent le palais.</td>\n</tr>\n<tr>\n<td style=\"padding:0.572rem;vertical-align:top;border-top:1px solid #e4eaec;\">Accord</td>\n<td style=\"padding:0.572rem;vertical-align:top;border-top:1px solid #e4eaec;\">Pâtes aux sauces blanches, côtelettes de porc.</td>\n</tr>\n</tbody>\n</table>','<p><span style=\"color:#76838f;font-family:\'Roboto Slab\';font-size:14px;background-color:#ffffff;\"> Des arômes de noix grillées et de miel ravivent le palais. (750ml)</span></p>','chardonnay','','','','CHARDONNAY','','','',''),(178,1,2,'','','chardonnay','','','','CHARDONNAY','','','',''),(178,1,3,'','','chardonnay','','','','CHARDONNAY','','','',''),(179,1,1,'<table class=\"table dvore_prg_product_view_attributes_text\" style=\"border-collapse:collapse;width:463.2px;max-width:100%;margin-bottom:1.143rem;background-color:#ffffff;color:#76838f;font-family:\'Roboto Slab\';font-size:14px;\">\n<tbody>\n<tr>\n<td style=\"padding:0.572rem;vertical-align:top;border-top:1px solid #e4eaec;\">Taux d\'alcool</td>\n<td style=\"padding:0.572rem;vertical-align:top;border-top:1px solid #e4eaec;\">12%</td>\n</tr>\n<tr>\n<td style=\"padding:0.572rem;vertical-align:top;border-top:1px solid #e4eaec;\">Format</td>\n<td style=\"padding:0.572rem;vertical-align:top;border-top:1px solid #e4eaec;\">750 ml</td>\n</tr>\n<tr>\n<td style=\"padding:0.572rem;vertical-align:top;border-top:1px solid #e4eaec;\">Température de service</td>\n<td style=\"padding:0.572rem;vertical-align:top;border-top:1px solid #e4eaec;\">9° à 11°C</td>\n</tr>\n<tr>\n<td style=\"padding:0.572rem;vertical-align:top;border-top:1px solid #e4eaec;\">Dégustation</td>\n<td style=\"padding:0.572rem;vertical-align:top;border-top:1px solid #e4eaec;\">Ce vin blanc sec (oui, notre gewürztraminer est sec!) est caractérisé par ses arômes de pétales de rose et de fruits exotiques.</td>\n</tr>\n<tr>\n<td style=\"padding:0.572rem;vertical-align:top;border-top:1px solid #e4eaec;\">Accord</td>\n<td style=\"padding:0.572rem;vertical-align:top;border-top:1px solid #e4eaec;\">Mets asiatiques, currys, sushis et tartare de saumon.</td>\n</tr>\n</tbody>\n</table>','<p><span style=\"color:#76838f;font-family:\'Roboto Slab\';font-size:14px;background-color:#ffffff;\">Ce vin blanc sec est caractérisé par ses arômes de pétales de rose et de fruits exotiques. (750ml)</span></p>','gewurztraminer','','','','GEWURZTRAMINER','','','',''),(179,1,2,'','','','','','','GEWURZTRAMINER','','','',''),(179,1,3,'','','','','','','GEWURZTRAMINER','','','',''),(180,1,1,'<table class=\"table dvore_prg_product_view_attributes_text\" style=\"border-collapse:collapse;width:463.2px;max-width:100%;margin-bottom:1.143rem;background-color:#ffffff;color:#76838f;font-family:\'Roboto Slab\';font-size:14px;\">\n<tbody>\n<tr>\n<td style=\"padding:0.572rem;vertical-align:top;border-top:1px solid #e4eaec;\">Taux d\'alcool</td>\n<td style=\"padding:0.572rem;vertical-align:top;border-top:1px solid #e4eaec;\">12%</td>\n</tr>\n<tr>\n<td style=\"padding:0.572rem;vertical-align:top;border-top:1px solid #e4eaec;\">Format</td>\n<td style=\"padding:0.572rem;vertical-align:top;border-top:1px solid #e4eaec;\">750 ml</td>\n</tr>\n<tr>\n<td style=\"padding:0.572rem;vertical-align:top;border-top:1px solid #e4eaec;\">Température de service</td>\n<td style=\"padding:0.572rem;vertical-align:top;border-top:1px solid #e4eaec;\">5° à 7°C</td>\n</tr>\n<tr>\n<td style=\"padding:0.572rem;vertical-align:top;border-top:1px solid #e4eaec;\">Dégustation</td>\n<td style=\"padding:0.572rem;vertical-align:top;border-top:1px solid #e4eaec;\">Ce vin blanc sec nous captive avec ses arômes d\'agrumes et se définit par une vivacité assurée en bouche.</td>\n</tr>\n<tr>\n<td style=\"padding:0.572rem;vertical-align:top;border-top:1px solid #e4eaec;\">Accord</td>\n<td style=\"padding:0.572rem;vertical-align:top;border-top:1px solid #e4eaec;\">ceviche, plats asiatiques</td>\n</tr>\n</tbody>\n</table>','<p><span style=\"color:#76838f;font-family:\'Roboto Slab\';font-size:14px;background-color:#ffffff;\">Ce vin blanc sec nous captive avec ses arômes d\'agrumes. (750ml)</span></p>','seyval-blanc','','','','SEYVAL BLANC','','','',''),(180,1,2,'','','','','','','SEYVAL BLANC','','','',''),(180,1,3,'','','','','','','SEYVAL BLANC','','','',''),(181,1,1,'<ul style=\"margin:0px 0px 1em 1.5em;padding:0px;border:0px;vertical-align:baseline;font-size:15px;color:#878787;font-family:Montserrat;background-color:#ffffff;\">\n<li style=\"margin:0px 0px 0px 0.85em;padding:0px;border:0px;vertical-align:baseline;\">Fait à la main</li>\n<li style=\"margin:0px 0px 0px 0.85em;padding:0px;border:0px;vertical-align:baseline;\">Fabriqué par des artisans au Québec</li>\n<li style=\"margin:0px 0px 0px 0.85em;padding:0px;border:0px;vertical-align:baseline;\">Sans gluten</li>\n<li style=\"margin:0px 0px 0px 0.85em;padding:0px;border:0px;vertical-align:baseline;\">Sans OGM</li>\n<li style=\"margin:0px 0px 0px 0.85em;padding:0px;border:0px;vertical-align:baseline;\">Contient que des nitrites naturels</li>\n</ul>','<p>Fait à la main et fabriqué par des artisans au Québec. (90g)</p>','saucisson-1546-epices-tex-mex','','','','Saucisson 1546 – Épices Tex Mex','','','',''),(181,1,2,'','','','','','','Saucisson 1546 – Épices Tex Mex','','','',''),(181,1,3,'','','','','','','Saucisson 1546 – Épices Tex Mex','','','',''),(182,1,1,'<ul style=\"margin:0px 0px 1em 1.5em;padding:0px;border:0px;vertical-align:baseline;font-size:15px;color:#878787;font-family:Montserrat;background-color:#ffffff;\">\n<li style=\"margin:0px 0px 0px 0.85em;padding:0px;border:0px;vertical-align:baseline;\">Fait à la main</li>\n<li style=\"margin:0px 0px 0px 0.85em;padding:0px;border:0px;vertical-align:baseline;\">Fabriqué par des artisans au Québec</li>\n<li style=\"margin:0px 0px 0px 0.85em;padding:0px;border:0px;vertical-align:baseline;\">Sans gluten</li>\n<li style=\"margin:0px 0px 0px 0.85em;padding:0px;border:0px;vertical-align:baseline;\">Sans OGM</li>\n<li style=\"margin:0px 0px 0px 0.85em;padding:0px;border:0px;vertical-align:baseline;\">Contient que des nitrites naturels</li>\n</ul>','<p>Fait à la main et fabriqué par des artisans au Québec. (90g)</p>','saucisson-1546-olives-kalamata','','','','Saucisson 1546 – Olives Kalamata','','','',''),(182,1,2,'','','saucisson-1546-olives-kalamata','','','','Saucisson 1546 – Olives Kalamata','','','',''),(182,1,3,'','','saucisson-1546-olives-kalamata','','','','Saucisson 1546 – Olives Kalamata','','','',''),(183,1,1,'<ul style=\"margin:0px 0px 1em 1.5em;padding:0px;border:0px;vertical-align:baseline;font-size:15px;color:#878787;font-family:Montserrat;background-color:#ffffff;\">\n<li style=\"margin:0px 0px 0px 0.85em;padding:0px;border:0px;vertical-align:baseline;\">Sans lactose</li>\n<li style=\"margin:0px 0px 0px 0.85em;padding:0px;border:0px;vertical-align:baseline;\">Fait à la main</li>\n<li style=\"margin:0px 0px 0px 0.85em;padding:0px;border:0px;vertical-align:baseline;\">Fabriqué par des artisans au Québec</li>\n<li style=\"margin:0px 0px 0px 0.85em;padding:0px;border:0px;vertical-align:baseline;\">Sans gluten</li>\n<li style=\"margin:0px 0px 0px 0.85em;padding:0px;border:0px;vertical-align:baseline;\">Sans OGM</li>\n<li style=\"margin:0px 0px 0px 0.85em;padding:0px;border:0px;vertical-align:baseline;\">Contient que des nitrites naturels</li>\n</ul>','<p>Fait à la main et fabriqué par des artisans au Québec (90g)</p>','saucisson-1546-monterey-jack-sans-lactose','','','','Saucisson 1546 – Monterey Jack- sans lactose','','','',''),(183,1,2,'','','saucisson-1546-monterey-jack-sans-lactose','','','','Saucisson 1546 – Monterey Jack- sans lactose','','','',''),(183,1,3,'','','saucisson-1546-monterey-jack-sans-lactose','','','','Saucisson 1546 – Monterey Jack- sans lactose','','','',''),(184,1,1,'<ul style=\"margin:0px 0px 1em 1.5em;padding:0px;border:0px;vertical-align:baseline;font-size:15px;color:#878787;font-family:Montserrat;background-color:#ffffff;\">\n<li style=\"margin:0px 0px 0px 0.85em;padding:0px;border:0px;vertical-align:baseline;\">Fait à la main</li>\n<li style=\"margin:0px 0px 0px 0.85em;padding:0px;border:0px;vertical-align:baseline;\">Fabriqué par des artisans au Québec</li>\n<li style=\"margin:0px 0px 0px 0.85em;padding:0px;border:0px;vertical-align:baseline;\">Sans gluten</li>\n<li style=\"margin:0px 0px 0px 0.85em;padding:0px;border:0px;vertical-align:baseline;\">Sans OGM</li>\n<li style=\"margin:0px 0px 0px 0.85em;padding:0px;border:0px;vertical-align:baseline;\">Contient que des nitrites naturels</li>\n</ul>','<p>Fait à la main et fabriqué par des artisans au Québec. (90g)</p>','saucisson-1546-fromage-bleu-et-noix-de-grenoble','','','','Saucisson 1546 – Fromage bleu et noix de Grenoble','','','',''),(184,1,2,'','','saucisson-1546-fromage-bleu-et-noix-de-grenoble','','','','Saucisson 1546 – Fromage bleu et noix de Grenoble','','','',''),(184,1,3,'','','saucisson-1546-fromage-bleu-et-noix-de-grenoble','','','','Saucisson 1546 – Fromage bleu et noix de Grenoble','','','',''),(185,1,1,'<ul style=\"margin:0px 0px 1em 1.5em;padding:0px;border:0px;vertical-align:baseline;font-size:15px;color:#878787;font-family:Montserrat;background-color:#ffffff;\">\n<li style=\"margin:0px 0px 0px 0.85em;padding:0px;border:0px;vertical-align:baseline;\">Fait à la main</li>\n<li style=\"margin:0px 0px 0px 0.85em;padding:0px;border:0px;vertical-align:baseline;\">Fabriqué par des artisans au Québec</li>\n<li style=\"margin:0px 0px 0px 0.85em;padding:0px;border:0px;vertical-align:baseline;\">Sans gluten</li>\n<li style=\"margin:0px 0px 0px 0.85em;padding:0px;border:0px;vertical-align:baseline;\">Sans OGM</li>\n<li style=\"margin:0px 0px 0px 0.85em;padding:0px;border:0px;vertical-align:baseline;\">Contient que des nitrites naturels</li>\n</ul>','<p>Fait à la main et fabriqué par des artisans au Québec.(90g)</p>','saucisson-1546-poivre-noir','','','','Saucisson 1546 – Poivre noir','','','',''),(185,1,2,'','','','','','','Saucisson 1546 – Poivre noir','','','',''),(185,1,3,'','','','','','','Saucisson 1546 – Poivre noir','','','',''),(186,1,1,'<ul style=\"margin:0px 0px 1em 1.5em;padding:0px;border:0px;vertical-align:baseline;font-size:15px;color:#878787;font-family:Montserrat;background-color:#ffffff;\">\n<li style=\"margin:0px 0px 0px 0.85em;padding:0px;border:0px;vertical-align:baseline;\">Fait à la main</li>\n<li style=\"margin:0px 0px 0px 0.85em;padding:0px;border:0px;vertical-align:baseline;\">Fabriqué par des artisans au Québec</li>\n<li style=\"margin:0px 0px 0px 0.85em;padding:0px;border:0px;vertical-align:baseline;\">Sans gluten</li>\n<li style=\"margin:0px 0px 0px 0.85em;padding:0px;border:0px;vertical-align:baseline;\">Sans OGM</li>\n<li style=\"margin:0px 0px 0px 0.85em;padding:0px;border:0px;vertical-align:baseline;\">Contient que des nitrites naturels</li>\n</ul>','<p>Fait à la main et fabriqué par des artisans au Québec. (90g)</p>','saucisson-1546-pili-pili-de-madagascar','','','','Saucisson 1546 – Pili Pili de Madagascar','','','',''),(186,1,2,'','','','','','','Saucisson 1546 – Pili Pili de Madagascar','','','',''),(186,1,3,'','','','','','','Saucisson 1546 – Pili Pili de Madagascar','','','',''),(187,1,1,'<ul style=\"margin:0px 0px 1em 1.5em;padding:0px;border:0px;vertical-align:baseline;font-size:15px;color:#878787;font-family:Montserrat;background-color:#ffffff;\">\n<li style=\"margin:0px 0px 0px 0.85em;padding:0px;border:0px;vertical-align:baseline;\">Fait à la main</li>\n<li style=\"margin:0px 0px 0px 0.85em;padding:0px;border:0px;vertical-align:baseline;\">Fabriqué par des artisans au Québec</li>\n<li style=\"margin:0px 0px 0px 0.85em;padding:0px;border:0px;vertical-align:baseline;\">Sans gluten</li>\n<li style=\"margin:0px 0px 0px 0.85em;padding:0px;border:0px;vertical-align:baseline;\">Sans OGM</li>\n<li style=\"margin:0px 0px 0px 0.85em;padding:0px;border:0px;vertical-align:baseline;\">Contient que des nitrites naturels</li>\n</ul>','<p>Fait à la main et fabriqué par des artisans au Québec. (90g)</p>','saucisson-1546-nature','','','','Saucisson 1546 – Nature','','','',''),(187,1,2,'','','','','','','Saucisson 1546 – Nature','','','',''),(187,1,3,'','','','','','','Saucisson 1546 – Nature','','','',''),(188,1,1,'<ul style=\"margin:0px 0px 1em 1.5em;padding:0px;border:0px;vertical-align:baseline;font-size:15px;color:#878787;font-family:Montserrat;background-color:#ffffff;\">\n<li style=\"margin:0px 0px 0px 0.85em;padding:0px;border:0px;vertical-align:baseline;\">Fait à la main</li>\n<li style=\"margin:0px 0px 0px 0.85em;padding:0px;border:0px;vertical-align:baseline;\">Fabriqué par des artisans au Québec</li>\n<li style=\"margin:0px 0px 0px 0.85em;padding:0px;border:0px;vertical-align:baseline;\">Sans gluten</li>\n<li style=\"margin:0px 0px 0px 0.85em;padding:0px;border:0px;vertical-align:baseline;\">Sans OGM</li>\n<li style=\"margin:0px 0px 0px 0.85em;padding:0px;border:0px;vertical-align:baseline;\">Contient que des nitrites naturels</li>\n</ul>','<p>Fait à la main et fabriqué par des artisans au Québec. (90g)</p>','saucisson-1546-fromage-vieilli-et-bacon','','','','Saucisson 1546 – Fromage vieilli et bacon','','','',''),(188,1,2,'','','','','','','Saucisson 1546 – Fromage vieilli et bacon','','','',''),(188,1,3,'','','','','','','Saucisson 1546 – Fromage vieilli et bacon','','','',''),(189,1,1,'<p class=\"p1\" style=\"margin:0px 0px 15px;background-color:#fdfbfa;color:#433630;font-family:\'Josefin Sans\', sans-serif;font-size:16px;letter-spacing:0.4px;\"><span class=\"s1\">Le beurre de pommes</span> est, comme la majorité de nos produits du verger, fait de façon artisanale. Il <span class=\"s2\">réunit la texture fondante du beurre et la saveur délicate des fruits du verger</span>.<span class=\"Apple-converted-space\"> </span></p>\n<p class=\"p1\" style=\"margin:0px 0px 15px;background-color:#fdfbfa;color:#433630;font-family:\'Josefin Sans\', sans-serif;font-size:16px;letter-spacing:0.4px;\">Son goût évolue au même rythme que la saison progresse, puisqu’il est confectionné avec la variété de pommes du moment. De la McIntosh à la Cortland, chaque beurre est unique.</p>\n<p class=\"p1\" style=\"margin:0px 0px 15px;background-color:#fdfbfa;color:#433630;font-family:\'Josefin Sans\', sans-serif;font-size:16px;letter-spacing:0.4px;\">Il saura agrémenter vos brunchs ou ajouter une touche de « fancy » à vos fringales nocturnes.</p>\n<p></p>','<p><span style=\"color:#433630;font-family:\'Josefin Sans\', sans-serif;font-size:16px;letter-spacing:0.4px;background-color:#fdfbfa;\">Fait de façon artisanale. (212ml)</span></p>','beurre-de-pommes','','','','Beurre de pommes','','','',''),(189,1,2,'','','','','','','Beurre de pommes','','','',''),(189,1,3,'','','','','','','Beurre de pommes','','','',''),(190,1,1,'<p class=\"p1\" style=\"margin:0px 0px 15px;background-color:#fdfbfa;color:#433630;font-family:\'Josefin Sans\', sans-serif;font-size:16px;letter-spacing:0.4px;\"><span class=\"s1\">Le beurre de poires vanillé</span> est, comme la majorité de nos produits du verger, fait de façon artisanale. Il saura vous surprendre avec son équilibre impeccable entre les arômes de la poire et sa délicate touche de vanille.</p>\n<p class=\"p1\" style=\"margin:0px 0px 15px;background-color:#fdfbfa;color:#433630;font-family:\'Josefin Sans\', sans-serif;font-size:16px;letter-spacing:0.4px;\">Contrairement à ce qu’on pourrait penser, le beurre de poires vanillé ne contient aucun produit laitier. Il est dénommé beurre compte tenu de sa texture similaire.</p>\n<p class=\"p1\" style=\"margin:0px 0px 15px;background-color:#fdfbfa;color:#433630;font-family:\'Josefin Sans\', sans-serif;font-size:16px;letter-spacing:0.4px;\">Il saura agrémenter vos brunchs ou ajouter une touche de « fancy » à vos fringales nocturnes.</p>','<p><span style=\"color:#433630;font-family:\'Josefin Sans\', sans-serif;font-size:16px;letter-spacing:0.4px;background-color:#fdfbfa;\">Fait de façon artisanale. (212ml)</span></p>','beurre-de-poires-vanille','','','','Beurre de poires vanillé','','','',''),(190,1,2,'','','','','','','Beurre de poires vanillé','','','',''),(190,1,3,'','','','','','','Beurre de poires vanillé','','','',''),(191,1,1,'<p class=\"p1\" style=\"margin:0px 0px 15px;background-color:#fdfbfa;color:#433630;font-family:\'Josefin Sans\', sans-serif;font-size:16px;letter-spacing:0.4px;\">La gelée de pommes est le résultat d’un dur labeur. Faite de façon artisanale, son goût évolue au même rythme que la saison progresse, puisqu’elle est confectionnée avec la variété de pommes du moment. De la McIntosh à la Cortland, chaque gelée est unique.</p>\n<p class=\"p1\" style=\"margin:0px 0px 15px;background-color:#fdfbfa;color:#433630;font-family:\'Josefin Sans\', sans-serif;font-size:16px;letter-spacing:0.4px;\">Elle est le parfait accompagnement pour un 5 à 7 vin et fromage, pour un cadeau d’hôte inoubliable ou encore à tartiner sur une tranche de pain aux pommes au déjeuner pour rendre votre lundi, un peu moins lundi.</p>','<p><span style=\"color:#433630;font-family:\'Josefin Sans\', sans-serif;font-size:16px;letter-spacing:0.4px;background-color:#fdfbfa;\">Faite de façon artisanale. (212ml)</span></p>','gelee-de-pommes','','','','Gelée de pommes','','','',''),(191,1,2,'','','gelee-de-pommes','','','','Gelée de pommes','','','',''),(191,1,3,'','','gelee-de-pommes','','','','Gelée de pommes','','','',''),(192,1,1,'<p class=\"p1\" style=\"margin:0px 0px 15px;background-color:#fdfbfa;color:#433630;font-family:\'Josefin Sans\', sans-serif;font-size:16px;letter-spacing:0.4px;\">La gelée de pommes et érable est le résultat d’un dur labeur. Faite de façon artisanale, son goût évolue au même rythme que la saison progresse, puisqu’elle est confectionnée avec la variété de pomme du moment. De la McIntosh à la Cortland, chaque gelée est unique.</p>\n<p class=\"p2\" style=\"margin:0px 0px 15px;background-color:#fdfbfa;color:#433630;font-family:\'Josefin Sans\', sans-serif;font-size:16px;letter-spacing:0.4px;\">Contrairement à la gelée de pommes traditionnelle, la gelée de pommes et érable n’a aucun sucre ajouté. Vous y retrouverez une fine touche de sirop d\'érable à l\'état pur.</p>\n<p class=\"p2\" style=\"margin:0px 0px 15px;background-color:#fdfbfa;color:#433630;font-family:\'Josefin Sans\', sans-serif;font-size:16px;letter-spacing:0.4px;\">Elle sera l’ajout digne de vos brunchs légendaires. Un produit typiquement québécois que vous ne serez pas gêné de présenter à vos proches </p>','<p><span style=\"color:#433630;font-family:\'Josefin Sans\', sans-serif;font-size:16px;letter-spacing:0.4px;background-color:#fdfbfa;\">Faite de façon artisanale. (212ml)</span></p>','gelee-de-pommes-et-erable','','','','Gelée de pommes et érable','','','',''),(192,1,2,'','','gelee-de-pommes-et-erable','','','','Gelée de pommes et érable','','','',''),(192,1,3,'','','gelee-de-pommes-et-erable','','','','Gelée de pommes et érable','','','',''),(193,1,1,'<p class=\"p1\" style=\"margin:0px 0px 15px;background-color:#fdfbfa;color:#433630;font-family:\'Josefin Sans\', sans-serif;font-size:16px;letter-spacing:0.4px;\">La gelée de pommes et cerises est le résultat d’un dur labeur. Faite de façon artisanale, son goût évolue au même rythme que la saison progresse, puisqu’elle est confectionnée avec la variété de pommes et de cerises du moment. Chaque gelée est unique.</p>\n<p class=\"p2\" style=\"margin:0px 0px 15px;background-color:#fdfbfa;color:#433630;font-family:\'Josefin Sans\', sans-serif;font-size:16px;letter-spacing:0.4px;\">La gelée de pommes et cerises est le parfait ajout pour un 5 à 7 vin et fromage, pour faire découvrir des produits typiquement québécois à vos proches ou encore pour rehausser vos déjeuner.</p>\n<p class=\"p2\" style=\"margin:0px 0px 15px;background-color:#fdfbfa;color:#433630;font-family:\'Josefin Sans\', sans-serif;font-size:16px;letter-spacing:0.4px;\">Nous avons plus de cinq sortes de cerises style griottes à notre domaine et plus de 16 variétés de pommes, ce qui nous permet de vous faire bénéficier des arômes uniques de chacune d’entre elles.</p>','<p><span style=\"color:#433630;font-family:\'Josefin Sans\', sans-serif;font-size:16px;letter-spacing:0.4px;background-color:#fdfbfa;\">Faite de façon artisanale. (212ml)</span></p>','gelee-de-pommes-et-cerises','','','','Gelée de pommes et cerises','','','',''),(193,1,2,'','','','','','','Gelée de pommes et cerises','','','',''),(193,1,3,'','','','','','','Gelée de pommes et cerises','','','',''),(194,1,1,'<p class=\"p1\" style=\"margin:0px 0px 15px;background-color:#fdfbfa;color:#433630;font-family:\'Josefin Sans\', sans-serif;font-size:16px;letter-spacing:0.4px;\">La gelée de pommes piquante est le résultat d’un dur labeur. Faite de façon artisanale, son goût évolue au même rythme que la saison progresse, puisqu’elle est confectionnée avec la variété de pomme du moment. De la McIntosh à la Cortland, chaque gelée est unique.</p>\n<p class=\"p1\" style=\"margin:0px 0px 15px;background-color:#fdfbfa;color:#433630;font-family:\'Josefin Sans\', sans-serif;font-size:16px;letter-spacing:0.4px;\">Elle deviendra votre incontournable pour vos soirées vin et fromage. Un cadeau d’hôte originale qui donnera du piquant à vos soirées. Badum tss.</p>\n<p class=\"p1\" style=\"margin:0px 0px 15px;background-color:#fdfbfa;color:#433630;font-family:\'Josefin Sans\', sans-serif;font-size:16px;letter-spacing:0.4px;\"><span>Type de piquant : fort</span></p>','<p><span style=\"color:#433630;font-family:\'Josefin Sans\', sans-serif;font-size:16px;letter-spacing:0.4px;background-color:#fdfbfa;\">Faite de façon artisanale. (212ml)</span></p>','gelee-de-pommes-piquante','','','','Gelée de pommes piquante','','','',''),(194,1,2,'','','gelee-de-pommes-piquante','','','','Gelée de pommes piquante','','','',''),(194,1,3,'','','gelee-de-pommes-piquante','','','','Gelée de pommes piquante','','','',''),(195,1,1,'<p class=\"p1\" style=\"margin:0px 0px 15px;background-color:#fdfbfa;color:#433630;font-family:\'Josefin Sans\', sans-serif;font-size:16px;letter-spacing:0.4px;\">Notre délicieux pétillant de pommes sera apprécié par grands et petits. Puisqu’il s’agit d’un breuvage non alcoolisé, tous peuvent le déguster et apprécier son goût. Il saura vous charmer et fera de n’importe quelle occasion un grand succès, un véritable plaisir à donner ou à recevoir dans sa belle bouteille gravée.<span class=\"Apple-converted-space\">  </span></p>\n<p class=\"p1\" style=\"margin:0px 0px 15px;background-color:#fdfbfa;color:#433630;font-family:\'Josefin Sans\', sans-serif;font-size:16px;letter-spacing:0.4px;\"><span class=\"Apple-converted-space\">Le pétillant de pommes sans alcool est l’un de nos incontournables depuis déjà plus de 10 ans, un must! </span></p>','<p><span style=\"color:#433630;font-family:\'Josefin Sans\', sans-serif;font-size:16px;letter-spacing:0.4px;background-color:#fdfbfa;\">Notre délicieux pétillant de pommes sera apprécié par grands et petits. (750ml)</span></p>','petillant-labonte-de-la-pommes-regulier-sans-alcool','','','','Pétillant Labonté de la pommes RÉGULIER sans alcool','','','',''),(195,1,2,'','','','','','','Pétillant Labonté de la pommes RÉGULIER sans alcool','','','',''),(195,1,3,'','','','','','','Pétillant Labonté de la pommes RÉGULIER sans alcool','','','',''),(196,1,1,'<ul style=\"list-style-position:outside;list-style-image:none;min-width:0px;max-width:none;min-height:0px;max-height:none;margin:0px 0px 16px;padding:0px 0px 0px 24px;background:#ffffff none;font-family:\'avenir-lt-w01_85-heavy1475544\', \'avenir-lt-w05_85-heavy\', sans-serif;font-size:14px;\">\n<li style=\"background:none;border:0px;float:none;margin:0px 0px 4px;padding:0px;min-width:0px;max-width:none;min-height:0px;max-height:none;word-spacing:normal;\"><u style=\"min-width:0px;max-width:none;min-height:0px;max-height:none;margin:0px;padding:0px;background:none;word-spacing:normal;\">Contient du bouillon de poulet / 3-4 portions</u></li>\n<li style=\"background:none;border:0px;float:none;margin:0px 0px 4px;padding:0px;min-width:0px;max-width:none;min-height:0px;max-height:none;word-spacing:normal;\">Temps de préparation: 2 minutes</li>\n<li style=\"background:none;border:0px;float:none;margin:0px 0px 4px;padding:0px;min-width:0px;max-width:none;min-height:0px;max-height:none;word-spacing:normal;\">Temps de cuisson: 15 minutes</li>\n<li style=\"background:none;border:0px;float:none;margin:0px 0px 4px;padding:0px;min-width:0px;max-width:none;min-height:0px;max-height:none;word-spacing:normal;\">Sans lactose</li>\n<li style=\"background:none;border:0px;float:none;margin:0px 0px 4px;padding:0px;min-width:0px;max-width:none;min-height:0px;max-height:none;word-spacing:normal;\">Se conserve au réfrigérateur</li>\n</ul>','','pates-tomates-sechees-et-parmesan','','','','Pâtes tomates séchées et parmesan','','','',''),(196,1,2,'','','pates-tomates-sechees-et-parmesan','','','','Pâtes tomates séchées et parmesan','','','',''),(196,1,3,'','','pates-tomates-sechees-et-parmesan','','','','Pâtes tomates séchées et parmesan','','','',''),(197,1,1,'<ul style=\"list-style-position:outside;list-style-image:none;min-width:0px;max-width:none;min-height:0px;max-height:none;margin:0px 0px 16px;padding:0px 0px 0px 24px;background:#ffffff none;font-family:\'avenir-lt-w01_85-heavy1475544\', \'avenir-lt-w05_85-heavy\', sans-serif;font-size:14px;\">\n<li style=\"background:none;border:0px;float:none;margin:0px 0px 4px;padding:0px;min-width:0px;max-width:none;min-height:0px;max-height:none;word-spacing:normal;\"><u style=\"min-width:0px;max-width:none;min-height:0px;max-height:none;margin:0px;padding:0px;background:none;word-spacing:normal;\">Végane - Végétarienne / 20 portions</u></li>\n<li style=\"background:none;border:0px;float:none;margin:0px 0px 4px;padding:0px;min-width:0px;max-width:none;min-height:0px;max-height:none;word-spacing:normal;\">Temps de préparation: 5 minutes</li>\n<li style=\"background:none;border:0px;float:none;margin:0px 0px 4px;padding:0px;min-width:0px;max-width:none;min-height:0px;max-height:none;word-spacing:normal;\">Temps de cuisson: 35-40 minutes</li>\n<li style=\"background:none;border:0px;float:none;margin:0px 0px 4px;padding:0px;min-width:0px;max-width:none;min-height:0px;max-height:none;word-spacing:normal;\">Sans lactose</li>\n<li style=\"background:none;border:0px;float:none;margin:0px 0px 4px;padding:0px;min-width:0px;max-width:none;min-height:0px;max-height:none;word-spacing:normal;\">Se conserve au congélateur</li>\n</ul>','','brownies-double-chocolat','','','','Brownies double chocolat','','','',''),(197,1,2,'','','brownies-double-chocolat','','','','Brownies double chocolat','','','',''),(197,1,3,'','','brownies-double-chocolat','','','','Brownies double chocolat','','','',''),(198,1,1,'<ul style=\"list-style-position:outside;list-style-image:none;min-width:0px;max-width:none;min-height:0px;max-height:none;margin:0px 0px 16px;padding:0px 0px 0px 24px;background:#ffffff none;font-family:\'avenir-lt-w01_85-heavy1475544\', \'avenir-lt-w05_85-heavy\', sans-serif;font-size:14px;\">\n<li style=\"background:none;border:0px;float:none;margin:0px 0px 4px;padding:0px;min-width:0px;max-width:none;min-height:0px;max-height:none;word-spacing:normal;\"><u style=\"min-width:0px;max-width:none;min-height:0px;max-height:none;margin:0px;padding:0px;background:none;word-spacing:normal;\">Végane - Végétarienne / 24 biscuits</u></li>\n<li style=\"background:none;border:0px;float:none;margin:0px 0px 4px;padding:0px;min-width:0px;max-width:none;min-height:0px;max-height:none;word-spacing:normal;\">Temps de préparation: 10 minutes</li>\n<li style=\"background:none;border:0px;float:none;margin:0px 0px 4px;padding:0px;min-width:0px;max-width:none;min-height:0px;max-height:none;word-spacing:normal;\">Temps de cuisson: 8-10 minutes</li>\n<li style=\"background:none;border:0px;float:none;margin:0px 0px 4px;padding:0px;min-width:0px;max-width:none;min-height:0px;max-height:none;word-spacing:normal;\">Sans lactose</li>\n<li style=\"background:none;border:0px;float:none;margin:0px 0px 4px;padding:0px;min-width:0px;max-width:none;min-height:0px;max-height:none;word-spacing:normal;\">Se conserve au congélateur</li>\n</ul>','','biscuits-gingembre-raisins-et-quinoa','','','','Biscuits gingembre, raisins et quinoa','','','',''),(198,1,2,'','','','','','','Biscuits gingembre, raisins et quinoa','','','',''),(198,1,3,'','','','','','','Biscuits gingembre, raisins et quinoa','','','',''),(199,1,1,'<ul style=\"list-style-position:outside;list-style-image:none;min-width:0px;max-width:none;min-height:0px;max-height:none;margin:0px 0px 16px;padding:0px 0px 0px 24px;background:#ffffff none;font-family:\'avenir-lt-w01_85-heavy1475544\', \'avenir-lt-w05_85-heavy\', sans-serif;font-size:14px;\">\n<li style=\"background:none;border:0px;float:none;margin:0px 0px 4px;padding:0px;min-width:0px;max-width:none;min-height:0px;max-height:none;word-spacing:normal;\"><u style=\"min-width:0px;max-width:none;min-height:0px;max-height:none;margin:0px;padding:0px;background:none;word-spacing:normal;\">Végane - Végétarienne / 20 biscuits</u></li>\n<li style=\"background:none;border:0px;float:none;margin:0px 0px 4px;padding:0px;min-width:0px;max-width:none;min-height:0px;max-height:none;word-spacing:normal;\">Temps de préparation: 10 minutes</li>\n<li style=\"background:none;border:0px;float:none;margin:0px 0px 4px;padding:0px;min-width:0px;max-width:none;min-height:0px;max-height:none;word-spacing:normal;\">Temps de cuisson: 6-8 minutes</li>\n<li style=\"background:none;border:0px;float:none;margin:0px 0px 4px;padding:0px;min-width:0px;max-width:none;min-height:0px;max-height:none;word-spacing:normal;\">Sans lactose</li>\n<li style=\"background:none;border:0px;float:none;margin:0px 0px 4px;padding:0px;min-width:0px;max-width:none;min-height:0px;max-height:none;word-spacing:normal;\">Se conserve au congélateur</li>\n</ul>','','biscuits-choco-canneberges','','','','Biscuits choco-canneberges','','','',''),(199,1,2,'','','biscuits-choco-canneberges','','','','Biscuits choco-canneberges','','','',''),(199,1,3,'','','biscuits-choco-canneberges','','','','Biscuits choco-canneberges','','','',''),(200,1,1,'<p><span style=\"font-family:\'Barlow Light\';font-size:14px;background-color:#f8f7f7;\">Ces choux-fleurs marinés avec ces saveurs indiennes, sont sucrés et délicieux dans un buddha bowl, une salade ou juste comme ça.</span><span style=\"font-family:\'Barlow Light\';font-size:14px;background-color:#f8f7f7;\"></span></p>\n<p><span style=\"font-family:\'Barlow Light\';font-size:14px;background-color:#f8f7f7;\">Ingrédients : Chou-fleur, Vinaigre blanc, Sucre, Sel, Épices, Fines herbes, Moutarde moulue. Contient : Moutarde. Peut contenir : Amandes, Noisettes, Pacanes, Œuf, Lait, Blé, Sésame, Arachides, Soya, Orge.</span></p>','<p><span style=\"font-family:\'Barlow Light\';font-size:14px;background-color:#f8f7f7;\">Choux-fleurs marinés avec d</span><span style=\"font-family:\'Barlow Light\';font-size:14px;background-color:#f8f7f7;\">es saveurs indiennes, qui sont sucrés et délicieux. </span></p>','choux-fleurs-marines-au-cari','','','','Choux-fleurs marinés au cari','','','',''),(200,1,2,'','','choux-fleurs-marines-au-cari','','','','Choux-fleurs marinés au cari','','','',''),(200,1,3,'','','choux-fleurs-marines-au-cari','','','','Choux-fleurs marinés au cari','','','',''),(201,1,1,'<p><span style=\"font-family:\'Barlow Light\';font-size:14px;background-color:#f8f7f7;\">Légèrement épicée, cette trempette rassemble toutes les saveurs traditionnelles d’une salsa réussi. Elle saura pimentée vos soirées tacos ou nachos !</span><br style=\"font-family:\'Barlow Light\';font-size:14px;background-color:#f8f7f7;\" /><br style=\"font-family:\'Barlow Light\';font-size:14px;background-color:#f8f7f7;\" /><span style=\"font-family:\'Barlow Light\';font-size:14px;background-color:#f8f7f7;\">Ingrédients : Tomates, Poivrons, Oignons, Vinaigre balsamique (vinaigre de vin, moût de raisin concentré, colorant caramel, sulfites), Jus de lime fait de concentré (eau, jus de lime concentré, sulfites, huile de lime), Sucre, Fine herbes, Sel, Ail, Épices. Contient : Sulfites. Peut contenir : Amandes, Noisettes, Pacanes, Œuf, Lait, Blé, Sésame, Arachides, Soya, Moutarde, Orge.</span></p>','<p><span style=\"font-family:\'Barlow Light\';font-size:14px;background-color:#f8f7f7;\">Légèrement épicée, cette trempette rassemble toutes les saveurs traditionnelles d’une salsa réussi. (375ml)</span></p>','salsa','','','','Salsa','','','',''),(201,1,2,'','','salsa','','','','Salsa','','','',''),(201,1,3,'','','salsa','','','','Salsa','','','',''),(202,1,1,'<p><span style=\"font-family:\'Barlow Light\';font-size:14px;background-color:#f8f7f7;\">Qui aurait cru que des zucchinis pourraient devenir la vedette d’une soirée barbecue ? C’est un condiment sucré et savoureux qui peut se servir sur à peu près tout.</span><br style=\"font-family:\'Barlow Light\';font-size:14px;background-color:#f8f7f7;\" /><br style=\"font-family:\'Barlow Light\';font-size:14px;background-color:#f8f7f7;\" /><span style=\"font-family:\'Barlow Light\';font-size:14px;background-color:#f8f7f7;\">Ingrédients : Courgette, Vinaigre blanc, Sucre, Poivrons, Oignons, Fleur d’ail, Sel, Épices. Peut contenir : Amandes, Noisettes, Pacanes, Œuf, Lait, Blé, Sésame, Arachides, Soya, Moutarde, Orge.</span></p>','<p><span style=\"font-family:\'Barlow Light\';font-size:14px;background-color:#f8f7f7;\">C’est un condiment sucré et savoureux qui peut se servir sur à peu près tout. (375ml)</span></p>','relish-de-courgettes','','','','Relish de courgettes','','','',''),(202,1,2,'','','relish-de-courgettes','','','','Relish de courgettes','','','',''),(202,1,3,'','','relish-de-courgettes','','','','Relish de courgettes','','','',''),(203,1,1,'<p><span style=\"font-family:\'Barlow Light\';font-size:14px;background-color:#f8f7f7;\">Vinaigrées et épicées, ces aubergines marinées se servent très bien en salade avec sa note d’origan.</span><br style=\"font-family:\'Barlow Light\';font-size:14px;background-color:#f8f7f7;\" /><br style=\"font-family:\'Barlow Light\';font-size:14px;background-color:#f8f7f7;\" /><span style=\"font-family:\'Barlow Light\';font-size:14px;background-color:#f8f7f7;\">Ingrédients : Aubergine, Vinaigre blanc, Sel, Sucre, Épices, Fines herbes. Peut contenir : Amandes, Noisettes, Pacanes, Œuf, Lait, Blé, Sésame, Arachides, Soya, Moutarde, Orge.</span></p>','<p>Aubergines marinées vinaigrées et épicées. (375ml)</p>','aubergines-marinees','','','','Aubergines marinées','','','',''),(203,1,2,'','','','','','','Aubergines marinées','','','',''),(203,1,3,'','','','','','','Aubergines marinées','','','',''),(204,1,1,'<p><span style=\"font-family:\'Barlow Light\';font-size:14px;background-color:#f8f7f7;\">Cette marinade de carottes et de radis au gingembre apportera une touche sucrée à vos repas d’inspiration asiatique.</span><br style=\"font-family:\'Barlow Light\';font-size:14px;background-color:#f8f7f7;\" /><br style=\"font-family:\'Barlow Light\';font-size:14px;background-color:#f8f7f7;\" /><span style=\"font-family:\'Barlow Light\';font-size:14px;background-color:#f8f7f7;\">Ingrédients : Vinaigre blanc, Carottes, Radis, Sucre, Gingembre, Ail. Peut contenir : Amandes, Noisettes, Pacanes, Œuf, Lait, Blé, Sésame, Arachides, Soya, Moutarde, Orge.</span></p>','<p><span style=\"font-family:\'Barlow Light\';font-size:14px;background-color:#f8f7f7;\">Cette marinade de carottes et de radis au gingembre apportera une touche sucrée à vos plats. </span></p>','carottes-et-radis-marines-au-gingembre','','','','Carottes et radis marinés au gingembre','','','',''),(204,1,2,'','','','','','','Carottes et radis marinés au gingembre','','','',''),(204,1,3,'','','','','','','Carottes et radis marinés au gingembre','','','',''),(205,1,1,'<p style=\"margin:0px;padding:0px;font-family:\'Barlow Light\';font-size:14px;background-color:#f8f7f7;\">Cette tartinade sucré de courges aux touches de cannelle et de muscade se déguste comme une confiture et saura rendre vos déjeuners et vos desserts chaleureux.</p>\n<p style=\"margin:0px;padding:0px;font-family:\'Barlow Light\';font-size:14px;background-color:#f8f7f7;\"></p>\n<p style=\"margin:0px;padding:0px;font-family:\'Barlow Light\';font-size:14px;background-color:#f8f7f7;\"></p>\n<p style=\"margin:0px;padding:0px;font-family:\'Barlow Light\';font-size:14px;background-color:#f8f7f7;\">Ingrédients : Courges, Sucre, Jus de citron fait de concentré (eau, jus de citron concentré, sulfites, huile de citron), Épices. Contient : Sulfites. Peut contenir : Amandes, Noisettes, Pacanes, Œufs, Lait, Blé, Sésame, Arachides, Soya, Moutarde, Orge.</p>','<p><span style=\"font-family:\'Barlow Light\';font-size:14px;background-color:#f8f7f7;\">Cette tartinade sucré de courges aux touches de cannelle et de muscade se déguste comme une confiture. (250ml)</span></p>','tartinade-sucree-de-courges-aux-epices','','','','Tartinade sucrée de courges aux épices','','','',''),(205,1,2,'','','tartinade-sucree-de-courges-aux-epices','','','','Tartinade sucrée de courges aux épices','','','',''),(205,1,3,'','','tartinade-sucree-de-courges-aux-epices','','','','Tartinade sucrée de courges aux épices','','','',''),(207,1,1,'<p style=\"margin:0px 0px 15px;color:#0c0b0b;font-family:Akko, sans-serif;font-size:14px;background-color:#ffffff;\">Cette confiture est divine avec un croissant au beurre ou du yogourt nature. Ingrédients: Poires, sucre bio, pamplemousses bio, jus de citron, gousse de vanille, pectine naturelle.</p>\n<p style=\"margin:0px 0px 15px;color:#0c0b0b;font-family:Akko, sans-serif;font-size:14px;background-color:#ffffff;\"> </p>\n<ul style=\"margin:0px 0px 1em 20px;padding:0px;list-style-position:outside;color:#0c0b0b;font-family:Akko, sans-serif;font-size:14px;background-color:#ffffff;\">\n<li style=\"margin-bottom:0.4em;\">Confiture du Québec</li>\n<li style=\"margin-bottom:0.4em;\">Végétalien</li>\n<li style=\"margin-bottom:0.4em;\">Sans gluten</li>\n<li style=\"margin-bottom:0.4em;\">Sans OGM</li>\n<li style=\"margin-bottom:0.4em;\">Cuisiné avec amour!</li>\n</ul>\n<table class=\"valeur\" style=\"border-collapse:collapse;border-spacing:0px;min-width:50%;table-layout:fixed;font-family:Akko, sans-serif;font-size:14px;background-color:#ffffff;\">\n<tbody>\n<tr>\n<td colspan=\"2\" class=\"grand\" style=\"padding:15px;border:1px solid #dedede;\"><span style=\"font-weight:bold;\">Valeur nutritive</span></td>\n</tr>\n<tr>\n<td colspan=\"2\" class=\"petit borderBottom\" style=\"padding:15px;border:1px solid #dedede;\">par portion de 15 ml/per 15 ml serving</td>\n</tr>\n<tr>\n<td style=\"padding:15px;border:1px solid #dedede;\">Teneur</td>\n<td class=\"droite\" style=\"padding:15px;border:1px solid #dedede;\">%Valeur Quotidienne</td>\n</tr>\n<tr>\n<td class=\"borderBottom\" style=\"padding:15px;border:1px solid #dedede;\">Amount</td>\n<td class=\"droite borderBottom\" style=\"padding:15px;border:1px solid #dedede;\">%Daily Value</td>\n</tr>\n<tr>\n<td class=\"borderBottom\" style=\"padding:15px;border:1px solid #dedede;\">Calories/Calories</td>\n<td class=\"droite borderBottom\" style=\"padding:15px;border:1px solid #dedede;\">12</td>\n</tr>\n<tr>\n<td class=\"borderBottom\" style=\"padding:15px;border:1px solid #dedede;\">Lipides/Fat</td>\n<td class=\"droite borderBottom\" style=\"padding:15px;border:1px solid #dedede;\">0g 0%</td>\n</tr>\n<tr>\n<td class=\"borderBottom\" style=\"padding:15px;border:1px solid #dedede;\">Glucides/Carbohydrate</td>\n<td class=\"droite borderBottom\" style=\"padding:15px;border:1px solid #dedede;\">9g 3%</td>\n</tr>\n<tr>\n<td class=\"borderBottom\" style=\"padding:15px;border:1px solid #dedede;\">Protéines/Proteins</td>\n<td class=\"droite borderBottom\" style=\"padding:15px;border:1px solid #dedede;\">0g</td>\n</tr>\n</tbody>\n</table>','<p><span style=\"color:#0c0b0b;font-family:Akko, sans-serif;font-size:14px;background-color:#ffffff;\">Cette confiture est divine avec un croissant au beurre ou du yogourt nature.</span></p>','confiture-de-poires-vanille-et-pamplemousse','','','','Confiture de poires, vanille et pamplemousse','','','',''),(207,1,2,'','','confiture-de-poires-vanille-et-pamplemousse','','','','Confiture de poires, vanille et pamplemousse','','','',''),(207,1,3,'','','confiture-de-poires-vanille-et-pamplemousse','','','','Confiture de poires, vanille et pamplemousse','','','',''),(208,1,1,'<p style=\"margin:0px 0px 15px;color:#0c0b0b;font-family:Akko, sans-serif;font-size:14px;background-color:#ffffff;\"><span>Cette confiture gourmande allie avec bonheur le fruité incomparable du bleuet et les saveurs riches et beurrées du sirop d’érable. Elle est</span> délicieuse avec un pain baguette et du fromage à la crème ou même à la petite cuillère! Ingrédients: Bleuets sauvages, sucre bio, sirop d’érable, jus de citron, pectine naturelle.</p>\n<ul style=\"margin:0px 0px 1em 20px;padding:0px;list-style-position:outside;color:#0c0b0b;font-family:Akko, sans-serif;font-size:14px;background-color:#ffffff;\">\n<li style=\"margin-bottom:0.4em;\">Confiture du Québec</li>\n<li style=\"margin-bottom:0.4em;\">Végétalien</li>\n<li style=\"margin-bottom:0.4em;\">Sans gluten</li>\n<li style=\"margin-bottom:0.4em;\">Sans OGM</li>\n<li style=\"margin-bottom:0.4em;\">Cuisiné avec amour!</li>\n</ul>\n<table class=\"valeur\" style=\"border-collapse:collapse;border-spacing:0px;min-width:50%;table-layout:fixed;font-family:Akko, sans-serif;font-size:14px;background-color:#ffffff;\">\n<tbody>\n<tr>\n<td class=\"grand\" colspan=\"2\" style=\"padding:15px;border:1px solid #dedede;\"><span style=\"font-weight:bold;\">Valeur nutritive</span></td>\n</tr>\n<tr>\n<td class=\"petit borderBottom\" colspan=\"2\" style=\"padding:15px;border:1px solid #dedede;\">par portion de 15 ml/per 15 ml serving</td>\n</tr>\n<tr>\n<td style=\"padding:15px;border:1px solid #dedede;\">Teneur</td>\n<td class=\"droite\" style=\"padding:15px;border:1px solid #dedede;\">%Valeur Quotidienne</td>\n</tr>\n<tr>\n<td class=\"borderBottom\" style=\"padding:15px;border:1px solid #dedede;\">Amount</td>\n<td class=\"droite borderBottom\" style=\"padding:15px;border:1px solid #dedede;\">%Daily Value</td>\n</tr>\n<tr>\n<td class=\"borderBottom\" style=\"padding:15px;border:1px solid #dedede;\">Calories/Calories</td>\n<td class=\"droite borderBottom\" style=\"padding:15px;border:1px solid #dedede;\">18</td>\n</tr>\n<tr>\n<td class=\"borderBottom\" style=\"padding:15px;border:1px solid #dedede;\">Lipides/Fat</td>\n<td class=\"droite borderBottom\" style=\"padding:15px;border:1px solid #dedede;\">0g 0%</td>\n</tr>\n<tr>\n<td class=\"borderBottom\" style=\"padding:15px;border:1px solid #dedede;\">Glucides/Carbohydrate</td>\n<td class=\"droite borderBottom\" style=\"padding:15px;border:1px solid #dedede;\">5g 2%</td>\n</tr>\n<tr>\n<td class=\"borderBottom\" style=\"padding:15px;border:1px solid #dedede;\">Protéines/Proteins</td>\n<td class=\"droite borderBottom\" style=\"padding:15px;border:1px solid #dedede;\">0g</td>\n</tr>\n</tbody>\n</table>','<p><span style=\"color:#0c0b0b;font-family:Akko, sans-serif;font-size:14px;background-color:#ffffff;\">Cette confiture gourmande allie avec bonheur le fruité incomparable du bleuet et les saveurs riches et beurrées du sirop d’érable. </span></p>','confiture-de-bleuets-sauvages-a-l-erable','','','','Confiture de bleuets sauvages à l\'érable','','','',''),(208,1,2,'','','confiture-de-bleuets-sauvages-a-l-erable','','','','Confiture de bleuets sauvages à l\'érable','','','',''),(208,1,3,'','','confiture-de-bleuets-sauvages-a-l-erable','','','','Confiture de bleuets sauvages à l\'érable','','','',''),(209,1,1,'<p style=\"margin:0px 0px 15px;color:#0c0b0b;font-family:Akko, sans-serif;font-size:14px;background-color:#ffffff;\">Délicieuse avec un bagel et fromage à la crème, un muffin anglais, du chocolat noir ou du yogourt nature. Ingrédients: Framboises, sucre bio, jus de citron, hibisus, pectine naturelle.</p>\n<ul style=\"margin:0px 0px 1em 20px;padding:0px;list-style-position:outside;color:#0c0b0b;font-family:Akko, sans-serif;font-size:14px;background-color:#ffffff;\">\n<li style=\"margin-bottom:0.4em;\">Confiture du Québec</li>\n<li style=\"margin-bottom:0.4em;\">Végétalien</li>\n<li style=\"margin-bottom:0.4em;\">Sans gluten</li>\n<li style=\"margin-bottom:0.4em;\">Sans OGM</li>\n<li style=\"margin-bottom:0.4em;\">Cuisiné avec amour!</li>\n</ul>\n<h2 style=\"margin:0.5em 0px;line-height:1.4;font-family:Akko, sans-serif;font-weight:400;font-size:1.333em;color:#2f2f2f;background-color:#ffffff;\"></h2>\n<table class=\"valeur\" style=\"border-collapse:collapse;border-spacing:0px;min-width:50%;table-layout:fixed;font-family:Akko, sans-serif;font-size:14px;background-color:#ffffff;\">\n<tbody>\n<tr>\n<td colspan=\"2\" class=\"grand\" style=\"padding:15px;border:1px solid #dedede;\"><span style=\"font-weight:bold;\">Valeur nutritive</span></td>\n</tr>\n<tr>\n<td colspan=\"2\" class=\"petit borderBottom\" style=\"padding:15px;border:1px solid #dedede;\">par portion de 15 ml/per 15 ml serving</td>\n</tr>\n<tr>\n<td style=\"padding:15px;border:1px solid #dedede;\">Teneur</td>\n<td class=\"droite\" style=\"padding:15px;border:1px solid #dedede;\">%Valeur Quotidienne</td>\n</tr>\n<tr>\n<td class=\"borderBottom\" style=\"padding:15px;border:1px solid #dedede;\">Amount</td>\n<td class=\"droite borderBottom\" style=\"padding:15px;border:1px solid #dedede;\">%Daily Value</td>\n</tr>\n<tr>\n<td class=\"borderBottom\" style=\"padding:15px;border:1px solid #dedede;\">Calories/Calories</td>\n<td class=\"droite borderBottom\" style=\"padding:15px;border:1px solid #dedede;\">9</td>\n</tr>\n<tr>\n<td class=\"borderBottom\" style=\"padding:15px;border:1px solid #dedede;\">Lipides/Fat</td>\n<td class=\"droite borderBottom\" style=\"padding:15px;border:1px solid #dedede;\">0g 0%</td>\n</tr>\n<tr>\n<td class=\"borderBottom\" style=\"padding:15px;border:1px solid #dedede;\">Glucides/Carbohydrate</td>\n<td class=\"droite borderBottom\" style=\"padding:15px;border:1px solid #dedede;\">7g 2%</td>\n</tr>\n<tr>\n<td class=\"borderBottom\" style=\"padding:15px;border:1px solid #dedede;\">Protéines/Proteins</td>\n<td class=\"droite borderBottom\" style=\"padding:15px;border:1px solid #dedede;\">0g</td>\n</tr>\n</tbody>\n</table>','<p><span style=\"color:#0c0b0b;font-family:Akko, sans-serif;font-size:14px;background-color:#ffffff;\">Délicieuse avec un bagel et fromage à la crème, un muffin anglais, du chocolat noir ou du yogourt nature. (212ml)</span></p>','confiture-framboise-et-hibiscus','','','','Confiture Framboise et Hibiscus','','','',''),(209,1,2,'','','','','','','Confiture Framboise et Hibiscus','','','',''),(209,1,3,'','','','','','','Confiture Framboise et Hibiscus','','','',''),(211,1,1,'<p style=\"margin:0px 0px 15px;color:#0c0b0b;font-family:Akko, sans-serif;font-size:14px;background-color:#ffffff;\">Avec les fruits secs, les zestes d’agrumes, la vanille et le brandy, cette tartinade riche et épicée est la douceur idéale pour le matin de Noël. Cette confiture est délicieuse avec une brioche ou pour accompagner les fromages. Ingrédients: Poires, sucre bio, oranges bio, jus de pomme, citrons bio, canneberges, abricots et raisins séchés bio, brandy de pomme, vanille, pectine naturelle, cannelle, girofle. </p>\n<ul style=\"margin:0px 0px 1em 20px;padding:0px;list-style-position:outside;color:#0c0b0b;font-family:Akko, sans-serif;font-size:14px;background-color:#ffffff;\">\n<li style=\"margin-bottom:0.4em;\">Confiture du Québec</li>\n<li style=\"margin-bottom:0.4em;\">Végétalien</li>\n<li style=\"margin-bottom:0.4em;\">Sans gluten</li>\n<li style=\"margin-bottom:0.4em;\">Sans OGM</li>\n<li style=\"margin-bottom:0.4em;\">Cuisiné avec amour!</li>\n</ul>\n<table class=\"valeur\" style=\"border-collapse:collapse;border-spacing:0px;min-width:50%;table-layout:fixed;font-family:Akko, sans-serif;background-color:#ffffff;font-size:1.4em;\">\n<tbody>\n<tr>\n<td class=\"grand\" colspan=\"2\" style=\"padding:15px;border:1px solid #dedede;\"><span style=\"font-weight:bold;\">Valeur nutritive</span></td>\n</tr>\n<tr>\n<td class=\"petit borderBottom\" colspan=\"2\" style=\"padding:15px;border:1px solid #dedede;\">Par portion de 15 ml/per 15 ml serving</td>\n</tr>\n<tr>\n<td style=\"padding:15px;border:1px solid #dedede;\">Teneur</td>\n<td class=\"droite\" style=\"padding:15px;border:1px solid #dedede;\">%Valeur Quotidienne</td>\n</tr>\n<tr>\n<td class=\"borderBottom\" style=\"padding:15px;border:1px solid #dedede;\">Amount</td>\n<td class=\"droite borderBottom\" style=\"padding:15px;border:1px solid #dedede;\">%Daily Value</td>\n</tr>\n<tr>\n<td class=\"borderBottom\" style=\"padding:15px;border:1px solid #dedede;\">Calories/Calories</td>\n<td class=\"droite borderBottom\" style=\"padding:15px;border:1px solid #dedede;\">9</td>\n</tr>\n<tr>\n<td class=\"borderBottom\" style=\"padding:15px;border:1px solid #dedede;\">Lipides/Fat</td>\n<td class=\"droite borderBottom\" style=\"padding:15px;border:1px solid #dedede;\">0g 0%</td>\n</tr>\n<tr>\n<td class=\"borderBottom\" style=\"padding:15px;border:1px solid #dedede;\">Glucides/Carbohydrate</td>\n<td class=\"droite borderBottom\" style=\"padding:15px;border:1px solid #dedede;\">4g 1%</td>\n</tr>\n<tr>\n<td class=\"borderBottom\" style=\"padding:15px;border:1px solid #dedede;\">Protéines/Proteins</td>\n<td class=\"droite borderBottom\" style=\"padding:15px;border:1px solid #dedede;\">0g</td>\n</tr>\n</tbody>\n</table>','<p><span style=\"color:#0c0b0b;font-family:Akko, sans-serif;font-size:14px;background-color:#ffffff;\">Cette tartinade riche et épicée est la douceur idéale pour le matin de Noël.</span></p>','confiture-de-noel-','','','','Confiture de Noël','','','',''),(211,1,2,'','','confiture-de-noel-','','','','Confiture de Noël','','','',''),(211,1,3,'','','confiture-de-noel-','','','','Confiture de Noël','','','',''),(212,1,1,'<p style=\"margin:0px 0px 15px;color:#0c0b0b;font-family:Akko, sans-serif;font-size:14px;background-color:#ffffff;\">Une confiture artisanale préparée avec des fraises du Québec! Elle est délicieuse avec une brioche, des croissants ou du yogourt nature.  </p>\n<ul style=\"margin:0px 0px 1em 20px;padding:0px;list-style-position:outside;color:#0c0b0b;font-family:Akko, sans-serif;font-size:14px;background-color:#ffffff;\">\n<li style=\"margin-bottom:0.4em;\">Confiture du Québec</li>\n<li style=\"margin-bottom:0.4em;\">Végétalien</li>\n<li style=\"margin-bottom:0.4em;\">Sans gluten</li>\n<li style=\"margin-bottom:0.4em;\">Sans OGM</li>\n<li style=\"margin-bottom:0.4em;\">Cuisiné avec amour!</li>\n</ul>\n<table class=\"valeur\" style=\"border-collapse:collapse;border-spacing:0px;min-width:50%;table-layout:fixed;font-family:Akko, sans-serif;font-size:14px;background-color:#ffffff;\">\n<tbody>\n<tr>\n<td colspan=\"2\" class=\"grand\" style=\"padding:15px;border:1px solid #dedede;\"><span style=\"font-weight:bold;\">Valeur nutritive</span></td>\n</tr>\n<tr>\n<td colspan=\"2\" class=\"petit borderBottom\" style=\"padding:15px;border:1px solid #dedede;\">par portion de 15 ml/per 15 ml serving</td>\n</tr>\n<tr>\n<td style=\"padding:15px;border:1px solid #dedede;\">Teneur</td>\n<td class=\"droite\" style=\"padding:15px;border:1px solid #dedede;\">%Valeur Quotidienne</td>\n</tr>\n<tr>\n<td class=\"borderBottom\" style=\"padding:15px;border:1px solid #dedede;\">Amount</td>\n<td class=\"droite borderBottom\" style=\"padding:15px;border:1px solid #dedede;\">%Daily Value</td>\n</tr>\n<tr>\n<td class=\"borderBottom\" style=\"padding:15px;border:1px solid #dedede;\">Calories/Calories</td>\n<td class=\"droite borderBottom\" style=\"padding:15px;border:1px solid #dedede;\">13</td>\n</tr>\n<tr>\n<td class=\"borderBottom\" style=\"padding:15px;border:1px solid #dedede;\">Lipides/Fat</td>\n<td class=\"droite borderBottom\" style=\"padding:15px;border:1px solid #dedede;\">0g 0%</td>\n</tr>\n<tr>\n<td class=\"borderBottom\" style=\"padding:15px;border:1px solid #dedede;\">Glucides/Carbohydrate</td>\n<td class=\"droite borderBottom\" style=\"padding:15px;border:1px solid #dedede;\">7g 2%</td>\n</tr>\n<tr>\n<td class=\"borderBottom\" style=\"padding:15px;border:1px solid #dedede;\">Protéines/Proteins</td>\n<td class=\"droite borderBottom\" style=\"padding:15px;border:1px solid #dedede;\">0g</td>\n</tr>\n</tbody>\n</table>','<p><span style=\"color:#0c0b0b;font-family:Akko, sans-serif;font-size:14px;background-color:#ffffff;\">Une confiture artisanale préparée avec des fraises du Québec! (212ml)</span></p>','confiture-de-fraises-et-menthe-chocolatee','','','','Confiture de fraises et menthe chocolatée','','','',''),(212,1,2,'','','confiture-de-fraises-et-menthe-chocolatee','','','','Confiture de fraises et menthe chocolatée','','','',''),(212,1,3,'','','confiture-de-fraises-et-menthe-chocolatee','','','','Confiture de fraises et menthe chocolatée','','','',''),(213,1,1,'<p style=\"margin:0px 0px 15px;color:#0c0b0b;font-family:Akko, sans-serif;font-size:14px;background-color:#ffffff;\"><span>Délicieuse avec un pain baguette, un gâteau éponge ou un yogourt. </span>Ingrédients: Rhubarbe, sucre bio, eau, sureau, cerises sauvages, jus de citron, pectine naturelle, fleurs sauvages (sureau, rose). </p>\n<ul style=\"margin:0px 0px 1em 20px;padding:0px;list-style-position:outside;color:#0c0b0b;font-family:Akko, sans-serif;font-size:14px;background-color:#ffffff;\">\n<li style=\"margin-bottom:0.4em;\">Confiture du Québec</li>\n<li style=\"margin-bottom:0.4em;\">Végétalien</li>\n<li style=\"margin-bottom:0.4em;\">Sans gluten</li>\n<li style=\"margin-bottom:0.4em;\">Sans OGM</li>\n<li style=\"margin-bottom:0.4em;\">Cuisiné avec amour!</li>\n</ul>\n<table class=\"valeur\" style=\"border-collapse:collapse;border-spacing:0px;min-width:50%;table-layout:fixed;font-family:Akko, sans-serif;font-size:14px;background-color:#ffffff;\">\n<tbody>\n<tr>\n<td class=\"grand\" colspan=\"2\" style=\"padding:15px;border:1px solid #dedede;\"><span style=\"font-weight:bold;\">Valeur nutritive</span></td>\n</tr>\n<tr>\n<td class=\"petit borderBottom\" colspan=\"2\" style=\"padding:15px;border:1px solid #dedede;\">par portion de 15 ml/per 15 ml serving</td>\n</tr>\n<tr>\n<td style=\"padding:15px;border:1px solid #dedede;\">Teneur</td>\n<td class=\"droite\" style=\"padding:15px;border:1px solid #dedede;\">%Valeur Quotidienne</td>\n</tr>\n<tr>\n<td class=\"borderBottom\" style=\"padding:15px;border:1px solid #dedede;\">Amount</td>\n<td class=\"droite borderBottom\" style=\"padding:15px;border:1px solid #dedede;\">%Daily Value</td>\n</tr>\n<tr>\n<td class=\"borderBottom\" style=\"padding:15px;border:1px solid #dedede;\">Calories/Calories</td>\n<td class=\"droite borderBottom\" style=\"padding:15px;border:1px solid #dedede;\">7</td>\n</tr>\n<tr>\n<td class=\"borderBottom\" style=\"padding:15px;border:1px solid #dedede;\">Lipides/Fat</td>\n<td class=\"droite borderBottom\" style=\"padding:15px;border:1px solid #dedede;\">0g 0%</td>\n</tr>\n<tr>\n<td class=\"borderBottom\" style=\"padding:15px;border:1px solid #dedede;\">Glucides/Carbohydrate</td>\n<td class=\"droite borderBottom\" style=\"padding:15px;border:1px solid #dedede;\">6g 2%</td>\n</tr>\n<tr>\n<td class=\"borderBottom\" style=\"padding:15px;border:1px solid #dedede;\">Protéines/Proteins</td>\n<td class=\"droite borderBottom\" style=\"padding:15px;border:1px solid #dedede;\">0g</td>\n</tr>\n</tbody>\n</table>','<p><span style=\"color:#0c0b0b;font-family:Akko, sans-serif;font-size:14px;background-color:#ffffff;\">Délicieuse avec un pain baguette, un gâteau éponge ou un yogourt. (212ml)</span></p>','confiture-de-rhubarbe-et-fleurs-sauvages-','','','','Confiture de rhubarbe et fleurs sauvages','','','',''),(213,1,2,'','','','','','','Confiture de rhubarbe et fleurs sauvages','','','',''),(213,1,3,'','','','','','','Confiture de rhubarbe et fleurs sauvages','','','',''),(215,1,1,'<p style=\"margin:0px 0px 15px;color:#0c0b0b;font-family:Akko, sans-serif;font-size:14px;background-color:#ffffff;\">À découvrir sur des crêpes, gâteau blanc ou un brie crémeux (ou chaud). Sa texture est riche et les fruits y sont croquants. </p>\n<ul style=\"margin:0px 0px 1em 20px;padding:0px;list-style-position:outside;color:#0c0b0b;font-family:Akko, sans-serif;font-size:14px;background-color:#ffffff;\">\n<li style=\"margin-bottom:0.4em;\">Confiture du Québec</li>\n<li style=\"margin-bottom:0.4em;\">Végétalien</li>\n<li style=\"margin-bottom:0.4em;\">Sans gluten</li>\n<li style=\"margin-bottom:0.4em;\">Sans OGM</li>\n<li style=\"margin-bottom:0.4em;\">Cuisiné avec amour!</li>\n</ul>','<p><span style=\"color:#0c0b0b;font-family:Akko, sans-serif;font-size:14px;background-color:#ffffff;\">Sa texture est riche et les fruits y sont croquants. (212ml)</span></p>','confiture-de-cerise-de-terre-','','','','Confiture de cerise de terre','','','',''),(215,1,2,'','','','','','','Confiture de cerise de terre','','','',''),(215,1,3,'','','','','','','Confiture de cerise de terre','','','',''),(216,1,1,'<p style=\"margin:0px 0px 15px;color:#0c0b0b;font-family:Akko, sans-serif;font-size:14px;background-color:#ffffff;\">Cette gelée contient toutes les savoureuses nuances des fleurs et des fruits sauvages: l’essence même de la plus douce volupté. Elle est incomparable avec un croissant au beurre ou avec un fromage frais de brebis. Ingrédients: Pommes, eau, sucre bio, framboises et roses sauvages, jus de citron, pectine naturelle. </p>\n<ul style=\"margin:0px 0px 1em 20px;padding:0px;list-style-position:outside;color:#0c0b0b;font-family:Akko, sans-serif;font-size:14px;background-color:#ffffff;\">\n<li style=\"margin-bottom:0.4em;\">Produit du Québec</li>\n<li style=\"margin-bottom:0.4em;\">Végétalien</li>\n<li style=\"margin-bottom:0.4em;\">Sans gluten</li>\n<li style=\"margin-bottom:0.4em;\">Sans OGM</li>\n<li style=\"margin-bottom:0.4em;\">Cuisiné avec amour!</li>\n</ul>\n<table class=\"valeur\" style=\"border-collapse:collapse;border-spacing:0px;min-width:50%;table-layout:fixed;font-family:Akko, sans-serif;font-size:14px;background-color:#ffffff;\">\n<tbody>\n<tr>\n<td class=\"grand\" colspan=\"2\" style=\"padding:15px;border:1px solid #dedede;\"><span style=\"font-weight:bold;\">Valeur nutritive</span></td>\n</tr>\n<tr>\n<td class=\"petit borderBottom\" colspan=\"2\" style=\"padding:15px;border:1px solid #dedede;\">par portion de 15 ml/per 15 ml serving</td>\n</tr>\n<tr>\n<td style=\"padding:15px;border:1px solid #dedede;\">Teneur</td>\n<td class=\"droite\" style=\"padding:15px;border:1px solid #dedede;\">%Valeur Quotidienne</td>\n</tr>\n<tr>\n<td class=\"borderBottom\" style=\"padding:15px;border:1px solid #dedede;\">Amount</td>\n<td class=\"droite borderBottom\" style=\"padding:15px;border:1px solid #dedede;\">%Daily Value</td>\n</tr>\n<tr>\n<td class=\"borderBottom\" style=\"padding:15px;border:1px solid #dedede;\">Calories/Calories</td>\n<td class=\"droite borderBottom\" style=\"padding:15px;border:1px solid #dedede;\">14</td>\n</tr>\n<tr>\n<td class=\"borderBottom\" style=\"padding:15px;border:1px solid #dedede;\">Lipides/Fat</td>\n<td class=\"droite borderBottom\" style=\"padding:15px;border:1px solid #dedede;\">0g 0%</td>\n</tr>\n<tr>\n<td class=\"borderBottom\" style=\"padding:15px;border:1px solid #dedede;\">Glucides/Carbohydrate</td>\n<td class=\"droite borderBottom\" style=\"padding:15px;border:1px solid #dedede;\">10g 3%</td>\n</tr>\n<tr>\n<td class=\"borderBottom\" style=\"padding:15px;border:1px solid #dedede;\">Protéines/Proteins</td>\n<td class=\"droite borderBottom\" style=\"padding:15px;border:1px solid #dedede;\">0g</td>\n</tr>\n</tbody>\n</table>','<p><span style=\"color:#0c0b0b;font-family:Akko, sans-serif;font-size:14px;background-color:#ffffff;\">Cette gelée contient toutes les savoureuses nuances des fleurs et des fruits sauvages: l’essence même de la plus douce volupté.  (212ml)</span></p>','gelee-de-rose-sauvage-et-framboise','','','','Gelée de rose sauvage et framboise','','','',''),(216,1,2,'','','gelee-de-rose-sauvage-et-framboise','','','','Gelée de rose sauvage et framboise','','','',''),(216,1,3,'','','gelee-de-rose-sauvage-et-framboise','','','','Gelée de rose sauvage et framboise','','','',''),(217,1,1,'<p style=\"margin:0px 0px 15px;color:#0c0b0b;font-family:Akko, sans-serif;font-size:14px;background-color:#ffffff;\">Délicieuse avec un croissant ou du yogourt nature. Ingrédients: Fraises non traitées, sucre bio, sureau, eau, jus de citron, pectine naturelle. </p>\n<ul style=\"margin:0px 0px 1em 20px;padding:0px;list-style-position:outside;color:#0c0b0b;font-family:Akko, sans-serif;font-size:14px;background-color:#ffffff;\">\n<li style=\"margin-bottom:0.4em;\">Confiture du Québec</li>\n<li style=\"margin-bottom:0.4em;\">Végétalien</li>\n<li style=\"margin-bottom:0.4em;\">Sans gluten</li>\n<li style=\"margin-bottom:0.4em;\">Sans OGM</li>\n<li style=\"margin-bottom:0.4em;\">Cuisiné avec amour!</li>\n</ul>\n<h2 style=\"margin:0.5em 0px;line-height:1.4;font-family:Akko, sans-serif;font-weight:400;font-size:1.333em;color:#2f2f2f;background-color:#ffffff;\"></h2>\n<table class=\"valeur\" style=\"border-collapse:collapse;border-spacing:0px;min-width:50%;table-layout:fixed;font-family:Akko, sans-serif;font-size:14px;background-color:#ffffff;\">\n<tbody>\n<tr>\n<td colspan=\"2\" class=\"grand\" style=\"padding:15px;border:1px solid #dedede;\"><span style=\"font-weight:bold;\">Valeur nutritive</span></td>\n</tr>\n<tr>\n<td colspan=\"2\" class=\"petit borderBottom\" style=\"padding:15px;border:1px solid #dedede;\">par portion de 15 ml/per 15 ml serving</td>\n</tr>\n<tr>\n<td style=\"padding:15px;border:1px solid #dedede;\">Teneur</td>\n<td class=\"droite\" style=\"padding:15px;border:1px solid #dedede;\">%Valeur Quotidienne</td>\n</tr>\n<tr>\n<td class=\"borderBottom\" style=\"padding:15px;border:1px solid #dedede;\">Amount</td>\n<td class=\"droite borderBottom\" style=\"padding:15px;border:1px solid #dedede;\">%Daily Value</td>\n</tr>\n<tr>\n<td class=\"borderBottom\" style=\"padding:15px;border:1px solid #dedede;\">Calories/Calories</td>\n<td class=\"droite borderBottom\" style=\"padding:15px;border:1px solid #dedede;\">9</td>\n</tr>\n<tr>\n<td class=\"borderBottom\" style=\"padding:15px;border:1px solid #dedede;\">Lipides/Fat</td>\n<td class=\"droite borderBottom\" style=\"padding:15px;border:1px solid #dedede;\">0g 0%</td>\n</tr>\n<tr>\n<td class=\"borderBottom\" style=\"padding:15px;border:1px solid #dedede;\">Glucides/Carbohydrate</td>\n<td class=\"droite borderBottom\" style=\"padding:15px;border:1px solid #dedede;\">7g 2%</td>\n</tr>\n<tr>\n<td class=\"borderBottom\" style=\"padding:15px;border:1px solid #dedede;\">Protéines/Proteins</td>\n<td class=\"droite borderBottom\" style=\"padding:15px;border:1px solid #dedede;\">0g</td>\n</tr>\n</tbody>\n</table>','<p><span style=\"color:#0c0b0b;font-family:Akko, sans-serif;font-size:14px;background-color:#ffffff;\">Délicieuse avec un croissant ou du yogourt nature.</span></p>','confiture-de-fraise-et-sureau','','','','Confiture de fraise et sureau','','','',''),(217,1,2,'','','','','','','Confiture de fraise et sureau','','','',''),(217,1,3,'','','','','','','Confiture de fraise et sureau','','','',''),(218,1,1,'<p style=\"margin:0px 0px 15px;color:#0c0b0b;font-family:Akko, sans-serif;font-size:14px;background-color:#ffffff;\">Délicieuse avec une brioche chaude ou un biscuit salé, accompagné d’un thé noir. Ingrédients: Prunes, sucre bio, sirop d’érable, jus de citron, thé noir du Yunnan, canelle. </p>\n<ul style=\"margin:0px 0px 1em 20px;padding:0px;list-style-position:outside;color:#0c0b0b;font-family:Akko, sans-serif;font-size:14px;background-color:#ffffff;\">\n<li style=\"margin-bottom:0.4em;\">Confiture du Québec</li>\n<li style=\"margin-bottom:0.4em;\">Végétalien</li>\n<li style=\"margin-bottom:0.4em;\">Sans gluten</li>\n<li style=\"margin-bottom:0.4em;\">Sans OGM</li>\n<li style=\"margin-bottom:0.4em;\">Cuisiné avec amour!</li>\n</ul>\n<table class=\"valeur\" style=\"border-collapse:collapse;border-spacing:0px;min-width:50%;table-layout:fixed;font-family:Akko, sans-serif;font-size:14px;background-color:#ffffff;\">\n<tbody>\n<tr>\n<td class=\"grand\" colspan=\"2\" style=\"padding:15px;border:1px solid #dedede;\"><span style=\"font-weight:bold;\">Valeur nutritive</span></td>\n</tr>\n<tr>\n<td class=\"petit borderBottom\" colspan=\"2\" style=\"padding:15px;border:1px solid #dedede;\">par portion de 15 ml/per 15 ml serving</td>\n</tr>\n<tr>\n<td style=\"padding:15px;border:1px solid #dedede;\">Teneur</td>\n<td class=\"droite\" style=\"padding:15px;border:1px solid #dedede;\">%Valeur Quotidienne</td>\n</tr>\n<tr>\n<td class=\"borderBottom\" style=\"padding:15px;border:1px solid #dedede;\">Amount</td>\n<td class=\"droite borderBottom\" style=\"padding:15px;border:1px solid #dedede;\">%Daily Value</td>\n</tr>\n<tr>\n<td class=\"borderBottom\" style=\"padding:15px;border:1px solid #dedede;\">Calories/Calories</td>\n<td class=\"droite borderBottom\" style=\"padding:15px;border:1px solid #dedede;\">12</td>\n</tr>\n<tr>\n<td class=\"borderBottom\" style=\"padding:15px;border:1px solid #dedede;\">Lipides/Fat</td>\n<td class=\"droite borderBottom\" style=\"padding:15px;border:1px solid #dedede;\">0g 0%</td>\n</tr>\n<tr>\n<td class=\"borderBottom\" style=\"padding:15px;border:1px solid #dedede;\">Glucides/Carbohydrate</td>\n<td class=\"droite borderBottom\" style=\"padding:15px;border:1px solid #dedede;\">7g 2%</td>\n</tr>\n<tr>\n<td class=\"borderBottom\" style=\"padding:15px;border:1px solid #dedede;\">Protéines/Proteins</td>\n<td class=\"droite borderBottom\" style=\"padding:15px;border:1px solid #dedede;\">0g</td>\n</tr>\n</tbody>\n</table>','<p><span style=\"color:#0c0b0b;font-family:Akko, sans-serif;font-size:14px;background-color:#ffffff;\">Délicieuse avec une brioche chaude ou un biscuit salé, accompagné d’un thé noir. (212ml)</span></p>','confiture-de-prune-et-the-noir','','','','Confiture de prune et thé noir','','','',''),(218,1,2,'','','','','','','Confiture de prune et thé noir','','','',''),(218,1,3,'','','','','','','Confiture de prune et thé noir','','','',''),(219,1,1,'<p style=\"margin:0px 0px 15px;color:#0c0b0b;font-family:Akko, sans-serif;font-size:14px;background-color:#ffffff;\">Délicieuse avec un fromage bleu, un fromage à croûte lavée ou à croûte fleurie. Ingrédients: Poire, sucre bio, brandy de pomme, jus de citron, pectine naturelle, fleurs de thym. </p>\n<ul style=\"margin:0px 0px 1em 20px;padding:0px;list-style-position:outside;color:#0c0b0b;font-family:Akko, sans-serif;font-size:14px;background-color:#ffffff;\">\n<li style=\"margin-bottom:0.4em;\">Confiture du Québec</li>\n<li style=\"margin-bottom:0.4em;\">Végétalien</li>\n<li style=\"margin-bottom:0.4em;\">Sans gluten</li>\n<li style=\"margin-bottom:0.4em;\">Sans OGM</li>\n<li style=\"margin-bottom:0.4em;\">Cuisiné avec amour!</li>\n</ul>\n<table class=\"valeur\" style=\"border-collapse:collapse;border-spacing:0px;min-width:50%;table-layout:fixed;font-family:Akko, sans-serif;font-size:14px;background-color:#ffffff;\">\n<tbody>\n<tr>\n<td class=\"grand\" colspan=\"2\" style=\"padding:15px;border:1px solid #dedede;\"><span style=\"font-weight:bold;\">Valeur nutritive</span></td>\n</tr>\n<tr>\n<td class=\"petit borderBottom\" colspan=\"2\" style=\"padding:15px;border:1px solid #dedede;\">par portion de 15 ml/per 15 ml serving</td>\n</tr>\n<tr>\n<td style=\"padding:15px;border:1px solid #dedede;\">Teneur</td>\n<td class=\"droite\" style=\"padding:15px;border:1px solid #dedede;\">%Valeur Quotidienne</td>\n</tr>\n<tr>\n<td class=\"borderBottom\" style=\"padding:15px;border:1px solid #dedede;\">Amount</td>\n<td class=\"droite borderBottom\" style=\"padding:15px;border:1px solid #dedede;\">%Daily Value</td>\n</tr>\n<tr>\n<td class=\"borderBottom\" style=\"padding:15px;border:1px solid #dedede;\">Calories/Calories</td>\n<td class=\"droite borderBottom\" style=\"padding:15px;border:1px solid #dedede;\">12</td>\n</tr>\n<tr>\n<td class=\"borderBottom\" style=\"padding:15px;border:1px solid #dedede;\">Lipides/Fat</td>\n<td class=\"droite borderBottom\" style=\"padding:15px;border:1px solid #dedede;\">0g 0%</td>\n</tr>\n<tr>\n<td class=\"borderBottom\" style=\"padding:15px;border:1px solid #dedede;\">Glucides/Carbohydrate</td>\n<td class=\"droite borderBottom\" style=\"padding:15px;border:1px solid #dedede;\">9g 3%</td>\n</tr>\n<tr>\n<td class=\"borderBottom\" style=\"padding:15px;border:1px solid #dedede;\">Protéines/Proteins</td>\n<td class=\"droite borderBottom\" style=\"padding:15px;border:1px solid #dedede;\">0g</td>\n</tr>\n</tbody>\n</table>','<p><span style=\"color:#0c0b0b;font-family:Akko, sans-serif;font-size:14px;background-color:#ffffff;\">Délicieuse avec un fromage bleu, un fromage à croûte lavée ou à croûte fleurie. (125ml)</span></p>','confiture-a-fromage-poire-eau-de-vie-fleur-de-thym-','','','','Confiture à fromage Poire, eau-de-vie, fleur de thym','','','',''),(219,1,2,'','','','','','','Confiture à fromage Poire, eau-de-vie, fleur de thym','','','',''),(219,1,3,'','','','','','','Confiture à fromage Poire, eau-de-vie, fleur de thym','','','',''),(220,1,1,'<p style=\"margin:0px 0px 15px;color:#0c0b0b;font-family:Akko, sans-serif;font-size:14px;background-color:#ffffff;\"><span>Dans une harmonisation inattendue, cette confiture épicée nous fait découvrir une fraise exotique et aromatique qui explose dans la bouche. Elle </span>est délicieuse pour accompagner un fromage frais, crémeux ou un fromage de chèvre. Ingrédients: Fraises non-traitées, sucre bio, canneberges, jus de citron, pectine naturelle, girofle, fenouil, cannelle, anis étoilée, poivre de Sichuan. </p>\n<ul style=\"margin:0px 0px 1em 20px;padding:0px;list-style-position:outside;color:#0c0b0b;font-family:Akko, sans-serif;font-size:14px;background-color:#ffffff;\">\n<li style=\"margin-bottom:0.4em;\">Confiture du Québec</li>\n<li style=\"margin-bottom:0.4em;\">Végétalien</li>\n<li style=\"margin-bottom:0.4em;\">Sans gluten</li>\n<li style=\"margin-bottom:0.4em;\">Sans OGM</li>\n<li style=\"margin-bottom:0.4em;\">Cuisiné avec amour!</li>\n</ul>\n<table class=\"valeur\" style=\"border-collapse:collapse;border-spacing:0px;min-width:50%;table-layout:fixed;font-family:Akko, sans-serif;font-size:14px;background-color:#ffffff;\">\n<tbody>\n<tr>\n<td class=\"grand\" colspan=\"2\" style=\"padding:15px;border:1px solid #dedede;\"><span style=\"font-weight:bold;\">Valeur nutritive</span></td>\n</tr>\n<tr>\n<td class=\"petit borderBottom\" colspan=\"2\" style=\"padding:15px;border:1px solid #dedede;\">par portion de 15 ml/per 15 ml serving</td>\n</tr>\n<tr>\n<td style=\"padding:15px;border:1px solid #dedede;\">Teneur</td>\n<td class=\"droite\" style=\"padding:15px;border:1px solid #dedede;\">%Valeur Quotidienne</td>\n</tr>\n<tr>\n<td class=\"borderBottom\" style=\"padding:15px;border:1px solid #dedede;\">Amount</td>\n<td class=\"droite borderBottom\" style=\"padding:15px;border:1px solid #dedede;\">%Daily Value</td>\n</tr>\n<tr>\n<td class=\"borderBottom\" style=\"padding:15px;border:1px solid #dedede;\">Calories/Calories</td>\n<td class=\"droite borderBottom\" style=\"padding:15px;border:1px solid #dedede;\">12</td>\n</tr>\n<tr>\n<td class=\"borderBottom\" style=\"padding:15px;border:1px solid #dedede;\">Lipides/Fat</td>\n<td class=\"droite borderBottom\" style=\"padding:15px;border:1px solid #dedede;\">0g 0%</td>\n</tr>\n<tr>\n<td class=\"borderBottom\" style=\"padding:15px;border:1px solid #dedede;\">Glucides/Carbohydrate</td>\n<td class=\"droite borderBottom\" style=\"padding:15px;border:1px solid #dedede;\">11g 4%</td>\n</tr>\n<tr>\n<td class=\"borderBottom\" style=\"padding:15px;border:1px solid #dedede;\">Protéines/Proteins</td>\n<td class=\"droite borderBottom\" style=\"padding:15px;border:1px solid #dedede;\">0g</td>\n</tr>\n</tbody>\n</table>','<p><span style=\"color:#0c0b0b;font-family:Akko, sans-serif;font-size:14px;background-color:#ffffff;\">Dans une harmonisation inattendue, cette confiture épicée nous fait découvrir une fraise exotique et aromatique qui explose dans la bouche. (125ml)</span></p>','confiture-a-fromage-fraise-5-epices-chinoises','','','','Confiture à fromage Fraise, 5 épices chinoises','','','',''),(220,1,2,'','','confiture-a-fromage-fraise-5-epices-chinoises','','','','Confiture à fromage Fraise, 5 épices chinoises','','','',''),(220,1,3,'','','confiture-a-fromage-fraise-5-epices-chinoises','','','','Confiture à fromage Fraise, 5 épices chinoises','','','',''),(221,1,1,'<p style=\"margin:0px 0px 15px;color:#0c0b0b;font-family:Akko, sans-serif;font-size:14px;background-color:#ffffff;\">Composée de bleuets sauvages et de baies d’amélanchier, cette confiture offre un fruité-boisé généreux et de subtiles notes poivrées. Ingrédients: B<span>leuets sauvages, baies d’amélanchier, sucre bio, jus de citron, réglisse, poivre noir, poivre de Tasmanie, pectine naturelle.</span> </p>\n<ul style=\"margin:0px 0px 1em 20px;padding:0px;list-style-position:outside;color:#0c0b0b;font-family:Akko, sans-serif;font-size:14px;background-color:#ffffff;\">\n<li style=\"margin-bottom:0.4em;\">Confiture du Québec</li>\n<li style=\"margin-bottom:0.4em;\">Végétalien</li>\n<li style=\"margin-bottom:0.4em;\">Sans gluten</li>\n<li style=\"margin-bottom:0.4em;\">Sans OGM</li>\n<li style=\"margin-bottom:0.4em;\">Cuisiné avec amour!</li>\n</ul>\n<table class=\"valeur\" style=\"border-collapse:collapse;border-spacing:0px;min-width:50%;table-layout:fixed;font-family:Akko, sans-serif;font-size:14px;background-color:#ffffff;\">\n<tbody>\n<tr>\n<td class=\"grand\" colspan=\"2\" style=\"padding:15px;border:1px solid #dedede;\"><span style=\"font-weight:bold;\">Valeur nutritive</span></td>\n</tr>\n<tr>\n<td class=\"petit borderBottom\" colspan=\"2\" style=\"padding:15px;border:1px solid #dedede;\">par portion de 15 ml/per 15 ml serving</td>\n</tr>\n<tr>\n<td style=\"padding:15px;border:1px solid #dedede;\">Teneur</td>\n<td class=\"droite\" style=\"padding:15px;border:1px solid #dedede;\">%Valeur Quotidienne</td>\n</tr>\n<tr>\n<td class=\"borderBottom\" style=\"padding:15px;border:1px solid #dedede;\">Amount</td>\n<td class=\"droite borderBottom\" style=\"padding:15px;border:1px solid #dedede;\">%Daily Value</td>\n</tr>\n<tr>\n<td class=\"borderBottom\" style=\"padding:15px;border:1px solid #dedede;\">Calories/Calories</td>\n<td class=\"droite borderBottom\" style=\"padding:15px;border:1px solid #dedede;\">11</td>\n</tr>\n<tr>\n<td class=\"borderBottom\" style=\"padding:15px;border:1px solid #dedede;\">Lipides/Fat</td>\n<td class=\"droite borderBottom\" style=\"padding:15px;border:1px solid #dedede;\">0g 0%</td>\n</tr>\n<tr>\n<td class=\"borderBottom\" style=\"padding:15px;border:1px solid #dedede;\">Glucides/Carbohydrate</td>\n<td class=\"droite borderBottom\" style=\"padding:15px;border:1px solid #dedede;\">8g 3%</td>\n</tr>\n<tr>\n<td class=\"borderBottom\" style=\"padding:15px;border:1px solid #dedede;\">Protéines/Proteins</td>\n<td class=\"droite borderBottom\" style=\"padding:15px;border:1px solid #dedede;\">0g</td>\n</tr>\n</tbody>\n</table>','<p><span style=\"color:#0c0b0b;font-family:Akko, sans-serif;font-size:14px;background-color:#ffffff;\">Composée de bleuets sauvages et de baies d’amélanchier, cette confiture offre un fruité-boisé généreux et de subtiles notes poivrées. (125ml)</span></p>','confiture-a-fromage-baies-noires-poivrees-','','','','Confiture à fromage Baies noires poivrées','','','',''),(221,1,2,'','','','','','','Confiture à fromage Baies noires poivrées','','','',''),(221,1,3,'','','','','','','Confiture à fromage Baies noires poivrées','','','',''),(222,1,1,'<p style=\"margin:0px 0px 15px;color:#0c0b0b;font-family:Akko, sans-serif;font-size:14px;background-color:#ffffff;\"><span>Gorgée de morceaux de melon charentais, cette confiture aux accents du Sud est comme une douce marmelade: riche, onctueuse et chaudement épicée. </span>Sublime en accompagnement d\'un fromage crémeux ou d\'un vieux cheddar. Ingrédients: Melon charentais bio, sucre bio, oranges bio, citrons bio, jus de citron, pectine naturelle, cardamome, rose, cannelle, girofle, poivre. </p>\n<ul style=\"margin:0px 0px 1em 20px;padding:0px;list-style-position:outside;color:#0c0b0b;font-family:Akko, sans-serif;font-size:14px;background-color:#ffffff;\">\n<li style=\"margin-bottom:0.4em;\">Confiture du Québec</li>\n<li style=\"margin-bottom:0.4em;\">Végétalien</li>\n<li style=\"margin-bottom:0.4em;\">Sans gluten</li>\n<li style=\"margin-bottom:0.4em;\">Sans OGM</li>\n<li style=\"margin-bottom:0.4em;\">Cuisiné avec amour!</li>\n</ul>\n<table class=\"valeur\" style=\"border-collapse:collapse;border-spacing:0px;min-width:50%;table-layout:fixed;font-family:Akko, sans-serif;font-size:14px;background-color:#ffffff;\">\n<tbody>\n<tr>\n<td class=\"grand\" colspan=\"2\" style=\"padding:15px;border:1px solid #dedede;\"><span style=\"font-weight:bold;\">Valeur nutritive</span></td>\n</tr>\n<tr>\n<td class=\"petit borderBottom\" colspan=\"2\" style=\"padding:15px;border:1px solid #dedede;\">par portion de 15 ml/per 15 ml serving</td>\n</tr>\n<tr>\n<td style=\"padding:15px;border:1px solid #dedede;\">Teneur</td>\n<td class=\"droite\" style=\"padding:15px;border:1px solid #dedede;\">%Valeur Quotidienne</td>\n</tr>\n<tr>\n<td class=\"borderBottom\" style=\"padding:15px;border:1px solid #dedede;\">Amount</td>\n<td class=\"droite borderBottom\" style=\"padding:15px;border:1px solid #dedede;\">%Daily Value</td>\n</tr>\n<tr>\n<td class=\"borderBottom\" style=\"padding:15px;border:1px solid #dedede;\">Calories/Calories</td>\n<td class=\"droite borderBottom\" style=\"padding:15px;border:1px solid #dedede;\">33</td>\n</tr>\n<tr>\n<td class=\"borderBottom\" style=\"padding:15px;border:1px solid #dedede;\">Lipides/Fat</td>\n<td class=\"droite borderBottom\" style=\"padding:15px;border:1px solid #dedede;\">0g 0%</td>\n</tr>\n<tr>\n<td class=\"borderBottom\" style=\"padding:15px;border:1px solid #dedede;\">Glucides/Carbohydrate</td>\n<td class=\"droite borderBottom\" style=\"padding:15px;border:1px solid #dedede;\">9g 3%</td>\n</tr>\n<tr>\n<td class=\"borderBottom\" style=\"padding:15px;border:1px solid #dedede;\">Protéines/Proteins</td>\n<td class=\"droite borderBottom\" style=\"padding:15px;border:1px solid #dedede;\">0g</td>\n</tr>\n</tbody>\n</table>','<p><span style=\"color:#0c0b0b;font-family:Akko, sans-serif;font-size:14px;background-color:#ffffff;\">Gorgée de morceaux de melon charentais, cette confiture aux accents du Sud est comme une douce marmelade: riche, onctueuse et chaudement épicée. (125ml)</span></p>','confiture-a-fromage-melon-charentais-orange-cardamome','','','','Confiture à fromage Melon charentais, orange, cardamome','','','',''),(222,1,2,'','','','','','','Confiture à fromage Melon charentais, orange, cardamome','','','',''),(222,1,3,'','','','','','','Confiture à fromage Melon charentais, orange, cardamome','','','',''),(223,1,1,'<p style=\"margin:0px 0px 15px;color:#0c0b0b;font-family:Akko, sans-serif;font-size:14px;background-color:#ffffff;\"><span>Accompagne à merveille les grillades de poulet, les filets de truite et pavés de saumon, les fruits de mer, l’agneau et la rillette de lapin. </span><span> </span> </p>\n<ul style=\"margin:0px 0px 1em 20px;padding:0px;list-style-position:outside;color:#0c0b0b;font-family:Akko, sans-serif;font-size:14px;background-color:#ffffff;\">\n<li style=\"margin-bottom:0.4em;\">Produit du Québec</li>\n<li style=\"margin-bottom:0.4em;\">Végétalien</li>\n<li style=\"margin-bottom:0.4em;\">Sans gluten</li>\n<li style=\"margin-bottom:0.4em;\">Sans OGM</li>\n<li style=\"margin-bottom:0.4em;\">Cuisiné avec amour!</li>\n</ul>\n<table class=\"valeur\" style=\"border-collapse:collapse;border-spacing:0px;min-width:50%;table-layout:fixed;font-family:Akko, sans-serif;font-size:14px;background-color:#ffffff;\">\n<tbody>\n<tr>\n<td class=\"grand\" colspan=\"2\" style=\"padding:15px;border:1px solid #dedede;\"><span style=\"font-weight:bold;\">Valeur nutritive</span></td>\n</tr>\n<tr>\n<td class=\"petit borderBottom\" colspan=\"2\" style=\"padding:15px;border:1px solid #dedede;\">par portion de 15 ml/per 15 ml serving</td>\n</tr>\n<tr>\n<td style=\"padding:15px;border:1px solid #dedede;\">Teneur</td>\n<td class=\"droite\" style=\"padding:15px;border:1px solid #dedede;\">%Valeur Quotidienne</td>\n</tr>\n<tr>\n<td class=\"borderBottom\" style=\"padding:15px;border:1px solid #dedede;\">Amount</td>\n<td class=\"droite borderBottom\" style=\"padding:15px;border:1px solid #dedede;\">%Daily Value</td>\n</tr>\n<tr>\n<td class=\"borderBottom\" style=\"padding:15px;border:1px solid #dedede;\">Calories/Calories</td>\n<td class=\"droite borderBottom\" style=\"padding:15px;border:1px solid #dedede;\">15</td>\n</tr>\n<tr>\n<td class=\"borderBottom\" style=\"padding:15px;border:1px solid #dedede;\">Lipides/Fat</td>\n<td class=\"droite borderBottom\" style=\"padding:15px;border:1px solid #dedede;\">0g 0%</td>\n</tr>\n<tr>\n<td class=\"borderBottom\" style=\"padding:15px;border:1px solid #dedede;\">Glucides/Carbohydrate</td>\n<td class=\"droite borderBottom\" style=\"padding:15px;border:1px solid #dedede;\">12g 4%</td>\n</tr>\n<tr>\n<td class=\"borderBottom\" style=\"padding:15px;border:1px solid #dedede;\">Protéines/Proteins</td>\n<td class=\"droite borderBottom\" style=\"padding:15px;border:1px solid #dedede;\">0g</td>\n</tr>\n</tbody>\n</table>','<p><span style=\"color:#0c0b0b;font-family:Akko, sans-serif;font-size:14px;background-color:#ffffff;\">Accompagne à merveille les grillades de poulet, les filets de truite et pavés de saumon, les fruits de mer, l’agneau et la rillette de lapin. (125ml)</span></p>','gelee-de-citron-et-romarin-','','','','Gelée de citron et romarin','','','',''),(223,1,2,'','','','','','','Gelée de citron et romarin','','','',''),(223,1,3,'','','','','','','Gelée de citron et romarin','','','',''),(224,1,1,'<p style=\"margin:0px 0px 15px;color:#0c0b0b;font-family:Akko, sans-serif;font-size:14px;background-color:#ffffff;\"><span>Surprenante avec le confit de canard, les saucisses et le gibier. Elle rehausse également les sauces pour le porc et les volailles.</span><span> </span>Ingrédients: <span>Canneberges, jus de pomme, sucre bio, jus de citron, poivre de Sichuan.</span> </p>\n<ul style=\"margin:0px 0px 1em 20px;padding:0px;list-style-position:outside;color:#0c0b0b;font-family:Akko, sans-serif;font-size:14px;background-color:#ffffff;\">\n<li style=\"margin-bottom:0.4em;\">Confiture du Québec</li>\n<li style=\"margin-bottom:0.4em;\">Végétalien</li>\n<li style=\"margin-bottom:0.4em;\">Sans gluten</li>\n<li style=\"margin-bottom:0.4em;\">Sans OGM</li>\n<li style=\"margin-bottom:0.4em;\">Cuisiné avec amour!</li>\n</ul>\n<p style=\"margin:0px 0px 15px;color:#0c0b0b;font-family:Akko, sans-serif;font-size:14px;background-color:#ffffff;\"> </p>\n<table class=\"valeur\" style=\"border-collapse:collapse;border-spacing:0px;min-width:50%;table-layout:fixed;font-family:Akko, sans-serif;font-size:14px;background-color:#ffffff;\">\n<tbody>\n<tr>\n<td class=\"grand\" colspan=\"2\" style=\"padding:15px;border:1px solid #dedede;\"><span style=\"font-weight:bold;\">Valeur nutritive</span></td>\n</tr>\n<tr>\n<td class=\"petit borderBottom\" colspan=\"2\" style=\"padding:15px;border:1px solid #dedede;\">par portion de 15 ml/per 15 ml serving</td>\n</tr>\n<tr>\n<td style=\"padding:15px;border:1px solid #dedede;\">Teneur</td>\n<td class=\"droite\" style=\"padding:15px;border:1px solid #dedede;\">%Valeur Quotidienne</td>\n</tr>\n<tr>\n<td class=\"borderBottom\" style=\"padding:15px;border:1px solid #dedede;\">Amount</td>\n<td class=\"droite borderBottom\" style=\"padding:15px;border:1px solid #dedede;\">%Daily Value</td>\n</tr>\n<tr>\n<td class=\"borderBottom\" style=\"padding:15px;border:1px solid #dedede;\">Calories/Calories</td>\n<td class=\"droite borderBottom\" style=\"padding:15px;border:1px solid #dedede;\">10</td>\n</tr>\n<tr>\n<td class=\"borderBottom\" style=\"padding:15px;border:1px solid #dedede;\">Lipides/Fat</td>\n<td class=\"droite borderBottom\" style=\"padding:15px;border:1px solid #dedede;\">0g 0%</td>\n</tr>\n<tr>\n<td class=\"borderBottom\" style=\"padding:15px;border:1px solid #dedede;\">Glucides/Carbohydrate</td>\n<td class=\"droite borderBottom\" style=\"padding:15px;border:1px solid #dedede;\">7g 2%</td>\n</tr>\n<tr>\n<td class=\"borderBottom\" style=\"padding:15px;border:1px solid #dedede;\">Protéines/Proteins</td>\n<td class=\"droite borderBottom\" style=\"padding:15px;border:1px solid #dedede;\">0g</td>\n</tr>\n</tbody>\n</table>','<p><span style=\"color:#0c0b0b;font-family:Akko, sans-serif;font-size:14px;background-color:#ffffff;\">Surprenante avec le confit de canard, les saucisses et le gibier. Elle rehausse également les sauces pour le porc et les volailles. (125ml)</span></p>','canneberge-orange-poivre-de-sichuan','','','','Tartinade canneberge, orange, poivre de Sichuan','','','',''),(224,1,2,'','','canneberge-orange-poivre-de-sichuan','','','','Canneberge, orange, poivre de Sichuan','','','',''),(224,1,3,'','','canneberge-orange-poivre-de-sichuan','','','','Canneberge, orange, poivre de Sichuan','','','',''),(225,1,1,'<p style=\"margin:0px 0px 15px;color:#0c0b0b;font-family:Akko, sans-serif;font-size:14px;background-color:#ffffff;\">D’un beau rouge clair, cette gelée unique éclate en bouche! La fraîcheur et le fruité de la pommette et les arômes épicés du basilic s’allient pour ravir les papilles des convives. <span>Aromatique à souhait, elle se déguste avec les côtelettes de porc, la dinde et les pâtés de campagne. Pour épater la galerie, on peut aussi l’utiliser pour glacer des crevettes sautées à l’asiatique au gingembre. Ingrédients: Pommettes, eau, sucre bio, jus de citron, basilic frais.</span> </p>\n<ul style=\"margin:0px 0px 1em 20px;padding:0px;list-style-position:outside;color:#0c0b0b;font-family:Akko, sans-serif;font-size:14px;background-color:#ffffff;\">\n<li style=\"margin-bottom:0.4em;\">Produit du Québec</li>\n<li style=\"margin-bottom:0.4em;\">Végétalien</li>\n<li style=\"margin-bottom:0.4em;\">Sans gluten</li>\n<li style=\"margin-bottom:0.4em;\">Sans OGM</li>\n<li style=\"margin-bottom:0.4em;\">Cuisiné avec amour!</li>\n</ul>\n<table class=\"valeur\" style=\"border-collapse:collapse;border-spacing:0px;min-width:50%;table-layout:fixed;font-family:Akko, sans-serif;font-size:14px;background-color:#ffffff;\">\n<tbody>\n<tr>\n<td colspan=\"2\" class=\"grand\" style=\"padding:15px;border:1px solid #dedede;\"><span style=\"font-weight:bold;\">Valeur nutritive</span></td>\n</tr>\n<tr>\n<td colspan=\"2\" class=\"petit borderBottom\" style=\"padding:15px;border:1px solid #dedede;\">par portion de 15 ml/per 15 ml serving</td>\n</tr>\n<tr>\n<td style=\"padding:15px;border:1px solid #dedede;\">Teneur</td>\n<td class=\"droite\" style=\"padding:15px;border:1px solid #dedede;\">%Valeur Quotidienne</td>\n</tr>\n<tr>\n<td class=\"borderBottom\" style=\"padding:15px;border:1px solid #dedede;\">Amount</td>\n<td class=\"droite borderBottom\" style=\"padding:15px;border:1px solid #dedede;\">%Daily Value</td>\n</tr>\n<tr>\n<td class=\"borderBottom\" style=\"padding:15px;border:1px solid #dedede;\">Calories/Calories</td>\n<td class=\"droite borderBottom\" style=\"padding:15px;border:1px solid #dedede;\">13</td>\n</tr>\n<tr>\n<td class=\"borderBottom\" style=\"padding:15px;border:1px solid #dedede;\">Lipides/Fat</td>\n<td class=\"droite borderBottom\" style=\"padding:15px;border:1px solid #dedede;\">0g 0%</td>\n</tr>\n<tr>\n<td class=\"borderBottom\" style=\"padding:15px;border:1px solid #dedede;\">Glucides/Carbohydrate</td>\n<td class=\"droite borderBottom\" style=\"padding:15px;border:1px solid #dedede;\">10g 3%</td>\n</tr>\n<tr>\n<td class=\"borderBottom\" style=\"padding:15px;border:1px solid #dedede;\">Protéines/Proteins</td>\n<td class=\"droite borderBottom\" style=\"padding:15px;border:1px solid #dedede;\">0g</td>\n</tr>\n</tbody>\n</table>','<p><span style=\"color:#0c0b0b;font-family:Akko, sans-serif;font-size:14px;background-color:#ffffff;\">D’un beau rouge clair, cette gelée unique éclate en bouche! La fraîcheur et le fruité de la pommette et les arômes épicés du basilic s’allient pour ravir les papilles des convives. (125ml)</span></p>','gelee-de-pommette-et-basilic-frais','','','','Gelée de pommette et basilic frais','','','',''),(225,1,2,'','','gelee-de-pommette-et-basilic-frais','','','','Gelée de pommette et basilic frais','','','',''),(225,1,3,'','','gelee-de-pommette-et-basilic-frais','','','','Gelée de pommette et basilic frais','','','',''),(227,1,1,'<p style=\"margin:0px 0px 15px;color:#0c0b0b;font-family:Akko, sans-serif;font-size:14px;background-color:#ffffff;\">Aussi connue sous le nom de chèvrefeuille bleu, la camerise, originaire de l’Eurasie, se marie parfaitement avec une tomme de brebis, du yogourt nature ou de l’agneau. </p>\n<ul style=\"margin:0px 0px 1em 20px;padding:0px;list-style-position:outside;color:#0c0b0b;font-family:Akko, sans-serif;font-size:14px;background-color:#ffffff;\">\n<li style=\"margin-bottom:0.4em;\">Confiture du Québec</li>\n<li style=\"margin-bottom:0.4em;\">Végétalien</li>\n<li style=\"margin-bottom:0.4em;\">Sans gluten</li>\n<li style=\"margin-bottom:0.4em;\">Sans OGM</li>\n<li style=\"margin-bottom:0.4em;\">Cuisiné avec amour!</li>\n</ul>','<p><span style=\"color:#0c0b0b;font-family:Akko, sans-serif;font-size:14px;background-color:#ffffff;\">Aussi connue sous le nom de chèvrefeuille bleu, la camerise, originaire de l’Eurasie, se marie parfaitement avec une tomme de brebis, du yogourt nature ou de l’agneau. (125ml)</span></p>','confiture-de-camerise','','','','Confiture de camerise','','','',''),(227,1,2,'','','','','','','Confiture de camerise','','','',''),(227,1,3,'','','','','','','Confiture de camerise','','','',''),(228,1,1,'<p style=\"margin:0px 0px 15px;color:#0c0b0b;font-family:Akko, sans-serif;font-size:14px;background-color:#ffffff;\">Une confiture corsée, excellente avec le gibier, les terrines et les pâtés. Le goût de l’airelle rouge, une proche cousine de la canneberge, est rehaussé par le fruit d’argousier. </p>\n<ul style=\"margin:0px 0px 1em 20px;padding:0px;list-style-position:outside;color:#0c0b0b;font-family:Akko, sans-serif;font-size:14px;background-color:#ffffff;\">\n<li style=\"margin-bottom:0.4em;\">Confiture du Québec</li>\n<li style=\"margin-bottom:0.4em;\">Végétalien</li>\n<li style=\"margin-bottom:0.4em;\">Sans gluten</li>\n<li style=\"margin-bottom:0.4em;\">Sans OGM</li>\n<li style=\"margin-bottom:0.4em;\">Cuisiné avec amour!</li>\n</ul>','<p><span style=\"color:#0c0b0b;font-family:Akko, sans-serif;font-size:14px;background-color:#ffffff;\">Une confiture corsée, excellente avec le gibier, les terrines et les pâtés. Le goût de l’airelle rouge, une proche cousine de la canneberge, est rehaussé par le fruit d’argousier. (125ml)</span></p>','airelle-et-argousier','','','','Tartinade airelle et argousier','','','',''),(228,1,2,'','','','','','','Airelle et argousier','','','',''),(228,1,3,'','','','','','','Airelle et argousier','','','',''),(229,1,1,'<p style=\"margin:0px 0px 15px;color:#0c0b0b;font-family:Akko, sans-serif;font-size:14px;background-color:#ffffff;\">Ce mélange de fruits rouges savoureux est parfait pour déguster avec des crêpes, croissants ou un vieux gruyère. </p>\n<ul style=\"margin:0px 0px 1em 20px;padding:0px;list-style-position:outside;color:#0c0b0b;font-family:Akko, sans-serif;font-size:14px;background-color:#ffffff;\">\n<li style=\"margin-bottom:0.4em;\">Confiture du Québec</li>\n<li style=\"margin-bottom:0.4em;\">Végétalien</li>\n<li style=\"margin-bottom:0.4em;\">Sans gluten</li>\n<li style=\"margin-bottom:0.4em;\">Sans OGM</li>\n<li style=\"margin-bottom:0.4em;\">Cuisiné avec amour!</li>\n</ul>','<p><span style=\"color:#0c0b0b;font-family:Akko, sans-serif;font-size:14px;background-color:#ffffff;\">Ce mélange de fruits rouges savoureux est parfait pour déguster avec des crêpes, croissants ou un vieux gruyère. </span></p>','confiture-de-framboise-et-cerise','','','','Confiture de framboise et cerise','','','',''),(229,1,2,'','','','','','','Confiture de framboise et cerise','','','',''),(229,1,3,'','','','','','','Confiture de framboise et cerise','','','',''),(230,1,1,'<p style=\"margin:0px 0px 15px;color:#0c0b0b;font-family:Akko, sans-serif;font-size:14px;background-color:#ffffff;\">Le myrique baumier combine des notes boisées aux accents de muscade. Légèrement sucrée, cette moutarde est le condiment parfait pour les grillades de bœuf ou de cerf, avec un magret de canard et autres viandes sauvages. </p>\n<ul style=\"margin:0px 0px 1em 20px;padding:0px;list-style-position:outside;color:#0c0b0b;font-family:Akko, sans-serif;font-size:14px;background-color:#ffffff;\">\n<li style=\"margin-bottom:0.4em;\">Produit du Québec</li>\n<li style=\"margin-bottom:0.4em;\">Végétalien</li>\n<li style=\"margin-bottom:0.4em;\">Sans gluten</li>\n<li style=\"margin-bottom:0.4em;\">Sans OGM</li>\n<li style=\"margin-bottom:0.4em;\">Cuisiné avec amour!</li>\n</ul>','<p><span style=\"color:#0c0b0b;font-family:Akko, sans-serif;font-size:14px;background-color:#ffffff;\">Le myrique baumier combine des notes boisées aux accents de muscade. Légèrement sucrée, cette moutarde est le condiment parfait pour les grillades de bœuf ou de cerf, avec un magret de canard et autres viandes sauvages. </span></p>','moutarde-erable-myrique-baumier','','','','Moutarde Érable, myrique baumier','','','',''),(230,1,2,'','','moutarde-erable-myrique-baumier','','','','Moutarde Érable, myrique baumier','','','',''),(230,1,3,'','','moutarde-erable-myrique-baumier','','','','Moutarde Érable, myrique baumier','','','',''),(231,1,1,'<p style=\"margin:0px 0px 15px;color:#0c0b0b;font-family:Akko, sans-serif;font-size:14px;background-color:#ffffff;\">Douce, elle rehausse les saucisses, la mousse de foie de volaille, les vinaigrettes et les sandwichs. Ingrédients: Eau, graines de moutarde, vinaigre de cidre, fleur d’ail, sel de mer, miel, curcuma.</p>\n<ul style=\"margin:0px 0px 1em 20px;padding:0px;list-style-position:outside;color:#0c0b0b;font-family:Akko, sans-serif;font-size:14px;background-color:#ffffff;\">\n<li style=\"margin-bottom:0.4em;\">Produit du Québec</li>\n<li style=\"margin-bottom:0.4em;\">Végétalien</li>\n<li style=\"margin-bottom:0.4em;\">Sans gluten</li>\n<li style=\"margin-bottom:0.4em;\">Sans OGM</li>\n<li style=\"margin-bottom:0.4em;\">Cuisiné avec amour!</li>\n</ul>','<p><span style=\"color:#0c0b0b;font-family:Akko, sans-serif;font-size:14px;background-color:#ffffff;\">Douce, elle rehausse les saucisses, la mousse de foie de volaille, les vinaigrettes et les sandwichs. (125ml)</span></p>','moutarde-fleur-d-ail','','','','Moutarde Fleur d\'ail','','','',''),(231,1,2,'','','','','','','Moutarde Fleur d\'ail','','','',''),(231,1,3,'','','','','','','Moutarde Fleur d\'ail','','','',''),(232,1,1,'<p style=\"margin:0px 0px 15px;color:#0c0b0b;font-family:Akko, sans-serif;font-size:14px;background-color:#ffffff;\">Relevée, elle ajoute du piquant aux sauces, terrines et gibiers.</p>\n<ul style=\"margin:0px 0px 1em 20px;padding:0px;list-style-position:outside;color:#0c0b0b;font-family:Akko, sans-serif;font-size:14px;background-color:#ffffff;\">\n<li style=\"margin-bottom:0.4em;\">Produit du Québec</li>\n<li style=\"margin-bottom:0.4em;\">Végétalien</li>\n<li style=\"margin-bottom:0.4em;\">Sans gluten</li>\n<li style=\"margin-bottom:0.4em;\">Sans OGM</li>\n<li style=\"margin-bottom:0.4em;\">Cuisiné avec amour!</li>\n</ul>','<p><span style=\"color:#0c0b0b;font-family:Akko, sans-serif;font-size:14px;background-color:#ffffff;\">Relevée, elle ajoute du piquant aux sauces, terrines et gibiers. (125ml)</span></p>','moutarde-au-raifort-','','','','Moutarde au raifort','','','',''),(232,1,2,'','','','','','','Moutarde au raifort','','','',''),(232,1,3,'','','','','','','Moutarde au raifort','','','',''),