-- Table structure for table `rlhxg_sppagebuilder_integrations`
--

CREATE TABLE `rlhxg_sppagebuilder_integrations` (
  `id` bigint(20) unsigned NOT NULL AUTO_INCREMENT,
  `title` varchar(255) NOT NULL,
  `description` mediumtext NOT NULL,
  `component` varchar(255) NOT NULL,
  `plugin` mediumtext NOT NULL,
  `state` tinyint(1) NOT NULL DEFAULT '0',
  PRIMARY KEY (`id`)
) ENGINE=InnoDB DEFAULT CHARSET=utf8;

--
-- Dumping data for table `rlhxg_sppagebuilder_integrations`
--


--
-- Table structure for table `rlhxg_sppagebuilder_languages`
--

CREATE TABLE `rlhxg_sppagebuilder_languages` (
  `id` int(5) unsigned NOT NULL AUTO_INCREMENT,
  `title` varchar(255) NOT NULL,
  `description` varchar(255) DEFAULT NULL,
  `lang_tag` varchar(255) NOT NULL DEFAULT '',
  `lang_key` varchar(100) DEFAULT NULL,
  `version` mediumtext NOT NULL,
  `state` tinyint(1) NOT NULL DEFAULT '0',
  PRIMARY KEY (`id`)
) ENGINE=InnoDB DEFAULT CHARSET=utf8;

--
-- Dumping data for table `rlhxg_sppagebuilder_languages`
--


--
-- Table structure for table `rlhxg_sppagebuilder_sections`
--

CREATE TABLE `rlhxg_sppagebuilder_sections` (
  `id` int(5) unsigned NOT NULL AUTO_INCREMENT,
  `title` varchar(255) NOT NULL,
  `section` text NOT NULL,
  `created` datetime NOT NULL DEFAULT '0000-00-00 00:00:00',
  `created_by` bigint(20) NOT NULL DEFAULT '0',
  PRIMARY KEY (`id`)
) ENGINE=InnoDB DEFAULT CHARSET=utf8;

--
-- Dumping data for table `rlhxg_sppagebuilder_sections`
--


--
-- Table structure for table `rlhxg_spsimpleportfolio_items`
--

CREATE TABLE `rlhxg_spsimpleportfolio_items` (
  `id` bigint(20) unsigned NOT NULL AUTO_INCREMENT,
  `title` varchar(255) NOT NULL,
  `alias` varchar(55) NOT NULL,
  `catid` int(11) NOT NULL,
  `image` text NOT NULL,
  `video` text NOT NULL,
  `description` mediumtext,
  `client` varchar(100) NOT NULL,
  `tagids` text NOT NULL,
  `url` text NOT NULL,
  `published` tinyint(3) NOT NULL DEFAULT '1',
  `language` varchar(255) NOT NULL DEFAULT '*',
  `access` int(5) NOT NULL DEFAULT '1',
  `ordering` int(10) NOT NULL DEFAULT '0',
  `created_by` bigint(20) NOT NULL DEFAULT '0',
  `created` datetime NOT NULL DEFAULT '0000-00-00 00:00:00',
  `modified_by` bigint(20) NOT NULL DEFAULT '0',
  `modified` datetime NOT NULL DEFAULT '0000-00-00 00:00:00',
  `checked_out` bigint(20) NOT NULL DEFAULT '0',
  `checked_out_time` datetime NOT NULL DEFAULT '0000-00-00 00:00:00',
  PRIMARY KEY (`id`)
) ENGINE=InnoDB AUTO_INCREMENT=16 DEFAULT CHARSET=utf8;

--
-- Dumping data for table `rlhxg_spsimpleportfolio_items`
--

INSERT INTO `rlhxg_spsimpleportfolio_items` VALUES (1,'Another Portfolio 1 ','another-portfolio-1',79,'images/demo_img/portfolio/1.jpg','','<p>Maecenas sed justo varius velit imperdiet bibendum. Vivamus nec sapien massa, a imperdiet diam. Aliquam erat volutpat. log in to the forums, and a nunc et rutrum. Lorem ipsum dolor sit amet, consectetur adipiscing elit.  <br /> <br />Sed ut perspiciatis unde omnis iste natus error sit voluptatem accusantium doloremque laudantium, totam rem aperiam, eaque ipsa quae. Vivamus nec sapien massa, a imperdiet diam. Aliquam erat volutpat. log in to the forums, and a nunc et rutrum.</p>','','[\"2\",\"3\"]','',1,'*',1,0,42,'2016-04-03 05:39:16',42,'2016-04-20 17:57:42',0,'0000-00-00 00:00:00'),(2,'Another Portfolio 2','another-portfolio-2',79,'images/demo_img/portfolio/2.jpg','','<p>Maecenas sed justo varius velit imperdiet bibendum. Vivamus nec sapien massa, a imperdiet diam. Aliquam erat volutpat. log in to the forums, and a nunc et rutrum. Lorem ipsum dolor sit amet, consectetur adipiscing elit.  <br /> <br />Sed ut perspiciatis unde omnis iste natus error sit voluptatem accusantium doloremque laudantium, totam rem aperiam, eaque ipsa quae. Vivamus nec sapien massa, a imperdiet diam. Aliquam erat volutpat. log in to the forums, and a nunc et rutrum.</p>','','[\"1\",\"3\"]','',1,'*',1,0,42,'2016-04-03 05:39:44',42,'2016-04-20 17:57:48',0,'0000-00-00 00:00:00'),(3,'Another Portfolio 3','another-portfolio-3',79,'images/demo_img/portfolio/3.jpg','','<p>Maecenas sed justo varius velit imperdiet bibendum. Vivamus nec sapien massa, a imperdiet diam. Aliquam erat volutpat. log in to the forums, and a nunc et rutrum. Lorem ipsum dolor sit amet, consectetur adipiscing elit.  <br /> <br />Sed ut perspiciatis unde omnis iste natus error sit voluptatem accusantium doloremque laudantium, totam rem aperiam, eaque ipsa quae. Vivamus nec sapien massa, a imperdiet diam. Aliquam erat volutpat. log in to the forums, and a nunc et rutrum.</p>','','[\"1\",\"2\"]','',1,'*',1,0,42,'2016-04-03 05:40:19',42,'2016-04-20 17:57:52',0,'0000-00-00 00:00:00'),(4,'Another Portfolio 4','another-portfolio-4',79,'images/demo_img/portfolio/4.jpg','','<p>Maecenas sed justo varius velit imperdiet bibendum. Vivamus nec sapien massa, a imperdiet diam. Aliquam erat volutpat. log in to the forums, and a nunc et rutrum. Lorem ipsum dolor sit amet, consectetur adipiscing elit.  <br /> <br />Sed ut perspiciatis unde omnis iste natus error sit voluptatem accusantium doloremque laudantium, totam rem aperiam, eaque ipsa quae. Vivamus nec sapien massa, a imperdiet diam. Aliquam erat volutpat. log in to the forums, and a nunc et rutrum.</p>','','[\"1\",\"2\"]','',1,'*',1,0,42,'2016-04-03 05:40:58',42,'2016-04-20 17:57:56',0,'0000-00-00 00:00:00'),(5,'Another Portfolio 5','another-portfolio-5',79,'images/demo_img/portfolio/5.jpg','','<p>Maecenas sed justo varius velit imperdiet bibendum. Vivamus nec sapien massa, a imperdiet diam. Aliquam erat volutpat. log in to the forums, and a nunc et rutrum. Lorem ipsum dolor sit amet, consectetur adipiscing elit.  <br /> <br />Sed ut perspiciatis unde omnis iste natus error sit voluptatem accusantium doloremque laudantium, totam rem aperiam, eaque ipsa quae. Vivamus nec sapien massa, a imperdiet diam. Aliquam erat volutpat. log in to the forums, and a nunc et rutrum.</p>','','[\"2\",\"3\"]','',1,'*',1,0,42,'2016-04-10 07:04:34',42,'2016-04-20 17:57:59',0,'0000-00-00 00:00:00'),(6,'Another Portfolio 6','another-portfolio-6',79,'images/demo_img/portfolio/6.jpg','','<p>Maecenas sed justo varius velit imperdiet bibendum. Vivamus nec sapien massa, a imperdiet diam. Aliquam erat volutpat. log in to the forums, and a nunc et rutrum. Lorem ipsum dolor sit amet, consectetur adipiscing elit.  <br /> <br />Sed ut perspiciatis unde omnis iste natus error sit voluptatem accusantium doloremque laudantium, totam rem aperiam, eaque ipsa quae. Vivamus nec sapien massa, a imperdiet diam. Aliquam erat volutpat. log in to the forums, and a nunc et rutrum.</p>','','[\"1\",\"2\"]','',1,'*',1,0,42,'2016-04-10 07:05:07',42,'2016-04-20 17:58:13',0,'0000-00-00 00:00:00'),(7,'Another Portfolio 7','another-portfolio-7',79,'images/demo_img/portfolio/7.jpg','','<p>Maecenas sed justo varius velit imperdiet bibendum. Vivamus nec sapien massa, a imperdiet diam. Aliquam erat volutpat. log in to the forums, and a nunc et rutrum. Lorem ipsum dolor sit amet, consectetur adipiscing elit.  <br /> <br />Sed ut perspiciatis unde omnis iste natus error sit voluptatem accusantium doloremque laudantium, totam rem aperiam, eaque ipsa quae. Vivamus nec sapien massa, a imperdiet diam. Aliquam erat volutpat. log in to the forums, and a nunc et rutrum.</p>','','[\"1\",\"3\"]','',1,'*',1,0,42,'2016-04-10 07:05:55',42,'2016-04-20 17:58:16',0,'0000-00-00 00:00:00'),(8,'Another Portfolio 8','another-portfolio-8',79,'images/demo_img/portfolio/8.jpg','','<p>Maecenas sed justo varius velit imperdiet bibendum. Vivamus nec sapien massa, a imperdiet diam. Aliquam erat volutpat. log in to the forums, and a nunc et rutrum. Lorem ipsum dolor sit amet, consectetur adipiscing elit.  <br /> <br />Sed ut perspiciatis unde omnis iste natus error sit voluptatem accusantium doloremque laudantium, totam rem aperiam, eaque ipsa quae. Vivamus nec sapien massa, a imperdiet diam. Aliquam erat volutpat. log in to the forums, and a nunc et rutrum.</p>','','[\"2\",\"3\"]','',1,'*',1,0,42,'2016-04-10 07:06:15',42,'2016-04-20 17:58:21',0,'0000-00-00 00:00:00'),(9,'Another Portfolio 9','another-portfolio-9',79,'images/demo_img/portfolio/9.jpg','','<p>Maecenas sed justo varius velit imperdiet bibendum. Vivamus nec sapien massa, a imperdiet diam. Aliquam erat volutpat. log in to the forums, and a nunc et rutrum. Lorem ipsum dolor sit amet, consectetur adipiscing elit.  <br /> <br />Sed ut perspiciatis unde omnis iste natus error sit voluptatem accusantium doloremque laudantium, totam rem aperiam, eaque ipsa quae. Vivamus nec sapien massa, a imperdiet diam. Aliquam erat volutpat. log in to the forums, and a nunc et rutrum.</p>','','[\"1\",\"3\"]','',1,'*',1,0,42,'2016-04-21 15:20:15',42,'2016-04-23 15:10:14',0,'0000-00-00 00:00:00'),(10,'Gallery 1 ','gallery-1',81,'images/demo_img/portfolio/img8.jpg','','<p>Maecenas sed justo varius velit imperdiet bibendum. Vivamus nec sapien massa, a imperdiet diam. Aliquam erat volutpat. log in to the forums, and a nunc et rutrum. Lorem ipsum dolor sit amet, consectetur adipiscing elit.  <br /> <br />Sed ut perspiciatis unde omnis iste natus error sit voluptatem accusantium doloremque laudantium, totam rem aperiam, eaque ipsa quae. Vivamus nec sapien massa, a imperdiet diam. Aliquam erat volutpat. log in to the forums, and a nunc et rutrum.</p>','','[\"1\",\"2\"]','',1,'*',1,0,42,'2016-04-25 17:34:51',42,'2016-04-25 17:40:23',0,'0000-00-00 00:00:00'),(11,'Gallery 2','gallery-2',81,'images/demo_img/portfolio/img2.jpg','','<p>Maecenas sed justo varius velit imperdiet bibendum. Vivamus nec sapien massa, a imperdiet diam. Aliquam erat volutpat. log in to the forums, and a nunc et rutrum. Lorem ipsum dolor sit amet, consectetur adipiscing elit.  <br /> <br />Sed ut perspiciatis unde omnis iste natus error sit voluptatem accusantium doloremque laudantium, totam rem aperiam, eaque ipsa quae. Vivamus nec sapien massa, a imperdiet diam. Aliquam erat volutpat. log in to the forums, and a nunc et rutrum.</p>','','[\"2\",\"3\"]','',1,'*',1,0,42,'2016-04-25 17:35:59',0,'0000-00-00 00:00:00',0,'0000-00-00 00:00:00'),(12,'Gallery 3','gallery-3',81,'images/demo_img/portfolio/img3.jpg','','<p>Maecenas sed justo varius velit imperdiet bibendum. Vivamus nec sapien massa, a imperdiet diam. Aliquam erat volutpat. log in to the forums, and a nunc et rutrum. Lorem ipsum dolor sit amet, consectetur adipiscing elit.  <br /> <br />Sed ut perspiciatis unde omnis iste natus error sit voluptatem accusantium doloremque laudantium, totam rem aperiam, eaque ipsa quae. Vivamus nec sapien massa, a imperdiet diam. Aliquam erat volutpat. log in to the forums, and a nunc et rutrum.</p>','','[\"1\",\"3\"]','',1,'*',1,0,42,'2016-04-25 17:37:02',0,'0000-00-00 00:00:00',0,'0000-00-00 00:00:00'),(13,'Gallery 4','gallery-4',81,'images/demo_img/portfolio/img4.jpg','','<p>Maecenas sed justo varius velit imperdiet bibendum. Vivamus nec sapien massa, a imperdiet diam. Aliquam erat volutpat. log in to the forums, and a nunc et rutrum. Lorem ipsum dolor sit amet, consectetur adipiscing elit.  <br /> <br />Sed ut perspiciatis unde omnis iste natus error sit voluptatem accusantium doloremque laudantium, totam rem aperiam, eaque ipsa quae. Vivamus nec sapien massa, a imperdiet diam. Aliquam erat volutpat. log in to the forums, and a nunc et rutrum.</p>','','[\"1\",\"2\"]','',1,'*',1,0,42,'2016-04-25 17:39:19',0,'0000-00-00 00:00:00',0,'0000-00-00 00:00:00'),(14,'Gallery 5','gallery-5',81,'images/demo_img/portfolio/img5.jpg','','<p>Maecenas sed justo varius velit imperdiet bibendum. Vivamus nec sapien massa, a imperdiet diam. Aliquam erat volutpat. log in to the forums, and a nunc et rutrum. Lorem ipsum dolor sit amet, consectetur adipiscing elit.  <br /> <br />Sed ut perspiciatis unde omnis iste natus error sit voluptatem accusantium doloremque laudantium, totam rem aperiam, eaque ipsa quae. Vivamus nec sapien massa, a imperdiet diam. Aliquam erat volutpat. log in to the forums, and a nunc et rutrum.</p>','','[\"2\",\"3\"]','',1,'*',1,0,42,'2016-04-25 17:39:59',0,'0000-00-00 00:00:00',0,'0000-00-00 00:00:00'),(15,'Gallery 6','gallery-6',81,'images/demo_img/portfolio/img7.jpg','','<p>Maecenas sed justo varius velit imperdiet bibendum. Vivamus nec sapien massa, a imperdiet diam. Aliquam erat volutpat. log in to the forums, and a nunc et rutrum. Lorem ipsum dolor sit amet, consectetur adipiscing elit.  <br /> <br />Sed ut perspiciatis unde omnis iste natus error sit voluptatem accusantium doloremque laudantium, totam rem aperiam, eaque ipsa quae. Vivamus nec sapien massa, a imperdiet diam. Aliquam erat volutpat. log in to the forums, and a nunc et rutrum.</p>','','[\"1\",\"3\"]','',1,'*',1,0,42,'2016-04-25 17:41:17',0,'0000-00-00 00:00:00',0,'0000-00-00 00:00:00');

--
-- Table structure for table `rlhxg_spsimpleportfolio_tags`
--

CREATE TABLE `rlhxg_spsimpleportfolio_tags` (
  `id` bigint(20) unsigned NOT NULL AUTO_INCREMENT,
  `title` varchar(255) NOT NULL,
  `alias` varchar(55) NOT NULL,
  PRIMARY KEY (`id`)
) ENGINE=InnoDB AUTO_INCREMENT=4 DEFAULT CHARSET=utf8;

--
-- Dumping data for table `rlhxg_spsimpleportfolio_tags`
--

INSERT INTO `rlhxg_spsimpleportfolio_tags` VALUES (1,'Multipurpose','multipurpose'),(2,'Joomla','hudson'),(3,'Wordpress','afsana');

--
-- Table structure for table `rlhxg_tags`
--

CREATE TABLE `rlhxg_tags` (
  `id` int(10) unsigned NOT NULL AUTO_INCREMENT,
  `parent_id` int(10) unsigned NOT NULL DEFAULT '0',
  `lft` int(11) NOT NULL DEFAULT '0',
  `rgt` int(11) NOT NULL DEFAULT '0',
  `level` int(10) unsigned NOT NULL DEFAULT '0',
  `path` varchar(400) COLLATE utf8mb4_unicode_ci NOT NULL DEFAULT '',
  `title` varchar(255) COLLATE utf8mb4_unicode_ci NOT NULL,
  `alias` varchar(400) CHARACTER SET utf8mb4 COLLATE utf8mb4_bin NOT NULL DEFAULT '',
  `note` varchar(255) COLLATE utf8mb4_unicode_ci NOT NULL DEFAULT '',
  `description` longtext COLLATE utf8mb4_unicode_ci NOT NULL,
  `published` tinyint(1) NOT NULL DEFAULT '0',
  `checked_out` int(11) unsigned NOT NULL DEFAULT '0',
  `checked_out_time` datetime NOT NULL DEFAULT '0000-00-00 00:00:00',
  `access` int(10) unsigned NOT NULL DEFAULT '0',
  `params` mediumtext COLLATE utf8mb4_unicode_ci NOT NULL,
  `metadesc` varchar(1024) COLLATE utf8mb4_unicode_ci NOT NULL COMMENT 'The meta description for the page.',
  `metakey` varchar(1024) COLLATE utf8mb4_unicode_ci NOT NULL COMMENT 'The meta keywords for the page.',
  `metadata` varchar(2048) COLLATE utf8mb4_unicode_ci NOT NULL COMMENT 'JSON encoded metadata properties.',
  `created_user_id` int(10) unsigned NOT NULL DEFAULT '0',
  `created_time` datetime NOT NULL DEFAULT '0000-00-00 00:00:00',
  `created_by_alias` varchar(255) COLLATE utf8mb4_unicode_ci NOT NULL DEFAULT '',
  `modified_user_id` int(10) unsigned NOT NULL DEFAULT '0',
  `modified_time` datetime NOT NULL DEFAULT '0000-00-00 00:00:00',
  `images` mediumtext COLLATE utf8mb4_unicode_ci NOT NULL,
  `urls` mediumtext COLLATE utf8mb4_unicode_ci NOT NULL,
  `hits` int(10) unsigned NOT NULL DEFAULT '0',
  `language` char(7) COLLATE utf8mb4_unicode_ci NOT NULL,
  `version` int(10) unsigned NOT NULL DEFAULT '1',
  `publish_up` datetime NOT NULL DEFAULT '0000-00-00 00:00:00',
  `publish_down` datetime NOT NULL DEFAULT '0000-00-00 00:00:00',
  PRIMARY KEY (`id`),
  KEY `tag_idx` (`published`,`access`),
  KEY `idx_access` (`access`),
  KEY `idx_checkout` (`checked_out`),
  KEY `idx_left_right` (`lft`,`rgt`),
  KEY `idx_language` (`language`),
  KEY `idx_path` (`path`(100)),
  KEY `idx_alias` (`alias`(100))
) ENGINE=InnoDB AUTO_INCREMENT=2 DEFAULT CHARSET=utf8mb4 COLLATE=utf8mb4_unicode_ci;

--
-- Dumping data for table `rlhxg_tags`
--

INSERT INTO `rlhxg_tags` VALUES (1,0,0,1,0,'','ROOT','root','','',1,0,'0000-00-00 00:00:00',1,'{}','','','',42,'2021-03-09 20:31:56','',0,'0000-00-00 00:00:00','','',0,'*',1,'0000-00-00 00:00:00','0000-00-00 00:00:00');

--
-- Table structure for table `rlhxg_template_styles`
--

CREATE TABLE `rlhxg_template_styles` (
  `id` int(10) unsigned NOT NULL AUTO_INCREMENT,
  `template` varchar(50) COLLATE utf8mb4_unicode_ci NOT NULL DEFAULT '',
  `client_id` tinyint(1) unsigned NOT NULL DEFAULT '0',
  `home` char(7) COLLATE utf8mb4_unicode_ci NOT NULL DEFAULT '0',
  `title` varchar(255) COLLATE utf8mb4_unicode_ci NOT NULL DEFAULT '',
  `params` mediumtext COLLATE utf8mb4_unicode_ci NOT NULL,
  `inheritable` tinyint(4) NOT NULL DEFAULT '0',
  `parent` varchar(50) COLLATE utf8mb4_unicode_ci DEFAULT '',
  PRIMARY KEY (`id`),
  KEY `idx_template` (`template`),
  KEY `idx_client_id` (`client_id`),
  KEY `idx_client_id_home` (`client_id`,`home`)
) ENGINE=InnoDB AUTO_INCREMENT=17 DEFAULT CHARSET=utf8mb4 COLLATE=utf8mb4_unicode_ci;

--
-- Dumping data for table `rlhxg_template_styles`
--

INSERT INTO `rlhxg_template_styles` VALUES (8,'isis',1,'0','isis - Default','{\"templateColor\":\"#10223e\",\"headerColor\":\"#1a3867\",\"sidebarColor\":\"#0088cc\",\"linkColor\":\"#0088cc\",\"loginBackgroundColor\":\"#17568c\",\"logoFile\":\"images\\/itl\\/itl_backend_logo.png\",\"loginLogoFile\":\"images\\/itl\\/joomla.png\",\"admin_menus\":1,\"displayHeader\":1,\"statusFixed\":1,\"stickyToolbar\":1}',0,''),(9,'itl_hudson',0,'1','itl_hudson - Default','{\"add_container\":\"no-container\",\"layout_style\":\"fullwidth\",\"body_bg\":\"images\\/site\\/noisy.png\",\"preloader\":\"0\",\"t3_template\":\"1\",\"devmode\":\"0\",\"themermode\":\"1\",\"legacy_css\":\"0\",\"responsive\":\"1\",\"non_responsive_width\":\"970px\",\"build_rtl\":\"0\",\"t3-assets\":\"t3-assets\",\"t3-rmvlogo\":\"0\",\"minify\":\"0\",\"minify_js\":\"0\",\"minify_js_tool\":\"jsmin\",\"minify_exclude\":\"\",\"link_titles\":\"\",\"theme\":\"\",\"logotype\":\"image\",\"sitename\":\"Pourvoirie Clauparo\",\"slogan\":\"\",\"logoimage\":\"images\\/site\\/pourvoirie-clauparo-logo_reverse.png\",\"enable_logoimage_sm\":\"0\",\"logoimage_sm\":\"\",\"mainlayout\":\"default\",\"sublayout\":\"\",\"mm_type\":\"mainmenu\",\"navigation_trigger\":\"hover\",\"navigation_type\":\"megamenu\",\"navigation_animation\":\"slide\",\"navigation_animation_duration\":\"400\",\"mm_config\":\"{\\\"mainmenu\\\":{\\\"item-435\\\":{\\\"alignsub\\\":\\\"center\\\"}},\\\"main-menu-es\\\":{\\\"item-686\\\":{\\\"sub\\\":{\\\"rows\\\":[[{\\\"item\\\":687,\\\"width\\\":12}]]}},\\\"item-697\\\":{\\\"sub\\\":{\\\"width\\\":600,\\\"rows\\\":[[{\\\"item\\\":698,\\\"width\\\":4},{\\\"item\\\":702,\\\"width\\\":4},{\\\"position\\\":\\\"169\\\",\\\"width\\\":4,\\\"class\\\":\\\"hidden-sm hidden-xs\\\"}]]}},\\\"item-706\\\":{\\\"sub\\\":{\\\"rows\\\":[[{\\\"item\\\":707,\\\"width\\\":12}]]}},\\\"item-714\\\":{\\\"sub\\\":{\\\"rows\\\":[[{\\\"item\\\":715,\\\"width\\\":12}]]}},\\\"item-723\\\":{\\\"sub\\\":{\\\"rows\\\":[[{\\\"item\\\":724,\\\"width\\\":12}]]}},\\\"item-730\\\":{\\\"sub\\\":{\\\"width\\\":800,\\\"rows\\\":[[{\\\"item\\\":731,\\\"width\\\":3},{\\\"item\\\":738,\\\"width\\\":3},{\\\"item\\\":745,\\\"width\\\":3},{\\\"item\\\":752,\\\"width\\\":3}]]}},\\\"item-731\\\":{\\\"xicon\\\":\\\"fa fa-plus-circle\\\"},\\\"item-732\\\":{\\\"xicon\\\":\\\"fa fa-sort-alpha-desc\\\"},\\\"item-733\\\":{\\\"xicon\\\":\\\"fa fa-bolt\\\"},\\\"item-734\\\":{\\\"xicon\\\":\\\"fa fa-sort-numeric-desc\\\"},\\\"item-735\\\":{\\\"xicon\\\":\\\"fa fa-quote-right\\\"},\\\"item-736\\\":{\\\"xicon\\\":\\\"fa fa-newspaper-o\\\"},\\\"item-737\\\":{\\\"xicon\\\":\\\"fa fa-th\\\"},\\\"item-738\\\":{\\\"xicon\\\":\\\"fa fa-sliders\\\"},\\\"item-739\\\":{\\\"xicon\\\":\\\"fa fa-file-text-o\\\"},\\\"item-740\\\":{\\\"xicon\\\":\\\"fa fa-angellist\\\"},\\\"item-741\\\":{\\\"xicon\\\":\\\"fa fa-align-justify\\\"},\\\"item-742\\\":{\\\"xicon\\\":\\\"fa fa-header\\\"},\\\"item-743\\\":{\\\"xicon\\\":\\\"fa fa-exclamation-triangle\\\"},\\\"item-744\\\":{\\\"xicon\\\":\\\"fa fa-question\\\"},\\\"item-745\\\":{\\\"xicon\\\":\\\"fa fa-codepen\\\"},\\\"item-746\\\":{\\\"xicon\\\":\\\"fa fa-heart\\\"},\\\"item-747\\\":{\\\"xicon\\\":\\\"fa fa-credit-card\\\"},\\\"item-748\\\":{\\\"xicon\\\":\\\"fa fa-picture-o\\\"},\\\"item-749\\\":{\\\"xicon\\\":\\\"fa fa-heart-o\\\"},\\\"item-750\\\":{\\\"xicon\\\":\\\"fa fa-exclamation-circle\\\"},\\\"item-751\\\":{\\\"xicon\\\":\\\"fa fa-pie-chart\\\"},\\\"item-752\\\":{\\\"xicon\\\":\\\"fa fa-usd\\\"},\\\"item-753\\\":{\\\"xicon\\\":\\\"fa fa-line-chart\\\"},\\\"item-754\\\":{\\\"xicon\\\":\\\"fa fa-random\\\"},\\\"item-755\\\":{\\\"xicon\\\":\\\"fa fa-user\\\"},\\\"item-756\\\":{\\\"xicon\\\":\\\"fa fa-pagelines\\\"},\\\"item-757\\\":{\\\"xicon\\\":\\\"fa fa-font\\\"},\\\"item-758\\\":{\\\"xicon\\\":\\\"fa fa-youtube-play\\\"},\\\"item-759\\\":{\\\"sub\\\":{\\\"rows\\\":[[{\\\"item\\\":760,\\\"width\\\":12}]]}},\\\"item-765\\\":{\\\"sub\\\":{\\\"rows\\\":[[{\\\"position\\\":\\\"156\\\",\\\"width\\\":12}]]},\\\"class\\\":\\\"hidden-sm hidden-xs\\\",\\\"xicon\\\":\\\"fa fa-search\\\"}},\\\"main-menu-en\\\":{\\\"item-767\\\":{\\\"sub\\\":{\\\"rows\\\":[[{\\\"item\\\":768,\\\"width\\\":12}]]}},\\\"item-779\\\":{\\\"sub\\\":{\\\"rows\\\":[[{\\\"item\\\":780,\\\"width\\\":12}]]}},\\\"item-788\\\":{\\\"sub\\\":{\\\"rows\\\":[[{\\\"item\\\":789,\\\"width\\\":12}]]}},\\\"item-796\\\":{\\\"sub\\\":{\\\"rows\\\":[[{\\\"item\\\":797,\\\"width\\\":12}]]}},\\\"item-805\\\":{\\\"sub\\\":{\\\"rows\\\":[[{\\\"item\\\":806,\\\"width\\\":12}]]}},\\\"item-812\\\":{\\\"sub\\\":{\\\"width\\\":\\\"800\\\",\\\"rows\\\":[[{\\\"item\\\":813,\\\"width\\\":3},{\\\"item\\\":820,\\\"width\\\":3},{\\\"item\\\":827,\\\"width\\\":3},{\\\"item\\\":834,\\\"width\\\":3}]]},\\\"alignsub\\\":\\\"center\\\"},\\\"item-841\\\":{\\\"sub\\\":{\\\"rows\\\":[[{\\\"item\\\":842,\\\"width\\\":12}]]}},\\\"item-847\\\":{\\\"xicon\\\":\\\"fa fa-search\\\",\\\"class\\\":\\\"hidden-sm hidden-xs\\\"}}}\",\"navigation_collapse_enable\":\"0\",\"addon_offcanvas_enable\":\"1\",\"addon_offcanvas_effect\":\"off-canvas-effect-4\",\"snippet_open_head\":\"<meta name=\\\"format-detection\\\" content=\\\"telephone=no\\\">\\r\\n<link rel=\\\"preconnect\\\" href=\\\"https:\\/\\/fonts.gstatic.com\\\">\\r\\n<link href=\\\"https:\\/\\/fonts.googleapis.com\\/css2?family=Encode+Sans+Condensed:wght@300;400;700&family=Encode+Sans:wght@400;600;700&display=swap\\\" rel=\\\"stylesheet\\\">\",\"snippet_close_head\":\"<link rel=\\\"stylesheet\\\" href=\\\"\\/templates\\/itl_hudson\\/assets\\/css\\/style.css\\\">\\r\\n<link rel=\\\"stylesheet\\\" href=\\\"\\/templates\\/itl_hudson\\/assets\\/css\\/jquery.fullPage.css\\\">\\r\\n<link rel=\\\"stylesheet\\\" href=\\\"\\/templates\\/itl_hudson\\/assets\\/css\\/photoswipe.css\\\">\\r\\n<link rel=\\\"stylesheet\\\" href=\\\"\\/templates\\/itl_hudson\\/assets\\/css\\/default-skin\\/default-skin.css\\\">\\r\\n<link rel=\\\"stylesheet\\\" href=\\\"\\/templates\\/itl_hudson\\/assets\\/css\\/animate.css\\\">\\r\\n\\r\\n<!-- HTML5 shim and Respond.js for IE8 support of HTML5 elements and media queries -->\\r\\n\\t\\t<!-- WARNING: Respond.js doesn\'t work if you view the page via file:\\/\\/ -->\\r\\n\\t\\t<!--[if lt IE 9]>\\r\\n          <script src=\\\"https:\\/\\/oss.maxcdn.com\\/html5shiv\\/3.7.2\\/html5shiv.min.js\\\"><\\/script>\\r\\n          <script src=\\\"https:\\/\\/oss.maxcdn.com\\/respond\\/1.4.2\\/respond.min.js\\\"><\\/script>\\r\\n        <![endif]-->\",\"snippet_open_body\":\"\",\"snippet_close_body\":\"<!-- jquery-1.11.3.min js -->\\r\\n<script type=\\\"text\\/javascript\\\" src=\\\"\\/templates\\/itl_hudson\\/assets\\/js\\/jquery-1.11.3.min.js\\\"><\\/script>\\r\\n\\r\\n<!-- Plugins -->\\r\\n<script type=\\\"text\\/javascript\\\" src=\\\"\\/templates\\/itl_hudson\\/assets\\/js\\/website-smooth-scroll.js\\\"><\\/script>\\r\\n\\r\\n<script type=\\\"text\\/javascript\\\" src=\\\"\\/templates\\/itl_hudson\\/assets\\/js\\/jquery.fullPage.min.js\\\"><\\/script>\\r\\n<script type=\\\"text\\/javascript\\\" src=\\\"\\/templates\\/itl_hudson\\/assets\\/js\\/imagesloaded.min.js\\\"><\\/script>\\r\\n<script type=\\\"text\\/javascript\\\" src=\\\"\\/templates\\/itl_hudson\\/assets\\/js\\/masonry.\\u200bmin.js\\\"><\\/script>\\r\\n<script type=\\\"text\\/javascript\\\" src=\\\"\\/templates\\/itl_hudson\\/assets\\/js\\/photoswipe.min.js\\\"><\\/script>\\r\\n<script type=\\\"text\\/javascript\\\" src=\\\"\\/templates\\/itl_hudson\\/assets\\/js\\/photoswipe-ui-default.min.js\\\"><\\/script>\\r\\n\\r\\n<!-- Main js -->\\r\\n<script src=\\\"\\/templates\\/itl_hudson\\/assets\\/js\\/main.js\\\"><\\/script>\",\"snippet_debug\":\"0\"}',0,''),(10,'itl_hudson',0,'0','itl_hudson - Boxed','{\"add_container\":\"no-container\",\"layout_style\":\"boxed\",\"body_bg\":\"\",\"preloader\":\"1\",\"t3_template\":\"1\",\"devmode\":\"0\",\"themermode\":\"1\",\"legacy_css\":\"0\",\"responsive\":\"1\",\"non_responsive_width\":\"970px\",\"build_rtl\":\"0\",\"t3-assets\":\"t3-assets\",\"t3-rmvlogo\":\"0\",\"minify\":\"0\",\"minify_js\":\"0\",\"minify_js_tool\":\"jsmin\",\"minify_exclude\":null,\"link_titles\":null,\"theme\":\"\",\"logotype\":\"image\",\"sitename\":\"\",\"slogan\":\"\",\"logoimage\":\"\",\"enable_logoimage_sm\":\"0\",\"logoimage_sm\":\"\",\"mainlayout\":\"default\",\"sublayout\":\"\",\"mm_type\":\"main-menu-en\",\"navigation_trigger\":\"hover\",\"navigation_type\":\"megamenu\",\"navigation_animation\":\"slide\",\"navigation_animation_duration\":\"400\",\"mm_config\":\"{\\\"mainmenu\\\":{\\\"item-435\\\":{\\\"alignsub\\\":\\\"center\\\"}},\\\"main-menu-es\\\":{\\\"item-686\\\":{\\\"sub\\\":{\\\"rows\\\":[[{\\\"item\\\":687,\\\"width\\\":12}]]}},\\\"item-697\\\":{\\\"sub\\\":{\\\"width\\\":600,\\\"rows\\\":[[{\\\"item\\\":698,\\\"width\\\":4},{\\\"item\\\":702,\\\"width\\\":4},{\\\"position\\\":\\\"169\\\",\\\"width\\\":4,\\\"class\\\":\\\"hidden-sm hidden-xs\\\"}]]}},\\\"item-706\\\":{\\\"sub\\\":{\\\"rows\\\":[[{\\\"item\\\":707,\\\"width\\\":12}]]}},\\\"item-714\\\":{\\\"sub\\\":{\\\"rows\\\":[[{\\\"item\\\":715,\\\"width\\\":12}]]}},\\\"item-723\\\":{\\\"sub\\\":{\\\"rows\\\":[[{\\\"item\\\":724,\\\"width\\\":12}]]}},\\\"item-730\\\":{\\\"sub\\\":{\\\"width\\\":800,\\\"rows\\\":[[{\\\"item\\\":731,\\\"width\\\":3},{\\\"item\\\":738,\\\"width\\\":3},{\\\"item\\\":745,\\\"width\\\":3},{\\\"item\\\":752,\\\"width\\\":3}]]}},\\\"item-731\\\":{\\\"xicon\\\":\\\"fa fa-plus-circle\\\"},\\\"item-732\\\":{\\\"xicon\\\":\\\"fa fa-sort-alpha-desc\\\"},\\\"item-733\\\":{\\\"xicon\\\":\\\"fa fa-bolt\\\"},\\\"item-734\\\":{\\\"xicon\\\":\\\"fa fa-sort-numeric-desc\\\"},\\\"item-735\\\":{\\\"xicon\\\":\\\"fa fa-quote-right\\\"},\\\"item-736\\\":{\\\"xicon\\\":\\\"fa fa-newspaper-o\\\"},\\\"item-737\\\":{\\\"xicon\\\":\\\"fa fa-th\\\"},\\\"item-738\\\":{\\\"xicon\\\":\\\"fa fa-sliders\\\"},\\\"item-739\\\":{\\\"xicon\\\":\\\"fa fa-file-text-o\\\"},\\\"item-740\\\":{\\\"xicon\\\":\\\"fa fa-angellist\\\"},\\\"item-741\\\":{\\\"xicon\\\":\\\"fa fa-align-justify\\\"},\\\"item-742\\\":{\\\"xicon\\\":\\\"fa fa-header\\\"},\\\"item-743\\\":{\\\"xicon\\\":\\\"fa fa-exclamation-triangle\\\"},\\\"item-744\\\":{\\\"xicon\\\":\\\"fa fa-question\\\"},\\\"item-745\\\":{\\\"xicon\\\":\\\"fa fa-codepen\\\"},\\\"item-746\\\":{\\\"xicon\\\":\\\"fa fa-heart\\\"},\\\"item-747\\\":{\\\"xicon\\\":\\\"fa fa-credit-card\\\"},\\\"item-748\\\":{\\\"xicon\\\":\\\"fa fa-picture-o\\\"},\\\"item-749\\\":{\\\"xicon\\\":\\\"fa fa-heart-o\\\"},\\\"item-750\\\":{\\\"xicon\\\":\\\"fa fa-exclamation-circle\\\"},\\\"item-751\\\":{\\\"xicon\\\":\\\"fa fa-pie-chart\\\"},\\\"item-752\\\":{\\\"xicon\\\":\\\"fa fa-usd\\\"},\\\"item-753\\\":{\\\"xicon\\\":\\\"fa fa-line-chart\\\"},\\\"item-754\\\":{\\\"xicon\\\":\\\"fa fa-random\\\"},\\\"item-755\\\":{\\\"xicon\\\":\\\"fa fa-user\\\"},\\\"item-756\\\":{\\\"xicon\\\":\\\"fa fa-pagelines\\\"},\\\"item-757\\\":{\\\"xicon\\\":\\\"fa fa-font\\\"},\\\"item-758\\\":{\\\"xicon\\\":\\\"fa fa-youtube-play\\\"},\\\"item-759\\\":{\\\"sub\\\":{\\\"rows\\\":[[{\\\"item\\\":760,\\\"width\\\":12}]]}},\\\"item-765\\\":{\\\"sub\\\":{\\\"rows\\\":[[{\\\"position\\\":\\\"156\\\",\\\"width\\\":12}]]},\\\"class\\\":\\\"hidden-sm hidden-xs\\\",\\\"xicon\\\":\\\"fa fa-search\\\"}},\\\"main-menu-en\\\":{\\\"item-767\\\":{\\\"sub\\\":{\\\"rows\\\":[[{\\\"item\\\":768,\\\"width\\\":12}]]}},\\\"item-779\\\":{\\\"sub\\\":{\\\"rows\\\":[[{\\\"item\\\":780,\\\"width\\\":12}]]}},\\\"item-788\\\":{\\\"sub\\\":{\\\"rows\\\":[[{\\\"item\\\":789,\\\"width\\\":12}]]}},\\\"item-796\\\":{\\\"sub\\\":{\\\"rows\\\":[[{\\\"item\\\":797,\\\"width\\\":12}]]}},\\\"item-805\\\":{\\\"sub\\\":{\\\"rows\\\":[[{\\\"item\\\":806,\\\"width\\\":12}]]}},\\\"item-812\\\":{\\\"sub\\\":{\\\"width\\\":\\\"800\\\",\\\"rows\\\":[[{\\\"item\\\":813,\\\"width\\\":3},{\\\"item\\\":820,\\\"width\\\":3},{\\\"item\\\":827,\\\"width\\\":3},{\\\"item\\\":834,\\\"width\\\":3}]]},\\\"alignsub\\\":\\\"center\\\"},\\\"item-841\\\":{\\\"sub\\\":{\\\"rows\\\":[[{\\\"item\\\":842,\\\"width\\\":12}]]}},\\\"item-847\\\":{\\\"xicon\\\":\\\"fa fa-search\\\",\\\"class\\\":\\\"hidden-sm hidden-xs\\\"}}}\",\"navigation_collapse_enable\":\"0\",\"addon_offcanvas_enable\":\"1\",\"addon_offcanvas_effect\":\"off-canvas-effect-4\",\"snippet_open_head\":\"<meta name=\\\"format-detection\\\" content=\\\"telephone=no\\\">\\r\\n<link rel=\\\"preconnect\\\" href=\\\"https:\\/\\/fonts.gstatic.com\\\">\\r\\n<link href=\\\"https:\\/\\/fonts.googleapis.com\\/css2?family=Encode+Sans+Condensed:wght@300;400;700&family=Encode+Sans:wght@400;600;700&display=swap\\\" rel=\\\"stylesheet\\\">\",\"snippet_close_head\":\"<link rel=\\\"stylesheet\\\" href=\\\"\\/templates\\/itl_hudson\\/assets\\/css\\/style.css\\\">\\r\\n<link rel=\\\"stylesheet\\\" href=\\\"\\/templates\\/itl_hudson\\/assets\\/css\\/jquery.fullPage.css\\\">\\r\\n<link rel=\\\"stylesheet\\\" href=\\\"\\/templates\\/itl_hudson\\/assets\\/css\\/photoswipe.css\\\">\\r\\n<link rel=\\\"stylesheet\\\" href=\\\"\\/templates\\/itl_hudson\\/assets\\/css\\/default-skin\\/default-skin.css\\\">\\r\\n<link rel=\\\"stylesheet\\\" href=\\\"\\/templates\\/itl_hudson\\/assets\\/css\\/animate.css\\\">\\r\\n\\r\\n<!-- HTML5 shim and Respond.js for IE8 support of HTML5 elements and media queries -->\\r\\n\\t\\t<!-- WARNING: Respond.js doesn\'t work if you view the page via file:\\/\\/ -->\\r\\n\\t\\t<!--[if lt IE 9]>\\r\\n          <script src=\\\"https:\\/\\/oss.maxcdn.com\\/html5shiv\\/3.7.2\\/html5shiv.min.js\\\"><\\/script>\\r\\n          <script src=\\\"https:\\/\\/oss.maxcdn.com\\/respond\\/1.4.2\\/respond.min.js\\\"><\\/script>\\r\\n        <![endif]-->\",\"snippet_open_body\":null,\"snippet_close_body\":\"<!-- jquery-1.11.3.min js -->\\r\\n<script type=\\\"text\\/javascript\\\" src=\\\"\\/templates\\/itl_hudson\\/assets\\/js\\/jquery-1.11.3.min.js\\\"><\\/script>\\r\\n\\r\\n<!-- Plugins -->\\r\\n<script type=\\\"text\\/javascript\\\" src=\\\"\\/templates\\/itl_hudson\\/assets\\/js\\/website-smooth-scroll.js\\\"><\\/script>\\r\\n\\r\\n<script type=\\\"text\\/javascript\\\" src=\\\"\\/templates\\/itl_hudson\\/assets\\/js\\/jquery.fullPage.min.js\\\"><\\/script>\\r\\n<script type=\\\"text\\/javascript\\\" src=\\\"\\/templates\\/itl_hudson\\/assets\\/js\\/imagesloaded.min.js\\\"><\\/script>\\r\\n<script type=\\\"text\\/javascript\\\" src=\\\"\\/templates\\/itl_hudson\\/assets\\/js\\/masonry.\\u200bmin.js\\\"><\\/script>\\r\\n<script type=\\\"text\\/javascript\\\" src=\\\"\\/templates\\/itl_hudson\\/assets\\/js\\/photoswipe.min.js\\\"><\\/script>\\r\\n<script type=\\\"text\\/javascript\\\" src=\\\"\\/templates\\/itl_hudson\\/assets\\/js\\/photoswipe-ui-default.min.js\\\"><\\/script>\\r\\n\\r\\n<!-- Main js -->\\r\\n<script src=\\\"\\/templates\\/itl_hudson\\/assets\\/js\\/main.js\\\"><\\/script>\",\"snippet_debug\":\"0\"}',0,''),(11,'itl_hudson',0,'0','itl_hudson - Spanish','{\"add_container\":\"no-container\",\"layout_style\":\"fullwidth\",\"body_bg\":\"\",\"preloader\":\"1\",\"t3_template\":\"1\",\"devmode\":\"0\",\"themermode\":\"1\",\"legacy_css\":\"0\",\"responsive\":\"1\",\"non_responsive_width\":\"970px\",\"build_rtl\":\"0\",\"t3-assets\":\"t3-assets\",\"t3-rmvlogo\":\"0\",\"minify\":\"0\",\"minify_js\":\"0\",\"minify_js_tool\":\"jsmin\",\"minify_exclude\":null,\"link_titles\":null,\"theme\":\"\",\"logotype\":\"image\",\"sitename\":\"\",\"slogan\":\"\",\"logoimage\":\"\",\"enable_logoimage_sm\":\"0\",\"logoimage_sm\":\"\",\"mainlayout\":\"default\",\"sublayout\":\"\",\"mm_type\":\"main-menu-es\",\"navigation_trigger\":\"hover\",\"navigation_type\":\"megamenu\",\"navigation_animation\":\"slide\",\"navigation_animation_duration\":\"400\",\"mm_config\":\"{\\\"mainmenu\\\":{\\\"item-435\\\":{\\\"alignsub\\\":\\\"center\\\"}},\\\"main-menu-es\\\":{\\\"item-686\\\":{\\\"sub\\\":{\\\"rows\\\":[[{\\\"item\\\":687,\\\"width\\\":12}]]}},\\\"item-697\\\":{\\\"sub\\\":{\\\"width\\\":600,\\\"rows\\\":[[{\\\"item\\\":698,\\\"width\\\":4},{\\\"item\\\":702,\\\"width\\\":4},{\\\"position\\\":\\\"169\\\",\\\"width\\\":4,\\\"class\\\":\\\"hidden-sm hidden-xs\\\"}]]}},\\\"item-706\\\":{\\\"sub\\\":{\\\"rows\\\":[[{\\\"item\\\":707,\\\"width\\\":12}]]}},\\\"item-714\\\":{\\\"sub\\\":{\\\"rows\\\":[[{\\\"item\\\":715,\\\"width\\\":12}]]}},\\\"item-723\\\":{\\\"sub\\\":{\\\"rows\\\":[[{\\\"item\\\":724,\\\"width\\\":12}]]}},\\\"item-730\\\":{\\\"sub\\\":{\\\"width\\\":800,\\\"rows\\\":[[{\\\"item\\\":731,\\\"width\\\":3},{\\\"item\\\":738,\\\"width\\\":3},{\\\"item\\\":745,\\\"width\\\":3},{\\\"item\\\":752,\\\"width\\\":3}]]}},\\\"item-731\\\":{\\\"xicon\\\":\\\"fa fa-plus-circle\\\"},\\\"item-732\\\":{\\\"xicon\\\":\\\"fa fa-sort-alpha-desc\\\"},\\\"item-733\\\":{\\\"xicon\\\":\\\"fa fa-bolt\\\"},\\\"item-734\\\":{\\\"xicon\\\":\\\"fa fa-sort-numeric-desc\\\"},\\\"item-735\\\":{\\\"xicon\\\":\\\"fa fa-quote-right\\\"},\\\"item-736\\\":{\\\"xicon\\\":\\\"fa fa-newspaper-o\\\"},\\\"item-737\\\":{\\\"xicon\\\":\\\"fa fa-th\\\"},\\\"item-738\\\":{\\\"xicon\\\":\\\"fa fa-sliders\\\"},\\\"item-739\\\":{\\\"xicon\\\":\\\"fa fa-file-text-o\\\"},\\\"item-740\\\":{\\\"xicon\\\":\\\"fa fa-angellist\\\"},\\\"item-741\\\":{\\\"xicon\\\":\\\"fa fa-align-justify\\\"},\\\"item-742\\\":{\\\"xicon\\\":\\\"fa fa-header\\\"},\\\"item-743\\\":{\\\"xicon\\\":\\\"fa fa-exclamation-triangle\\\"},\\\"item-744\\\":{\\\"xicon\\\":\\\"fa fa-question\\\"},\\\"item-745\\\":{\\\"xicon\\\":\\\"fa fa-codepen\\\"},\\\"item-746\\\":{\\\"xicon\\\":\\\"fa fa-heart\\\"},\\\"item-747\\\":{\\\"xicon\\\":\\\"fa fa-credit-card\\\"},\\\"item-748\\\":{\\\"xicon\\\":\\\"fa fa-picture-o\\\"},\\\"item-749\\\":{\\\"xicon\\\":\\\"fa fa-heart-o\\\"},\\\"item-750\\\":{\\\"xicon\\\":\\\"fa fa-exclamation-circle\\\"},\\\"item-751\\\":{\\\"xicon\\\":\\\"fa fa-pie-chart\\\"},\\\"item-752\\\":{\\\"xicon\\\":\\\"fa fa-usd\\\"},\\\"item-753\\\":{\\\"xicon\\\":\\\"fa fa-line-chart\\\"},\\\"item-754\\\":{\\\"xicon\\\":\\\"fa fa-random\\\"},\\\"item-755\\\":{\\\"xicon\\\":\\\"fa fa-user\\\"},\\\"item-756\\\":{\\\"xicon\\\":\\\"fa fa-pagelines\\\"},\\\"item-757\\\":{\\\"xicon\\\":\\\"fa fa-font\\\"},\\\"item-758\\\":{\\\"xicon\\\":\\\"fa fa-youtube-play\\\"},\\\"item-759\\\":{\\\"sub\\\":{\\\"rows\\\":[[{\\\"item\\\":760,\\\"width\\\":12}]]}},\\\"item-765\\\":{\\\"sub\\\":{\\\"rows\\\":[[{\\\"position\\\":\\\"156\\\",\\\"width\\\":12}]]},\\\"class\\\":\\\"hidden-sm hidden-xs\\\",\\\"xicon\\\":\\\"fa fa-search\\\"}},\\\"main-menu-en\\\":{\\\"item-767\\\":{\\\"sub\\\":{\\\"rows\\\":[[{\\\"item\\\":768,\\\"width\\\":12}]]}},\\\"item-779\\\":{\\\"sub\\\":{\\\"rows\\\":[[{\\\"item\\\":780,\\\"width\\\":12}]]}},\\\"item-788\\\":{\\\"sub\\\":{\\\"rows\\\":[[{\\\"item\\\":789,\\\"width\\\":12}]]}},\\\"item-796\\\":{\\\"sub\\\":{\\\"rows\\\":[[{\\\"item\\\":797,\\\"width\\\":12}]]}},\\\"item-805\\\":{\\\"sub\\\":{\\\"rows\\\":[[{\\\"item\\\":806,\\\"width\\\":12}]]}},\\\"item-812\\\":{\\\"sub\\\":{\\\"width\\\":\\\"800\\\",\\\"rows\\\":[[{\\\"item\\\":813,\\\"width\\\":3},{\\\"item\\\":820,\\\"width\\\":3},{\\\"item\\\":827,\\\"width\\\":3},{\\\"item\\\":834,\\\"width\\\":3}]]},\\\"alignsub\\\":\\\"center\\\"},\\\"item-841\\\":{\\\"sub\\\":{\\\"rows\\\":[[{\\\"item\\\":842,\\\"width\\\":12}]]}},\\\"item-847\\\":{\\\"xicon\\\":\\\"fa fa-search\\\",\\\"class\\\":\\\"hidden-sm hidden-xs\\\"}}}\",\"navigation_collapse_enable\":\"0\",\"addon_offcanvas_enable\":\"1\",\"addon_offcanvas_effect\":\"off-canvas-effect-4\",\"snippet_open_head\":\"<meta name=\\\"format-detection\\\" content=\\\"telephone=no\\\">\\r\\n<link rel=\\\"preconnect\\\" href=\\\"https:\\/\\/fonts.gstatic.com\\\">\\r\\n<link href=\\\"https:\\/\\/fonts.googleapis.com\\/css2?family=Encode+Sans+Condensed:wght@300;400;700&family=Encode+Sans:wght@400;600;700&display=swap\\\" rel=\\\"stylesheet\\\">\",\"snippet_close_head\":\"<link rel=\\\"stylesheet\\\" href=\\\"\\/templates\\/itl_hudson\\/assets\\/css\\/style.css\\\">\\r\\n<link rel=\\\"stylesheet\\\" href=\\\"\\/templates\\/itl_hudson\\/assets\\/css\\/jquery.fullPage.css\\\">\\r\\n<link rel=\\\"stylesheet\\\" href=\\\"\\/templates\\/itl_hudson\\/assets\\/css\\/photoswipe.css\\\">\\r\\n<link rel=\\\"stylesheet\\\" href=\\\"\\/templates\\/itl_hudson\\/assets\\/css\\/default-skin\\/default-skin.css\\\">\\r\\n<link rel=\\\"stylesheet\\\" href=\\\"\\/templates\\/itl_hudson\\/assets\\/css\\/animate.css\\\">\\r\\n\\r\\n<!-- HTML5 shim and Respond.js for IE8 support of HTML5 elements and media queries -->\\r\\n\\t\\t<!-- WARNING: Respond.js doesn\'t work if you view the page via file:\\/\\/ -->\\r\\n\\t\\t<!--[if lt IE 9]>\\r\\n          <script src=\\\"https:\\/\\/oss.maxcdn.com\\/html5shiv\\/3.7.2\\/html5shiv.min.js\\\"><\\/script>\\r\\n          <script src=\\\"https:\\/\\/oss.maxcdn.com\\/respond\\/1.4.2\\/respond.min.js\\\"><\\/script>\\r\\n        <![endif]-->\",\"snippet_open_body\":null,\"snippet_close_body\":\"<!-- jquery-1.11.3.min js -->\\r\\n<script type=\\\"text\\/javascript\\\" src=\\\"\\/templates\\/itl_hudson\\/assets\\/js\\/jquery-1.11.3.min.js\\\"><\\/script>\\r\\n\\r\\n<!-- Plugins -->\\r\\n<script type=\\\"text\\/javascript\\\" src=\\\"\\/templates\\/itl_hudson\\/assets\\/js\\/website-smooth-scroll.js\\\"><\\/script>\\r\\n\\r\\n<script type=\\\"text\\/javascript\\\" src=\\\"\\/templates\\/itl_hudson\\/assets\\/js\\/jquery.fullPage.min.js\\\"><\\/script>\\r\\n<script type=\\\"text\\/javascript\\\" src=\\\"\\/templates\\/itl_hudson\\/assets\\/js\\/imagesloaded.min.js\\\"><\\/script>\\r\\n<script type=\\\"text\\/javascript\\\" src=\\\"\\/templates\\/itl_hudson\\/assets\\/js\\/masonry.\\u200bmin.js\\\"><\\/script>\\r\\n<script type=\\\"text\\/javascript\\\" src=\\\"\\/templates\\/itl_hudson\\/assets\\/js\\/photoswipe.min.js\\\"><\\/script>\\r\\n<script type=\\\"text\\/javascript\\\" src=\\\"\\/templates\\/itl_hudson\\/assets\\/js\\/photoswipe-ui-default.min.js\\\"><\\/script>\\r\\n\\r\\n<!-- Main js -->\\r\\n<script src=\\\"\\/templates\\/itl_hudson\\/assets\\/js\\/main.js\\\"><\\/script>\",\"snippet_debug\":\"0\"}',0,''),(13,'protostar',0,'0','protostar - Default','{\"templateColor\":\"#08C\",\"templateBackgroundColor\":\"#F4F6F7\",\"logoFile\":\"\",\"sitetitle\":\"\",\"sitedescription\":\"\",\"googleFont\":\"1\",\"googleFontName\":\"Open+Sans\",\"fluidContainer\":\"0\"}',0,''),(14,'beez3',0,'0','beez3 - Default','{\"wrapperSmall\":\"53\",\"wrapperLarge\":\"72\",\"sitetitle\":\"\",\"sitedescription\":\"\",\"navposition\":\"center\",\"templatecolor\":\"nature\",\"backgroundcolor\":\"#eee\"}',0,''),(15,'hathor',1,'0','Hathor Administrator template - Default','{\"showSiteName\":\"0\",\"logoFile\":\"\",\"colourChoice\":\"0\",\"boldText\":\"0\"}',0,''),(16,'isis_webtotal',1,'1','isis_webtotal - Par défaut','{\"templateColor\":\"#10223E\",\"headerColor\":\"#1A3867\",\"sidebarColor\":\"#3071a9\",\"linkColor\":\"#3071a9\",\"loginBackgroundColor\":\"#17568C\",\"logoFile\":\"\",\"loginLogoFile\":\"\",\"admin_menus\":\"1\",\"displayHeader\":\"1\",\"statusFixed\":\"1\",\"stickyToolbar\":\"1\"}',0,'');

--
-- Table structure for table `rlhxg_ucm_base`
--

CREATE TABLE `rlhxg_ucm_base` (
  `ucm_id` int(10) unsigned NOT NULL,
  `ucm_item_id` int(10) NOT NULL,
  `ucm_type_id` int(11) NOT NULL,
  `ucm_language_id` int(11) NOT NULL,
  PRIMARY KEY (`ucm_id`),
  KEY `idx_ucm_item_id` (`ucm_item_id`),
  KEY `idx_ucm_type_id` (`ucm_type_id`),
  KEY `idx_ucm_language_id` (`ucm_language_id`)
) ENGINE=InnoDB DEFAULT CHARSET=utf8mb4 COLLATE=utf8mb4_unicode_ci;

--
-- Dumping data for table `rlhxg_ucm_base`
--


--
-- Table structure for table `rlhxg_ucm_content`
--

CREATE TABLE `rlhxg_ucm_content` (
  `core_content_id` int(10) unsigned NOT NULL AUTO_INCREMENT,
  `core_type_alias` varchar(400) COLLATE utf8mb4_unicode_ci NOT NULL DEFAULT '' COMMENT 'FK to the content types table',
  `core_title` varchar(400) COLLATE utf8mb4_unicode_ci NOT NULL DEFAULT '',
  `core_alias` varchar(400) CHARACTER SET utf8mb4 COLLATE utf8mb4_bin NOT NULL DEFAULT '',
  `core_body` mediumtext COLLATE utf8mb4_unicode_ci,
  `core_state` tinyint(1) NOT NULL DEFAULT '0',
  `core_checked_out_time` varchar(255) COLLATE utf8mb4_unicode_ci NOT NULL DEFAULT '',
  `core_checked_out_user_id` int(10) unsigned NOT NULL DEFAULT '0',
  `core_access` int(10) unsigned NOT NULL DEFAULT '0',
  `core_params` text COLLATE utf8mb4_unicode_ci,
  `core_featured` tinyint(4) unsigned NOT NULL DEFAULT '0',
  `core_metadata` varchar(2048) COLLATE utf8mb4_unicode_ci NOT NULL COMMENT 'JSON encoded metadata properties.',
  `core_created_user_id` int(10) unsigned NOT NULL DEFAULT '0',
  `core_created_by_alias` varchar(255) COLLATE utf8mb4_unicode_ci NOT NULL DEFAULT '',
  `core_created_time` datetime NOT NULL DEFAULT '0000-00-00 00:00:00',
  `core_modified_user_id` int(10) unsigned NOT NULL DEFAULT '0' COMMENT 'Most recent user that modified',
  `core_modified_time` datetime NOT NULL DEFAULT '0000-00-00 00:00:00',
  `core_language` char(7) COLLATE utf8mb4_unicode_ci NOT NULL,
  `core_publish_up` datetime NOT NULL,
  `core_publish_down` datetime NOT NULL,
  `core_content_item_id` int(10) unsigned DEFAULT NULL COMMENT 'ID from the individual type table',
  `asset_id` int(10) unsigned DEFAULT NULL COMMENT 'FK to the #__assets table.',
  `core_images` text COLLATE utf8mb4_unicode_ci,
  `core_urls` text COLLATE utf8mb4_unicode_ci,
  `core_hits` int(10) unsigned NOT NULL DEFAULT '0',
  `core_version` int(10) unsigned NOT NULL DEFAULT '1',
  `core_ordering` int(11) NOT NULL DEFAULT '0',
  `core_metakey` text COLLATE utf8mb4_unicode_ci,
  `core_metadesc` text COLLATE utf8mb4_unicode_ci,
  `core_catid` int(10) unsigned NOT NULL DEFAULT '0',
  `core_xreference` varchar(50) COLLATE utf8mb4_unicode_ci NOT NULL COMMENT 'A reference to enable linkages to external data sets.',
  `core_type_id` int(10) unsigned DEFAULT NULL,
  PRIMARY KEY (`core_content_id`),
  KEY `tag_idx` (`core_state`,`core_access`),
  KEY `idx_access` (`core_access`),
  KEY `idx_language` (`core_language`),
  KEY `idx_modified_time` (`core_modified_time`),
  KEY `idx_created_time` (`core_created_time`),
  KEY `idx_core_modified_user_id` (`core_modified_user_id`),
  KEY `idx_core_checked_out_user_id` (`core_checked_out_user_id`),
  KEY `idx_core_created_user_id` (`core_created_user_id`),
  KEY `idx_core_type_id` (`core_type_id`),
  KEY `idx_alias` (`core_alias`(100)),
  KEY `idx_title` (`core_title`(100)),
  KEY `idx_content_type` (`core_type_alias`(100))
) ENGINE=InnoDB DEFAULT CHARSET=utf8mb4 COLLATE=utf8mb4_unicode_ci COMMENT='Contains core content data in name spaced fields';

--
-- Dumping data for table `rlhxg_ucm_content`
--


--
-- Table structure for table `rlhxg_ucm_history`
--

CREATE TABLE `rlhxg_ucm_history` (
  `version_id` int(10) unsigned NOT NULL AUTO_INCREMENT,
  `ucm_item_id` int(10) unsigned NOT NULL,
  `ucm_type_id` int(10) unsigned NOT NULL,
  `version_note` varchar(255) COLLATE utf8mb4_unicode_ci NOT NULL DEFAULT '' COMMENT 'Optional version name',
  `save_date` datetime NOT NULL DEFAULT '0000-00-00 00:00:00',
  `editor_user_id` int(10) unsigned NOT NULL DEFAULT '0',
  `character_count` int(10) unsigned NOT NULL DEFAULT '0' COMMENT 'Number of characters in this version.',
  `sha1_hash` varchar(50) COLLATE utf8mb4_unicode_ci NOT NULL DEFAULT '' COMMENT 'SHA1 hash of the version_data column.',
  `version_data` longtext COLLATE utf8mb4_unicode_ci NOT NULL COMMENT 'json-encoded string of version data',
  `keep_forever` tinyint(4) NOT NULL DEFAULT '0' COMMENT '0=auto delete; 1=keep',
  PRIMARY KEY (`version_id`),
  KEY `idx_ucm_item_id` (`ucm_type_id`,`ucm_item_id`),
  KEY `idx_save_date` (`save_date`)
) ENGINE=InnoDB DEFAULT CHARSET=utf8mb4 COLLATE=utf8mb4_unicode_ci;

--
-- Dumping data for table `rlhxg_ucm_history`
--


--
-- Table structure for table `rlhxg_update_sites`
--

CREATE TABLE `rlhxg_update_sites` (
  `update_site_id` int(11) NOT NULL AUTO_INCREMENT,
  `name` varchar(100) COLLATE utf8mb4_unicode_ci DEFAULT '',
  `type` varchar(20) COLLATE utf8mb4_unicode_ci DEFAULT '',
  `location` mediumtext COLLATE utf8mb4_unicode_ci NOT NULL,
  `enabled` int(11) DEFAULT '0',
  `last_check_timestamp` bigint(20) DEFAULT '0',
  `extra_query` varchar(1000) COLLATE utf8mb4_unicode_ci DEFAULT '',
  PRIMARY KEY (`update_site_id`)
) ENGINE=InnoDB AUTO_INCREMENT=45 DEFAULT CHARSET=utf8mb4 COLLATE=utf8mb4_unicode_ci COMMENT='Update Sites';

--
-- Dumping data for table `rlhxg_update_sites`
--

INSERT INTO `rlhxg_update_sites` VALUES (1,'Joomla Core','collection','https://update.joomla.org/core/list.xml',1,1742784989,''),(2,'Joomla Extension Directory','collection','http://update.joomla.org/jed/list.xml',1,1742784989,''),(19,'Joomla! Update Component Update Site','extension','https://update.joomla.org/core/extensions/com_joomlaupdate.xml',1,1724847599,''),(24,'Webberry Updates','extension','http://update.webberry-webdesign.de/flickrberry.xml',1,1724847600,''),(25,'SP Simple Portfolio Module','extension','http://www.joomshaper.com/updates/mod-sp-simple-portfolio.xml',1,1724847600,''),(26,'','extension','http://update.joomlart.com/service/tracking/j16/plg_system_t3.xml',1,1724847600,''),(27,'K2 Updates','extension','http://getk2.org/app/update.xml',1,1724847601,''),(28,'SP Page Builder','extension','https://www.joomshaper.com/updates/com-sp-page-builder-pro.xml',1,1724847601,''),(29,'SP Simple Portfolio','extension','http://www.joomshaper.com/updates/com-sp-simple-portfolio.xml',1,1724847601,''),(30,'Accredited Joomla! Translations','collection','https://update.joomla.org/language/translationlist_3.xml',1,1724847601,''),(31,'JCE Editor Package','collection','https://cdn.joomlacontenteditor.net/updates/xml/pkg_jce.xml',1,1724847602,''),(32,'Regular Labs - Modules Anywhere','extension','https://download.regularlabs.com/updates.xml?e=modulesanywhere&type=.xml',1,1724847603,''),(33,'Regular Labs - Articles Anywhere','extension','https://download.regularlabs.com/updates.xml?e=articlesanywhere&pro=1&type=.xml',1,1724847604,''),(34,'Regular Labs - Sourcerer','extension','https://download.regularlabs.com/updates.xml?e=sourcerer&type=.xml',1,1724847604,''),(35,'JCE Editor Package','extension','https://cdn.joomlacontenteditor.net/updates/xml/editor/pkg_jce.xml',1,1724847605,''),(36,'Regular Labs - Modules Anywhere','extension','https://download.regularlabs.com/updates.xml?e=XXX&type=.xml',1,1724847605,''),(38,'Ignite Gallery Content Plugin Update','extension','http://www.ignitegallery.com/update/xml/content-plugin-update.xml',1,1724847605,''),(39,'Ignite Gallery Editor Button Plugin Update','extension','http://www.ignitegallery.com/update/xml/editor-plugin-update.xml',1,1724847606,''),(40,'Ignite Gallery Module Update','extension','http://www.ignitegallery.com/update/xml/module-update.xml',1,1724847606,''),(41,'Ignite Gallery Search Plugin Update','extension','http://www.ignitegallery.com/update/xml/search-plugin-update.xml',1,1724847606,''),(42,'Yendif Video Share - Updates','extension','https://yendifplayer.com/updates/yendifvideoshare-update.xml',1,1724847606,''),(43,'Ignite Gallery Component Update','extension','https://www.ignitegallery.com/update/xml/component-update44.xml',1,1724847606,''),(44,'n3t Extensions Updates','collection','https://n3t.bitbucket.io/updates/extensions.xml',1,1724847607,'');

--
-- Table structure for table `rlhxg_update_sites_extensions`
--

CREATE TABLE `rlhxg_update_sites_extensions` (
  `update_site_id` int(11) NOT NULL DEFAULT '0',
  `extension_id` int(11) NOT NULL DEFAULT '0',
  PRIMARY KEY (`update_site_id`,`extension_id`)
) ENGINE=InnoDB DEFAULT CHARSET=utf8mb4 COLLATE=utf8mb4_unicode_ci COMMENT='Links extensions to update sites';

--
-- Dumping data for table `rlhxg_update_sites_extensions`
--

INSERT INTO `rlhxg_update_sites_extensions` VALUES (1,700),(2,700),(19,28),(24,10048),(25,10030),(26,10001),(27,10010),(28,10006),(29,10029),(30,802),(30,10052),(30,10089),(31,10097),(32,10102),(33,10106),(34,10109),(35,10097),(36,10102),(38,10117),(39,10118),(40,10119),(41,10120),(42,10121),(43,10116),(44,10131);

--
-- Table structure for table `rlhxg_updates`
--

CREATE TABLE `rlhxg_updates` (
  `update_id` int(11) NOT NULL AUTO_INCREMENT,
  `update_site_id` int(11) DEFAULT '0',
  `extension_id` int(11) DEFAULT '0',
  `name` varchar(100) COLLATE utf8mb4_unicode_ci DEFAULT '',
  `description` mediumtext COLLATE utf8mb4_unicode_ci NOT NULL,
  `element` varchar(100) COLLATE utf8mb4_unicode_ci DEFAULT '',
  `type` varchar(20) COLLATE utf8mb4_unicode_ci DEFAULT '',
  `folder` varchar(20) COLLATE utf8mb4_unicode_ci DEFAULT '',
  `client_id` tinyint(3) DEFAULT '0',
  `version` varchar(32) COLLATE utf8mb4_unicode_ci DEFAULT '',
  `data` mediumtext COLLATE utf8mb4_unicode_ci NOT NULL,
  `detailsurl` mediumtext COLLATE utf8mb4_unicode_ci NOT NULL,
  `infourl` mediumtext COLLATE utf8mb4_unicode_ci NOT NULL,
  `extra_query` varchar(1000) COLLATE utf8mb4_unicode_ci DEFAULT '',
  PRIMARY KEY (`update_id`)
) ENGINE=InnoDB AUTO_INCREMENT=1316 DEFAULT CHARSET=utf8mb4 COLLATE=utf8mb4_unicode_ci COMMENT='Available Updates';

--
-- Dumping data for table `rlhxg_updates`
--

INSERT INTO `rlhxg_updates` VALUES (1215,25,0,'SP Simple Portfolio Module','','','module','',0,'1.9','','http://www.joomshaper.com/updates/mod-sp-simple-portfolio.xml','',''),(1216,26,10001,'T3 System Plugin','','t3','plugin','system',0,'3.2.2','','http://update.joomlart.com/service/tracking/j16/plg_system_t3.xml','http://www.joomlart.com/update-steps',''),(1217,27,10010,'K2','K2, the powerful content extension for Joomla (by JoomlaWorks)','com_k2','component','',1,'2.11.20240609','','http://getk2.org/app/update.xml','https://github.com/getk2/k2/blob/master/CHANGELOG.md',''),(1218,28,10006,'SP Page Builder Pro','','com_sppagebuilder','component','',1,'5.3.2','','https://www.joomshaper.com/updates/com-sp-page-builder-pro.xml','',''),(1219,29,10029,'SP Simple Portfolio','','com_spsimpleportfolio','component','',1,'2.0.8','','http://www.joomshaper.com/updates/com-sp-simple-portfolio.xml','',''),(1220,30,0,'Afrikaans','','pkg_af-ZA','package','',0,'3.9.16.1','','https://update.joomla.org/language/details3/af-ZA_details.xml','',''),(1221,30,0,'Albanian','','pkg_sq-AL','package','',0,'3.1.1.2','','https://update.joomla.org/language/details3/sq-AL_details.xml','',''),(1222,30,0,'Arabic Unitag','','pkg_ar-AA','package','',0,'3.9.27.1','','https://update.joomla.org/language/details3/ar-AA_details.xml','',''),(1223,30,0,'Armenian','','pkg_hy-AM','package','',0,'3.4.4.1','','https://update.joomla.org/language/details3/hy-AM_details.xml','',''),(1224,30,0,'Basque','','pkg_eu-ES','package','',0,'3.9.24.1','','https://update.joomla.org/language/details3/eu-ES_details.xml','',''),(1225,30,0,'Belarusian','','pkg_be-BY','package','',0,'3.2.1.2','','https://update.joomla.org/language/details3/be-BY_details.xml','',''),(1226,30,0,'Bengali, Bangladesh','','pkg_bn-BD','package','',0,'3.8.10.1','','https://update.joomla.org/language/details3/bn-BD_details.xml','',''),(1227,30,0,'Bosnian','','pkg_bs-BA','package','',0,'3.9.24.1','','https://update.joomla.org/language/details3/bs-BA_details.xml','',''),(1228,30,0,'Bulgarian','','pkg_bg-BG','package','',0,'3.6.5.2','','https://update.joomla.org/language/details3/bg-BG_details.xml','',''),(1229,30,0,'Catalan','','pkg_ca-ES','package','',0,'3.9.23.1','','https://update.joomla.org/language/details3/ca-ES_details.xml','',''),(1230,30,0,'Chinese, Simplified','','pkg_zh-CN','package','',0,'3.10.6.1','','https://update.joomla.org/language/details3/zh-CN_details.xml','',''),(1231,30,0,'Chinese, Traditional','','pkg_zh-TW','package','',0,'3.8.0.1','','https://update.joomla.org/language/details3/zh-TW_details.xml','',''),(1232,30,0,'Croatian','','pkg_hr-HR','package','',0,'3.10.11.1','','https://update.joomla.org/language/details3/hr-HR_details.xml','',''),(1233,30,0,'Czech','','pkg_cs-CZ','package','',0,'3.10.11.1','','https://update.joomla.org/language/details3/cs-CZ_details.xml','',''),(1234,30,0,'Danish','','pkg_da-DK','package','',0,'3.10.10.1','','https://update.joomla.org/language/details3/da-DK_details.xml','',''),(1235,30,0,'Dari Persian','','pkg_prs-AF','package','',0,'3.4.4.3','','https://update.joomla.org/language/details3/prs-AF_details.xml','',''),(1236,30,0,'Dutch','','pkg_nl-NL','package','',0,'3.10.12.1','','https://update.joomla.org/language/details3/nl-NL_details.xml','',''),(1237,30,0,'Dzongkha','','pkg_dz-BT','package','',0,'3.6.2.1','','https://update.joomla.org/language/details3/dz-BT_details.xml','',''),(1238,30,0,'English, Australia','','pkg_en-AU','package','',0,'3.9.28.1','','https://update.joomla.org/language/details3/en-AU_details.xml','',''),(1239,30,0,'English, Canada','','pkg_en-CA','package','',0,'3.9.28.1','','https://update.joomla.org/language/details3/en-CA_details.xml','',''),(1240,30,0,'English, New Zealand','','pkg_en-NZ','package','',0,'3.9.28.1','','https://update.joomla.org/language/details3/en-NZ_details.xml','',''),(1241,30,0,'English, USA','','pkg_en-US','package','',0,'3.9.28.1','','https://update.joomla.org/language/details3/en-US_details.xml','',''),(1242,30,0,'Esperanto','','pkg_eo-XX','package','',0,'3.8.11.1','','https://update.joomla.org/language/details3/eo-XX_details.xml','',''),(1243,30,0,'Estonian','','pkg_et-EE','package','',0,'3.9.21.1','','https://update.joomla.org/language/details3/et-EE_details.xml','',''),(1244,30,0,'Finnish','','pkg_fi-FI','package','',0,'3.9.16.1','','https://update.joomla.org/language/details3/fi-FI_details.xml','',''),(1245,30,0,'Flemish','','pkg_nl-BE','package','',0,'3.10.11.1','','https://update.joomla.org/language/details3/nl-BE_details.xml','',''),(1246,30,0,'French, Canada','','pkg_fr-CA','package','',0,'3.6.5.1','','https://update.joomla.org/language/details3/fr-CA_details.xml','',''),(1247,30,0,'Galician','','pkg_gl-ES','package','',0,'3.3.1.2','','https://update.joomla.org/language/details3/gl-ES_details.xml','',''),(1248,30,0,'Georgian','','pkg_ka-GE','package','',0,'3.10.12.1','','https://update.joomla.org/language/details3/ka-GE_details.xml','',''),(1249,30,0,'German','','pkg_de-DE','package','',0,'3.10.12.1','','https://update.joomla.org/language/details3/de-DE_details.xml','',''),(1250,30,0,'German, Austria','','pkg_de-AT','package','',0,'3.10.12.1','','https://update.joomla.org/language/details3/de-AT_details.xml','',''),(1251,30,0,'German, Liechtenstein','','pkg_de-LI','package','',0,'3.10.12.1','','https://update.joomla.org/language/details3/de-LI_details.xml','',''),(1252,30,0,'German, Luxembourg','','pkg_de-LU','package','',0,'3.10.12.1','','https://update.joomla.org/language/details3/de-LU_details.xml','',''),(1253,30,0,'German, Switzerland','','pkg_de-CH','package','',0,'3.10.12.1','','https://update.joomla.org/language/details3/de-CH_details.xml','',''),(1254,30,0,'Greek','','pkg_el-GR','package','',0,'3.10.11.1','','https://update.joomla.org/language/details3/el-GR_details.xml','',''),(1255,30,0,'Hebrew','','pkg_he-IL','package','',0,'3.1.1.2','','https://update.joomla.org/language/details3/he-IL_details.xml','',''),(1256,30,0,'Hindi, India','','pkg_hi-IN','package','',0,'3.3.6.2','','https://update.joomla.org/language/details3/hi-IN_details.xml','',''),(1257,30,0,'Hungarian','','pkg_hu-HU','package','',0,'3.10.12.2','','https://update.joomla.org/language/details3/hu-HU_details.xml','',''),(1258,30,0,'Indonesian, Bahasa Indonesia','','pkg_id-ID','package','',0,'3.6.2.1','','https://update.joomla.org/language/details3/id-ID_details.xml','',''),(1259,30,0,'Irish','','pkg_ga-IE','package','',0,'3.10.12.1','','https://update.joomla.org/language/details3/ga-IE_details.xml','',''),(1260,30,0,'Italian','','pkg_it-IT','package','',0,'3.10.12.1','','https://update.joomla.org/language/details3/it-IT_details.xml','',''),(1261,30,0,'Japanese','','pkg_ja-JP','package','',0,'3.10.12.1','','https://update.joomla.org/language/details3/ja-JP_details.xml','',''),(1262,30,0,'Kazakh','','pkg_kk-KZ','package','',0,'3.9.23.1','','https://update.joomla.org/language/details3/kk-KZ_details.xml','',''),(1263,30,0,'Khmer','','pkg_km-KH','package','',0,'3.4.5.1','','https://update.joomla.org/language/details3/km-KH_details.xml','',''),(1264,30,0,'Korean','','pkg_ko-KR','package','',0,'3.8.9.1','','https://update.joomla.org/language/details3/ko-KR_details.xml','',''),(1265,30,0,'Latvian','','pkg_lv-LV','package','',0,'3.9.25.2','','https://update.joomla.org/language/details3/lv-LV_details.xml','',''),(1266,30,0,'Lithuanian','','pkg_lt-LT','package','',0,'3.9.16.1','','https://update.joomla.org/language/details3/lt-LT_details.xml','',''),(1267,30,0,'Macedonian','','pkg_mk-MK','package','',0,'3.6.5.1','','https://update.joomla.org/language/details3/mk-MK_details.xml','',''),(1268,30,0,'Malay','','pkg_ms-MY','package','',0,'3.4.1.2','','https://update.joomla.org/language/details3/ms-MY_details.xml','',''),(1269,30,0,'Montenegrin','','pkg_srp-ME','package','',0,'3.3.1.2','','https://update.joomla.org/language/details3/srp-ME_details.xml','',''),(1270,30,0,'Norwegian Bokmål','','pkg_nb-NO','package','',0,'3.10.12.2','','https://update.joomla.org/language/details3/nb-NO_details.xml','',''),(1271,30,0,'Norwegian Nynorsk','','pkg_nn-NO','package','',0,'3.4.2.1','','https://update.joomla.org/language/details3/nn-NO_details.xml','',''),(1272,30,0,'Persian Farsi','','pkg_fa-IR','package','',0,'3.10.12.1','','https://update.joomla.org/language/details3/fa-IR_details.xml','',''),(1273,30,0,'Polish','','pkg_pl-PL','package','',0,'3.10.10.1','','https://update.joomla.org/language/details3/pl-PL_details.xml','',''),(1274,30,0,'Portuguese, Brazil','','pkg_pt-BR','package','',0,'3.9.21.1','','https://update.joomla.org/language/details3/pt-BR_details.xml','',''),(1275,30,0,'Portuguese, Portugal','','pkg_pt-PT','package','',0,'3.9.29.2','','https://update.joomla.org/language/details3/pt-PT_details.xml','',''),(1276,30,0,'Romanian','','pkg_ro-RO','package','',0,'3.10.12.1','','https://update.joomla.org/language/details3/ro-RO_details.xml','',''),(1277,30,0,'Russian','','pkg_ru-RU','package','',0,'3.10.12.1','','https://update.joomla.org/language/details3/ru-RU_details.xml','',''),(1278,30,0,'Serbian, Cyrillic','','pkg_sr-RS','package','',0,'3.10.2.1','','https://update.joomla.org/language/details3/sr-RS_details.xml','',''),(1279,30,0,'Serbian, Latin','','pkg_sr-YU','package','',0,'3.10.2.1','','https://update.joomla.org/language/details3/sr-YU_details.xml','',''),(1280,30,0,'Sinhala','','pkg_si-LK','package','',0,'3.3.1.2','','https://update.joomla.org/language/details3/si-LK_details.xml','',''),(1281,30,0,'Slovak','','pkg_sk-SK','package','',0,'3.10.5.1','','https://update.joomla.org/language/details3/sk-SK_details.xml','',''),(1282,30,0,'Slovenian','','pkg_sl-SI','package','',0,'3.10.12.1','','https://update.joomla.org/language/details3/sl-SI_details.xml','',''),(1283,30,0,'Spanish, Colombia','','pkg_es-CO','package','',0,'3.9.15.1','','https://update.joomla.org/language/details3/es-CO_details.xml','',''),(1284,30,0,'Swahili','','pkg_sw-KE','package','',0,'3.10.12.1','','https://update.joomla.org/language/details3/sw-KE_details.xml','',''),(1285,30,0,'Swedish','','pkg_sv-SE','package','',0,'3.10.12.1','','https://update.joomla.org/language/details3/sv-SE_details.xml','',''),(1286,30,0,'Syriac, East','','pkg_sy-IQ','package','',0,'3.4.5.1','','https://update.joomla.org/language/details3/sy-IQ_details.xml','',''),(1287,30,0,'Tamil, India','','pkg_ta-IN','package','',0,'3.10.11.1','','https://update.joomla.org/language/details3/ta-IN_details.xml','',''),(1288,30,0,'Thai','','pkg_th-TH','package','',0,'3.10.12.1','','https://update.joomla.org/language/details3/th-TH_details.xml','',''),(1289,30,0,'Turkish','','pkg_tr-TR','package','',0,'3.9.28.1','','https://update.joomla.org/language/details3/tr-TR_details.xml','',''),(1290,30,0,'Turkmen','','pkg_tk-TM','package','',0,'3.5.0.2','','https://update.joomla.org/language/details3/tk-TM_details.xml','',''),(1291,30,0,'Ukrainian','','pkg_uk-UA','package','',0,'3.10.2.1','','https://update.joomla.org/language/details3/uk-UA_details.xml','',''),(1292,30,0,'Uyghur','','pkg_ug-CN','package','',0,'3.7.5.2','','https://update.joomla.org/language/details3/ug-CN_details.xml','',''),(1293,30,0,'Vietnamese','','pkg_vi-VN','package','',0,'3.2.1.2','','https://update.joomla.org/language/details3/vi-VN_details.xml','',''),(1294,30,0,'Welsh','','pkg_cy-GB','package','',0,'3.10.12.1','','https://update.joomla.org/language/details3/cy-GB_details.xml','',''),(1295,31,10097,'JCE 2.9.41','','pkg_jce','package','',0,'2.9.41','','https://cdn.joomlacontenteditor.net/updates/xml/editor/pkg_jce.xml','https://www.joomlacontenteditor.net/news/jce-pro-2-9-41-released',''),(1296,44,0,'n3t Template','','com_n3ttemplate','component','',1,'1.8.1','','https://n3t.bitbucket.io/updates/extensions/com_n3ttemplate.xml','https://n3t-template.readthedocs.io/en/latest/about/release-notes/',''),(1297,44,0,'n3t Article','','mod_n3tarticle','module','',0,'5.0.1','','https://n3t.bitbucket.io/updates/extensions/mod_n3tarticle.xml','https://n3t-article.readthedocs.io/en/latest/about/release-notes/',''),(1298,44,0,'n3t Admin','','n3tadmin','plugin','system',0,'3.0.6','','https://n3t.bitbucket.io/updates/extensions/plg_n3tadmin.xml','http://n3t-admin.readthedocs.io/en/latest/about/release-notes/',''),(1299,44,0,'n3t Autotrack','','n3tautotrack','plugin','system',0,'3.0.3','','https://n3t.bitbucket.io/updates/extensions/plg_n3tautotrack.xml','http://n3t-autotrack.readthedocs.io/en/latest/about/release-notes/',''),(1300,44,0,'n3t Coming Soon','','n3tcomingsoon','plugin','system',0,'2.5.3','','https://n3t.bitbucket.io/updates/extensions/plg_n3tcomingsoon.xml','https://n3t-coming-soon.readthedocs.io/en/latest/about/release-notes/',''),(1301,44,0,'n3t Contact','','n3tcontact','plugin','system',0,'3.0.12','','https://n3t.bitbucket.io/updates/extensions/plg_n3tcontact.xml','http://n3t-contact.readthedocs.io/en/latest/about/release-notes/',''),(1302,44,10131,'n3t Cookie Consent','','n3tcookieconsent','plugin','system',0,'4.3.0','','https://n3t.bitbucket.io/updates/extensions/plg_n3tcookieconsent.xml','https://n3t-cookie-consent.readthedocs.io/en/latest/about/release-notes/',''),(1303,44,0,'n3t Copylink','','n3tcopylink','plugin','system',0,'4.1.0','','https://n3t.bitbucket.io/updates/extensions/plg_n3tcopylink.xml','https://n3t-copylink.readthedocs.io/en/latest/about/release-notes/',''),(1304,44,0,'n3t Fields','','n3tfields','plugin','system',0,'5.0.0','','https://n3t.bitbucket.io/updates/extensions/plg_n3tfields.xml','https://n3t-fields.readthedocs.io/en/latest/about/release-notes/',''),(1305,44,0,'n3t JCE Media Manager','','n3tjcemediamanager','plugin','system',0,'3.0.0','','https://n3t.bitbucket.io/updates/extensions/plg_n3tjcemediamanager.xml','',''),(1306,44,0,'n3t Language Domains','','n3tlangdomains','plugin','system',0,'5.0.2','','https://n3t.bitbucket.io/updates/extensions/plg_n3tlangdomains.xml','https://n3t-language-domains.readthedocs.io/en/latest/about/release-notes/',''),(1307,44,0,'n3t META','','n3tmeta','plugin','system',0,'4.0.1','','https://n3t.bitbucket.io/updates/extensions/plg_n3tmeta.xml','',''),(1308,44,0,'n3t Translate','','n3ttranslate','plugin','system',0,'5.0.3','','https://n3t.bitbucket.io/updates/extensions/plg_n3ttranslate.xml','https://n3t-translate.readthedocs.io/en/latest/about/release-notes/',''),(1309,44,0,'n3t HaveIBeenPwned','','n3thibp','plugin','user',0,'4.0.1','','https://n3t.bitbucket.io/updates/extensions/plg_n3thibp.xml','https://n3t-haveibeenpwned.readthedocs.io/en/latest/about/release-notes/',''),(1310,44,0,'n3t Language Filter','','n3tlangfilter','plugin','content',0,'4.0.0','','https://n3t.bitbucket.io/updates/extensions/plg_n3tlangfilter.xml','https://n3t-language-filter.readthedocs.io/en/latest/about/release-notes/',''),(1311,44,0,'n3t Hidden Captcha','','n3thiddencaptcha','plugin','captcha',0,'3.1.0','','https://n3t.bitbucket.io/updates/extensions/plg_n3thiddencaptcha.xml','https://n3t-hidden-captcha.readthedocs.io/en/latest/about/release-notes/',''),(1312,44,0,'n3t Multi Captcha','','n3tmulticaptcha','plugin','captcha',0,'5.0.0','','https://n3t.bitbucket.io/updates/extensions/plg_n3tmulticaptcha.xml','https://n3t-multi-captcha.readthedocs.io/en/latest/about/release-notes/',''),(1313,44,0,'n3t Gallery','','n3tgallery','plugin','fields',0,'0.0.2','','https://n3t.bitbucket.io/updates/extensions/plg_n3tgallery.xml','https://n3t.bitbucket.io',''),(1314,44,0,'Install from Bongovo!','Install from Bongovo! installer plugin.','bongovo','plugin','installer',0,'5.0.0','','https://n3t.bitbucket.io/updates/extensions/plg_installer_bongovo.xml','https://www.bongovo.cz',''),(1315,44,0,'n3t Debug','','pkg_n3tdebug','package','',0,'5.0.3','','https://n3t.bitbucket.io/updates/extensions/pkg_n3tdebug.xml','https://n3t-debug.readthedocs.io/en/latest/about/release-notes/','');

--
-- Table structure for table `rlhxg_user_keys`
--

CREATE TABLE `rlhxg_user_keys` (
  `id` int(10) unsigned NOT NULL AUTO_INCREMENT,
  `user_id` varchar(150) COLLATE utf8mb4_unicode_ci NOT NULL,
  `token` varchar(255) COLLATE utf8mb4_unicode_ci NOT NULL,
  `series` varchar(191) COLLATE utf8mb4_unicode_ci NOT NULL,
  `invalid` tinyint(4) NOT NULL,
  `time` varchar(200) COLLATE utf8mb4_unicode_ci NOT NULL,
  `uastring` varchar(255) COLLATE utf8mb4_unicode_ci NOT NULL,
  PRIMARY KEY (`id`),
  UNIQUE KEY `series` (`series`),
  KEY `user_id` (`user_id`)
) ENGINE=InnoDB AUTO_INCREMENT=5 DEFAULT CHARSET=utf8mb4 COLLATE=utf8mb4_unicode_ci;

--
-- Dumping data for table `rlhxg_user_keys`
--

INSERT INTO `rlhxg_user_keys` VALUES (2,'eric','$2y$10$da2vQdnQNyR66W9DHlEXT.HGrT1OlkoHMZkKbk7YueChA4UAt18ia','2ShWXUQCHBivCoRLy2Gd',0,'1694524886','joomla_remember_me_ebc59be2bbeac9c1ba98bceb7f158b4b'),(3,'eric','$2y$10$kDcNr4rgmTEQkv1DEJSsK.5Ke5LFvxQtGG2Z9ZAQCXy3LiW5qPieO','xtun3Iz8un5eGSCEnC7R',0,'1694954455','joomla_remember_me_bde1b50c70cf78c146172f9b7718873e'),(4,'adminclauparo','$2y$10$hRRlPowSfbHSQbFdXskQHu3/d1MhzdUdaeXgveoGLEkNrntnyRMtG','tzS0jNbqXF8cyQmR5pkN',0,'1722696488','joomla_remember_me_5aa1daceceddd224693298be65421190');

--
-- Table structure for table `rlhxg_user_notes`
--

CREATE TABLE `rlhxg_user_notes` (
  `id` int(10) unsigned NOT NULL AUTO_INCREMENT,
  `user_id` int(10) unsigned NOT NULL DEFAULT '0',
  `catid` int(10) unsigned NOT NULL DEFAULT '0',
  `subject` varchar(100) COLLATE utf8mb4_unicode_ci NOT NULL DEFAULT '',
  `body` text COLLATE utf8mb4_unicode_ci NOT NULL,
  `state` tinyint(3) NOT NULL DEFAULT '0',
  `checked_out` int(10) unsigned NOT NULL DEFAULT '0',
  `checked_out_time` datetime NOT NULL DEFAULT '0000-00-00 00:00:00',
  `created_user_id` int(10) unsigned NOT NULL DEFAULT '0',
  `created_time` datetime NOT NULL DEFAULT '0000-00-00 00:00:00',
  `modified_user_id` int(10) unsigned NOT NULL,
  `modified_time` datetime NOT NULL DEFAULT '0000-00-00 00:00:00',
  `review_time` datetime NOT NULL DEFAULT '0000-00-00 00:00:00',
  `publish_up` datetime NOT NULL DEFAULT '0000-00-00 00:00:00',
  `publish_down` datetime NOT NULL DEFAULT '0000-00-00 00:00:00',
  PRIMARY KEY (`id`),
  KEY `idx_user_id` (`user_id`),
  KEY `idx_category_id` (`catid`)
) ENGINE=InnoDB DEFAULT CHARSET=utf8mb4 COLLATE=utf8mb4_unicode_ci;

--
-- Dumping data for table `rlhxg_user_notes`
--


--
-- Table structure for table `rlhxg_user_profiles`
--

CREATE TABLE `rlhxg_user_profiles` (
  `user_id` int(11) NOT NULL,
  `profile_key` varchar(100) COLLATE utf8mb4_unicode_ci NOT NULL,
  `profile_value` text COLLATE utf8mb4_unicode_ci NOT NULL,
  `ordering` int(11) NOT NULL DEFAULT '0',
  UNIQUE KEY `idx_user_id_profile_key` (`user_id`,`profile_key`)
) ENGINE=InnoDB DEFAULT CHARSET=utf8mb4 COLLATE=utf8mb4_unicode_ci COMMENT='Simple user profile storage table';

--
-- Dumping data for table `rlhxg_user_profiles`
--


--
-- Table structure for table `rlhxg_user_usergroup_map`
--

CREATE TABLE `rlhxg_user_usergroup_map` (
  `user_id` int(10) unsigned NOT NULL DEFAULT '0' COMMENT 'Foreign Key to #__users.id',
  `group_id` int(10) unsigned NOT NULL DEFAULT '0' COMMENT 'Foreign Key to #__usergroups.id',
  PRIMARY KEY (`user_id`,`group_id`)
) ENGINE=InnoDB DEFAULT CHARSET=utf8mb4 COLLATE=utf8mb4_unicode_ci;

--
-- Dumping data for table `rlhxg_user_usergroup_map`
--

INSERT INTO `rlhxg_user_usergroup_map` VALUES (42,8),(43,2),(43,8),(44,2),(44,8),(45,2),(45,4),(46,2),(46,4),(47,2),(47,8);

--
-- Table structure for table `rlhxg_usergroups`
--

CREATE TABLE `rlhxg_usergroups` (
  `id` int(10) unsigned NOT NULL AUTO_INCREMENT COMMENT 'Primary Key',
  `parent_id` int(10) unsigned NOT NULL DEFAULT '0' COMMENT 'Adjacency List Reference Id',
  `lft` int(11) NOT NULL DEFAULT '0' COMMENT 'Nested set lft.',
  `rgt` int(11) NOT NULL DEFAULT '0' COMMENT 'Nested set rgt.',
  `title` varchar(100) COLLATE utf8mb4_unicode_ci NOT NULL DEFAULT '',
  PRIMARY KEY (`id`),
  UNIQUE KEY `idx_usergroup_parent_title_lookup` (`parent_id`,`title`),
  KEY `idx_usergroup_title_lookup` (`title`),
  KEY `idx_usergroup_adjacency_lookup` (`parent_id`),
  KEY `idx_usergroup_nested_set_lookup` (`lft`,`rgt`)
) ENGINE=InnoDB AUTO_INCREMENT=14 DEFAULT CHARSET=utf8mb4 COLLATE=utf8mb4_unicode_ci;

--
-- Dumping data for table `rlhxg_usergroups`
--

INSERT INTO `rlhxg_usergroups` VALUES (1,0,1,22,'Public'),(2,1,8,19,'Registered'),(3,2,9,16,'Author'),(4,3,10,13,'Editor'),(5,4,11,12,'Publisher'),(6,1,4,7,'Manager'),(7,6,5,6,'Administrator'),(8,1,20,21,'Super Users'),(10,3,14,15,'Shop Suppliers (Example)'),(12,2,17,18,'Customer Group (Example)'),(13,1,2,3,'Guest');

--
-- Table structure for table `rlhxg_users`
--

CREATE TABLE `rlhxg_users` (
  `id` int(11) NOT NULL AUTO_INCREMENT,
  `name` varchar(400) COLLATE utf8mb4_unicode_ci NOT NULL DEFAULT '',
  `username` varchar(150) COLLATE utf8mb4_unicode_ci NOT NULL DEFAULT '',
  `email` varchar(100) COLLATE utf8mb4_unicode_ci NOT NULL DEFAULT '',
  `password` varchar(100) COLLATE utf8mb4_unicode_ci NOT NULL DEFAULT '',
  `block` tinyint(4) NOT NULL DEFAULT '0',
  `sendEmail` tinyint(4) DEFAULT '0',
  `registerDate` datetime NOT NULL DEFAULT '0000-00-00 00:00:00',
  `lastvisitDate` datetime NOT NULL DEFAULT '0000-00-00 00:00:00',
  `activation` varchar(100) COLLATE utf8mb4_unicode_ci NOT NULL DEFAULT '',
  `params` text COLLATE utf8mb4_unicode_ci NOT NULL,
  `lastResetTime` datetime NOT NULL DEFAULT '0000-00-00 00:00:00' COMMENT 'Date of last password reset',
  `resetCount` int(11) NOT NULL DEFAULT '0' COMMENT 'Count of password resets since lastResetTime',
  `otpKey` varchar(1000) COLLATE utf8mb4_unicode_ci NOT NULL DEFAULT '' COMMENT 'Two factor authentication encrypted keys',
  `otep` varchar(1000) COLLATE utf8mb4_unicode_ci NOT NULL DEFAULT '' COMMENT 'One time emergency passwords',
  `requireReset` tinyint(4) NOT NULL DEFAULT '0' COMMENT 'Require user to reset password on next login',
  `authProvider` varchar(100) COLLATE utf8mb4_unicode_ci NOT NULL DEFAULT '' COMMENT 'Name of used authentication plugin',
  PRIMARY KEY (`id`),
  UNIQUE KEY `idx_username` (`username`),
  KEY `idx_name` (`name`(100)),
  KEY `idx_block` (`block`),
  KEY `email` (`email`)
) ENGINE=InnoDB AUTO_INCREMENT=48 DEFAULT CHARSET=utf8mb4 COLLATE=utf8mb4_unicode_ci;

--
-- Dumping data for table `rlhxg_users`
--

INSERT INTO `rlhxg_users` VALUES (42,'Eric Fournier','eric','eric@webtotal.ca','$2y$10$/UlIs/YADkIPbPxjFhh3vuJR5Yf7erK7o50CuGqwYVMS4fM48MxFy',0,0,'2021-03-09 20:31:56','2024-08-28 12:19:58','0','{\"admin_style\":\"\",\"admin_language\":\"\",\"language\":\"\",\"editor\":\"\",\"timezone\":\"\"}','0000-00-00 00:00:00',0,'','',0,''),(43,'Julie Lachance','julie@webtotal.ca','julie@webtotal.ca','$2y$10$LNcPUVauQBd9vTzbgtwvDe10NIcYFhU6EyPPhZPKMSlj6BNCt02s.',0,0,'2021-03-09 20:35:56','2023-10-25 12:38:11','','{\"admin_style\":\"\",\"admin_language\":\"\",\"language\":\"\",\"editor\":\"\",\"timezone\":\"\"}','0000-00-00 00:00:00',0,'','',0,''),(44,'Michel Lapointe','mic@webtotal.ca','mic@webtotal.ca','$2y$10$faAKLuqlWO.aet.KjT.Ok.XEYOGLwJZ4hQu0IjIsVw5Htb1Tdpyp6',0,0,'2021-03-09 20:37:29','2023-07-14 13:19:21','','{\"admin_style\":\"\",\"admin_language\":\"\",\"language\":\"\",\"editor\":\"\",\"timezone\":\"\"}','0000-00-00 00:00:00',0,'','',0,''),(45,'Admin Clauparo','adminclauparo','clauparo@hotmail.ca','$2y$10$fJwjIxgMVsH3J0EiG34speCleFaOoi/ngE/GnNUydELChw/w.2aty',0,0,'2021-03-19 15:49:21','2024-06-04 14:48:08','','{\"admin_style\":\"\",\"admin_language\":\"\",\"language\":\"\",\"editor\":\"\",\"timezone\":\"\"}','0000-00-00 00:00:00',0,'','',0,''),(46,'admin','webto','admin@webtotal.ca','$2y$10$07UCGPH9s7.DZE0dB4Gj4etoVPNi.4BYjryohNLtZJ8maoG9.xN7.',0,0,'2023-07-14 15:47:28','2023-07-14 15:48:14','','{\"admin_style\":\"\",\"admin_language\":\"\",\"language\":\"\",\"editor\":\"\",\"timezone\":\"\"}','0000-00-00 00:00:00',0,'','',0,''),(47,'Jean-rock Gaudreault','jeanrock@webtotal.ca','jeanrock@webtotal.ca','$2y$10$.zM8TPEKETlNoSjNBiBCDOINOobsjPmg0/0ifqcQcQBMVksr.Hwom',0,0,'2023-10-18 14:58:16','2023-10-24 13:23:44','','{\"admin_style\":\"\",\"admin_language\":\"\",\"language\":\"\",\"editor\":\"\",\"timezone\":\"\"}','0000-00-00 00:00:00',0,'','',0,'');

--
-- Table structure for table `rlhxg_utf8_conversion`
--

CREATE TABLE `rlhxg_utf8_conversion` (
  `converted` tinyint(4) NOT NULL DEFAULT '0'
) ENGINE=InnoDB DEFAULT CHARSET=utf8mb4 COLLATE=utf8mb4_unicode_ci;

--
-- Dumping data for table `rlhxg_utf8_conversion`
--

INSERT INTO `rlhxg_utf8_conversion` VALUES (5);

--
-- Table structure for table `rlhxg_viewlevels`
--

CREATE TABLE `rlhxg_viewlevels` (
  `id` int(10) unsigned NOT NULL AUTO_INCREMENT COMMENT 'Primary Key',
  `title` varchar(100) COLLATE utf8mb4_unicode_ci NOT NULL DEFAULT '',
  `ordering` int(11) NOT NULL DEFAULT '0',
  `rules` varchar(5120) COLLATE utf8mb4_unicode_ci NOT NULL COMMENT 'JSON encoded access control.',
  PRIMARY KEY (`id`),
  UNIQUE KEY `idx_assetgroup_title_lookup` (`title`)
) ENGINE=InnoDB AUTO_INCREMENT=7 DEFAULT CHARSET=utf8mb4 COLLATE=utf8mb4_unicode_ci;

--
-- Dumping data for table `rlhxg_viewlevels`
--

INSERT INTO `rlhxg_viewlevels` VALUES (1,'Public',0,'[1]'),(2,'Registered',2,'[6,2,8]'),(3,'Special',3,'[6,3,8]'),(5,'Guest',1,'[9]'),(6,'Super Users',4,'[8]');

--
-- Table structure for table `rlhxg_wf_profiles`
--

CREATE TABLE `rlhxg_wf_profiles` (
  `id` int(11) NOT NULL AUTO_INCREMENT,
  `name` varchar(255) NOT NULL,
  `description` text NOT NULL,
  `users` text NOT NULL,
  `types` text NOT NULL,
  `components` text NOT NULL,
  `area` tinyint(3) NOT NULL,
  `device` varchar(255) NOT NULL,
  `rows` text NOT NULL,
  `plugins` text NOT NULL,
  `published` tinyint(3) NOT NULL,
  `ordering` int(11) NOT NULL,
  `checked_out` tinyint(3) NOT NULL,
  `checked_out_time` datetime NOT NULL,
  `params` text NOT NULL,
  PRIMARY KEY (`id`)
) ENGINE=MyISAM AUTO_INCREMENT=6 DEFAULT CHARSET=utf8;

--
-- Dumping data for table `rlhxg_wf_profiles`
--

INSERT INTO `rlhxg_wf_profiles` VALUES (1,'Default','Default Profile for all users','','8','',0,'phone,tablet,desktop','help,newdocument,undo,redo,spacer,bold,italic,underline,strikethrough,justifyfull,justifycenter,justifyleft,justifyright,spacer,blockquote,formatselect,styleselect,removeformat,cleanup;fontselect,fontsizeselect,fontcolor,spacer,clipboard,indent,outdent,lists,sub,sup,textcase,charmap,hr;directionality,fullscreen,print,searchreplace,spacer,table,style,xhtmlxtras;visualaid,visualchars,visualblocks,nonbreaking,anchor,unlink,link,imgmanager,spellchecker,article','formatselect,styleselect,cleanup,fontselect,fontsizeselect,fontcolor,clipboard,lists,textcase,charmap,hr,directionality,fullscreen,print,searchreplace,table,style,xhtmlxtras,visualchars,visualblocks,nonbreaking,anchor,link,imgmanager,spellchecker,article,spellchecker,article,browser,contextmenu,inlinepopups,media,preview,source',1,1,0,'0000-00-00 00:00:00','{\"editor\":{\"toolbar_theme\":\"default\",\"allow_javascript\":\"1\",\"allow_css\":\"1\",\"allow_php\":\"1\"}}'),(2,'Front End','Sample Front-end Profile','','3,4','',1,'phone,tablet,desktop','help,newdocument,undo,redo,spacer,bold,italic,underline,strikethrough,justifyfull,justifycenter,justifyleft,justifyright,spacer,formatselect,styleselect;clipboard,searchreplace,indent,outdent,lists,cleanup,charmap,removeformat,hr,sub,sup,textcase,nonbreaking,visualchars,visualblocks;fullscreen,print,visualaid,style,xhtmlxtras,anchor,unlink,link,imgmanager,spellchecker,article','charmap,contextmenu,inlinepopups,help,clipboard,searchreplace,fullscreen,preview,print,style,textcase,nonbreaking,visualchars,visualblocks,xhtmlxtras,imgmanager,anchor,link,spellchecker,article,lists,formatselect,styleselect,hr',1,2,0,'0000-00-00 00:00:00','{\"editor\":{\"toolbar_theme\":\"default\",\"path\":\"0\"}}'),(3,'Blogger','Simple Blogging Profile','','3,4,10,5,6,8,7','',0,'desktop,tablet,phone','bold,italic,strikethrough,lists,blockquote,spacer,justifyleft,justifycenter,justifyright,spacer,link,unlink,imgmanager,article,spellchecker,fullscreen,kitchensink;formatselect,styleselect,underline,justifyfull,clipboard,removeformat,charmap,indent,outdent,undo,redo,help','link,imgmanager,article,spellchecker,fullscreen,kitchensink,clipboard,contextmenu,inlinepopups,lists,formatselect,styleselect,textpattern',0,3,0,'0000-00-00 00:00:00','{\"editor\":{\"toggle\":\"0\",\"toolbar_theme\":\"default\"}}'),(4,'Mobile','Sample Mobile Profile','','3,4,10,5,6,8,7','',0,'tablet,phone','undo,redo,spacer,bold,italic,underline,formatselect,spacer,justifyleft,justifycenter,justifyfull,justifyright,spacer,fullscreen,kitchensink;styleselect,lists,spellchecker,article,link,unlink','fullscreen,kitchensink,spellchecker,article,link,inlinepopups,lists,formatselect,styleselect,textpattern',0,4,0,'0000-00-00 00:00:00','{\"editor\":{\"toolbar_theme\":\"mobile\",\"resizing\":\"0\",\"resize_horizontal\":\"0\",\"resizing_use_cookie\":\"0\",\"toggle\":\"0\",\"links\":{\"popups\":{\"default\":\"\",\"jcemediabox\":{\"enable\":\"0\"},\"window\":{\"enable\":\"0\"}}}}}'),(5,'Markdown','Sample Markdown Profile','','6,7,3,4,5,8','',0,'desktop,tablet,phone','fullscreen,justifyleft,justifycenter,justifyfull,justifyright,link,unlink,imgmanager,styleselect','fullscreen,link,imgmanager,styleselect,inlinepopups,media,textpattern',0,5,0,'0000-00-00 00:00:00','{\"editor\":{\"toolbar_theme\":\"mobile\"}}');

--
-- Table structure for table `rlhxg_yendifvideoshare_adverts`
--

CREATE TABLE `rlhxg_yendifvideoshare_adverts` (
  `id` int(5) NOT NULL AUTO_INCREMENT,
  `title` varchar(255) NOT NULL,
  `cat_ids` text NOT NULL,
  `type` varchar(25) NOT NULL,
  `mp4` varchar(255) NOT NULL,
  `link` varchar(255) NOT NULL,
  `impressions` int(10) NOT NULL,
  `clicks` int(10) NOT NULL,
  `published` tinyint(4) NOT NULL,
  PRIMARY KEY (`id`)
) ENGINE=MyISAM DEFAULT CHARSET=utf8;

--
-- Dumping data for table `rlhxg_yendifvideoshare_adverts`
--


--
-- Table structure for table `rlhxg_yendifvideoshare_categories`
--

CREATE TABLE `rlhxg_yendifvideoshare_categories` (
  `id` int(5) NOT NULL AUTO_INCREMENT,
  `name` varchar(255) NOT NULL,
  `alias` varchar(255) NOT NULL,
  `parent` int(10) NOT NULL,
  `description` text NOT NULL,
  `image` varchar(255) NOT NULL,
  `access` varchar(25) NOT NULL,
  `ordering` int(5) NOT NULL,
  `meta_keywords` text NOT NULL,
  `meta_description` text NOT NULL,
  `created_date` timestamp NOT NULL DEFAULT CURRENT_TIMESTAMP,
  `published` tinyint(4) NOT NULL,
  PRIMARY KEY (`id`)
) ENGINE=MyISAM AUTO_INCREMENT=5 DEFAULT CHARSET=utf8;

--
-- Dumping data for table `rlhxg_yendifvideoshare_categories`
--

INSERT INTO `rlhxg_yendifvideoshare_categories` VALUES (2,'Pêche','peche',0,'','/media/yendifvideoshare/categories/18698499_1547615898634756_8658824113111736925_n.jpg','',2,'','','2021-03-16 16:43:05',1),(3,'Chasse','chasse',0,'','/media/yendifvideoshare/categories/19396900_1609502509073961_2567512544045923060_n.jpg','',1,'','','2021-03-16 16:43:27',1),(4,'Motoneige','motoneige',0,'','/media/yendifvideoshare/categories/motoneiges.jpg','',0,'','','2021-03-16 16:43:40',1);

--
-- Table structure for table `rlhxg_yendifvideoshare_config`
--

CREATE TABLE `rlhxg_yendifvideoshare_config` (
  `id` int(10) NOT NULL AUTO_INCREMENT,
  `allow_guest_like` tinyint(4) NOT NULL,
  `allow_guest_rating` tinyint(4) NOT NULL,
  `allow_subtitle` tinyint(4) NOT NULL,
  `allow_rtmp_upload` tinyint(4) NOT NULL,
  `allow_upload` tinyint(4) NOT NULL,
  `allow_youtube_upload` tinyint(4) NOT NULL,
  `allowed_extensions` text NOT NULL,
  `analytics` varchar(25) NOT NULL,
  `autoplay` tinyint(4) NOT NULL,
  `autoplaylist` tinyint(4) NOT NULL,
  `autopublish` tinyint(4) NOT NULL,
  `bootstrap_version` int(5) NOT NULL,
  `can_skip_adverts` tinyint(4) NOT NULL,
  `comments` varchar(25) NOT NULL,
  `controlbar` tinyint(4) NOT NULL,
  `currenttime` tinyint(4) NOT NULL,
  `default_image` varchar(255) NOT NULL,
  `download` tinyint(4) NOT NULL,
  `duration` tinyint(4) NOT NULL,
  `embed` tinyint(4) NOT NULL,
  `enable_adverts` varchar(25) NOT NULL,
  `enable_popup` tinyint(4) NOT NULL,
  `engine` varchar(10) NOT NULL,
  `fb_app_id` varchar(100) NOT NULL,
  `fb_color_scheme` varchar(100) NOT NULL,
  `fb_comments_width` int(5) NOT NULL,
  `fb_post_count` int(5) NOT NULL,
  `fb_show_count` tinyint(4) NOT NULL,
  `feed_icon` varchar(255) NOT NULL,
  `feed_limit` tinyint(4) NOT NULL,
  `feed_name` varchar(255) NOT NULL,
  `feed_search` tinyint(4) NOT NULL,
  `fullscreen` tinyint(4) NOT NULL,
  `gallery_thumb_height` int(5) NOT NULL,
  `gallery_thumb_width` int(5) NOT NULL,
  `google_api_key` varchar(255) NOT NULL,
  `ignored_extensions` text NOT NULL,
  `illegal_mime_types` text NOT NULL,
  `jcomments_show_count` tinyint(4) NOT NULL,
  `jquery` varchar(25) NOT NULL,
  `komento_show_count` tinyint(4) NOT NULL,
  `keyboard` tinyint(4) NOT NULL,
  `legal_mime_types` text NOT NULL,
  `license` varchar(50) NOT NULL,
  `logo` varchar(255) NOT NULL,
  `loop` tinyint(4) NOT NULL,
  `max_upload_size` int(10) NOT NULL,
  `no_of_cols` int(5) NOT NULL,
  `no_of_rows` int(5) NOT NULL,
  `playbtn` tinyint(4) NOT NULL,
  `player_height` int(10) NOT NULL,
  `player_width` int(10) NOT NULL,
  `playlist_desc_limit` int(5) NOT NULL,
  `playlist_height` int(10) NOT NULL,
  `playlist_position` varchar(10) NOT NULL,
  `playlist_title_limit` int(5) NOT NULL,
  `playlist_width` int(10) NOT NULL,
  `playpause` tinyint(4) NOT NULL,
  `poster_image_height` int(5) NOT NULL,
  `poster_image_width` int(5) NOT NULL,
  `progress` tinyint(4) NOT NULL,
  `ratio` decimal(16,4) NOT NULL,
  `resize_method` varchar(25) NOT NULL,
  `responsive` tinyint(4) NOT NULL,
  `responsive_css` text NOT NULL,
  `schedule_video_publishing` tinyint(4) NOT NULL,
  `share` tinyint(4) NOT NULL,
  `share_script` text NOT NULL,
  `show_adverts_timeframe` tinyint(4) NOT NULL,
  `show_category` tinyint(4) NOT NULL,
  `show_date` tinyint(4) NOT NULL,
  `show_description` tinyint(4) NOT NULL,
  `show_excerpt` tinyint(4) NOT NULL,
  `show_feed` tinyint(4) NOT NULL,
  `show_likes` tinyint(4) NOT NULL,
  `show_media_count` tinyint(4) NOT NULL,
  `show_rating` tinyint(4) NOT NULL,
  `show_related` tinyint(4) NOT NULL,
  `show_search` tinyint(4) NOT NULL,
  `show_skip_adverts_on` int(5) NOT NULL,
  `show_title` tinyint(4) NOT NULL,
  `show_user` tinyint(4) NOT NULL,
  `show_views` tinyint(4) NOT NULL,
  `theme` varchar(10) NOT NULL,
  `thumb_height` int(5) NOT NULL,
  `thumb_width` int(5) NOT NULL,
  `video_desc_limit` int(5) NOT NULL,
  `volume` int(5) NOT NULL,
  `volumebtn` tinyint(4) NOT NULL,
  `sef_cat` varchar(255) NOT NULL,
  `sef_video` tinyint(4) NOT NULL,
  `sef_video_prefix` varchar(255) NOT NULL,
  `sef_sptr` tinyint(4) NOT NULL,
  `sef_position` tinyint(4) NOT NULL,
  `show_consent` tinyint(4) NOT NULL,
  `progress_bar_color` varchar(25) NOT NULL,
  PRIMARY KEY (`id`)
) ENGINE=MyISAM AUTO_INCREMENT=2 DEFAULT CHARSET=utf8;

--
-- Dumping data for table `rlhxg_yendifvideoshare_config`
--

INSERT INTO `rlhxg_yendifvideoshare_config` VALUES (1,0,0,1,1,1,1,'jpg,jpeg,png,gif,flv,mp4,m4v,webm,ogg,ogv,vtt','1',0,1,1,3,1,'none',1,1,'/media/yendifvideoshare/assets/site/images/placeholder.jpg',0,1,0,'none',0,'','','light',0,5,0,'/media/yendifvideoshare/assets/site/images/rss.png',5,'My Feed',1,1,180,245,'','php,txt','text/html',0,'',0,1,'image/jpeg,image/gif,image/png,video/mp4,video/webm,video/ogg','','',0,104857600,3,3,1,360,640,100,150,'right',75,250,1,450,600,1,0.4170,'image_ratio',1,'.videos .page-header {\r\n    display: block;\r\n}\r\ndiv.yendifGallery a.yendifItem .yendifThumb {\r\n    background-color: transparent;\r\n}\r\n.yendif-video-share {\r\n    font-family: \"Encode Sans Condensed\", Helvetica, Arial, sans-serif;\r\n    color: #3b3c3d;\r\n    background-color: transparent;\r\n}\r\n.yendif-video-share a {\r\n    color: #3b3c3d;\r\n    text-decoration: none;\r\n    font-size: 21px;\r\n    font-weight: 700;\r\n}\r\n.yendif-video-share .pull-left {\r\n    margin-bottom: 10px;\r\n    color: #3b3c3d;\r\n    font-weight: bold;\r\n}\r\ndiv#t3-mainbody .yendif-video-share .row-fluid .thumbnails {\r\n    margin: 0;\r\n}\r\n.yendif-video-share a:hover, .yendif-video-share a:focus {\r\n    color: #97bf0d;\r\n    text-decoration: none;\r\n}\r\ndiv.yendifVideoShare {\r\n    margin-top: 20px;\r\n    margin-bottom: 50px;\r\n}\r\ndiv.yendifGallery a.yendifItem .yendifTitle {\r\n    margin: 7px 0px 1px 0px;\r\n    padding: 0px 0px 0px 3px;\r\n    font-size: 22px;\r\n    font-weight: normal;\r\n    text-transform: uppercase;\r\n    word-wrap: break-word;\r\n    line-height: 1;\r\n}\r\ndiv.yendifVideoShare h1, div.yendifVideoShare h2 {\r\n    margin: 10px 0px;\r\n    padding: 0px;\r\n    font-weight: 300;\r\n    border: none !important;\r\n}\r\ndiv.yendifVideoShare span.yendifLikeBtn, div.yendifVideoShare span.yendifDislikeBtn {\r\n    background-color: #787869;\r\n    color: #F2F2F2;\r\n    -webkit-border-radius: 2px;\r\n    -moz-border-radius: 2px;\r\n    border-radius: 2px;\r\n    display: inline-block;\r\n    height: 22px;\r\n    margin-right: 3px;\r\n    overflow: visible;\r\n    padding: 1px 0 1px 3px;\r\n}\r\ndiv.yendifVideoShare h3 {\r\n    font-size: 33px;\r\n    color: #be4730;\r\n    font-weight: 600;\r\n    font-family: \'Open Sans\', sans-serif;\r\n    text-transform: uppercase;\r\n}\r\ndiv.yendifGallery a.yendifItem .yendifThumbClip {\r\n    margin: 0;\r\n    height: 100%;\r\n}\r\n\r\n		@media (min-width: 1501px) {\r\n			div.yendifVideoShare {\r\n			    width: 1270px;\r\n			    margin-left: auto;\r\n			    margin-right: auto;\r\n			}\r\n		}\r\n@media only screen and (max-width : 1024px) {\r\n	h1.yendifWatchHeaderTitle span {\r\n    	       font-size: 70%;\r\n	}\r\n	div.yendifVideoShare.yendifResponsive div.yendifGallery {\r\n    	        width:100%;\r\n		margin:0;\r\n		padding:0;\r\n	}\r\n\r\n	div.yendifVideoShare.yendifResponsive div.yendifGallery .clear {\r\n		clear:none;\r\n		display:none;\r\n	}\r\n	\r\n	div.yendifVideoShare.yendifResponsive div.yendifGallery a.yendifItem {\r\n		display:inline-block;\r\n		float:none;\r\n		width:24% !important;\r\n		margin:0;\r\n		padding:0;\r\n	}\r\n	\r\n	div.yendifVideoShare.yendifResponsive div.yendifGallery a.yendifItem .yendifItemWrapper {\r\n		margin:7px;\r\n		padding:0;\r\n	}\r\n	\r\n	div.yendifVideoShare.yendifResponsive div.yendifGallery a.yendifItem .yendifThumb {\r\n		width:100% !important;\r\n		height:0 !important;\r\n		padding-top:56.25% !important;\r\n	}\r\n}\r\n\r\n@media (max-width: 1500px){\r\n  div.yendifVideoShare {\r\n      width: 95%;\r\n      margin-left: auto;\r\n      margin-right: auto;\r\n  }  \r\n}\r\n\r\n@media only screen and (max-width : 768px) {\r\n	div.yendifVideoShare.yendifResponsive div.yendifGallery {\r\n    	width:100%;\r\n		margin:0;\r\n		padding:0;\r\n	}\r\n	\r\n    div.yendifVideoShare.yendifResponsive div.yendifGallery .clear {\r\n		clear:none;\r\n		display:none;\r\n	}\r\n	\r\n	div.yendifVideoShare.yendifResponsive div.yendifGallery a.yendifItem {\r\n		display:inline-block;\r\n		float:none;\r\n		width:32.3% !important;\r\n		margin:0;\r\n		padding:0;\r\n	}	\r\n	\r\n	div.yendifVideoShare.yendifResponsive div.yendifGallery a.yendifItem .yendifItemWrapper {\r\n		margin:7px;\r\n		padding:0;\r\n	}\r\n	\r\n	div.yendifVideoShare.yendifResponsive div.yendifGallery a.yendifItem .yendifThumb {\r\n		width:100% !important;\r\n		height:0 !important;\r\n		padding-top:56.25% !important;\r\n	}\r\n	\r\n	div.yendifVideoShare.yendifResponsive div.yendifVideoShare .no-tablet {\r\n		display:none;\r\n	}\r\n\r\n	div.yendifVideoShare.yendifResponsive div.yendifVideoShare table td.yendifKey {\r\n		width:120px !important;\r\n	}\r\n	\r\n	div.yendifVideoShare.yendifResponsive div.yendifVideoShare input[type=\"file\"],\r\n	div.yendifVideoShare.yendifResponsive div.yendifVideoShare input[type=\"text\"] {\r\n		margin:3px 0px;\r\n	}\r\n	\r\n	div.yendifVideoShare.yendifResponsive div.yendifVideoShare input,\r\n	div.yendifVideoShare.yendifResponsive div.yendifVideoShare textarea {\r\n		max-width:250px !important;\r\n	}	\r\n}\r\n\r\n@media only screen and (max-width : 480px) {	\r\n	div.yendifVideoShare.yendifResponsive div.yendifGallery {\r\n    	width:100%;\r\n		margin:0;\r\n		padding:0;\r\n	}\r\n	\r\n	div.yendifVideoShare.yendifResponsive div.yendifGallery .clear {\r\n		clear:none;\r\n		display:none;\r\n	}\r\n	\r\n	div.yendifVideoShare.yendifResponsive div.yendifGallery a.yendifItem {\r\n		display:inline-block;\r\n		float:none;\r\n		width:49% !important;\r\n		margin:0;\r\n		padding:0;\r\n	}	\r\n	\r\n	div.yendifVideoShare.yendifResponsive div.yendifGallery a.yendifItem .yendifItemWrapper {\r\n		margin:7px;\r\n		padding:0;\r\n	}\r\n	\r\n	div.yendifVideoShare.yendifResponsive div.yendifGallery a.yendifItem .yendifThumb {\r\n		width:100% !important;\r\n		height:0 !important;\r\n		padding-top:56.25% !important;\r\n	}\r\n	\r\n	div.yendifVideoShare.yendifResponsive div.yendifVideoShare .no-mobile {\r\n		display:none;\r\n	}\r\n\r\n       .yendifNoPerm span.yendifNoPermContent {\r\n		font-size:14px;\r\n	}\r\n}\r\n\r\n@media only screen and (max-width : 320px) {\r\n	div.yendifVideoShare.yendifResponsive div.yendifGallery {\r\n    	width:100%;\r\n		margin:0;\r\n		padding:0;\r\n	}\r\n	\r\n    div.yendifVideoShare.yendifResponsive div.yendifGallery .clear {\r\n		clear:none;\r\n		display:none;\r\n	}\r\n	\r\n	div.yendifVideoShare.yendifResponsive div.yendifGallery a.yendifItem {\r\n		float:none;\r\n		display:inline-block;\r\n		width:99% !important;\r\n		margin:0;\r\n		padding:0;\r\n	}\r\n	\r\n	div.yendifVideoShare.yendifResponsive div.yendifGallery a.yendifItem .yendifItemWrapper {\r\n		margin:7px;\r\n		padding:0;\r\n	}\r\n	\r\n	div.yendifVideoShare.yendifResponsive div.yendifGallery a.yendifItem .yendifThumb {\r\n		width:100% !important;\r\n		height:0 !important;\r\n		padding-top:56.25% !important;\r\n	}\r\n\r\n       .yendifNoPerm span.yendifNoPermContent {\r\n		font-size:14px;\r\n	}\r\n}',0,1,'',1,1,1,1,0,0,0,1,1,1,0,5,1,0,1,'black',80,145,0,50,1,'category',0,'video',0,0,0,'#97bf0d');

--
-- Table structure for table `rlhxg_yendifvideoshare_likes_dislikes`
--

CREATE TABLE `rlhxg_yendifvideoshare_likes_dislikes` (
  `id` int(5) NOT NULL AUTO_INCREMENT,
  `userid` int(5) NOT NULL,
  `videoid` int(5) NOT NULL,
  `sessionid` varchar(50) NOT NULL,
  `likes` int(5) NOT NULL,
  `dislikes` int(5) NOT NULL,
  PRIMARY KEY (`id`)
) ENGINE=MyISAM DEFAULT CHARSET=utf8;

--
-- Dumping data for table `rlhxg_yendifvideoshare_likes_dislikes`
--


--
-- Table structure for table `rlhxg_yendifvideoshare_ratings`
--

CREATE TABLE `rlhxg_yendifvideoshare_ratings` (
  `id` int(5) NOT NULL AUTO_INCREMENT,
  `userid` int(5) NOT NULL,
  `sessionid` varchar(50) NOT NULL,
  `videoid` int(5) NOT NULL,
  `rating` float(2,1) NOT NULL,
  `created_date` timestamp NOT NULL DEFAULT CURRENT_TIMESTAMP,
  PRIMARY KEY (`id`)
) ENGINE=MyISAM DEFAULT CHARSET=utf8;

--
-- Dumping data for table `rlhxg_yendifvideoshare_ratings`
--


--
-- Table structure for table `rlhxg_yendifvideoshare_videos`
--

CREATE TABLE `rlhxg_yendifvideoshare_videos` (
  `id` int(5) NOT NULL AUTO_INCREMENT,
  `title` varchar(255) NOT NULL,
  `alias` varchar(255) NOT NULL,
  `catid` int(5) NOT NULL,
  `description` text NOT NULL,
  `type` varchar(20) NOT NULL,
  `youtube` varchar(255) NOT NULL,
  `mp4` varchar(255) NOT NULL,
  `mp4_hd` varchar(255) NOT NULL,
  `rtmp` varchar(255) NOT NULL,
  `flash` varchar(255) NOT NULL,
  `webm` varchar(255) NOT NULL,
  `ogg` varchar(255) NOT NULL,
  `thirdparty` text NOT NULL,
  `image` varchar(255) NOT NULL,
  `captions` text NOT NULL,
  `duration` varchar(15) NOT NULL,
  `userid` int(25) NOT NULL,
  `access` varchar(25) NOT NULL,
  `ordering` int(5) NOT NULL,
  `views` int(5) NOT NULL,
  `meta_keywords` text NOT NULL,
  `meta_description` text NOT NULL,
  `created_date` timestamp NOT NULL DEFAULT CURRENT_TIMESTAMP,
  `rating` float(5,2) NOT NULL,
  `featured` tinyint(4) NOT NULL,
  `published` tinyint(4) NOT NULL,
  `published_up` timestamp NOT NULL DEFAULT '0000-00-00 00:00:00',
  `published_down` timestamp NOT NULL DEFAULT '0000-00-00 00:00:00',
  `preroll` int(10) NOT NULL,
  `postroll` int(10) NOT NULL,
  PRIMARY KEY (`id`)
) ENGINE=MyISAM AUTO_INCREMENT=14 DEFAULT CHARSET=utf8;

--
-- Dumping data for table `rlhxg_yendifvideoshare_videos`
--

INSERT INTO `rlhxg_yendifvideoshare_videos` VALUES (2,'Motoneiges Mont-Valin Lac des Baies','motoneiges-mont-valin-lac-des-baies',4,'','youtube','https://www.youtube.com/watch?v=Pz8HZy6H8Qs','','','','','','','','https://img.youtube.com/vi/Pz8HZy6H8Qs/0.jpg','','',43,'',2,477,'','','2021-03-16 16:48:55',0.00,0,1,'2021-04-12 23:29:29','0000-00-00 00:00:00',-1,-1),(3,'Motoneige hors piste','motoneige-hors-piste',4,'','youtube','https://www.youtube.com/watch?v=fk0aIxEEyBY','','','','','','','','https://img.youtube.com/vi/fk0aIxEEyBY/0.jpg','','',43,'',1,397,'','','2021-03-16 16:49:26',0.00,0,1,'2021-04-12 23:29:00','0000-00-00 00:00:00',-1,-1),(4,'Chasse au Lac des Baies','des-pasionnes-hors-piste-au',3,'','youtube','https://www.youtube.com/watch?v=BSriIx7IAIo','','','','','','','','https://img.youtube.com/vi/BSriIx7IAIo/0.jpg','','',43,'',1,175,'','','2021-03-16 16:51:15',0.00,0,1,'2021-04-12 23:28:31','0000-00-00 00:00:00',-1,-1),(5,'Chassomaniak next génération au Québec Nature','chassomaniak-next-generation-au-quebec-nature',3,'','youtube','https://www.youtube.com/watch?v=aeUjfhFDbtA','','','','','','','','https://img.youtube.com/vi/aeUjfhFDbtA/0.jpg','','',43,'',1,259,'','','2021-03-16 16:51:37',0.00,0,1,'2021-04-12 23:27:57','0000-00-00 00:00:00',-1,-1),(6,'Chassomaniac au Lac des Baies','chassomaniac-au-lac-des-baies',3,'','youtube','https://www.youtube.com/watch?v=i5Hauqqk9wQ','','','','','','','','https://img.youtube.com/vi/i5Hauqqk9wQ/0.jpg','','',43,'',2,110,'','','2021-03-16 16:51:55',0.00,0,1,'2021-04-12 23:27:31','0000-00-00 00:00:00',-1,-1),(7,'Pourvoirie Lac des Baies','pourvoirie-lac-des-baies',2,'','youtube','https://www.youtube.com/watch?v=nCoAXZEhqhI','','','','','','','','https://img.youtube.com/vi/nCoAXZEhqhI/0.jpg','','',43,'',0,459,'','','2021-03-16 16:52:18',0.00,0,1,'2021-04-12 23:27:11','0000-00-00 00:00:00',-1,-1),(8,'Chassomaniac Lac des Baies','chassomaniac-lac-des-baies',2,'','youtube','https://www.youtube.com/watch?v=i5Hauqqk9wQ','','','','','','','','https://img.youtube.com/vi/i5Hauqqk9wQ/0.jpg','','',43,'',5,113,'','','2021-03-16 16:52:36',0.00,0,1,'2021-04-12 23:26:52','0000-00-00 00:00:00',-1,-1),(9,'Loisir chasse et pêche Lac de Baies','loisir-chasse-et-peche-lac-de-baies',2,'','youtube','https://www.youtube.com/watch?v=S95tGE9mn0A','','','','','','','','https://img.youtube.com/vi/S95tGE9mn0A/0.jpg','','',43,'',4,122,'','','2021-03-16 16:52:57',0.00,0,1,'2021-04-12 23:26:32','0000-00-00 00:00:00',-1,-1),(10,'Lac des Baies par Pascal Hovington','lac-des-baies-par-pascal-hovington',2,'','youtube','https://www.youtube.com/watch?v=JKLI0VnVlWc','','','','','','','','https://img.youtube.com/vi/JKLI0VnVlWc/0.jpg','','',43,'',3,253,'','','2021-03-16 16:53:22',0.00,0,1,'2021-04-12 23:26:13','0000-00-00 00:00:00',-1,-1),(11,'Pêche familiale au Lac des Baies','peche-familiale-au-lac-des-baies',2,'','youtube','https://www.youtube.com/watch?v=IxRqNQzsUno','','','','','','','','https://img.youtube.com/vi/IxRqNQzsUno/0.jpg','','',43,'',2,269,'','','2021-03-16 16:53:41',0.00,0,1,'2021-04-12 23:25:54','0000-00-00 00:00:00',-1,-1),(12,'La relève en pourvoirie au lac des Baies','la-releve-en-pourvoirie-au-lac-des-baies',2,'','youtube','https://www.youtube.com/watch?v=PnvLfOiL-ew','','','','','','','','https://img.youtube.com/vi/PnvLfOiL-ew/0.jpg','','',43,'',1,512,'','','2021-03-16 16:54:05',0.00,0,1,'2021-04-12 23:25:33','0000-00-00 00:00:00',-1,-1),(13,'','',0,'','','','','','','','','','','','','',43,'',0,0,'','','2021-03-16 16:54:22',0.00,0,0,'0000-00-00 00:00:00','0000-00-00 00:00:00',0,0);


